000
CDUS43 KIND 010538
CLIHUF


CLIMATE REPORT
NATIONAL WEATHER SERVICE INDIANAPOLIS IN
1237 AM EST SUN MAR 1 2015


...................................

...THE TERRE HAUTE IN CLIMATE SUMMARY FOR FEBRUARY 28 2015...

CLIMATE NORMAL PERIOD 1981 TO 2010
CLIMATE RECORD PERIOD 9999 TO 9999


WEATHER ITEM   OBSERVED TIME   NORMAL DEPARTURE LAST
                VALUE   (LST)  VALUE  FROM      YEAR
                                      NORMAL
......................................................
TEMPERATURE (F)
 YESTERDAY
  MAXIMUM         29    509 PM  46    -17       39
  MINIMUM          3    115 AM  27    -24        7
  AVERAGE         16            37    -21       23

PRECIPITATION (IN)
  YESTERDAY        0.25          0.06   0.19     0.00
  MONTH TO DATE    1.17          1.93  -0.76     2.26
  SINCE DEC 1      5.68          7.34  -1.66     7.68
  SINCE JAN 1      2.90          4.29  -1.39     4.03

DEGREE DAYS
 HEATING
  YESTERDAY       49            28     21       42
  MONTH TO DATE 1246           913    333     1196
  SINCE DEC 1   3334          3085    249     3613
  SINCE JUL 1   4634          4163    471     4735

 COOLING
  YESTERDAY        0             0      0        0
  MONTH TO DATE    0             0      0        0
  SINCE DEC 1      0             0      0        0
  SINCE JAN 1      0             0      0        0
......................................................


WIND (MPH)
  HIGHEST WIND SPEED    14   HIGHEST WIND DIRECTION     E (100)
  HIGHEST GUST SPEED    19   HIGHEST GUST DIRECTION     E (100)
  AVERAGE WIND SPEED     5.2


SKY COVER
  AVERAGE SKY COVER 0.8


WEATHER CONDITIONS
 THE FOLLOWING WEATHER WAS RECORDED YESTERDAY.
  SNOW
  LIGHT SNOW
  FOG
  HAZE


RELATIVE HUMIDITY (PERCENT)
 HIGHEST    88           800 PM
 LOWEST     38           300 PM
 AVERAGE    63

..........................................................


THE TERRE HAUTE IN CLIMATE NORMALS FOR TODAY
                         NORMAL
 MAXIMUM TEMPERATURE (F)   47
 MINIMUM TEMPERATURE (F)   27


SUNRISE AND SUNSET
MARCH  1 2015.........SUNRISE   722 AM EST   SUNSET   641 PM EST
MARCH  2 2015.........SUNRISE   721 AM EST   SUNSET   642 PM EST


-  INDICATES NEGATIVE NUMBERS.
R  INDICATES RECORD WAS SET OR TIED.
MM INDICATES DATA IS MISSING.
T  INDICATES TRACE AMOUNT.




$$
