000
CDUS43 KIND 270535
CLIHUF


CLIMATE REPORT
NATIONAL WEATHER SERVICE INDIANAPOLIS IN
134 AM EDT MON MAR 27 2017


...................................

...THE TERRE HAUTE IN CLIMATE SUMMARY FOR MARCH 26 2017...

CLIMATE NORMAL PERIOD 1981 TO 2010
CLIMATE RECORD PERIOD 9999 TO 9999


WEATHER ITEM   OBSERVED TIME   NORMAL DEPARTURE LAST
                VALUE   (LST)  VALUE  FROM      YEAR
                                      NORMAL
......................................................
TEMPERATURE (F)
 YESTERDAY
  MAXIMUM         63   1146 AM  57      6       64
  MINIMUM         49   1153 PM  36     13       31
  AVERAGE         56            46     10       48

PRECIPITATION (IN)
  YESTERDAY        0.35          0.11   0.24     0.00
  MONTH TO DATE    2.37          2.75  -0.38     2.36
  SINCE MAR 1      2.37          2.75  -0.38     2.36
  SINCE JAN 1      6.71          7.04  -0.33     4.81

DEGREE DAYS
 HEATING
  YESTERDAY        9            19    -10       17
  MONTH TO DATE  520           603    -83      421
  SINCE MAR 1    520           603    -83      421
  SINCE JUL 1   3855          4766   -911     3883

 COOLING
  YESTERDAY        0             0      0        0
  MONTH TO DATE    2             0      2        0
  SINCE MAR 1      2             0      2        0
  SINCE JAN 1      2             0      2        0
......................................................


WIND (MPH)
  HIGHEST WIND SPEED    20   HIGHEST WIND DIRECTION     W (250)
  HIGHEST GUST SPEED    26   HIGHEST GUST DIRECTION    SW (240)
  AVERAGE WIND SPEED    10.8


SKY COVER
  AVERAGE SKY COVER 0.7


WEATHER CONDITIONS
 THE FOLLOWING WEATHER WAS RECORDED YESTERDAY.
  HEAVY RAIN
  RAIN
  LIGHT RAIN
  FOG


RELATIVE HUMIDITY (PERCENT)
 HIGHEST    93           400 AM
 LOWEST     64           400 PM
 AVERAGE    79

..........................................................


THE TERRE HAUTE IN CLIMATE NORMALS FOR TODAY
                         NORMAL
 MAXIMUM TEMPERATURE (F)   58
 MINIMUM TEMPERATURE (F)   36


SUNRISE AND SUNSET
MARCH 27 2017.........SUNRISE   741 AM EDT   SUNSET   808 PM EDT
MARCH 28 2017.........SUNRISE   739 AM EDT   SUNSET   809 PM EDT


-  INDICATES NEGATIVE NUMBERS.
R  INDICATES RECORD WAS SET OR TIED.
MM INDICATES DATA IS MISSING.
T  INDICATES TRACE AMOUNT.




$$
