734
CDUS43 KIND 250534
CLIHUF


CLIMATE REPORT
NATIONAL WEATHER SERVICE INDIANAPOLIS IN
133 AM EDT MON JUL 25 2016


...................................

...THE TERRE HAUTE IN CLIMATE SUMMARY FOR JULY 24 2016...

CLIMATE NORMAL PERIOD 1981 TO 2010
CLIMATE RECORD PERIOD 9999 TO 9999


WEATHER ITEM   OBSERVED TIME   NORMAL DEPARTURE LAST
                VALUE   (LST)  VALUE  FROM      YEAR
                                      NORMAL
......................................................
TEMPERATURE (F)
 YESTERDAY
  MAXIMUM         92    349 PM  85      7       86
  MINIMUM         75    620 AM  64     11       59
  AVERAGE         84            74     10       73

PRECIPITATION (IN)
  YESTERDAY        0.00          0.15  -0.15     0.00
  MONTH TO DATE    6.51          3.89   2.62     2.38
  SINCE JUN 1     11.00          8.33   2.67    10.02
  SINCE JAN 1     24.78         26.77  -1.99    24.65

DEGREE DAYS
 HEATING
  YESTERDAY        0             0      0        0
  MONTH TO DATE    4             0      4        0
  SINCE JUN 1      5            13     -8       13
  SINCE JUL 1      4             0      4        0

 COOLING
  YESTERDAY       19            10      9        8
  MONTH TO DATE  266           247     19      221
  SINCE JUN 1    584           482    102      477
  SINCE JAN 1    672           568    104      621
......................................................


WIND (MPH)
  HIGHEST WIND SPEED    15   HIGHEST WIND DIRECTION     N (340)
  HIGHEST GUST SPEED    23   HIGHEST GUST DIRECTION    NW (320)
  AVERAGE WIND SPEED     5.8


SKY COVER
  AVERAGE SKY COVER 0.1


WEATHER CONDITIONS
 THE FOLLOWING WEATHER WAS RECORDED YESTERDAY.
  FOG
  HAZE


RELATIVE HUMIDITY (PERCENT)
 HIGHEST    94           200 AM
 LOWEST     60           100 PM
 AVERAGE    77

..........................................................


THE TERRE HAUTE IN CLIMATE NORMALS FOR TODAY
                         NORMAL
 MAXIMUM TEMPERATURE (F)   85
 MINIMUM TEMPERATURE (F)   64


SUNRISE AND SUNSET
JULY 25 2016..........SUNRISE   643 AM EDT   SUNSET   908 PM EDT
JULY 26 2016..........SUNRISE   644 AM EDT   SUNSET   907 PM EDT


-  INDICATES NEGATIVE NUMBERS.
R  INDICATES RECORD WAS SET OR TIED.
MM INDICATES DATA IS MISSING.
T  INDICATES TRACE AMOUNT.




$$
