000
CDUS43 KIND 250532
CLIHUF


CLIMATE REPORT
NATIONAL WEATHER SERVICE INDIANAPOLIS IN
132 AM EDT SAT OCT 25 2014


...................................

...THE TERRE HAUTE IN CLIMATE SUMMARY FOR OCTOBER 24 2014...

CLIMATE NORMAL PERIOD 1981 TO 2010
CLIMATE RECORD PERIOD 9999 TO 9999


WEATHER ITEM   OBSERVED TIME   NORMAL DEPARTURE LAST
                VALUE   (LST)  VALUE  FROM      YEAR
                                      NORMAL
......................................................
TEMPERATURE (F)
 YESTERDAY
  MAXIMUM         68    500 PM  63      5       42
  MINIMUM         41    231 AM  41      0       33
  AVERAGE         55            52      3       38

PRECIPITATION (IN)
  YESTERDAY        0.27          0.12   0.15     0.01
  MONTH TO DATE    6.51          2.81   3.70     1.66
  SINCE SEP 1      9.50          6.23   3.27     2.86
  SINCE JAN 1     37.63         37.51   0.12    35.89

DEGREE DAYS
 HEATING
  YESTERDAY       10            14     -4       27
  MONTH TO DATE  256           246     10      227
  SINCE SEP 1    350           319     31      280
  SINCE JUL 1    361           324     37      290

 COOLING
  YESTERDAY        0             0      0        0
  MONTH TO DATE   11            12     -1       33
  SINCE SEP 1     87           111    -24      181
  SINCE JAN 1    938           990    -52     1056
......................................................


WIND (MPH)
  HIGHEST WIND SPEED    12   HIGHEST WIND DIRECTION     W (250)
  HIGHEST GUST SPEED    14   HIGHEST GUST DIRECTION     W (250)
  AVERAGE WIND SPEED     2.8


SKY COVER
  AVERAGE SKY COVER 0.4


WEATHER CONDITIONS
 THE FOLLOWING WEATHER WAS RECORDED YESTERDAY.
  HEAVY RAIN
  LIGHT RAIN
  FOG
  HAZE


RELATIVE HUMIDITY (PERCENT)
 HIGHEST    96           100 AM
 LOWEST     55           500 PM
 AVERAGE    76

..........................................................


THE TERRE HAUTE IN CLIMATE NORMALS FOR TODAY
                         NORMAL
 MAXIMUM TEMPERATURE (F)   62
 MINIMUM TEMPERATURE (F)   40


SUNRISE AND SUNSET
OCTOBER 25 2014.......SUNRISE   810 AM EDT   SUNSET   656 PM EDT
OCTOBER 26 2014.......SUNRISE   811 AM EDT   SUNSET   655 PM EDT


-  INDICATES NEGATIVE NUMBERS.
R  INDICATES RECORD WAS SET OR TIED.
MM INDICATES DATA IS MISSING.
T  INDICATES TRACE AMOUNT.




$$
