000
CDUS41 KCAR 230535
CLIHUL


CLIMATE REPORT
NATIONAL WEATHER SERVICE CARIBOU, ME
1234 AM EST MON JAN 23 2017


...................................

...THE HOULTON ME CLIMATE SUMMARY FOR JANUARY 22 2017...

CLIMATE NORMAL PERIOD 1981 TO 2010
CLIMATE RECORD PERIOD 1948 TO 2017


WEATHER ITEM   OBSERVED TIME   RECORD YEAR NORMAL DEPARTURE LAST
                VALUE   (LST)  VALUE       VALUE  FROM      YEAR
                                                  NORMAL
..................................................................
TEMPERATURE (F)
 YESTERDAY
  MAXIMUM         31   1225 PM  45    1957  22      9       23
  MINIMUM         18   1159 PM -23    2012   0     18        8
  AVERAGE         25                        11     14       16

PRECIPITATION (IN)
  YESTERDAY        0.00          0.44 1995   0.10  -0.10     0.00
  MONTH TO DATE    1.53                      2.05  -0.52     1.36
  SINCE DEC 1      4.45                      5.34  -0.89     5.55
  SINCE JAN 1      1.53                      2.05  -0.52     1.36

SNOWFALL (IN)
  YESTERDAY       MM             6.2    MM   0.8   MM       MM
  MONTH TO DATE   MM                        16.8   MM       MM
  SINCE DEC 1     MM                        33.2   MM       MM
  SINCE JUL 1     MM                        41.3   MM       MM
  SNOW DEPTH      MM

DEGREE DAYS
 HEATING
  YESTERDAY       40                        54    -14       49
  MONTH TO DATE 1062                      1170   -108     1037
  SINCE DEC 1   2506                      2582    -76     2124
  SINCE JUL 1   4249                      4690   -441     3919

 COOLING
  YESTERDAY        0                         0      0        0
  MONTH TO DATE    0                         0      0        0
  SINCE DEC 1      0                         0      0        0
  SINCE JAN 1      0                         0      0        0
..................................................................


WIND (MPH)
  HIGHEST WIND SPEED    17   HIGHEST WIND DIRECTION     N (10)
  HIGHEST GUST SPEED    21   HIGHEST GUST DIRECTION     N (360)
  AVERAGE WIND SPEED     5.8


SKY COVER
  POSSIBLE SUNSHINE  MM
  AVERAGE SKY COVER 1.0


WEATHER CONDITIONS
 THE FOLLOWING WEATHER WAS RECORDED YESTERDAY.
  NO SIGNIFICANT WEATHER WAS OBSERVED.


RELATIVE HUMIDITY (PERCENT)
 HIGHEST    92           500 AM
 LOWEST     63           200 PM
 AVERAGE    78

..........................................................


THE HOULTON ME CLIMATE NORMALS FOR TODAY
                         NORMAL    RECORD    YEAR
 MAXIMUM TEMPERATURE (F)   22        48      1973
 MINIMUM TEMPERATURE (F)    0       -29      1994


SUNRISE AND SUNSET
JANUARY 23 2017.......SUNRISE   703 AM EST   SUNSET   423 PM EST
JANUARY 24 2017.......SUNRISE   702 AM EST   SUNSET   425 PM EST


-  INDICATES NEGATIVE NUMBERS.
R  INDICATES RECORD WAS SET OR TIED.
MM INDICATES DATA IS MISSING.
T  INDICATES TRACE AMOUNT.




$$
