000
CDUS41 KCAR 200554
CLIHUL


CLIMATE REPORT
NATIONAL WEATHER SERVICE CARIBOU, ME
1254 AM EST TUE FEB 20 2018


...................................

...THE HOULTON ME CLIMATE SUMMARY FOR FEBRUARY 19 2018...

CLIMATE NORMAL PERIOD 1981 TO 2010
CLIMATE RECORD PERIOD 1948 TO 2018


WEATHER ITEM   OBSERVED TIME   RECORD YEAR NORMAL DEPARTURE LAST
                VALUE   (LST)  VALUE       VALUE  FROM      YEAR
                                                  NORMAL
..................................................................
TEMPERATURE (F)
 YESTERDAY
  MAXIMUM         41    442 PM  55    1981  28     13       39
  MINIMUM          2    258 AM -33    1967   5     -3       28
  AVERAGE         22                        16      6       34

PRECIPITATION (IN)
  YESTERDAY        0.01          1.14 1998   0.07  -0.06      T
  MONTH TO DATE    2.07                      1.35   0.72     1.00
  SINCE DEC 1      8.61                      7.50   1.11     6.75
  SINCE JAN 1      5.37                      4.21   1.16     3.83

SNOWFALL (IN)
  YESTERDAY       MM             6.8  1976   0.6   MM       MM
  MONTH TO DATE   MM                        12.1   MM       MM
  SINCE DEC 1     MM                        51.8   MM       MM
  SINCE JUL 1     MM                        59.9   MM       MM
  SNOW DEPTH      MM

DEGREE DAYS
 HEATING
  YESTERDAY       43                        49     -6       31
  MONTH TO DATE  909                       974    -65     1029
  SINCE DEC 1   4032                      4041     -9     3911
  SINCE JUL 1   5738                      6149   -411     5654

 COOLING
  YESTERDAY        0                         0      0        0
  MONTH TO DATE    0                         0      0        0
  SINCE DEC 1      0                         0      0        0
  SINCE JAN 1      0                         0      0        0
..................................................................


WIND (MPH)
  HIGHEST WIND SPEED    22   HIGHEST WIND DIRECTION     S (200)
  HIGHEST GUST SPEED    35   HIGHEST GUST DIRECTION     S (190)
  AVERAGE WIND SPEED     8.1


SKY COVER
  POSSIBLE SUNSHINE  MM
  AVERAGE SKY COVER 0.2


WEATHER CONDITIONS
 THE FOLLOWING WEATHER WAS RECORDED YESTERDAY.
  LIGHT RAIN
  FOG
  HAZE


RELATIVE HUMIDITY (PERCENT)
 HIGHEST    95           300 AM
 LOWEST     44          1100 AM
 AVERAGE    70

..........................................................


THE HOULTON ME CLIMATE NORMALS FOR TODAY
                         NORMAL    RECORD    YEAR
 MAXIMUM TEMPERATURE (F)   28        62      1994
 MINIMUM TEMPERATURE (F)    5       -33      1967


SUNRISE AND SUNSET
FEBRUARY 20 2018......SUNRISE   626 AM EST   SUNSET   505 PM EST
FEBRUARY 21 2018......SUNRISE   624 AM EST   SUNSET   506 PM EST


-  INDICATES NEGATIVE NUMBERS.
R  INDICATES RECORD WAS SET OR TIED.
MM INDICATES DATA IS MISSING.
T  INDICATES TRACE AMOUNT.




$$
