000
CDUS41 KCAR 300532
CLIHUL


CLIMATE REPORT
NATIONAL WEATHER SERVICE CARIBOU, ME
128 AM EDT TUE JUN 30 2015


...................................

...THE HOULTON ME CLIMATE SUMMARY FOR JUNE 29 2015...

CLIMATE NORMAL PERIOD 1981 TO 2010
CLIMATE RECORD PERIOD 1948 TO 2015


WEATHER ITEM   OBSERVED TIME   RECORD YEAR NORMAL DEPARTURE LAST
                VALUE   (LST)  VALUE       VALUE  FROM      YEAR
                                                  NORMAL
..................................................................
TEMPERATURE (F)
 YESTERDAY
  MAXIMUM         67    323 PM  95    1944  76     -9       87
  MINIMUM         49   1035 PM  36    1980  52     -3       49
  AVERAGE         58                        64     -6       68

PRECIPITATION (IN)
  YESTERDAY        0.13          1.14 2000   0.13   0.00     0.00
  MONTH TO DATE    4.02                      3.51   0.51     4.26
  SINCE JUN 1      4.02                      3.51   0.51     4.26
  SINCE JAN 1     13.37                     18.14  -4.77    18.96

SNOWFALL (IN)
  YESTERDAY       MM             0.0  2003   0.0   MM       MM
  MONTH TO DATE    0.0                       0.0    0.0     MM
  SINCE JUN 1      0.0                       0.0    0.0     MM
  SINCE JUL 1      0.0                      89.5  -89.5     MM
  SNOW DEPTH      MM

DEGREE DAYS
 HEATING
  YESTERDAY        7                         3      4        0
  MONTH TO DATE  237                       175     62      129
  SINCE JUN 1    237                       175     62      129
  SINCE JUL 1   9352                      9182    170     9429

 COOLING
  YESTERDAY        0                         2     -2        3
  MONTH TO DATE   11                        33    -22       16
  SINCE JUN 1     11                        33    -22       16
  SINCE JAN 1     36                        37     -1       17
..................................................................


WIND (MPH)
  HIGHEST WIND SPEED    13   HIGHEST WIND DIRECTION    SW (230)
  HIGHEST GUST SPEED    17   HIGHEST GUST DIRECTION    SW (240)
  AVERAGE WIND SPEED     5.2


SKY COVER
  POSSIBLE SUNSHINE  MM
  AVERAGE SKY COVER 0.9


WEATHER CONDITIONS
 THE FOLLOWING WEATHER WAS RECORDED YESTERDAY.
  RAIN
  LIGHT RAIN
  FOG


RELATIVE HUMIDITY (PERCENT)
 HIGHEST    93           700 AM
 LOWEST     67           400 PM
 AVERAGE    80

..........................................................


THE HOULTON ME CLIMATE NORMALS FOR TODAY
                         NORMAL    RECORD    YEAR
 MAXIMUM TEMPERATURE (F)   76        92      1971
 MINIMUM TEMPERATURE (F)   52        39      1989


SUNRISE AND SUNSET
JUNE 30 2015..........SUNRISE   443 AM EDT   SUNSET   826 PM EDT
JULY  1 2015..........SUNRISE   444 AM EDT   SUNSET   826 PM EDT


-  INDICATES NEGATIVE NUMBERS.
R  INDICATES RECORD WAS SET OR TIED.
MM INDICATES DATA IS MISSING.
T  INDICATES TRACE AMOUNT.




$$
