000
CDUS41 KCAR 192127
CLIHUL


CLIMATE REPORT
NATIONAL WEATHER SERVICE CARIBOU, ME
427 PM EST SUN FEB 19 2017


...................................

...THE HOULTON ME CLIMATE SUMMARY FOR FEBRUARY 19 2017...
VALID TODAY AS OF 0400 PM LOCAL TIME.

CLIMATE NORMAL PERIOD 1981 TO 2010
CLIMATE RECORD PERIOD 1948 TO 2017


WEATHER ITEM   OBSERVED TIME   RECORD YEAR NORMAL DEPARTURE LAST
                VALUE   (LST)  VALUE       VALUE  FROM      YEAR
                                                  NORMAL
..................................................................
TEMPERATURE (F)
 TODAY
  MAXIMUM         39   1033 AM  55    1981  28     11       35
  MINIMUM         33    359 PM -33    1967   5     28        2
  AVERAGE         36                        16     20       19

PRECIPITATION (IN)
  TODAY            T             1.14 1998   0.07  -0.07     0.00
  MONTH TO DATE    1.00                      1.35  -0.35     1.76
  SINCE DEC 1      6.75                      7.50  -0.75     7.37
  SINCE JAN 1      3.83                      4.21  -0.38     3.18

SNOWFALL (IN)
  TODAY           MM             6.8  1976   0.6   MM       MM
  MONTH TO DATE   MM                        12.1   MM       MM
  SINCE DEC 1     MM                        51.8   MM       MM
  SINCE JUL 1     MM                        59.9   MM       MM
  SNOW DEPTH      MM

DEGREE DAYS
 HEATING
  TODAY           29                        49    -20       46
  MONTH TO DATE 1027                       974     53      912
  SINCE DEC 1   3909                      4041   -132     3435
  SINCE JUL 1   5652                      6149   -497     5230

 COOLING
  TODAY            0                         0      0        0
  MONTH TO DATE    0                         0      0        0
  SINCE DEC 1      0                         0      0        0
  SINCE JAN 1      0                         0      0        0
..................................................................


WIND (MPH)
  HIGHEST WIND SPEED    10   HIGHEST WIND DIRECTION     N (20)
  HIGHEST GUST SPEED    14   HIGHEST GUST DIRECTION     S (200)
  AVERAGE WIND SPEED     6.1


SKY COVER
  POSSIBLE SUNSHINE  MM
  AVERAGE SKY COVER 1.0


WEATHER CONDITIONS
 THE FOLLOWING WEATHER WAS RECORDED TODAY.
  LIGHT SNOW
  FOG


RELATIVE HUMIDITY (PERCENT)
 HIGHEST    96           200 PM
 LOWEST     69          1200 AM
 AVERAGE    83

..........................................................


THE HOULTON ME CLIMATE NORMALS FOR TOMORROW
                         NORMAL    RECORD    YEAR
 MAXIMUM TEMPERATURE (F)   28        62      1994
 MINIMUM TEMPERATURE (F)    5       -33      1967


SUNRISE AND SUNSET
FEBRUARY 19 2017......SUNRISE   627 AM EST   SUNSET   503 PM EST
FEBRUARY 20 2017......SUNRISE   625 AM EST   SUNSET   505 PM EST


-  INDICATES NEGATIVE NUMBERS.
R  INDICATES RECORD WAS SET OR TIED.
MM INDICATES DATA IS MISSING.
T  INDICATES TRACE AMOUNT.




$$
