000
CDUS41 KCAR 200526
CLIHUL


CLIMATE REPORT
NATIONAL WEATHER SERVICE CARIBOU, ME
126 AM EDT WED AUG 20 2014


...................................

...THE HOULTON ME CLIMATE SUMMARY FOR AUGUST 19 2014...

CLIMATE NORMAL PERIOD 1981 TO 2010
CLIMATE RECORD PERIOD 1948 TO 2014


WEATHER ITEM   OBSERVED TIME   RECORD YEAR NORMAL DEPARTURE LAST
                VALUE   (LST)  VALUE       VALUE  FROM      YEAR
                                                  NORMAL
..................................................................
TEMPERATURE (F)
 YESTERDAY
  MAXIMUM         76    410 PM  92    1960  76      0       80
  MINIMUM         48    527 AM  34    2005  51     -3       58
  AVERAGE         62                        64     -2       69

PRECIPITATION (IN)
  YESTERDAY        0.00          1.26 1991   0.12  -0.12     0.00
  MONTH TO DATE    2.21                      2.40  -0.19     3.54
  SINCE JUN 1     12.61                      9.71   2.90    15.17
  SINCE JAN 1     27.31                     24.34   2.97    26.40

SNOWFALL (IN)
  YESTERDAY       MM             0.0  2003   0.0   MM       MM
  MONTH TO DATE   MM                         0.0   MM       MM
  SINCE JUN 1     MM                         0.0   MM       MM
  SINCE JUL 1     MM                         0.0   MM       MM
  SNOW DEPTH      MM

DEGREE DAYS
 HEATING
  YESTERDAY        3                         3      0        0
  MONTH TO DATE   31                        45    -14       51
  SINCE JUN 1    197                       286    -89      285
  SINCE JUL 1     68                       105    -37       88

 COOLING
  YESTERDAY        0                         2     -2        4
  MONTH TO DATE   24                        40    -16        9
  SINCE JUN 1    179                       156     23      152
  SINCE JAN 1    180                       160     20      156
..................................................................


WIND (MPH)
  HIGHEST WIND SPEED    14   HIGHEST WIND DIRECTION    NW (330)
  HIGHEST GUST SPEED    18   HIGHEST GUST DIRECTION     N (340)
  AVERAGE WIND SPEED     3.8


SKY COVER
  POSSIBLE SUNSHINE  MM
  AVERAGE SKY COVER 0.3


WEATHER CONDITIONS
 THE FOLLOWING WEATHER WAS RECORDED YESTERDAY.
  FOG


RELATIVE HUMIDITY (PERCENT)
 HIGHEST   100           300 AM
 LOWEST     49           100 PM
 AVERAGE    75

..........................................................


THE HOULTON ME CLIMATE NORMALS FOR TODAY
                         NORMAL    RECORD    YEAR
 MAXIMUM TEMPERATURE (F)   76        89      1955
 MINIMUM TEMPERATURE (F)   51        35      1990


SUNRISE AND SUNSET
AUGUST 20 2014........SUNRISE   537 AM EDT   SUNSET   732 PM EDT
AUGUST 21 2014........SUNRISE   538 AM EDT   SUNSET   730 PM EDT


-  INDICATES NEGATIVE NUMBERS.
R  INDICATES RECORD WAS SET OR TIED.
MM INDICATES DATA IS MISSING.
T  INDICATES TRACE AMOUNT.




$$
