000
CDUS41 KCAR 230526
CLIHUL


CLIMATE REPORT
NATIONAL WEATHER SERVICE CARIBOU, ME
126 AM EDT TUE MAY 23 2017


...................................

...THE HOULTON ME CLIMATE SUMMARY FOR MAY 22 2017...

CLIMATE NORMAL PERIOD 1981 TO 2010
CLIMATE RECORD PERIOD 1948 TO 2017


WEATHER ITEM   OBSERVED TIME   RECORD YEAR NORMAL DEPARTURE LAST
                VALUE   (LST)  VALUE       VALUE  FROM      YEAR
                                                  NORMAL
..................................................................
TEMPERATURE (F)
 YESTERDAY
  MAXIMUM         63    307 PM  94    1992  66     -3       76
  MINIMUM         39    359 AM  23    1982  40     -1       48
  AVERAGE         51                        53     -2       62

PRECIPITATION (IN)
  YESTERDAY        T             1.30 1998   0.11  -0.11     0.00
  MONTH TO DATE    3.78                      2.32   1.46     2.16
  SINCE MAR 1      9.17                      8.79   0.38     8.92
  SINCE JAN 1     13.62                     13.65  -0.03    13.88

SNOWFALL (IN)
  YESTERDAY       MM             2.0  1990   0.0   MM       MM
  MONTH TO DATE   MM                         0.1   MM       MM
  SINCE MAR 1     MM                        23.9   MM       MM
  SINCE JUL 1     MM                        89.5   MM       MM
  SNOW DEPTH      MM

DEGREE DAYS
 HEATING
  YESTERDAY       14                        12      2        3
  MONTH TO DATE  328                       337     -9      321
  SINCE MAR 1   2356                      2337     19     2349
  SINCE JUL 1   8317                      8910   -593     7967

 COOLING
  YESTERDAY        0                         0      0        0
  MONTH TO DATE    6                         0      6        0
  SINCE MAR 1      6                         0      6        0
  SINCE JAN 1      6                         0      6        0
..................................................................


WIND (MPH)
  HIGHEST WIND SPEED    18   HIGHEST WIND DIRECTION    SW (220)
  HIGHEST GUST SPEED    28   HIGHEST GUST DIRECTION    SW (230)
  AVERAGE WIND SPEED     6.8


SKY COVER
  POSSIBLE SUNSHINE  MM
  AVERAGE SKY COVER 0.7


WEATHER CONDITIONS
 THE FOLLOWING WEATHER WAS RECORDED YESTERDAY.
  NO SIGNIFICANT WEATHER WAS OBSERVED.


RELATIVE HUMIDITY (PERCENT)
 HIGHEST   100           500 AM
 LOWEST     36           700 PM
 AVERAGE    68

..........................................................


THE HOULTON ME CLIMATE NORMALS FOR TODAY
                         NORMAL    RECORD    YEAR
 MAXIMUM TEMPERATURE (F)   66        92      1977
 MINIMUM TEMPERATURE (F)   41        25      1982


SUNRISE AND SUNSET
MAY 23 2017...........SUNRISE   450 AM EDT   SUNSET   806 PM EDT
MAY 24 2017...........SUNRISE   449 AM EDT   SUNSET   807 PM EDT


-  INDICATES NEGATIVE NUMBERS.
R  INDICATES RECORD WAS SET OR TIED.
MM INDICATES DATA IS MISSING.
T  INDICATES TRACE AMOUNT.




$$
