000
CDUS41 KCAR 242026
CLIHUL


CLIMATE REPORT
NATIONAL WEATHER SERVICE CARIBOU, ME
426 PM EDT WED AUG 24 2016


...................................

...THE HOULTON ME CLIMATE SUMMARY FOR AUGUST 24 2016...
VALID TODAY AS OF 0400 PM LOCAL TIME.

CLIMATE NORMAL PERIOD 1981 TO 2010
CLIMATE RECORD PERIOD 1948 TO 2016


WEATHER ITEM   OBSERVED TIME   RECORD YEAR NORMAL DEPARTURE LAST
                VALUE   (LST)  VALUE       VALUE  FROM      YEAR
                                                  NORMAL
..................................................................
TEMPERATURE (F)
 TODAY
  MAXIMUM         81    254 PM  90    1980  75      6       79
  MINIMUM         61    551 AM  33    1975  50     11       66
  AVERAGE         71                        62      9       73

PRECIPITATION (IN)
  TODAY            T             2.23 1963   0.11  -0.11     0.13
  MONTH TO DATE    6.18                      2.97   3.21     2.52
  SINCE JUN 1     12.46                     10.28   2.18     8.14
  SINCE JAN 1     26.84                     24.91   1.93    17.49

SNOWFALL (IN)
  TODAY           MM             0.0  2003   0.0   MM       MM
  MONTH TO DATE   MM                         0.0   MM       MM
  SINCE JUN 1     MM                         0.0   MM       MM
  SINCE JUL 1     MM                         0.0   MM       MM
  SNOW DEPTH      MM

DEGREE DAYS
 HEATING
  TODAY            0                         4     -4        0
  MONTH TO DATE   41                        63    -22       16
  SINCE JUN 1    259                       304    -45      316
  SINCE JUL 1     84                       123    -39       79

 COOLING
  TODAY            6                         1      5        8
  MONTH TO DATE   49                        48      1       97
  SINCE JUN 1    181                       164     17      150
  SINCE JAN 1    188                       168     20      175
..................................................................


WIND (MPH)
  HIGHEST WIND SPEED    18   HIGHEST WIND DIRECTION    SW (240)
  HIGHEST GUST SPEED    23   HIGHEST GUST DIRECTION    SW (240)
  AVERAGE WIND SPEED     7.9


SKY COVER
  POSSIBLE SUNSHINE  MM
  AVERAGE SKY COVER 0.3


WEATHER CONDITIONS
 THE FOLLOWING WEATHER WAS RECORDED TODAY.
  NO SIGNIFICANT WEATHER WAS OBSERVED.


RELATIVE HUMIDITY (PERCENT)
 HIGHEST    84           500 AM
 LOWEST     58           100 PM
 AVERAGE    71

..........................................................


THE HOULTON ME CLIMATE NORMALS FOR TOMORROW
                         NORMAL    RECORD    YEAR
 MAXIMUM TEMPERATURE (F)   75        88      2014
 MINIMUM TEMPERATURE (F)   50        30      1978


SUNRISE AND SUNSET
AUGUST 24 2016........SUNRISE   542 AM EDT   SUNSET   724 PM EDT
AUGUST 25 2016........SUNRISE   544 AM EDT   SUNSET   722 PM EDT


-  INDICATES NEGATIVE NUMBERS.
R  INDICATES RECORD WAS SET OR TIED.
MM INDICATES DATA IS MISSING.
T  INDICATES TRACE AMOUNT.




$$
