000
CDUS41 KCAR 180527
CLIHUL


CLIMATE REPORT
NATIONAL WEATHER SERVICE CARIBOU, ME
126 AM EDT FRI AUG 18 2017


...................................

...THE HOULTON ME CLIMATE SUMMARY FOR AUGUST 17 2017...

CLIMATE NORMAL PERIOD 1981 TO 2010
CLIMATE RECORD PERIOD 1948 TO 2017


WEATHER ITEM   OBSERVED TIME   RECORD YEAR NORMAL DEPARTURE LAST
                VALUE   (LST)  VALUE       VALUE  FROM      YEAR
                                                  NORMAL
..................................................................
TEMPERATURE (F)
 YESTERDAY
  MAXIMUM         72    129 PM  91    1987  76     -4       75
  MINIMUM         46   1255 AM  35    1979  52     -6       54
  AVERAGE         59                        64     -5       65

PRECIPITATION (IN)
  YESTERDAY        0.00          1.11 2016   0.12  -0.12     1.11
  MONTH TO DATE    2.67                      2.16   0.51     4.83
  SINCE JUN 1      7.38                      9.47  -2.09    11.11
  SINCE JAN 1     22.13                     24.10  -1.97    25.49

SNOWFALL (IN)
  YESTERDAY       MM             0.0  2003   0.0   MM       MM
  MONTH TO DATE   MM                         0.0   MM       MM
  SINCE JUN 1     MM                         0.0   MM       MM
  SINCE JUL 1     MM                         0.0   MM       MM
  SNOW DEPTH      MM

DEGREE DAYS
 HEATING
  YESTERDAY        6                         3      3        0
  MONTH TO DATE   30                        39     -9       28
  SINCE JUN 1    241                       280    -39      246
  SINCE JUL 1     81                        99    -18       71

 COOLING
  YESTERDAY        0                         2     -2        0
  MONTH TO DATE   33                        36     -3       37
  SINCE JUN 1    151                       152     -1      169
  SINCE JAN 1    157                       156      1      176
..................................................................


WIND (MPH)
  HIGHEST WIND SPEED    20   HIGHEST WIND DIRECTION    NW (300)
  HIGHEST GUST SPEED    31   HIGHEST GUST DIRECTION    NW (320)
  AVERAGE WIND SPEED     6.5


SKY COVER
  POSSIBLE SUNSHINE  MM
  AVERAGE SKY COVER 0.3


WEATHER CONDITIONS
 THE FOLLOWING WEATHER WAS RECORDED YESTERDAY.
  NO SIGNIFICANT WEATHER WAS OBSERVED.


RELATIVE HUMIDITY (PERCENT)
 HIGHEST   100           900 PM
 LOWEST     45           900 AM
 AVERAGE    73

..........................................................


THE HOULTON ME CLIMATE NORMALS FOR TODAY
                         NORMAL    RECORD    YEAR
 MAXIMUM TEMPERATURE (F)   76        92      1940
 MINIMUM TEMPERATURE (F)   52        39      1985


SUNRISE AND SUNSET
AUGUST 18 2017........SUNRISE   534 AM EDT   SUNSET   735 PM EDT
AUGUST 19 2017........SUNRISE   536 AM EDT   SUNSET   733 PM EDT


-  INDICATES NEGATIVE NUMBERS.
R  INDICATES RECORD WAS SET OR TIED.
MM INDICATES DATA IS MISSING.
T  INDICATES TRACE AMOUNT.




$$
