000
CDUS41 KCAR 100531
CLIHUL


CLIMATE REPORT
NATIONAL WEATHER SERVICE CARIBOU, ME
130 AM EDT THU JUL 10 2014


...................................

...THE HOULTON ME CLIMATE SUMMARY FOR JULY 9 2014...

CLIMATE NORMAL PERIOD 1981 TO 2010
CLIMATE RECORD PERIOD 1948 TO 2014


WEATHER ITEM   OBSERVED TIME   RECORD YEAR NORMAL DEPARTURE LAST
                VALUE   (LST)  VALUE       VALUE  FROM      YEAR
                                                  NORMAL
..................................................................
TEMPERATURE (F)
 YESTERDAY
  MAXIMUM         83    353 PM  97    1944  77      6       80
  MINIMUM         62    856 PM  34    1969  54      8       47
  AVERAGE         73                        66      7       64

PRECIPITATION (IN)
  YESTERDAY        T             0.76 1997   0.12  -0.12     0.00
  MONTH TO DATE    3.57                      1.09   2.48     0.03
  SINCE JUN 1      7.83                      4.74   3.09     5.11
  SINCE JAN 1     22.53                     19.37   3.16    16.34

SNOWFALL (IN)
  YESTERDAY       MM             0.0  2003   0.0   MM       MM
  MONTH TO DATE   MM                         0.0   MM       MM
  SINCE JUN 1     MM                         0.0   MM       MM
  SINCE JUL 1     MM                         0.0   MM       MM
  SNOW DEPTH      MM

DEGREE DAYS
 HEATING
  YESTERDAY        0                         2     -2        1
  MONTH TO DATE   14                        23     -9       10
  SINCE JUN 1    143                       204    -61      207
  SINCE JUL 1     14                        23     -9       10

 COOLING
  YESTERDAY        8                         3      5        0
  MONTH TO DATE   65                        25     40       49
  SINCE JUN 1     90                        60     30       85
  SINCE JAN 1     91                        64     27       89
..................................................................


WIND (MPH)
  HIGHEST WIND SPEED    22   HIGHEST WIND DIRECTION    SW (230)
  HIGHEST GUST SPEED    32   HIGHEST GUST DIRECTION    SW (220)
  AVERAGE WIND SPEED     8.9


SKY COVER
  POSSIBLE SUNSHINE  MM
  AVERAGE SKY COVER 0.4


WEATHER CONDITIONS
 THE FOLLOWING WEATHER WAS RECORDED YESTERDAY.
  FOG
  HAZE


RELATIVE HUMIDITY (PERCENT)
 HIGHEST    93           400 AM
 LOWEST     43           400 PM
 AVERAGE    68

..........................................................


THE HOULTON ME CLIMATE NORMALS FOR TODAY
                         NORMAL    RECORD    YEAR
 MAXIMUM TEMPERATURE (F)   78        97      1955
 MINIMUM TEMPERATURE (F)   54        39      1980


SUNRISE AND SUNSET
JULY 10 2014..........SUNRISE   450 AM EDT   SUNSET   822 PM EDT
JULY 11 2014..........SUNRISE   451 AM EDT   SUNSET   822 PM EDT


-  INDICATES NEGATIVE NUMBERS.
R  INDICATES RECORD WAS SET OR TIED.
MM INDICATES DATA IS MISSING.
T  INDICATES TRACE AMOUNT.




$$
