000
CDUS41 KCAR 290529
CLIHUL


CLIMATE REPORT
NATIONAL WEATHER SERVICE CARIBOU, ME
128 AM EDT FRI MAY 29 2015


...................................

...THE HOULTON ME CLIMATE SUMMARY FOR MAY 28 2015...

CLIMATE NORMAL PERIOD 1981 TO 2010
CLIMATE RECORD PERIOD 1948 TO 2015


WEATHER ITEM   OBSERVED TIME   RECORD YEAR NORMAL DEPARTURE LAST
                VALUE   (LST)  VALUE       VALUE  FROM      YEAR
                                                  NORMAL
..................................................................
TEMPERATURE (F)
 YESTERDAY
  MAXIMUM         79   1139 AM  92    1978  68     11       64
  MINIMUM         59   1144 PM  26    1977  42     17       34
  AVERAGE         69                        55     14       49

PRECIPITATION (IN)
  YESTERDAY        0.50R         0.49 1983   0.11   0.39     0.00
  MONTH TO DATE    3.48                      2.98   0.50     3.03
  SINCE MAR 1      6.82                      9.45  -2.63     9.12
  SINCE JAN 1      8.92                     14.31  -5.39    14.70

SNOWFALL (IN)
  YESTERDAY       MM             0.0  2003   0.0   MM       MM
  MONTH TO DATE   MM                         0.1   MM       MM
  SINCE MAR 1     MM                        23.9   MM       MM
  SINCE JUL 1     MM                        89.5   MM       MM
  SNOW DEPTH      MM

DEGREE DAYS
 HEATING
  YESTERDAY        0                        11    -11       16
  MONTH TO DATE  305                       405   -100      381
  SINCE MAR 1   2540                      2405    135     2683
  SINCE JUL 1   9108                      8978    130     9273

 COOLING
  YESTERDAY        4                         0      4        0
  MONTH TO DATE   19                         0     19        1
  SINCE MAR 1     19                         0     19        1
  SINCE JAN 1     19                         0     19        1
..................................................................


WIND (MPH)
  HIGHEST WIND SPEED    21   HIGHEST WIND DIRECTION    SW (240)
  HIGHEST GUST SPEED    30   HIGHEST GUST DIRECTION     W (260)
  AVERAGE WIND SPEED     7.0


SKY COVER
  POSSIBLE SUNSHINE  MM
  AVERAGE SKY COVER 0.9


WEATHER CONDITIONS
 THE FOLLOWING WEATHER WAS RECORDED YESTERDAY.
  THUNDERSTORM
  HEAVY RAIN
  RAIN
  LIGHT RAIN
  FOG


RELATIVE HUMIDITY (PERCENT)
 HIGHEST   100           800 PM
 LOWEST     64          1100 AM
 AVERAGE    82

..........................................................


THE HOULTON ME CLIMATE NORMALS FOR TODAY
                         NORMAL    RECORD    YEAR
 MAXIMUM TEMPERATURE (F)   68        96      1978
 MINIMUM TEMPERATURE (F)   42        29      1970


SUNRISE AND SUNSET
MAY 29 2015...........SUNRISE   446 AM EDT   SUNSET   812 PM EDT
MAY 30 2015...........SUNRISE   445 AM EDT   SUNSET   813 PM EDT


-  INDICATES NEGATIVE NUMBERS.
R  INDICATES RECORD WAS SET OR TIED.
MM INDICATES DATA IS MISSING.
T  INDICATES TRACE AMOUNT.




$$
