000
CDUS41 KCAR 262033
CLIHUL


CLIMATE REPORT
NATIONAL WEATHER SERVICE CARIBOU, ME
432 PM EDT MON SEP 26 2016


...................................

...THE HOULTON ME CLIMATE SUMMARY FOR SEPTEMBER 26 2016...
VALID TODAY AS OF 0400 PM LOCAL TIME.

CLIMATE NORMAL PERIOD 1981 TO 2010
CLIMATE RECORD PERIOD 1948 TO 2016


WEATHER ITEM   OBSERVED TIME   RECORD YEAR NORMAL DEPARTURE LAST
                VALUE   (LST)  VALUE       VALUE  FROM      YEAR
                                                  NORMAL
..................................................................
TEMPERATURE (F)
 TODAY
  MAXIMUM         62    256 PM  85    2007  62      0       61
  MINIMUM         29    614 AM  23    1939  39    -10       28
  AVERAGE         46                        51     -5       45

PRECIPITATION (IN)
  TODAY            0.00          1.20 1961   0.12  -0.12     0.00
  MONTH TO DATE    0.99                      2.90  -1.91     3.11
  SINCE SEP 1      0.99                      2.90  -1.91     3.11
  SINCE JAN 1     27.85                     28.52  -0.67    21.87

SNOWFALL (IN)
  TODAY           MM             0.0  2003   0.0   MM       MM
  MONTH TO DATE   MM                         0.1   MM       MM
  SINCE SEP 1     MM                         0.1   MM       MM
  SINCE JUL 1     MM                         0.1   MM       MM
  SNOW DEPTH      MM

DEGREE DAYS
 HEATING
  TODAY           19                        14      5       20
  MONTH TO DATE  174                       251    -77      143
  SINCE SEP 1    174                       251    -77      143
  SINCE JUL 1    268                       407   -139      230

 COOLING
  TODAY            0                         0      0        0
  MONTH TO DATE   23                        12     11       46
  SINCE SEP 1     23                        12     11       46
  SINCE JAN 1    229                       190     39      236
..................................................................


WIND (MPH)
  HIGHEST WIND SPEED    13   HIGHEST WIND DIRECTION     W (290)
  HIGHEST GUST SPEED    16   HIGHEST GUST DIRECTION     W (280)
  AVERAGE WIND SPEED     3.7


SKY COVER
  POSSIBLE SUNSHINE  MM
  AVERAGE SKY COVER 0.0


WEATHER CONDITIONS
 THE FOLLOWING WEATHER WAS RECORDED TODAY.
  NO SIGNIFICANT WEATHER WAS OBSERVED.


RELATIVE HUMIDITY (PERCENT)
 HIGHEST   100          1200 AM
 LOWEST     43           300 PM
 AVERAGE    72

..........................................................


THE HOULTON ME CLIMATE NORMALS FOR TOMORROW
                         NORMAL    RECORD    YEAR
 MAXIMUM TEMPERATURE (F)   62        77      2014
 MINIMUM TEMPERATURE (F)   39        23      1971


SUNRISE AND SUNSET
SEPTEMBER 26 2016.....SUNRISE   624 AM EDT   SUNSET   620 PM EDT
SEPTEMBER 27 2016.....SUNRISE   625 AM EDT   SUNSET   618 PM EDT


-  INDICATES NEGATIVE NUMBERS.
R  INDICATES RECORD WAS SET OR TIED.
MM INDICATES DATA IS MISSING.
T  INDICATES TRACE AMOUNT.




$$
