000
CDUS45 KTFX 190846
CLIHVR


CLIMATE REPORT
NATIONAL WEATHER SERVICE GREAT FALLS MT
139 AM MST FRI JAN 19 2018


...................................

...THE HAVRE MT CLIMATE SUMMARY FOR JANUARY 18 2018...

CLIMATE NORMAL PERIOD 1981 TO 2010
CLIMATE RECORD PERIOD 1880 TO 2018


WEATHER ITEM   OBSERVED TIME   RECORD YEAR NORMAL DEPARTURE LAST
                VALUE   (LST)  VALUE       VALUE  FROM      YEAR
                                                  NORMAL
..................................................................
TEMPERATURE (F)
 YESTERDAY
  MAXIMUM         43    216 AM  61    1900  29     14       46
  MINIMUM         33    838 AM -36    1883   7     26       33
  AVERAGE         38                        18     20       40

PRECIPITATION (IN)
  YESTERDAY        0.00          0.32 1918   0.01  -0.01     0.00
  MONTH TO DATE    0.30                      0.22   0.08     0.54
  SINCE OCT 1      3.82                      1.63   2.19     4.53
  SINCE JAN 1      0.30                      0.22   0.08     0.54

SNOWFALL (IN)
  YESTERDAY        0.0           3.3  1918   0.2   -0.2      0.0
  MONTH TO DATE    7.0                       4.7    2.3      7.0
  SINCE DEC 1     25.6                      12.1   13.5     14.2
  SINCE JUL 1     43.1                      19.7   23.4     19.7
  SNOW DEPTH       8

DEGREE DAYS
 HEATING
  YESTERDAY       27                        47    -20       25
  MONTH TO DATE 1017                       857    160     1063
  SINCE DEC 1   2401                      2280    121     2629
  SINCE JUL 1   4459                      4323    136     4376

 COOLING
  YESTERDAY        0                         0      0        0
  MONTH TO DATE    0                         0      0        0
  SINCE DEC 1      0                         0      0        0
  SINCE JAN 1      0                         0      0        0
..................................................................


WIND (MPH)
  HIGHEST WIND SPEED    30   HIGHEST WIND DIRECTION    SW (220)
  HIGHEST GUST SPEED    33   HIGHEST GUST DIRECTION    SW (210)
  AVERAGE WIND SPEED    16.4


SKY COVER
  AVERAGE SKY COVER 0.5


WEATHER CONDITIONS
 THE FOLLOWING WEATHER WAS RECORDED YESTERDAY.
  NO SIGNIFICANT WEATHER WAS OBSERVED.


RELATIVE HUMIDITY (PERCENT)
 HIGHEST    89          1000 PM
 LOWEST     62           400 AM
 AVERAGE    76

..........................................................


THE HAVRE MT CLIMATE NORMALS FOR TODAY
                         NORMAL    RECORD    YEAR
 MAXIMUM TEMPERATURE (F)   29        63      1944
 MINIMUM TEMPERATURE (F)    8       -43      1883


SUNRISE AND SUNSET
JANUARY 19 2018.......SUNRISE   803 AM MST   SUNSET   457 PM MST
JANUARY 20 2018.......SUNRISE   802 AM MST   SUNSET   459 PM MST


-  INDICATES NEGATIVE NUMBERS.
R  INDICATES RECORD WAS SET OR TIED.
MM INDICATES DATA IS MISSING.
T  INDICATES TRACE AMOUNT.




$$
