000
CDUS45 KTFX 170753
CLIHVR


CLIMATE REPORT
NATIONAL WEATHER SERVICE GREAT FALLS MT
153 AM MDT WED SEP 17 2014


...................................

...THE HAVRE MT CLIMATE SUMMARY FOR SEPTEMBER 16 2014...

CLIMATE NORMAL PERIOD 1981 TO 2010
CLIMATE RECORD PERIOD 1880 TO 2014


WEATHER ITEM   OBSERVED TIME   RECORD YEAR NORMAL DEPARTURE LAST
                VALUE   (LST)  VALUE       VALUE  FROM      YEAR
                                                  NORMAL
..................................................................
TEMPERATURE (F)
 YESTERDAY
  MAXIMUM         82    450 PM  95    2009  71     11       90
  MINIMUM         37    606 AM  23    1912  41     -4       53
                                      1897
  AVERAGE         60                        56      4       72

PRECIPITATION (IN)
  YESTERDAY        0.00          0.82 2003   0.03  -0.03      T
  MONTH TO DATE    0.73                      0.61   0.12     0.80
  SINCE OCT 1     13.06                     10.69   2.37    18.38
  SINCE JAN 1     11.05                      9.28   1.77    15.90

SNOWFALL (IN)
  YESTERDAY        0.0           0.5  1902   0.0    0.0      0.0
  MONTH TO DATE    T                         0.0    0.0      0.0
  SINCE SEP 1      T                         0.0    0.0      0.0
  SINCE JUL 1      T                         0.0    0.0      0.0
  SNOW DEPTH       0

DEGREE DAYS
 HEATING
  YESTERDAY        5                         9     -4        0
  MONTH TO DATE  178                       109     69        7
  SINCE SEP 1    178                       109     69        7
  SINCE JUL 1    222                       192     30       25

 COOLING
  YESTERDAY        0                         0      0        7
  MONTH TO DATE    0                        17    -17       70
  SINCE SEP 1      0                        17    -17       70
  SINCE JAN 1    390                       384      6      445
..................................................................


WIND (MPH)
  HIGHEST WIND SPEED    13   HIGHEST WIND DIRECTION    NE (60)
  HIGHEST GUST SPEED    13   HIGHEST GUST DIRECTION    NE (60)
  AVERAGE WIND SPEED     3.8


SKY COVER
  AVERAGE SKY COVER 0.0


WEATHER CONDITIONS
 THE FOLLOWING WEATHER WAS RECORDED YESTERDAY.
  NO SIGNIFICANT WEATHER WAS OBSERVED.


RELATIVE HUMIDITY (PERCENT)
 HIGHEST   100           400 AM
 LOWEST     20           400 PM
 AVERAGE    60

..........................................................


THE HAVRE MT CLIMATE NORMALS FOR TODAY
                         NORMAL    RECORD    YEAR
 MAXIMUM TEMPERATURE (F)   71        99      2009
 MINIMUM TEMPERATURE (F)   41        26      1912


SUNRISE AND SUNSET
SEPTEMBER 17 2014.....SUNRISE   659 AM MDT   SUNSET   727 PM MDT
SEPTEMBER 18 2014.....SUNRISE   700 AM MDT   SUNSET   725 PM MDT


-  INDICATES NEGATIVE NUMBERS.
R  INDICATES RECORD WAS SET OR TIED.
MM INDICATES DATA IS MISSING.
T  INDICATES TRACE AMOUNT.




$$
