000
CDUS45 KTFX 270817
CLIHVR


CLIMATE REPORT
NATIONAL WEATHER SERVICE GREAT FALLS MT
216 AM MDT FRI MAR 27 2015


...................................

...THE HAVRE MT CLIMATE SUMMARY FOR MARCH 26 2015...

CLIMATE NORMAL PERIOD 1981 TO 2010
CLIMATE RECORD PERIOD 1880 TO 2015


WEATHER ITEM   OBSERVED TIME   RECORD YEAR NORMAL DEPARTURE LAST
                VALUE   (LST)  VALUE       VALUE  FROM      YEAR
                                                  NORMAL
..................................................................
TEMPERATURE (F)
 YESTERDAY
  MAXIMUM         68    405 PM  76    1946  49     19       41
  MINIMUM         32    601 AM -22    1913  25      7       22
  AVERAGE         50                        37     13       32

PRECIPITATION (IN)
  YESTERDAY        0.00          0.34 1968   0.02  -0.02     0.00
  MONTH TO DATE    0.39                      0.43  -0.04     0.96
  SINCE OCT 1      3.59                      2.45   1.14     3.63
  SINCE JAN 1      2.02                      1.04   0.98     1.62

SNOWFALL (IN)
  YESTERDAY        0.0           4.1  1972   0.2   -0.2      0.0
  MONTH TO DATE    T                         5.3   -5.3      4.0
  SINCE MAR 1      T                         5.3   -5.3      4.0
  SINCE JUL 1     20.6                      33.2  -12.6     41.4
  SNOW DEPTH       0

DEGREE DAYS
 HEATING
  YESTERDAY       15                        28    -13       33
  MONTH TO DATE  679                       866   -187      994
  SINCE MAR 1    679                       866   -187      994
  SINCE JUL 1   6347                      6986   -639     7235

 COOLING
  YESTERDAY        0                         0      0        0
  MONTH TO DATE    0                         0      0        0
  SINCE MAR 1      0                         0      0        0
  SINCE JAN 1      0                         0      0        0
..................................................................


WIND (MPH)
  HIGHEST WIND SPEED    25   HIGHEST WIND DIRECTION     W (290)
  HIGHEST GUST SPEED    31   HIGHEST GUST DIRECTION     W (290)
  AVERAGE WIND SPEED    10.4


SKY COVER
  AVERAGE SKY COVER 0.1


WEATHER CONDITIONS
 THE FOLLOWING WEATHER WAS RECORDED YESTERDAY.
  NO SIGNIFICANT WEATHER WAS OBSERVED.


RELATIVE HUMIDITY (PERCENT)
 HIGHEST    89           700 AM
 LOWEST     32           400 PM
 AVERAGE    61

..........................................................


THE HAVRE MT CLIMATE NORMALS FOR TODAY
                         NORMAL    RECORD    YEAR
 MAXIMUM TEMPERATURE (F)   50        75      1946
 MINIMUM TEMPERATURE (F)   26       -14      1898


SUNRISE AND SUNSET
MARCH 27 2015.........SUNRISE   708 AM MDT   SUNSET   742 PM MDT
MARCH 28 2015.........SUNRISE   706 AM MDT   SUNSET   744 PM MDT


-  INDICATES NEGATIVE NUMBERS.
R  INDICATES RECORD WAS SET OR TIED.
MM INDICATES DATA IS MISSING.
T  INDICATES TRACE AMOUNT.




$$
