000
CDUS45 KTFX 272223
CLIHVR


CLIMATE REPORT
NATIONAL WEATHER SERVICE GREAT FALLS MT
422 PM MDT THU AUG 27 2015


...................................

...THE HAVRE MT CLIMATE SUMMARY FOR AUGUST 27 2015...
VALID TODAY AS OF 0400 PM LOCAL TIME.

CLIMATE NORMAL PERIOD 1981 TO 2010
CLIMATE RECORD PERIOD 1880 TO 2015


WEATHER ITEM   OBSERVED TIME   RECORD YEAR NORMAL DEPARTURE LAST
                VALUE   (LST)  VALUE       VALUE  FROM      YEAR
                                                  NORMAL
..................................................................
TEMPERATURE (F)
 TODAY
  MAXIMUM         86    259 PM  99    2001  80      6       90
  MINIMUM         50    605 AM  31    1911  49      1       49
  AVERAGE         68                        64      4       70

PRECIPITATION (IN)
  TODAY            0.00          0.47 1960   0.03  -0.03     0.00
  MONTH TO DATE    0.67                      0.97  -0.30     3.67
  SINCE OCT 1     10.07                      9.94   0.13    12.32
  SINCE JAN 1      8.50                      8.53  -0.03    10.31

SNOWFALL (IN)
  TODAY            0.0           0.0  1999   0.0    0.0      0.0
                                      1998
  MONTH TO DATE    0.0                       0.0    0.0      0.0
  SINCE JUN 1      T                         0.0    0.0      0.0
  SINCE JUL 1      T                         0.0    0.0      0.0
  SNOW DEPTH       0

DEGREE DAYS
 HEATING
  TODAY            0                         3     -3        0
  MONTH TO DATE   50                        39     11       42
  SINCE JUN 1    132                       202    -70      217
  SINCE JUL 1     75                        69      6       42

 COOLING
  TODAY            3                         3      0        5
  MONTH TO DATE  122                       139    -17      169
  SINCE JUN 1    385                       349     36      376
  SINCE JAN 1    385                       360     25      383
..................................................................


WIND (MPH)
  HIGHEST WIND SPEED    21   HIGHEST WIND DIRECTION    SW (230)
  HIGHEST GUST SPEED    23   HIGHEST GUST DIRECTION    SW (230)
  AVERAGE WIND SPEED     8.3


SKY COVER
  AVERAGE SKY COVER 0.0


WEATHER CONDITIONS
 THE FOLLOWING WEATHER WAS RECORDED TODAY.
  FOG
  HAZE


RELATIVE HUMIDITY (PERCENT)
 HIGHEST    83           400 AM
 LOWEST     27           200 PM
 AVERAGE    55

..........................................................


THE HAVRE MT CLIMATE NORMALS FOR TOMORROW
                         NORMAL    RECORD    YEAR
 MAXIMUM TEMPERATURE (F)   80        99      2012
 MINIMUM TEMPERATURE (F)   48        34      1911


SUNRISE AND SUNSET
AUGUST 27 2015........SUNRISE   629 AM MDT   SUNSET   811 PM MDT
AUGUST 28 2015........SUNRISE   630 AM MDT   SUNSET   809 PM MDT


-  INDICATES NEGATIVE NUMBERS.
R  INDICATES RECORD WAS SET OR TIED.
MM INDICATES DATA IS MISSING.
T  INDICATES TRACE AMOUNT.




$$
