000
CDUS45 KTFX 032230
CLIHVR


CLIMATE REPORT
NATIONAL WEATHER SERVICE GREAT FALLS MT
429 PM MDT MON AUG 3 2015


...................................

...THE HAVRE MT CLIMATE SUMMARY FOR AUGUST 3 2015...
VALID TODAY AS OF 0400 PM LOCAL TIME.

CLIMATE NORMAL PERIOD 1981 TO 2010
CLIMATE RECORD PERIOD 1880 TO 2015


WEATHER ITEM   OBSERVED TIME   RECORD YEAR NORMAL DEPARTURE LAST
                VALUE   (LST)  VALUE       VALUE  FROM      YEAR
                                                  NORMAL
..................................................................
TEMPERATURE (F)
 TODAY
  MAXIMUM         93    259 PM 109    2001  87      6       88
  MINIMUM         57    513 AM  39    1978  55      2       58
  AVERAGE         75                        71      4       73

PRECIPITATION (IN)
  TODAY            0.00          0.85 1936   0.03  -0.03     0.03
  MONTH TO DATE    0.00                      0.10  -0.10     0.03
  SINCE OCT 1      9.40                      9.07   0.33     8.68
  SINCE JAN 1      7.83                      7.66   0.17     6.67

SNOWFALL (IN)
  TODAY            0.0           T    1992   0.0    0.0      0.0
                                      2001
                                      1998
  MONTH TO DATE    0.0                       0.0    0.0      0.0
  SINCE JUN 1      T                         0.0    0.0      0.0
  SINCE JUL 1      T                         0.0    0.0      0.0
  SNOW DEPTH       0

DEGREE DAYS
 HEATING
  TODAY            0                         1     -1        0
  MONTH TO DATE    0                         1     -1        0
  SINCE JUN 1     82                       164    -82      175
  SINCE JUL 1     25                        31     -6        0

 COOLING
  TODAY           10                         7      3        8
  MONTH TO DATE   30                        21      9       25
  SINCE JUN 1    293                       231     62      232
  SINCE JAN 1    293                       242     51      239
..................................................................


WIND (MPH)
  HIGHEST WIND SPEED    21   HIGHEST WIND DIRECTION     E (100)
  HIGHEST GUST SPEED    26   HIGHEST GUST DIRECTION     E (90)
  AVERAGE WIND SPEED    14.2


SKY COVER
  AVERAGE SKY COVER 0.0


WEATHER CONDITIONS
 THE FOLLOWING WEATHER WAS RECORDED TODAY.
  NO SIGNIFICANT WEATHER WAS OBSERVED.


RELATIVE HUMIDITY (PERCENT)
 HIGHEST    80           500 AM
 LOWEST     25           300 PM
 AVERAGE    53

..........................................................


THE HAVRE MT CLIMATE NORMALS FOR TOMORROW
                         NORMAL    RECORD    YEAR
 MAXIMUM TEMPERATURE (F)   87       103      1961
 MINIMUM TEMPERATURE (F)   55        41      1978


SUNRISE AND SUNSET
AUGUST  3 2015........SUNRISE   556 AM MDT   SUNSET   854 PM MDT
AUGUST  4 2015........SUNRISE   557 AM MDT   SUNSET   852 PM MDT


-  INDICATES NEGATIVE NUMBERS.
R  INDICATES RECORD WAS SET OR TIED.
MM INDICATES DATA IS MISSING.
T  INDICATES TRACE AMOUNT.




$$
