000
CDUS45 KTFX 302232
CLIHVR


CLIMATE REPORT
NATIONAL WEATHER SERVICE GREAT FALLS MT
430 PM MDT TUE AUG 30 2016


...................................

...THE HAVRE MT CLIMATE SUMMARY FOR AUGUST 30 2016...
VALID TODAY AS OF 0400 PM LOCAL TIME.

CLIMATE NORMAL PERIOD 1981 TO 2010
CLIMATE RECORD PERIOD 1880 TO 2016


WEATHER ITEM   OBSERVED TIME   RECORD YEAR NORMAL DEPARTURE LAST
                VALUE   (LST)  VALUE       VALUE  FROM      YEAR
                                                  NORMAL
..................................................................
TEMPERATURE (F)
 TODAY
  MAXIMUM         89    259 PM 100    1999  79     10       83
  MINIMUM         64    207 AM  36    1969  48     16       54
                                      1910
  AVERAGE         77                        63     14       69

PRECIPITATION (IN)
  TODAY            T             1.08 1881   0.04  -0.04      T
  MONTH TO DATE    1.02                      1.08  -0.06     0.74
  SINCE OCT 1     15.20                     10.05   5.15    10.14
  SINCE JAN 1     13.27                      8.64   4.63     8.57

SNOWFALL (IN)
  TODAY            0.0           0.0  1999   0.0    0.0      0.0
                                      1998
  MONTH TO DATE    0.0                       0.0    0.0      0.0
  SINCE JUN 1      0.0                       0.0    0.0       T
  SINCE JUL 1      0.0                       0.0    0.0       T

DEGREE DAYS
 HEATING
  TODAY            0                         4     -4        0
  MONTH TO DATE   42                        50     -8       50
  SINCE JUN 1    146                       213    -67      132
  SINCE JUL 1     61                        80    -19       75

 COOLING
  TODAY           12                         2     10        4
  MONTH TO DATE  107                       145    -38      147
  SINCE JUN 1    312                       355    -43      410
  SINCE JAN 1    313                       366    -53      410
..................................................................


WIND (MPH)
  HIGHEST WIND SPEED    26   HIGHEST WIND DIRECTION    SE (120)
  HIGHEST GUST SPEED    35   HIGHEST GUST DIRECTION    NW (300)
  AVERAGE WIND SPEED    14.0


SKY COVER
  AVERAGE SKY COVER 0.1


WEATHER CONDITIONS
 THE FOLLOWING WEATHER WAS RECORDED TODAY.
  THUNDERSTORM


RELATIVE HUMIDITY (PERCENT)
 HIGHEST    56          1200 AM
 LOWEST     27           300 PM
 AVERAGE    42

..........................................................


THE HAVRE MT CLIMATE NORMALS FOR TOMORROW
                         NORMAL    RECORD    YEAR
 MAXIMUM TEMPERATURE (F)   78       102      1991
 MINIMUM TEMPERATURE (F)   47        35      1952


SUNRISE AND SUNSET
AUGUST 30 2016........SUNRISE   634 AM MDT   SUNSET   804 PM MDT
AUGUST 31 2016........SUNRISE   636 AM MDT   SUNSET   802 PM MDT


-  INDICATES NEGATIVE NUMBERS.
R  INDICATES RECORD WAS SET OR TIED.
MM INDICATES DATA IS MISSING.
T  INDICATES TRACE AMOUNT.




$$
