000
CDUS45 KTFX 260822
CLIHVR


CLIMATE REPORT
NATIONAL WEATHER SERVICE GREAT FALLS MT
222 AM MDT WED JUL 26 2017


...................................

...THE HAVRE MT CLIMATE SUMMARY FOR JULY 25 2017...

CLIMATE NORMAL PERIOD 1981 TO 2010
CLIMATE RECORD PERIOD 1880 TO 2017


WEATHER ITEM   OBSERVED TIME   RECORD YEAR NORMAL DEPARTURE LAST
                VALUE   (LST)  VALUE       VALUE  FROM      YEAR
                                                  NORMAL
..................................................................
TEMPERATURE (F)
 YESTERDAY
  MAXIMUM         85    557 PM 107    1933  87     -2       94
  MINIMUM         48    457 AM  44    1999  55     -7       51
  AVERAGE         67                        71     -4       73

PRECIPITATION (IN)
  YESTERDAY        0.00          0.73 1953   0.03  -0.03     0.00
  MONTH TO DATE    0.23                      1.42  -1.19     2.10
  SINCE OCT 1      7.43                      8.75  -1.32    13.85
  SINCE JAN 1      3.44                      7.34  -3.90    11.92

SNOWFALL (IN)
  YESTERDAY        0.0           0.0  1999   0.0    0.0      0.0
                                      1998
  MONTH TO DATE    0.0                       0.0    0.0      0.0
  SINCE JUN 1      0.0                       0.0    0.0      0.0
  SINCE JUL 1      0.0                       0.0    0.0      0.0
  SNOW DEPTH       0

DEGREE DAYS
 HEATING
  YESTERDAY        0                         0      0        0
  MONTH TO DATE    1                        29    -28       19
  SINCE JUN 1     84                       162    -78      104
  SINCE JUL 1      1                        29    -28       19

 COOLING
  YESTERDAY        2                         7     -5        8
  MONTH TO DATE  235                       121    114      107
  SINCE JUN 1    298                       169    129      161
  SINCE JAN 1    309                       180    129      162
..................................................................


WIND (MPH)
  HIGHEST WIND SPEED    12   HIGHEST WIND DIRECTION    NW (320)
  HIGHEST GUST SPEED    17   HIGHEST GUST DIRECTION     W (280)
  AVERAGE WIND SPEED     5.5


SKY COVER
  AVERAGE SKY COVER 0.0


WEATHER CONDITIONS
 THE FOLLOWING WEATHER WAS RECORDED YESTERDAY.
  NO SIGNIFICANT WEATHER WAS OBSERVED.


RELATIVE HUMIDITY (PERCENT)
 HIGHEST    71           400 AM
 LOWEST     19           600 PM
 AVERAGE    45

..........................................................


THE HAVRE MT CLIMATE NORMALS FOR TODAY
                         NORMAL    RECORD    YEAR
 MAXIMUM TEMPERATURE (F)   87       102      1933
 MINIMUM TEMPERATURE (F)   55        39      1999


SUNRISE AND SUNSET
JULY 26 2017..........SUNRISE   546 AM MDT   SUNSET   904 PM MDT
JULY 27 2017..........SUNRISE   547 AM MDT   SUNSET   903 PM MDT


-  INDICATES NEGATIVE NUMBERS.
R  INDICATES RECORD WAS SET OR TIED.
MM INDICATES DATA IS MISSING.
T  INDICATES TRACE AMOUNT.




$$
