000
CDUS41 KLWX 292141
CLIIAD


CLIMATE REPORT
NATIONAL WEATHER SERVICE BALTIMORE MD/WASHINGTON DC
541 PM EDT SAT AUG 29 2015


...................................

...THE WASHINGTON DULLES DC CLIMATE SUMMARY FOR AUGUST 29 2015...
VALID TODAY AS OF 0500 PM LOCAL TIME.

CLIMATE NORMAL PERIOD 1981 TO 2010
CLIMATE RECORD PERIOD 1962 TO 2015


WEATHER ITEM   OBSERVED TIME   RECORD YEAR NORMAL DEPARTURE LAST
                VALUE   (LST)  VALUE       VALUE  FROM      YEAR
                                                  NORMAL
..................................................................
TEMPERATURE (F)
 TODAY
  MAXIMUM         87    302 PM  98    1991  85      2       79
  MINIMUM         64    435 AM  38    1982  62      2       53
  AVERAGE         76                        74      2       66

PRECIPITATION (IN)
  TODAY            0.00          1.17 1963   0.10  -0.10     0.00
  MONTH TO DATE    1.08                      3.32  -2.24     4.71
  SINCE JUN 1     13.41                     10.97   2.44    11.42
  SINCE JAN 1     27.27                     27.79  -0.52    35.77

SNOWFALL (IN)
  TODAY            0.0          MM      MM   0.0    0.0
  MONTH TO DATE    0.0                       0.0    0.0
  SINCE JUL 1      0.0                       0.0    0.0
  SNOW DEPTH       0

DEGREE DAYS
 HEATING
  TODAY            0                         0      0        0
  MONTH TO DATE    0                         0      0        0
  SINCE JUN 1     15                        15      0        5
  SINCE JUL 1      0                         0      0        3

 COOLING
  TODAY           11                         9      2        1
  MONTH TO DATE  280                       305    -25      195
  SINCE JUN 1    904                       905     -1      723
  SINCE JAN 1   1086                       997     89      809
..................................................................


WIND (MPH)
  HIGHEST WIND SPEED    14   HIGHEST WIND DIRECTION     S (180)
  HIGHEST GUST SPEED    17   HIGHEST GUST DIRECTION    SW (220)
  AVERAGE WIND SPEED     5.5


SKY COVER
  POSSIBLE SUNSHINE  MM
  AVERAGE SKY COVER 0.5


WEATHER CONDITIONS
 THE FOLLOWING WEATHER WAS RECORDED TODAY.
  NO SIGNIFICANT WEATHER WAS OBSERVED.


RELATIVE HUMIDITY (PERCENT)
 HIGHEST    84           300 AM
 LOWEST     48           100 PM
 AVERAGE    66

..........................................................


THE WASHINGTON DULLES DC CLIMATE NORMALS FOR TOMORROW
                         NORMAL    RECORD    YEAR
 MAXIMUM TEMPERATURE (F)   85        99      1991
 MINIMUM TEMPERATURE (F)   62        41      1986


SUNRISE AND SUNSET
AUGUST 29 2015........SUNRISE   636 AM EDT   SUNSET   745 PM EDT
AUGUST 30 2015........SUNRISE   637 AM EDT   SUNSET   744 PM EDT


-  INDICATES NEGATIVE NUMBERS.
R  INDICATES RECORD WAS SET OR TIED.
MM INDICATES DATA IS MISSING.
T  INDICATES TRACE AMOUNT.




$$
