000
CDUS43 KUNR 270836
CLIICR


CLIMATE REPORT
NATIONAL WEATHER SERVICE RAPID CITY SD
135 AM MST THU NOV 27 2014


...................................

...THE WINNER REGIONAL AIRPORT SD CLIMATE SUMMARY FOR NOVEMBER 26 2014...

CLIMATE NORMAL PERIOD 1981 TO 2010
CLIMATE RECORD PERIOD 9999 TO 9999


WEATHER ITEM   OBSERVED TIME   NORMAL DEPARTURE LAST
                VALUE   (LST)  VALUE  FROM      YEAR
                                      NORMAL
......................................................
TEMPERATURE (F)
 YESTERDAY
  MAXIMUM         37    109 AM  40     -3       30
  MINIMUM         18   1116 PM  21     -3       13
  AVERAGE         28            30     -2       22

PRECIPITATION (IN)
  YESTERDAY        0.00          0.02  -0.02     0.00
  MONTH TO DATE    0.18          0.56  -0.38     0.12
  SINCE SEP 1      1.51          4.19  -2.68     4.86
  SINCE JAN 1     14.58         21.19  -6.61    20.85

DEGREE DAYS
 HEATING
  YESTERDAY       37            35      2       43
  MONTH TO DATE  888           730    158      717
  SINCE SEP 1   1312          1314     -2     1307
  SINCE JUL 1   1325          1328     -3     1314

 COOLING
  YESTERDAY        0             0      0        0
  MONTH TO DATE    0             0      0        0
  SINCE SEP 1    133           110     23      223
  SINCE JAN 1    863           916    -53     1014
......................................................


WIND (MPH)
  HIGHEST WIND SPEED    36   HIGHEST WIND DIRECTION    NW (320)
  HIGHEST GUST SPEED    45   HIGHEST GUST DIRECTION    NW (320)
  AVERAGE WIND SPEED    14.8


SKY COVER
  AVERAGE SKY COVER 0.9


WEATHER CONDITIONS
 THE FOLLOWING WEATHER WAS RECORDED YESTERDAY.
  HAZE


RELATIVE HUMIDITY (PERCENT)
 HIGHEST    85           300 AM
 LOWEST     62           100 PM
 AVERAGE    74

..........................................................




SUNRISE AND SUNSET
NOVEMBER 27 2014......SUNRISE   748 AM CST   SUNSET   506 PM CST
NOVEMBER 28 2014......SUNRISE   749 AM CST   SUNSET   506 PM CST


-  INDICATES NEGATIVE NUMBERS.
R  INDICATES RECORD WAS SET OR TIED.
MM INDICATES DATA IS MISSING.
T  INDICATES TRACE AMOUNT.




$$
