000
CDUS43 KUNR 280837
CLIICR


CLIMATE REPORT
NATIONAL WEATHER SERVICE RAPID CITY SD
136 AM MST WED JAN 28 2015


...................................

...THE WINNER REGIONAL AIRPORT SD CLIMATE SUMMARY FOR JANUARY 27 2015...

CLIMATE NORMAL PERIOD 1981 TO 2010
CLIMATE RECORD PERIOD 9999 TO 9999


WEATHER ITEM   OBSERVED TIME   NORMAL DEPARTURE LAST
                VALUE   (LST)  VALUE  FROM      YEAR
                                      NORMAL
......................................................
TEMPERATURE (F)
 YESTERDAY
  MAXIMUM         67    418 PM  36     31       12
  MINIMUM         32    814 AM  14     18       -3
  AVERAGE         50            25     25        5

PRECIPITATION (IN)
  YESTERDAY        0.00          0.01  -0.01      T
  MONTH TO DATE    0.05          0.21  -0.16     0.02
  SINCE DEC 1      0.25          0.55  -0.30     0.10
  SINCE JAN 1      0.05          0.21  -0.16     0.02

DEGREE DAYS
 HEATING
  YESTERDAY       15            40    -25       60
  MONTH TO DATE 1041          1085    -44     1059
  SINCE DEC 1   2074          2320   -246     2463
  SINCE JUL 1   3530          3791   -261     3900

 COOLING
  YESTERDAY        0             0      0        0
  MONTH TO DATE    0             0      0        0
  SINCE DEC 1      0             0      0        0
  SINCE JAN 1      0             0      0        0
......................................................


WIND (MPH)
  HIGHEST WIND SPEED    14   HIGHEST WIND DIRECTION    SE (140)
  HIGHEST GUST SPEED    16   HIGHEST GUST DIRECTION    SE (150)
  AVERAGE WIND SPEED     5.9


SKY COVER
  AVERAGE SKY COVER 0.0


WEATHER CONDITIONS
 THE FOLLOWING WEATHER WAS RECORDED YESTERDAY.
  NO SIGNIFICANT WEATHER WAS OBSERVED.


RELATIVE HUMIDITY (PERCENT)
 HIGHEST    82           900 AM
 LOWEST     29           300 PM
 AVERAGE    56

..........................................................




SUNRISE AND SUNSET
JANUARY 28 2015.......SUNRISE   800 AM CST   SUNSET   545 PM CST
JANUARY 29 2015.......SUNRISE   759 AM CST   SUNSET   547 PM CST


-  INDICATES NEGATIVE NUMBERS.
R  INDICATES RECORD WAS SET OR TIED.
MM INDICATES DATA IS MISSING.
T  INDICATES TRACE AMOUNT.




$$
