000
CDUS43 KUNR 221829
CLIICR


CLIMATE REPORT
NATIONAL WEATHER SERVICE RAPID CITY SD
1129 AM MST THU FEB 22 2018


...................................

...THE WINNER REGIONAL AIRPORT SD CLIMATE SUMMARY FOR FEBRUARY 21 2018...

CLIMATE NORMAL PERIOD 1981 TO 2010
CLIMATE RECORD PERIOD 9999 TO 9999


WEATHER ITEM   OBSERVED TIME   NORMAL DEPARTURE LAST
                VALUE   (LST)  VALUE  FROM      YEAR
                                      NORMAL
......................................................
TEMPERATURE (F)
 YESTERDAY
  MAXIMUM         25    442 PM  39    -14       77
  MINIMUM         -6    721 AM  18    -24       45
  AVERAGE         10            29    -19       61

PRECIPITATION (IN)
  YESTERDAY        0.00          0.02  -0.02     0.00
  MONTH TO DATE    0.09          0.39  -0.30     0.25
  SINCE DEC 1      1.12          0.98   0.14     1.88
  SINCE JAN 1      0.95          0.64   0.31     1.33

DEGREE DAYS
 HEATING
  YESTERDAY       55            36     19        4
  MONTH TO DATE 1023           809    214      598
  SINCE DEC 1   3392          3293     99     3050
  SINCE JUL 1   4616          4764   -148     3920

 COOLING
  YESTERDAY        0             0      0        0
  MONTH TO DATE    0             0      0        0
  SINCE DEC 1      0             0      0        0
  SINCE JAN 1      0             0      0        0
......................................................


WIND (MPH)
  HIGHEST WIND SPEED    28   HIGHEST WIND DIRECTION     S (180)
  HIGHEST GUST SPEED    34   HIGHEST GUST DIRECTION     S (180)
  AVERAGE WIND SPEED    11.9


SKY COVER
  AVERAGE SKY COVER 0.0


WEATHER CONDITIONS
 THE FOLLOWING WEATHER WAS RECORDED YESTERDAY.
  NO SIGNIFICANT WEATHER WAS OBSERVED.


RELATIVE HUMIDITY (PERCENT)
 HIGHEST    65          1200 AM
 LOWEST     55           400 PM
 AVERAGE    60

..........................................................




SUNRISE AND SUNSET
FEBRUARY 22 2018......SUNRISE   727 AM CST   SUNSET   619 PM CST
FEBRUARY 23 2018......SUNRISE   725 AM CST   SUNSET   621 PM CST


-  INDICATES NEGATIVE NUMBERS.
R  INDICATES RECORD WAS SET OR TIED.
MM INDICATES DATA IS MISSING.
T  INDICATES TRACE AMOUNT.




$$
