000
CDUS43 KUNR 260836
CLIICR


CLIMATE REPORT
NATIONAL WEATHER SERVICE RAPID CITY SD
232 AM MDT SAT JUL 26 2014


...................................

...THE WINNER REGIONAL AIRPORT SD CLIMATE SUMMARY FOR JULY 25 2014...

CLIMATE NORMAL PERIOD 1981 TO 2010
CLIMATE RECORD PERIOD 9999 TO 9999


WEATHER ITEM   OBSERVED TIME   NORMAL DEPARTURE LAST
                VALUE   (LST)  VALUE  FROM      YEAR
                                      NORMAL
......................................................
TEMPERATURE (F)
 YESTERDAY
  MAXIMUM         94    457 PM  89      5       82
  MINIMUM         66    523 AM  64      2       62
  AVERAGE         80            76      4       72

PRECIPITATION (IN)
  YESTERDAY        0.00          0.08  -0.08     0.00
  MONTH TO DATE    0.23          2.33  -2.10     2.53
  SINCE JUN 1      4.39          5.98  -1.59     6.04
  SINCE JAN 1      9.18         14.05  -4.87    13.43

DEGREE DAYS
 HEATING
  YESTERDAY        0             0      0        0
  MONTH TO DATE   12             0     12        0
  SINCE JUN 1     49            54     -5       53
  SINCE JUL 1     12             0     12        0

 COOLING
  YESTERDAY       15            12      3        7
  MONTH TO DATE  250           260    -10      269
  SINCE JUN 1    367           405    -38      401
  SINCE JAN 1    448           435     13      440
......................................................


WIND (MPH)
  HIGHEST WIND SPEED    28   HIGHEST WIND DIRECTION     S (190)
  HIGHEST GUST SPEED    36   HIGHEST GUST DIRECTION     S (180)
  AVERAGE WIND SPEED    10.2


SKY COVER
  AVERAGE SKY COVER 0.0


WEATHER CONDITIONS
 THE FOLLOWING WEATHER WAS RECORDED YESTERDAY.
  NO SIGNIFICANT WEATHER WAS OBSERVED.


RELATIVE HUMIDITY (PERCENT)
 HIGHEST    84           400 AM
 LOWEST     36           300 PM
 AVERAGE    60

..........................................................




SUNRISE AND SUNSET
JULY 26 2014..........SUNRISE   623 AM CDT   SUNSET   908 PM CDT
JULY 27 2014..........SUNRISE   624 AM CDT   SUNSET   907 PM CDT


-  INDICATES NEGATIVE NUMBERS.
R  INDICATES RECORD WAS SET OR TIED.
MM INDICATES DATA IS MISSING.
T  INDICATES TRACE AMOUNT.




$$
