000
CDUS43 KUNR 090830
CLIICR


CLIMATE REPORT
NATIONAL WEATHER SERVICE RAPID CITY SD
130 AM MST FRI DEC 9 2016


...................................

...THE WINNER REGIONAL AIRPORT SD CLIMATE SUMMARY FOR DECEMBER 8 2016...

CLIMATE NORMAL PERIOD 1981 TO 2010
CLIMATE RECORD PERIOD 9999 TO 9999


WEATHER ITEM   OBSERVED TIME   NORMAL DEPARTURE LAST
                VALUE   (LST)  VALUE  FROM      YEAR
                                      NORMAL
......................................................
TEMPERATURE (F)
 YESTERDAY
  MAXIMUM         15    352 PM  35    -20       58
  MINIMUM         -3   1146 PM  17    -20       38
  AVERAGE          6            26    -20       48

PRECIPITATION (IN)
  YESTERDAY        0.00          0.01  -0.01      T
  MONTH TO DATE    T             0.15  -0.15     0.53
  SINCE DEC 1      T             0.15  -0.15     0.53
  SINCE JAN 1     18.47         21.40  -2.93    17.93

DEGREE DAYS
 HEATING
  YESTERDAY       59            39     20       17
  MONTH TO DATE  319           305     14      223
  SINCE DEC 1    319           305     14      223
  SINCE JUL 1   1189          1776   -587     1318

 COOLING
  YESTERDAY        0             0      0        0
  MONTH TO DATE    0             0      0        0
  SINCE DEC 1      0             0      0        0
  SINCE JAN 1   1193           916    277     1145
......................................................


WIND (MPH)
  HIGHEST WIND SPEED    25   HIGHEST WIND DIRECTION    NW (310)
  HIGHEST GUST SPEED    33   HIGHEST GUST DIRECTION    NW (310)
  AVERAGE WIND SPEED    13.3


SKY COVER
  AVERAGE SKY COVER 0.3


WEATHER CONDITIONS
 THE FOLLOWING WEATHER WAS RECORDED YESTERDAY.
  NO SIGNIFICANT WEATHER WAS OBSERVED.


RELATIVE HUMIDITY (PERCENT)
 HIGHEST    79           700 PM
 LOWEST     51           200 PM
 AVERAGE    65

..........................................................




SUNRISE AND SUNSET
DECEMBER  9 2016......SUNRISE   801 AM CST   SUNSET   503 PM CST
DECEMBER 10 2016......SUNRISE   801 AM CST   SUNSET   503 PM CST


-  INDICATES NEGATIVE NUMBERS.
R  INDICATES RECORD WAS SET OR TIED.
MM INDICATES DATA IS MISSING.
T  INDICATES TRACE AMOUNT.




$$
