091
CDUS43 KICT 102306
CLIICT


CLIMATE REPORT
NATIONAL WEATHER SERVICE WICHITA KS
506 PM CST SAT DEC 10 2016


...................................

...THE WICHITA EISENHOWER NATIONAL CLIMATE SUMMARY FOR DECEMBER 10 2016...
VALID TODAY AS OF 0500 PM LOCAL TIME.

CLIMATE NORMAL PERIOD 1981 TO 2010
CLIMATE RECORD PERIOD 1888 TO 2016


WEATHER ITEM   OBSERVED TIME   RECORD YEAR NORMAL DEPARTURE LAST
                VALUE   (LST)  VALUE       VALUE  FROM      YEAR
                                                  NORMAL
..................................................................
TEMPERATURE (F)
 TODAY
  MAXIMUM         46    222 PM  72    1890  44      2       66
  MINIMUM         20    525 AM  -3    1919  25     -5       39
  AVERAGE         33                        35     -2       53

PRECIPITATION (IN)
  TODAY            0.00          1.18 1960   0.05  -0.05     0.00
  MONTH TO DATE    0.37                      0.44  -0.07     0.00
  SINCE DEC 1      0.37                      0.44  -0.07     0.00
  SINCE JAN 1     50.31                     31.88  18.43    39.80

SNOWFALL (IN)
  TODAY            0.0           2.7  1969   0.2   -0.2      0.0
  MONTH TO DATE    T                         1.3   -1.3      0.0
  SINCE DEC 1      T                         1.3   -1.3      0.0
  SINCE JUL 1      T                         2.7   -2.7      0.3
  SNOW DEPTH       0

DEGREE DAYS
 HEATING
  TODAY           32                        30      2       12
  MONTH TO DATE  305                       288     17      201
  SINCE DEC 1    305                       288     17      201
  SINCE JUL 1    758                      1164   -406      770

 COOLING
  TODAY            0                         0      0        0
  MONTH TO DATE    0                         0      0        0
  SINCE DEC 1      0                         0      0        0
  SINCE JAN 1   2054                      1686    368     1907
..................................................................


WIND (MPH)
  HIGHEST WIND SPEED    28   HIGHEST WIND DIRECTION     S (170)
  HIGHEST GUST SPEED    33   HIGHEST GUST DIRECTION     S (170)
  AVERAGE WIND SPEED    12.5


SKY COVER
  POSSIBLE SUNSHINE  MM
  AVERAGE SKY COVER 0.5


WEATHER CONDITIONS
 THE FOLLOWING WEATHER WAS RECORDED TODAY.
  NO SIGNIFICANT WEATHER WAS OBSERVED.


RELATIVE HUMIDITY (PERCENT)
 HIGHEST    77           300 AM
 LOWEST     37           200 PM
 AVERAGE    57

..........................................................


THE WICHITA EISENHOWER NATIONAL CLIMATE NORMALS FOR TOMORROW
                         NORMAL    RECORD    YEAR
 MAXIMUM TEMPERATURE (F)   44        75      1939
 MINIMUM TEMPERATURE (F)   25        -3      1932


SUNRISE AND SUNSET
DECEMBER 10 2016......SUNRISE   734 AM CST   SUNSET   511 PM CST
DECEMBER 11 2016......SUNRISE   735 AM CST   SUNSET   511 PM CST


-  INDICATES NEGATIVE NUMBERS.
R  INDICATES RECORD WAS SET OR TIED.
MM INDICATES DATA IS MISSING.
T  INDICATES TRACE AMOUNT.




$$
