000
CDUS43 KICT 232205
CLIICT

CLIMATE REPORT
NATIONAL WEATHER SERVICE WICHITA KS
503 PM CDT SAT SEP 23 2017

...................................

...THE WICHITA EISENHOWER NATIONAL CLIMATE SUMMARY FOR SEPTEMBER 23 2017...
VALID TODAY AS OF 500 PM LOCAL TIME.

CLIMATE NORMAL PERIOD 1981 TO 2010
CLIMATE RECORD PERIOD 1888 TO 2017


WEATHER ITEM   OBSERVED TIME   RECORD YEAR NORMAL DEPARTURE LAST
                VALUE   (LST)  VALUE       VALUE  FROM      YEAR
                                                  NORMAL
..................................................................
TEMPERATURE (F)
 TODAY
  MAXIMUM         92    130 PM  96    1933  79     13       89
                                      1926
  MINIMUM         69    645 AM  36    1995  56     13       65
  AVERAGE         81                        68     13       77

PRECIPITATION (IN)
  TODAY            0.00          4.02 1945   0.10  -0.10     0.00
  MONTH TO DATE    0.34                      2.44  -2.10     9.65
  SINCE SEP 1      0.34                      2.44  -2.10     9.65
  SINCE JAN 1     27.69                     26.53   1.16    45.99

SNOWFALL (IN)
  TODAY            0.0                       0.0    0.0      0.0
  MONTH TO DATE    0.0                       0.0    0.0      0.0
  SINCE SEP 1      0.0                       0.0    0.0      0.0
  SINCE JUL 1      0.0                       0.0    0.0      0.0
  SNOW DEPTH       0

DEGREE DAYS
 HEATING
  TODAY            0                         2     -2        0
  MONTH TO DATE    1                        18    -17        0
  SINCE SEP 1      1                        18    -17        0
  SINCE JUL 1      1                        19    -18        0

 COOLING
  TODAY           16                         5     11       12
  MONTH TO DATE  242                       192     50      265
  SINCE SEP 1    242                       192     50      265
  SINCE JAN 1   1681                      1619     62     1937
..................................................................


WIND (MPH)
  HIGHEST WIND SPEED    24   HIGHEST WIND DIRECTION     S (170)
  HIGHEST GUST SPEED    30   HIGHEST GUST DIRECTION     S (170)
  AVERAGE WIND SPEED    13.0


SKY COVER
  AVERAGE SKY COVER 0.3


WEATHER CONDITIONS
 THE FOLLOWING WEATHER WAS RECORDED TODAY.
  NO SIGNIFICANT WEATHER WAS OBSERVED.


RELATIVE HUMIDITY (PERCENT)
 HIGHEST    90           700 AM
 LOWEST     41           300 PM
 AVERAGE    66

..........................................................


THE WICHITA EISENHOWER NATIONAL CLIMATE NORMALS FOR TOMORROW
                         NORMAL    RECORD    YEAR
 MAXIMUM TEMPERATURE (F)   79        96      1898
 MINIMUM TEMPERATURE (F)   56        34      1989


SUNRISE AND SUNSET
SEPTEMBER 23 2017.....SUNRISE   719 AM CDT   SUNSET   725 PM CDT
SEPTEMBER 24 2017.....SUNRISE   719 AM CDT   SUNSET   723 PM CDT


-  INDICATES NEGATIVE NUMBERS.
R  INDICATES RECORD WAS SET OR TIED.
MM INDICATES DATA IS MISSING.
T  INDICATES TRACE AMOUNT.

$$
