000
CDUS43 KICT 300635
CLIICT


CLIMATE REPORT
NATIONAL WEATHER SERVICE WICHITA KS
135 AM CDT TUE MAY 30 2017


...................................

...THE WICHITA EISENHOWER NATIONAL CLIMATE SUMMARY FOR MAY 29 2017...

CLIMATE NORMAL PERIOD 1981 TO 2010
CLIMATE RECORD PERIOD 1888 TO 2017


WEATHER ITEM   OBSERVED TIME   RECORD YEAR NORMAL DEPARTURE LAST
                VALUE   (LST)  VALUE       VALUE  FROM      YEAR
                                                  NORMAL
..................................................................
TEMPERATURE (F)
 YESTERDAY
  MAXIMUM         85    503 PM 100    1913  81      4       85
  MINIMUM         55    401 AM  37    1947  60     -5       60
  AVERAGE         70                        70      0       73

PRECIPITATION (IN)
  YESTERDAY        0.00          2.18 1918   0.17  -0.17      T
  MONTH TO DATE    4.30                      4.22   0.08     6.70
  SINCE MAR 1     15.08                      9.50   5.58    14.46
  SINCE JAN 1     18.70                     11.51   7.19    15.20

SNOWFALL (IN)
  YESTERDAY        0.0           0.0  2007   0.0    0.0      0.0
                                      2001
  MONTH TO DATE    0.0                       0.0    0.0      0.0
  SINCE MAR 1      T                         2.5   -2.5      3.5
  SINCE JUL 1      2.0                      14.9  -12.9      4.3
  SNOW DEPTH       0

DEGREE DAYS
 HEATING
  YESTERDAY        0                         1     -1        0
  MONTH TO DATE   75                        78     -3       91
  SINCE MAR 1    740                       946   -206      654
  SINCE JUL 1   3584                      4586  -1002     3504

 COOLING
  YESTERDAY        5                         6     -1        8
  MONTH TO DATE   94                        98     -4       78
  SINCE MAR 1    139                       124     15      115
  SINCE JAN 1    139                       124     15      115
..................................................................


WIND (MPH)
  HIGHEST WIND SPEED    17   HIGHEST WIND DIRECTION    NW (330)
  HIGHEST GUST SPEED    21   HIGHEST GUST DIRECTION    NW (320)
  AVERAGE WIND SPEED     7.8


SKY COVER
  POSSIBLE SUNSHINE  MM
  AVERAGE SKY COVER 0.2


WEATHER CONDITIONS
 THE FOLLOWING WEATHER WAS RECORDED YESTERDAY.
  NO SIGNIFICANT WEATHER WAS OBSERVED.


RELATIVE HUMIDITY (PERCENT)
 HIGHEST    77           300 AM
 LOWEST     29           200 PM
 AVERAGE    53

..........................................................


THE WICHITA EISENHOWER NATIONAL CLIMATE NORMALS FOR TODAY
                         NORMAL    RECORD    YEAR
 MAXIMUM TEMPERATURE (F)   81        99      1998
                                             1985
 MINIMUM TEMPERATURE (F)   60        42      1889


SUNRISE AND SUNSET
MAY 30 2017...........SUNRISE   610 AM CDT   SUNSET   844 PM CDT
MAY 31 2017...........SUNRISE   610 AM CDT   SUNSET   845 PM CDT


-  INDICATES NEGATIVE NUMBERS.
R  INDICATES RECORD WAS SET OR TIED.
MM INDICATES DATA IS MISSING.
T  INDICATES TRACE AMOUNT.




$$
