000
CDUS43 KICT 010707
CLIICT


CLIMATE REPORT
NATIONAL WEATHER SERVICE WICHITA KS
206 AM CDT SAT OCT 1 2016


...................................

...THE WICHITA EISENHOWER NATIONAL CLIMATE SUMMARY FOR SEPTEMBER 30 2016...

CLIMATE NORMAL PERIOD 1981 TO 2010
CLIMATE RECORD PERIOD 1888 TO 2016


WEATHER ITEM   OBSERVED TIME   RECORD YEAR NORMAL DEPARTURE LAST
                VALUE   (LST)  VALUE       VALUE  FROM      YEAR
                                                  NORMAL
..................................................................
TEMPERATURE (F)
 YESTERDAY
  MAXIMUM         75    323 PM  96    1938  76     -1       78
  MINIMUM         48    508 AM  31    1984  53     -5       58
  AVERAGE         62                        64     -2       68

PRECIPITATION (IN)
  YESTERDAY        0.00          1.53 1998   0.09  -0.09     0.00
  MONTH TO DATE   11.30                      3.14   8.16     2.13
  SINCE SEP 1     11.30                      3.14   8.16     2.13
  SINCE JAN 1     47.64                     27.23  20.41    34.55

SNOWFALL (IN)
  YESTERDAY        0.0           0.0  2007   0.0    0.0      0.0
  MONTH TO DATE    0.0                       0.0    0.0      0.0
  SINCE SEP 1      0.0                       0.0    0.0      0.0
  SINCE JUL 1      0.0                       0.0    0.0      0.0
  SNOW DEPTH       0

DEGREE DAYS
 HEATING
  YESTERDAY        3                         4     -1        0
  MONTH TO DATE   14                        41    -27        0
  SINCE SEP 1     14                        42    -28        0
  SINCE JUL 1     14                        43    -29        0

 COOLING
  YESTERDAY        0                         3     -3        3
  MONTH TO DATE  280                       222     58      350
  SINCE SEP 1    280                       222     58      350
  SINCE JAN 1   1952                      1649    303     1841
..................................................................


WIND (MPH)
  HIGHEST WIND SPEED     7   HIGHEST WIND DIRECTION     S (180)
  HIGHEST GUST SPEED    10   HIGHEST GUST DIRECTION     E (110)
  AVERAGE WIND SPEED     2.9


SKY COVER
  POSSIBLE SUNSHINE  MM
  AVERAGE SKY COVER 0.3


WEATHER CONDITIONS
 THE FOLLOWING WEATHER WAS RECORDED YESTERDAY.
  FOG


RELATIVE HUMIDITY (PERCENT)
 HIGHEST    93           300 AM
 LOWEST     38           200 PM
 AVERAGE    66

..........................................................


THE WICHITA EISENHOWER NATIONAL CLIMATE NORMALS FOR TODAY
                         NORMAL    RECORD    YEAR
 MAXIMUM TEMPERATURE (F)   76        97      2006
 MINIMUM TEMPERATURE (F)   53        31      1985


SUNRISE AND SUNSET
OCTOBER  1 2016.......SUNRISE   726 AM CDT   SUNSET   712 PM CDT
OCTOBER  2 2016.......SUNRISE   727 AM CDT   SUNSET   710 PM CDT


-  INDICATES NEGATIVE NUMBERS.
R  INDICATES RECORD WAS SET OR TIED.
MM INDICATES DATA IS MISSING.
T  INDICATES TRACE AMOUNT.




$$
