000
CDUS45 KPIH 252332
CLIIDA


CLIMATE REPORT
NATIONAL WEATHER SERVICE POCATELLO ID
530 PM MDT SUN SEP 25 2016


...................................

...THE IDAHO FALLS ID CLIMATE SUMMARY FOR SEPTEMBER 25 2016...
VALID TODAY AS OF 0500 PM LOCAL TIME.

CLIMATE NORMAL PERIOD 1981 TO 2010
CLIMATE RECORD PERIOD 1948 TO 2016


WEATHER ITEM   OBSERVED TIME   RECORD YEAR NORMAL DEPARTURE LAST
                VALUE   (LST)  VALUE       VALUE  FROM      YEAR
                                                  NORMAL
..................................................................
TEMPERATURE (F)
 TODAY
  MAXIMUM         65    345 PM  89    2015  70     -5       89
                                      2014
  MINIMUM         34    623 AM  21    1970  37     -3       46
  AVERAGE         50                        53     -3       68

PRECIPITATION (IN)
  TODAY            0.00          0.17 1948   0.03  -0.03     0.00
  MONTH TO DATE    1.78                      0.69   1.09     0.52
  SINCE OCT 1      9.54                     10.24  -0.70     9.54
  SINCE JAN 1      7.22                      7.67  -0.45     8.08

SNOWFALL (IN)
  TODAY           MM
  MONTH TO DATE   MM
  SINCE SEP 1     MM
  SINCE JUL 1     MM
  SNOW DEPTH      MM

DEGREE DAYS
 HEATING
  TODAY           15                        12      3        0
  MONTH TO DATE  213                       177     36      130
  SINCE SEP 1    213                       177     36      130
  SINCE JUL 1    290                       242     48      200

 COOLING
  TODAY            0                         0      0        3
  MONTH TO DATE   16                        10      6       18
  SINCE SEP 1     16                        10      6       18
  SINCE JAN 1    260                       262     -2      320
..................................................................


WIND (MPH)
  HIGHEST WIND SPEED    12   HIGHEST WIND DIRECTION    SW (230)
  HIGHEST GUST SPEED    16   HIGHEST GUST DIRECTION    SW (210)
  AVERAGE WIND SPEED     5.1


SKY COVER
  POSSIBLE SUNSHINE  MM
  AVERAGE SKY COVER 0.0


WEATHER CONDITIONS
 THE FOLLOWING WEATHER WAS RECORDED TODAY.
  NO SIGNIFICANT WEATHER WAS OBSERVED.


RELATIVE HUMIDITY (PERCENT)
 HIGHEST    96           600 AM
 LOWEST     31           300 PM
 AVERAGE    64

..........................................................


THE IDAHO FALLS ID CLIMATE NORMALS FOR TOMORROW
                         NORMAL    RECORD    YEAR
 MAXIMUM TEMPERATURE (F)   69        87      2010
                                             1963
 MINIMUM TEMPERATURE (F)   37        26      1970


SUNRISE AND SUNSET
SEPTEMBER 25 2016.....SUNRISE   720 AM MDT   SUNSET   719 PM MDT
SEPTEMBER 26 2016.....SUNRISE   721 AM MDT   SUNSET   717 PM MDT


-  INDICATES NEGATIVE NUMBERS.
R  INDICATES RECORD WAS SET OR TIED.
MM INDICATES DATA IS MISSING.
T  INDICATES TRACE AMOUNT.




$$
