000
CDUS45 KPIH 272340
CLIIDA


CLIMATE REPORT
NATIONAL WEATHER SERVICE POCATELLO ID
438 PM MST THU NOV 27 2014


...................................

...THE IDAHO FALLS ID CLIMATE SUMMARY FOR NOVEMBER 27 2014...
VALID TODAY AS OF 0400 PM LOCAL TIME.

CLIMATE NORMAL PERIOD 1981 TO 2010
CLIMATE RECORD PERIOD 1948 TO 2014


WEATHER ITEM   OBSERVED TIME   RECORD YEAR NORMAL DEPARTURE LAST
                VALUE   (LST)  VALUE       VALUE  FROM      YEAR
                                                  NORMAL
..................................................................
TEMPERATURE (F)
 TODAY
  MAXIMUM         58    135 PM  60    1949  35     23       49
  MINIMUM         33    538 AM  -8    1993  18     15       18
  AVERAGE         46                        26     20       34

PRECIPITATION (IN)
  TODAY            0.00          0.22 1975   0.03  -0.03     0.00
  MONTH TO DATE    0.49                      0.78  -0.29     0.29
  SINCE OCT 1      0.54                      1.61  -1.07     1.15
  SINCE JAN 1      9.37                      9.43  -0.06     6.17

SNOWFALL (IN)
  TODAY           MM
  MONTH TO DATE   MM
  SINCE SEP 1     MM
  SINCE JUL 1     MM
  SNOW DEPTH      MM

DEGREE DAYS
 HEATING
  TODAY           19                        39    -20       31
  MONTH TO DATE  936                       863     73      801
  SINCE SEP 1   1557                      1720   -163     1628
  SINCE JUL 1   1612                      1785   -173     1628

 COOLING
  TODAY            0                         0      0        0
  MONTH TO DATE    0                         0      0        0
  SINCE SEP 1     21                        12      9       50
  SINCE JAN 1    303                       264     39      510
..................................................................


WIND (MPH)
  HIGHEST WIND SPEED    28   HIGHEST WIND DIRECTION    SW (220)
  HIGHEST GUST SPEED    34   HIGHEST GUST DIRECTION    SW (210)
  AVERAGE WIND SPEED     9.5


SKY COVER
  POSSIBLE SUNSHINE  MM
  AVERAGE SKY COVER 0.4


WEATHER CONDITIONS
 THE FOLLOWING WEATHER WAS RECORDED TODAY.
  NO SIGNIFICANT WEATHER WAS OBSERVED.


RELATIVE HUMIDITY (PERCENT)
 HIGHEST    89           700 AM
 LOWEST     38           400 PM
 AVERAGE    64

..........................................................


THE IDAHO FALLS ID CLIMATE NORMALS FOR TOMORROW
                         NORMAL    RECORD    YEAR
 MAXIMUM TEMPERATURE (F)   35        53      1999
 MINIMUM TEMPERATURE (F)   17        -9      1952


SUNRISE AND SUNSET
NOVEMBER 27 2014......SUNRISE   737 AM MST   SUNSET   455 PM MST
NOVEMBER 28 2014......SUNRISE   738 AM MST   SUNSET   454 PM MST


-  INDICATES NEGATIVE NUMBERS.
R  INDICATES RECORD WAS SET OR TIED.
MM INDICATES DATA IS MISSING.
T  INDICATES TRACE AMOUNT.




$$
