000
CDUS45 KPIH 242329
CLIIDA


CLIMATE REPORT
NATIONAL WEATHER SERVICE POCATELLO ID
428 PM MST TUE JAN 24 2017


...................................

...THE IDAHO FALLS ID CLIMATE SUMMARY FOR JANUARY 24 2017...
VALID TODAY AS OF 0400 PM LOCAL TIME.

CLIMATE NORMAL PERIOD 1981 TO 2010
CLIMATE RECORD PERIOD 1948 TO 2017


WEATHER ITEM   OBSERVED TIME   RECORD YEAR NORMAL DEPARTURE LAST
                VALUE   (LST)  VALUE       VALUE  FROM      YEAR
                                                  NORMAL
..................................................................
TEMPERATURE (F)
 TODAY
  MAXIMUM         26    204 PM  46    1992  29     -3       31
  MINIMUM         22    859 AM -18    1949  12     10       19
  AVERAGE         24                        20      4       25

PRECIPITATION (IN)
  TODAY            T             0.26 2009   0.01  -0.01      T
  MONTH TO DATE    0.89                      0.55   0.34     0.57
  SINCE OCT 1      5.17                      3.12   2.05     2.89
  SINCE JAN 1      0.89                      0.55   0.34     0.57

SNOWFALL (IN)
  TODAY           MM
  MONTH TO DATE   MM
  SINCE DEC 1     MM
  SINCE JUL 1     MM
  SNOW DEPTH      MM

DEGREE DAYS
 HEATING
  TODAY           41                        45     -4       40
  MONTH TO DATE 1251                      1080    171     1051
  SINCE DEC 1   2780                      2450    330     2422
  SINCE JUL 1   4398                      4353     45     4122

 COOLING
  TODAY            0                         0      0        0
  MONTH TO DATE    0                         0      0        0
  SINCE DEC 1      0                         0      0        0
  SINCE JAN 1      0                         0      0        0
..................................................................


WIND (MPH)
  HIGHEST WIND SPEED    21   HIGHEST WIND DIRECTION     N (20)
  HIGHEST GUST SPEED    25   HIGHEST GUST DIRECTION     N (360)
  AVERAGE WIND SPEED    12.7


SKY COVER
  POSSIBLE SUNSHINE  MM
  AVERAGE SKY COVER 1.0


WEATHER CONDITIONS
 THE FOLLOWING WEATHER WAS RECORDED TODAY.
  LIGHT SNOW
  FOG
  HAZE


RELATIVE HUMIDITY (PERCENT)
 HIGHEST   100          1200 AM
 LOWEST     81          1200 PM
 AVERAGE    91

..........................................................


THE IDAHO FALLS ID CLIMATE NORMALS FOR TOMORROW
                         NORMAL    RECORD    YEAR
 MAXIMUM TEMPERATURE (F)   29        53      1953
 MINIMUM TEMPERATURE (F)   12       -25      1949


SUNRISE AND SUNSET
JANUARY 24 2017.......SUNRISE   752 AM MST   SUNSET   529 PM MST
JANUARY 25 2017.......SUNRISE   751 AM MST   SUNSET   531 PM MST


-  INDICATES NEGATIVE NUMBERS.
R  INDICATES RECORD WAS SET OR TIED.
MM INDICATES DATA IS MISSING.
T  INDICATES TRACE AMOUNT.




$$
