000
CDUS45 KPIH 290737
CLIIDA


CLIMATE REPORT
NATIONAL WEATHER SERVICE POCATELLO ID
136 AM MDT FRI AUG 29 2014


...................................

...THE IDAHO FALLS ID CLIMATE SUMMARY FOR AUGUST 28 2014...

CLIMATE NORMAL PERIOD 1981 TO 2010
CLIMATE RECORD PERIOD 1948 TO 2014


WEATHER ITEM   OBSERVED TIME   RECORD YEAR NORMAL DEPARTURE LAST
                VALUE   (LST)  VALUE       VALUE  FROM      YEAR
                                                  NORMAL
..................................................................
TEMPERATURE (F)
 YESTERDAY
  MAXIMUM         85    339 PM  94    2012  82      3       85
  MINIMUM         47    529 AM  33    1960  46      1       54
  AVERAGE         66                        64      2       70

PRECIPITATION (IN)
  YESTERDAY        0.00          0.38 1951   0.02  -0.02     0.03
  MONTH TO DATE    2.29                      0.47   1.82     0.27
  SINCE OCT 1      7.54                      9.48  -1.94     5.39
  SINCE JAN 1      6.24                      6.91  -0.67     2.70

SNOWFALL (IN)
  YESTERDAY       MM
  MONTH TO DATE   MM
  SINCE JUN 1     MM
  SINCE JUL 1     MM
  SNOW DEPTH      MM

DEGREE DAYS
 HEATING
  YESTERDAY        0                         3     -3        0
  MONTH TO DATE   46                        28     18        0
  SINCE JUN 1    176                       208    -32      100
  SINCE JUL 1     48                        55     -7        0

 COOLING
  YESTERDAY        1                         2     -1        5
  MONTH TO DATE   77                        90    -13      151
  SINCE JUN 1    279                       243     36      438
  SINCE JAN 1    280                       245     35      442
..................................................................


WIND (MPH)
  HIGHEST WIND SPEED    17   HIGHEST WIND DIRECTION     S (190)
  HIGHEST GUST SPEED    21   HIGHEST GUST DIRECTION     S (200)
  AVERAGE WIND SPEED     7.8


SKY COVER
  POSSIBLE SUNSHINE  MM
  AVERAGE SKY COVER 0.1


WEATHER CONDITIONS
 THE FOLLOWING WEATHER WAS RECORDED YESTERDAY.
  HAZE


RELATIVE HUMIDITY (PERCENT)
 HIGHEST    93           600 AM
 LOWEST     22           500 PM
 AVERAGE    58

..........................................................


THE IDAHO FALLS ID CLIMATE NORMALS FOR TODAY
                         NORMAL    RECORD    YEAR
 MAXIMUM TEMPERATURE (F)   82        95      1948
 MINIMUM TEMPERATURE (F)   46        32      1960


SUNRISE AND SUNSET
AUGUST 29 2014........SUNRISE   649 AM MDT   SUNSET   809 PM MDT
AUGUST 30 2014........SUNRISE   650 AM MDT   SUNSET   807 PM MDT


-  INDICATES NEGATIVE NUMBERS.
R  INDICATES RECORD WAS SET OR TIED.
MM INDICATES DATA IS MISSING.
T  INDICATES TRACE AMOUNT.




$$
