000
CDUS45 KPIH 290731
CLIIDA


CLIMATE REPORT
NATIONAL WEATHER SERVICE POCATELLO ID
131 AM MDT TUE JUL 29 2014


...................................

...THE IDAHO FALLS ID CLIMATE SUMMARY FOR JULY 28 2014...

CLIMATE NORMAL PERIOD 1981 TO 2010
CLIMATE RECORD PERIOD 1948 TO 2014


WEATHER ITEM   OBSERVED TIME   RECORD YEAR NORMAL DEPARTURE LAST
                VALUE   (LST)  VALUE       VALUE  FROM      YEAR
                                                  NORMAL
..................................................................
TEMPERATURE (F)
 YESTERDAY
  MAXIMUM         90    146 PM  98    2006  88      2       84
  MINIMUM         49    358 AM  41    2005  51     -2       51
  AVERAGE         70                        69      1       68

PRECIPITATION (IN)
  YESTERDAY        0.08          0.33 1978   0.01   0.07      T
  MONTH TO DATE    0.08                      0.45  -0.37     0.46
  SINCE OCT 1      5.22                      8.96  -3.74     5.09
  SINCE JAN 1      3.92                      6.39  -2.47     2.40

SNOWFALL (IN)
  YESTERDAY       MM
  MONTH TO DATE   MM
  SINCE JUN 1     MM
  SINCE JUL 1     MM
  SNOW DEPTH      MM

DEGREE DAYS
 HEATING
  YESTERDAY        0                         0      0        0
  MONTH TO DATE    2                        25    -23        0
  SINCE JUN 1    130                       178    -48      100
  SINCE JUL 1      2                        25    -23        0

 COOLING
  YESTERDAY        5                         5      0        3
  MONTH TO DATE  182                       113     69      203
  SINCE JUN 1    191                       143     48      272
  SINCE JAN 1    192                       145     47      276
..................................................................


WIND (MPH)
  HIGHEST WIND SPEED    18   HIGHEST WIND DIRECTION    NW (330)
  HIGHEST GUST SPEED    23   HIGHEST GUST DIRECTION    NW (330)
  AVERAGE WIND SPEED     8.4


SKY COVER
  POSSIBLE SUNSHINE  MM
  AVERAGE SKY COVER 0.4


WEATHER CONDITIONS
 THE FOLLOWING WEATHER WAS RECORDED YESTERDAY.
  LIGHT RAIN


RELATIVE HUMIDITY (PERCENT)
 HIGHEST    86           400 AM
 LOWEST     17           200 PM
 AVERAGE    52

..........................................................


THE IDAHO FALLS ID CLIMATE NORMALS FOR TODAY
                         NORMAL    RECORD    YEAR
 MAXIMUM TEMPERATURE (F)   88        96      2007
                                             2000
 MINIMUM TEMPERATURE (F)   51        43      2011


SUNRISE AND SUNSET
JULY 29 2014..........SUNRISE   615 AM MDT   SUNSET   854 PM MDT
JULY 30 2014..........SUNRISE   616 AM MDT   SUNSET   853 PM MDT


-  INDICATES NEGATIVE NUMBERS.
R  INDICATES RECORD WAS SET OR TIED.
MM INDICATES DATA IS MISSING.
T  INDICATES TRACE AMOUNT.




$$
