000
CDUS45 KPIH 222328
CLIIDA


CLIMATE REPORT
NATIONAL WEATHER SERVICE POCATELLO ID
426 PM MST WED FEB 22 2017


...................................

...THE IDAHO FALLS ID CLIMATE SUMMARY FOR FEBRUARY 22 2017...
VALID TODAY AS OF 0400 PM LOCAL TIME.

CLIMATE NORMAL PERIOD 1981 TO 2010
CLIMATE RECORD PERIOD 1948 TO 2017


WEATHER ITEM   OBSERVED TIME   RECORD YEAR NORMAL DEPARTURE LAST
                VALUE   (LST)  VALUE       VALUE  FROM      YEAR
                                                  NORMAL
..................................................................
TEMPERATURE (F)
 TODAY
  MAXIMUM         36    359 PM  56    1991  36      0       37
  MINIMUM         29    917 AM -14    1975  17     12       21
  AVERAGE         33                        27      6       29

PRECIPITATION (IN)
  TODAY            0.00          0.31 1955   0.03  -0.03     0.00
  MONTH TO DATE    1.14                      0.50   0.64     0.11
  SINCE OCT 1      6.31                      3.76   2.55     3.38
  SINCE JAN 1      2.03                      1.19   0.84     1.06

SNOWFALL (IN)
  TODAY           MM
  MONTH TO DATE   MM
  SINCE DEC 1     MM
  SINCE JUL 1     MM
  SNOW DEPTH      MM

DEGREE DAYS
 HEATING
  TODAY           32                        38     -6       36
  MONTH TO DATE  747                       918   -171      909
  SINCE DEC 1   3906                      3678    228     3645
  SINCE JUL 1   5524                      5581    -57     5345

 COOLING
  TODAY            0                         0      0        0
  MONTH TO DATE    0                         0      0        0
  SINCE DEC 1      0                         0      0        0
  SINCE JAN 1      0                         0      0        0
..................................................................


WIND (MPH)
  HIGHEST WIND SPEED    24   HIGHEST WIND DIRECTION     S (200)
  HIGHEST GUST SPEED    31   HIGHEST GUST DIRECTION    SW (210)
  AVERAGE WIND SPEED    13.5


SKY COVER
  POSSIBLE SUNSHINE  MM
  AVERAGE SKY COVER 0.3


WEATHER CONDITIONS
 THE FOLLOWING WEATHER WAS RECORDED TODAY.
  NO SIGNIFICANT WEATHER WAS OBSERVED.


RELATIVE HUMIDITY (PERCENT)
 HIGHEST    92           300 AM
 LOWEST     64           400 PM
 AVERAGE    78

..........................................................


THE IDAHO FALLS ID CLIMATE NORMALS FOR TOMORROW
                         NORMAL    RECORD    YEAR
 MAXIMUM TEMPERATURE (F)   37        52      1954
 MINIMUM TEMPERATURE (F)   17       -18      1955


SUNRISE AND SUNSET
FEBRUARY 22 2017......SUNRISE   715 AM MST   SUNSET   608 PM MST
FEBRUARY 23 2017......SUNRISE   714 AM MST   SUNSET   610 PM MST


-  INDICATES NEGATIVE NUMBERS.
R  INDICATES RECORD WAS SET OR TIED.
MM INDICATES DATA IS MISSING.
T  INDICATES TRACE AMOUNT.




$$
