946
CDUS45 KPIH 130731
CLIIDA


CLIMATE REPORT
NATIONAL WEATHER SERVICE POCATELLO ID
1231 AM MST WED DEC 13 2017


...................................

...THE IDAHO FALLS ID CLIMATE SUMMARY FOR DECEMBER 12 2017...

CLIMATE NORMAL PERIOD 1981 TO 2010
CLIMATE RECORD PERIOD 1948 TO 2017


WEATHER ITEM   OBSERVED TIME   RECORD YEAR NORMAL DEPARTURE LAST
                VALUE   (LST)  VALUE       VALUE  FROM      YEAR
                                                  NORMAL
..................................................................
TEMPERATURE (F)
 YESTERDAY
  MAXIMUM         32    234 PM  58    2014  29      3       32
  MINIMUM          5    838 AM -14    1967  12     -7       19
  AVERAGE         19                        21     -2       26

PRECIPITATION (IN)
  YESTERDAY        0.00          0.16 1971   0.03  -0.03     0.00
  MONTH TO DATE    0.14                      0.37  -0.23     0.38
  SINCE OCT 1      1.75                      2.07  -0.32     3.33
  SINCE JAN 1     10.74                      9.89   0.85    10.55

SNOWFALL (IN)
  YESTERDAY       MM
  MONTH TO DATE   MM
  SINCE DEC 1     MM
  SINCE JUL 1     MM
  SNOW DEPTH      MM

DEGREE DAYS
 HEATING
  YESTERDAY       46                        44      2       39
  MONTH TO DATE  530                       509     21      513
  SINCE DEC 1    530                       509     21      513
  SINCE JUL 1   2354                      2412    -58     2131

 COOLING
  YESTERDAY        0                         0      0        0
  MONTH TO DATE    0                         0      0        0
  SINCE DEC 1      0                         0      0        0
  SINCE JAN 1    362                       264     98      260
..................................................................


WIND (MPH)
  HIGHEST WIND SPEED     9   HIGHEST WIND DIRECTION    SW (240)
  HIGHEST GUST SPEED    13   HIGHEST GUST DIRECTION    NW (330)
  AVERAGE WIND SPEED     2.9


SKY COVER
  POSSIBLE SUNSHINE  MM
  AVERAGE SKY COVER 0.0


WEATHER CONDITIONS
 THE FOLLOWING WEATHER WAS RECORDED YESTERDAY.
  FOG
  HAZE


RELATIVE HUMIDITY (PERCENT)
 HIGHEST   100           400 AM
 LOWEST     69           200 PM
 AVERAGE    85

..........................................................


THE IDAHO FALLS ID CLIMATE NORMALS FOR TODAY
                         NORMAL    RECORD    YEAR
 MAXIMUM TEMPERATURE (F)   29        46      2014
 MINIMUM TEMPERATURE (F)   12       -14      1967


SUNRISE AND SUNSET
DECEMBER 13 2017......SUNRISE   753 AM MST   SUNSET   452 PM MST
DECEMBER 14 2017......SUNRISE   754 AM MST   SUNSET   452 PM MST


-  INDICATES NEGATIVE NUMBERS.
R  INDICATES RECORD WAS SET OR TIED.
MM INDICATES DATA IS MISSING.
T  INDICATES TRACE AMOUNT.




$$
