000
CDUS45 KPIH 200733
CLIIDA


CLIMATE REPORT
NATIONAL WEATHER SERVICE POCATELLO ID
1231 AM MST SAT DEC 20 2014


...................................

...THE IDAHO FALLS ID CLIMATE SUMMARY FOR DECEMBER 19 2014...

CLIMATE NORMAL PERIOD 1981 TO 2010
CLIMATE RECORD PERIOD 1948 TO 2014


WEATHER ITEM   OBSERVED TIME   RECORD YEAR NORMAL DEPARTURE LAST
                VALUE   (LST)  VALUE       VALUE  FROM      YEAR
                                                  NORMAL
..................................................................
TEMPERATURE (F)
 YESTERDAY
  MAXIMUM         40    131 PM  46    1979  28     12       25
  MINIMUM         29    402 AM -10    1984  11     18        7
  AVERAGE         35                        20     15       16

PRECIPITATION (IN)
  YESTERDAY        0.02          0.40 2010   0.03  -0.01     0.00
  MONTH TO DATE    0.23                      0.56  -0.33     0.09
  SINCE OCT 1      0.79                      2.26  -1.47     1.24
  SINCE JAN 1      9.62                     10.08  -0.46     6.26

SNOWFALL (IN)
  YESTERDAY       MM
  MONTH TO DATE   MM
  SINCE DEC 1     MM
  SINCE JUL 1     MM
  SNOW DEPTH      MM

DEGREE DAYS
 HEATING
  YESTERDAY       30                        45    -15       49
  MONTH TO DATE  578                       823   -245      999
  SINCE DEC 1    578                       823   -245      999
  SINCE JUL 1   2267                      2726   -459     2723

 COOLING
  YESTERDAY        0                         0      0        0
  MONTH TO DATE    0                         0      0        0
  SINCE DEC 1      0                         0      0        0
  SINCE JAN 1    303                       264     39      510
..................................................................


WIND (MPH)
  HIGHEST WIND SPEED    20   HIGHEST WIND DIRECTION     S (200)
  HIGHEST GUST SPEED    26   HIGHEST GUST DIRECTION     S (200)
  AVERAGE WIND SPEED     7.5


SKY COVER
  POSSIBLE SUNSHINE  MM
  AVERAGE SKY COVER 1.0


WEATHER CONDITIONS
 THE FOLLOWING WEATHER WAS RECORDED YESTERDAY.
  LIGHT SNOW
  FOG
  HAZE


RELATIVE HUMIDITY (PERCENT)
 HIGHEST    92          1200 AM
 LOWEST     64           400 PM
 AVERAGE    78

..........................................................


THE IDAHO FALLS ID CLIMATE NORMALS FOR TODAY
                         NORMAL    RECORD    YEAR
 MAXIMUM TEMPERATURE (F)   28        44      1961
 MINIMUM TEMPERATURE (F)   11       -15      1983


SUNRISE AND SUNSET
DECEMBER 20 2014......SUNRISE   758 AM MST   SUNSET   454 PM MST
DECEMBER 21 2014......SUNRISE   758 AM MST   SUNSET   455 PM MST


-  INDICATES NEGATIVE NUMBERS.
R  INDICATES RECORD WAS SET OR TIED.
MM INDICATES DATA IS MISSING.
T  INDICATES TRACE AMOUNT.




$$
