000
CDUS45 KPIH 290736
CLIIDA


CLIMATE REPORT
NATIONAL WEATHER SERVICE POCATELLO ID
135 AM MDT MON AUG 29 2016


...................................

...THE IDAHO FALLS ID CLIMATE SUMMARY FOR AUGUST 28 2016...

CLIMATE NORMAL PERIOD 1981 TO 2010
CLIMATE RECORD PERIOD 1948 TO 2016


WEATHER ITEM   OBSERVED TIME   RECORD YEAR NORMAL DEPARTURE LAST
                VALUE   (LST)  VALUE       VALUE  FROM      YEAR
                                                  NORMAL
..................................................................
TEMPERATURE (F)
 YESTERDAY
  MAXIMUM         87    436 PM  94    2012  82      5       90
  MINIMUM         43    606 AM  33    1960  46     -3       47
  AVERAGE         65                        64      1       69

PRECIPITATION (IN)
  YESTERDAY        0.00          0.38 1951   0.02  -0.02     0.00
  MONTH TO DATE    0.09                      0.47  -0.38     1.13
  SINCE OCT 1      7.76                      9.48  -1.72     8.94
  SINCE JAN 1      5.44                      6.91  -1.47     7.48

SNOWFALL (IN)
  YESTERDAY       MM
  MONTH TO DATE   MM
  SINCE JUN 1     MM
  SINCE JUL 1     MM
  SNOW DEPTH      MM

DEGREE DAYS
 HEATING
  YESTERDAY        0                         3     -3        0
  MONTH TO DATE   44                        28     16       26
  SINCE JUN 1    151                       208    -57      114
  SINCE JUL 1     77                        55     22       68

 COOLING
  YESTERDAY        0                         2     -2        4
  MONTH TO DATE   56                        90    -34       94
  SINCE JUN 1    232                       243    -11      289
  SINCE JAN 1    232                       245    -13      290
..................................................................


WIND (MPH)
  HIGHEST WIND SPEED    23   HIGHEST WIND DIRECTION    SW (210)
  HIGHEST GUST SPEED    28   HIGHEST GUST DIRECTION     S (200)
  AVERAGE WIND SPEED     9.3


SKY COVER
  POSSIBLE SUNSHINE  MM
  AVERAGE SKY COVER 0.0


WEATHER CONDITIONS
 THE FOLLOWING WEATHER WAS RECORDED YESTERDAY.
  NO SIGNIFICANT WEATHER WAS OBSERVED.


RELATIVE HUMIDITY (PERCENT)
 HIGHEST    76           600 AM
 LOWEST     14           100 PM
 AVERAGE    45

..........................................................


THE IDAHO FALLS ID CLIMATE NORMALS FOR TODAY
                         NORMAL    RECORD    YEAR
 MAXIMUM TEMPERATURE (F)   82        95      1948
 MINIMUM TEMPERATURE (F)   46        32      1960


SUNRISE AND SUNSET
AUGUST 29 2016........SUNRISE   649 AM MDT   SUNSET   808 PM MDT
AUGUST 30 2016........SUNRISE   650 AM MDT   SUNSET   806 PM MDT


-  INDICATES NEGATIVE NUMBERS.
R  INDICATES RECORD WAS SET OR TIED.
MM INDICATES DATA IS MISSING.
T  INDICATES TRACE AMOUNT.




$$
