000
CDUS43 KUNR 220843
CLIIEN


CLIMATE REPORT
NATIONAL WEATHER SERVICE RAPID CITY SD
243 AM MDT FRI SEP 22 2017


...................................

...THE PINE RIDGE SD CLIMATE SUMMARY FOR SEPTEMBER 21 2017...

CLIMATE NORMAL PERIOD 1981 TO 2010
CLIMATE RECORD PERIOD 9999 TO 9999


WEATHER ITEM   OBSERVED TIME   NORMAL DEPARTURE LAST
                VALUE   (LST)  VALUE  FROM      YEAR
                                      NORMAL
......................................................
TEMPERATURE (F)
 YESTERDAY
  MAXIMUM         92    240 PM  75     17       71
  MINIMUM         57   1159 PM  42     15       46
  AVERAGE         75            59     16       59

PRECIPITATION (IN)
  YESTERDAY        0.00          0.05  -0.05     0.00
  MONTH TO DATE    0.49          1.17  -0.68     0.67
  SINCE SEP 1      0.49          1.17  -0.68     0.67
  SINCE JAN 1     13.66         14.96  -1.30    13.59

DEGREE DAYS
 HEATING
  YESTERDAY        0             8     -8        6
  MONTH TO DATE   63           100    -37       86
  SINCE SEP 1     63           100    -37       86
  SINCE JUL 1     75           137    -62      119

 COOLING
  YESTERDAY       10             1      9        0
  MONTH TO DATE   98            60     38       49
  SINCE SEP 1     98            60     38       49
  SINCE JAN 1    771           708     63      761
......................................................


WIND (MPH)
  HIGHEST WIND SPEED    30   HIGHEST WIND DIRECTION     S (170)
  HIGHEST GUST SPEED    42   HIGHEST GUST DIRECTION     S (170)
  AVERAGE WIND SPEED    13.8


SKY COVER
  AVERAGE SKY COVER 0.0


WEATHER CONDITIONS
 THE FOLLOWING WEATHER WAS RECORDED YESTERDAY.
  NO SIGNIFICANT WEATHER WAS OBSERVED.


RELATIVE HUMIDITY (PERCENT)
 HIGHEST    69           600 AM
 LOWEST     11           200 PM
 AVERAGE    40

..........................................................




SUNRISE AND SUNSET
SEPTEMBER 22 2017.....SUNRISE   638 AM MDT   SUNSET   647 PM MDT
SEPTEMBER 23 2017.....SUNRISE   639 AM MDT   SUNSET   645 PM MDT


-  INDICATES NEGATIVE NUMBERS.
R  INDICATES RECORD WAS SET OR TIED.
MM INDICATES DATA IS MISSING.
T  INDICATES TRACE AMOUNT.




$$
