000
CDUS43 KUNR 260832
CLIIEN


CLIMATE REPORT
NATIONAL WEATHER SERVICE RAPID CITY SD
232 AM MDT FRI MAY 26 2017


...................................

...THE PINE RIDGE SD CLIMATE SUMMARY FOR MAY 25 2017...

CLIMATE NORMAL PERIOD 1981 TO 2010
CLIMATE RECORD PERIOD 9999 TO 9999


WEATHER ITEM   OBSERVED TIME   NORMAL DEPARTURE LAST
                VALUE   (LST)  VALUE  FROM      YEAR
                                      NORMAL
......................................................
TEMPERATURE (F)
 YESTERDAY
  MAXIMUM         72    445 PM  73     -1       73
  MINIMUM         46   1159 PM  45      1       42
  AVERAGE         59            59      0       58

PRECIPITATION (IN)
  YESTERDAY        0.00          0.07  -0.07     0.00
  MONTH TO DATE    3.77          2.03   1.74     0.53
  SINCE MAR 1      8.03          4.81   3.22     5.38
  SINCE JAN 1      9.17          5.60   3.57     5.88

DEGREE DAYS
 HEATING
  YESTERDAY        6             7     -1        7
  MONTH TO DATE  262           268     -6      303
  SINCE MAR 1   1465          1738   -273     1566
  SINCE JUL 1   6631          7088   -457     6435

 COOLING
  YESTERDAY        0             1     -1        0
  MONTH TO DATE   15             8      7        6
  SINCE MAR 1     16             8      8        7
  SINCE JAN 1     16             8      8        7
......................................................


WIND (MPH)
  HIGHEST WIND SPEED    24   HIGHEST WIND DIRECTION     N (10)
  HIGHEST GUST SPEED    31   HIGHEST GUST DIRECTION     N (20)
  AVERAGE WIND SPEED     7.9


SKY COVER
  AVERAGE SKY COVER 0.1


WEATHER CONDITIONS
 THE FOLLOWING WEATHER WAS RECORDED YESTERDAY.
  HAZE


RELATIVE HUMIDITY (PERCENT)
 HIGHEST   100           500 AM
 LOWEST     34           600 PM
 AVERAGE    67

..........................................................




SUNRISE AND SUNSET
MAY 26 2017...........SUNRISE   517 AM MDT   SUNSET   818 PM MDT
MAY 27 2017...........SUNRISE   516 AM MDT   SUNSET   819 PM MDT


-  INDICATES NEGATIVE NUMBERS.
R  INDICATES RECORD WAS SET OR TIED.
MM INDICATES DATA IS MISSING.
T  INDICATES TRACE AMOUNT.




$$
