000
CDUS43 KUNR 230838
CLIIEN


CLIMATE REPORT
NATIONAL WEATHER SERVICE RAPID CITY SD
237 AM MDT THU MAR 23 2017


...................................

...THE PINE RIDGE SD CLIMATE SUMMARY FOR MARCH 22 2017...

CLIMATE NORMAL PERIOD 1981 TO 2010
CLIMATE RECORD PERIOD 9999 TO 9999


WEATHER ITEM   OBSERVED TIME   NORMAL DEPARTURE LAST
                VALUE   (LST)  VALUE  FROM      YEAR
                                      NORMAL
......................................................
TEMPERATURE (F)
 YESTERDAY
  MAXIMUM         66    321 PM  53     13       59
  MINIMUM         36   1233 AM  25     11       32
  AVERAGE         51            39     12       46

PRECIPITATION (IN)
  YESTERDAY        T             0.04  -0.04      T
  MONTH TO DATE    0.41          0.53  -0.12     0.80
  SINCE MAR 1      0.41          0.53  -0.12     0.80
  SINCE JAN 1      1.55          1.32   0.23     1.30

DEGREE DAYS
 HEATING
  YESTERDAY       14            26    -12       19
  MONTH TO DATE  534           663   -129      497
  SINCE MAR 1    534           663   -129      497
  SINCE JUL 1   5700          6013   -313     5366

 COOLING
  YESTERDAY        0             0      0        0
  MONTH TO DATE    0             0      0        0
  SINCE MAR 1      0             0      0        0
  SINCE JAN 1      0             0      0        0
......................................................


WIND (MPH)
  HIGHEST WIND SPEED    38   HIGHEST WIND DIRECTION     S (190)
  HIGHEST GUST SPEED    48   HIGHEST GUST DIRECTION     S (180)
  AVERAGE WIND SPEED    20.0


SKY COVER
  AVERAGE SKY COVER 0.2


WEATHER CONDITIONS
 THE FOLLOWING WEATHER WAS RECORDED YESTERDAY.
  LIGHT RAIN


RELATIVE HUMIDITY (PERCENT)
 HIGHEST    92          1200 AM
 LOWEST     39           500 PM
 AVERAGE    66

..........................................................




SUNRISE AND SUNSET
MARCH 23 2017.........SUNRISE   647 AM MDT   SUNSET   706 PM MDT
MARCH 24 2017.........SUNRISE   646 AM MDT   SUNSET   707 PM MDT


-  INDICATES NEGATIVE NUMBERS.
R  INDICATES RECORD WAS SET OR TIED.
MM INDICATES DATA IS MISSING.
T  INDICATES TRACE AMOUNT.




$$
