000
CDUS43 KUNR 240838
CLIIEN


CLIMATE REPORT
NATIONAL WEATHER SERVICE RAPID CITY SD
236 AM MDT SUN MAY 24 2015


...................................

...THE PINE RIDGE SD CLIMATE SUMMARY FOR MAY 23 2015...

CLIMATE NORMAL PERIOD 1981 TO 2010
CLIMATE RECORD PERIOD 9999 TO 9999


WEATHER ITEM   OBSERVED TIME   NORMAL DEPARTURE LAST
                VALUE   (LST)  VALUE  FROM      YEAR
                                      NORMAL
......................................................
TEMPERATURE (F)
 YESTERDAY
  MAXIMUM         63   1233 PM  72     -9       73
  MINIMUM         46    104 AM  44      2       54
  AVERAGE         55            58     -3       64

PRECIPITATION (IN)
  YESTERDAY        0.05          0.08  -0.03     0.20
  MONTH TO DATE    5.99          1.88   4.11     2.89
  SINCE MAR 1      8.05          4.66   3.39     6.39
  SINCE JAN 1      8.51          5.45   3.06     6.66

DEGREE DAYS
 HEATING
  YESTERDAY       10             8      2        1
  MONTH TO DATE  338           254     84      323
  SINCE MAR 1   1598          1724   -126     1878
  SINCE JUL 1   6808          7074   -266     7360

 COOLING
  YESTERDAY        0             1     -1        0
  MONTH TO DATE    0             6     -6        0
  SINCE MAR 1      0             6     -6        1
  SINCE JAN 1      0             6     -6        1
......................................................


WIND (MPH)
  HIGHEST WIND SPEED    17   HIGHEST WIND DIRECTION    SE (120)
  HIGHEST GUST SPEED    22   HIGHEST GUST DIRECTION    SE (120)
  AVERAGE WIND SPEED    10.3


SKY COVER
  AVERAGE SKY COVER 1.0


WEATHER CONDITIONS
 THE FOLLOWING WEATHER WAS RECORDED YESTERDAY.
  LIGHT RAIN
  FOG


RELATIVE HUMIDITY (PERCENT)
 HIGHEST    93           700 PM
 LOWEST     69          1200 PM
 AVERAGE    81

..........................................................




SUNRISE AND SUNSET
MAY 24 2015...........SUNRISE   519 AM MDT   SUNSET   816 PM MDT
MAY 25 2015...........SUNRISE   518 AM MDT   SUNSET   816 PM MDT


-  INDICATES NEGATIVE NUMBERS.
R  INDICATES RECORD WAS SET OR TIED.
MM INDICATES DATA IS MISSING.
T  INDICATES TRACE AMOUNT.




$$
