000
CDUS43 KUNR 190832
CLIIEN


CLIMATE REPORT
NATIONAL WEATHER SERVICE RAPID CITY SD
232 AM MDT SAT APR 19 2014


...................................

...THE PINE RIDGE SD CLIMATE SUMMARY FOR APRIL 18 2014...

CLIMATE NORMAL PERIOD 1981 TO 2010
CLIMATE RECORD PERIOD 9999 TO 9999


WEATHER ITEM   OBSERVED TIME   NORMAL DEPARTURE LAST
                VALUE   (LST)  VALUE  FROM      YEAR
                                      NORMAL
......................................................
TEMPERATURE (F)
 YESTERDAY
  MAXIMUM         80    316 PM  61     19       33
  MINIMUM         42    527 AM  32     10       20
  AVERAGE         61            46     15       27

PRECIPITATION (IN)
  YESTERDAY        T             0.07  -0.07     0.05
  MONTH TO DATE    0.78          1.04  -0.26     0.34
  SINCE MAR 1      1.12          1.91  -0.79     0.65
  SINCE JAN 1      1.39          2.70  -1.31     1.59

DEGREE DAYS
 HEATING
  YESTERDAY        4            19    -15       38
  MONTH TO DATE  442           381     61      531
  SINCE MAR 1   1375          1269    106     1432
  SINCE JUL 1   6857          6619    238     6533

 COOLING
  YESTERDAY        0             0      0        0
  MONTH TO DATE    0             0      0        0
  SINCE MAR 1      0             0      0        0
  SINCE JAN 1      0             0      0        0
......................................................


WIND (MPH)
  HIGHEST WIND SPEED    49   HIGHEST WIND DIRECTION    SW (220)
  HIGHEST GUST SPEED    62   HIGHEST GUST DIRECTION    SW (230)
  AVERAGE WIND SPEED    16.1


SKY COVER
  AVERAGE SKY COVER 0.1


WEATHER CONDITIONS
 THE FOLLOWING WEATHER WAS RECORDED YESTERDAY.
  NO SIGNIFICANT WEATHER WAS OBSERVED.


RELATIVE HUMIDITY (PERCENT)
 HIGHEST    76           200 AM
 LOWEST     22           400 PM
 AVERAGE    49

..........................................................




SUNRISE AND SUNSET
APRIL 19 2014.........SUNRISE   602 AM MDT   SUNSET   737 PM MDT
APRIL 20 2014.........SUNRISE   600 AM MDT   SUNSET   738 PM MDT


-  INDICATES NEGATIVE NUMBERS.
R  INDICATES RECORD WAS SET OR TIED.
MM INDICATES DATA IS MISSING.
T  INDICATES TRACE AMOUNT.




$$
