000
CDUS43 KUNR 100834
CLIIEN


CLIMATE REPORT
NATIONAL WEATHER SERVICE RAPID CITY SD
134 AM MST SAT DEC 10 2016


...................................

...THE PINE RIDGE SD CLIMATE SUMMARY FOR DECEMBER 9 2016...

CLIMATE NORMAL PERIOD 1981 TO 2010
CLIMATE RECORD PERIOD 9999 TO 9999


WEATHER ITEM   OBSERVED TIME   NORMAL DEPARTURE LAST
                VALUE   (LST)  VALUE  FROM      YEAR
                                      NORMAL
......................................................
TEMPERATURE (F)
 YESTERDAY
  MAXIMUM          9    147 PM  37    -28       61
  MINIMUM          1    232 AM  11    -10       35
  AVERAGE          5            24    -19       48

PRECIPITATION (IN)
  YESTERDAY        0.07          0.01   0.06     0.00
  MONTH TO DATE    0.11          0.09   0.02     0.17
  SINCE DEC 1      0.11          0.09   0.02     0.17
  SINCE JAN 1     14.67         17.26  -2.59    18.86

DEGREE DAYS
 HEATING
  YESTERDAY       60            41     19       17
  MONTH TO DATE  440           362     78      277
  SINCE DEC 1    440           362     78      277
  SINCE JUL 1   1613          2052   -439     1765

 COOLING
  YESTERDAY        0             0      0        0
  MONTH TO DATE    0             0      0        0
  SINCE DEC 1      0             0      0        0
  SINCE JAN 1    774           717     57      615
......................................................


WIND (MPH)
  HIGHEST WIND SPEED    15   HIGHEST WIND DIRECTION     E (100)
  HIGHEST GUST SPEED    19   HIGHEST GUST DIRECTION     E (90)
  AVERAGE WIND SPEED     6.5


SKY COVER
  AVERAGE SKY COVER 0.9


WEATHER CONDITIONS
 THE FOLLOWING WEATHER WAS RECORDED YESTERDAY.
  LIGHT SNOW
  FOG


RELATIVE HUMIDITY (PERCENT)
 HIGHEST    95           800 PM
 LOWEST     69          1200 AM
 AVERAGE    82

..........................................................




SUNRISE AND SUNSET
DECEMBER 10 2016......SUNRISE   711 AM MST   SUNSET   415 PM MST
DECEMBER 11 2016......SUNRISE   712 AM MST   SUNSET   415 PM MST


-  INDICATES NEGATIVE NUMBERS.
R  INDICATES RECORD WAS SET OR TIED.
MM INDICATES DATA IS MISSING.
T  INDICATES TRACE AMOUNT.




$$
