000
CDUS43 KUNR 280839
CLIIEN


CLIMATE REPORT
NATIONAL WEATHER SERVICE RAPID CITY SD
136 AM MST SAT FEB 28 2015


...................................

...THE PINE RIDGE SD CLIMATE SUMMARY FOR FEBRUARY 27 2015...

CLIMATE NORMAL PERIOD 1981 TO 2010
CLIMATE RECORD PERIOD 9999 TO 9999


WEATHER ITEM   OBSERVED TIME   NORMAL DEPARTURE LAST
                VALUE   (LST)  VALUE  FROM      YEAR
                                      NORMAL
......................................................
TEMPERATURE (F)
 YESTERDAY
  MAXIMUM         27    200 PM  44    -17       34
  MINIMUM         -8    312 AM  17    -25       -1
  AVERAGE         10            30    -20       17

PRECIPITATION (IN)
  YESTERDAY        0.00          0.03  -0.03     0.00
  MONTH TO DATE    0.27          0.45  -0.18     0.17
  SINCE DEC 1      1.01          1.12  -0.11     0.49
  SINCE JAN 1      0.46          0.77  -0.31     0.26

DEGREE DAYS
 HEATING
  YESTERDAY       55            35     20       48
  MONTH TO DATE  969          1039    -70     1249
  SINCE DEC 1   3366          3626   -260     3719
  SINCE JUL 1   5165          5316   -151     5434

 COOLING
  YESTERDAY        0             0      0        0
  MONTH TO DATE    0             0      0        0
  SINCE DEC 1      0             0      0        0
  SINCE JAN 1      0             0      0        0
......................................................


WIND (MPH)
  HIGHEST WIND SPEED    28   HIGHEST WIND DIRECTION     S (200)
  HIGHEST GUST SPEED    33   HIGHEST GUST DIRECTION     S (180)
  AVERAGE WIND SPEED    12.1


SKY COVER
  AVERAGE SKY COVER 0.4


WEATHER CONDITIONS
 THE FOLLOWING WEATHER WAS RECORDED YESTERDAY.
  NO SIGNIFICANT WEATHER WAS OBSERVED.


RELATIVE HUMIDITY (PERCENT)
 HIGHEST    83           100 AM
 LOWEST     46           100 PM
 AVERAGE    65

..........................................................




SUNRISE AND SUNSET
FEBRUARY 28 2015......SUNRISE   628 AM MST   SUNSET   538 PM MST
MARCH  1 2015.........SUNRISE   626 AM MST   SUNSET   539 PM MST


-  INDICATES NEGATIVE NUMBERS.
R  INDICATES RECORD WAS SET OR TIED.
MM INDICATES DATA IS MISSING.
T  INDICATES TRACE AMOUNT.




$$
