000
CDUS45 KVEF 260036
CLIIGM


CLIMATE REPORT
NATIONAL WEATHER SERVICE LAS VEGAS, NV
435 PM PST SUN JAN 25 2015


...................................

...THE KINGMAN AZ CLIMATE SUMMARY FOR JANUARY 25 2015...
VALID TODAY AS OF 0400 PM LOCAL TIME.

CLIMATE NORMAL PERIOD 1981 TO 2010
CLIMATE RECORD PERIOD 1901 TO 2015


WEATHER ITEM   OBSERVED TIME   RECORD YEAR NORMAL DEPARTURE LAST
                VALUE   (LST)  VALUE       VALUE  FROM      YEAR
                                                  NORMAL
..................................................................
TEMPERATURE (F)
 TODAY
  MAXIMUM         67    434 PM  72    1982  58      9       66
  MINIMUM         36    449 AM   8    1937  32      4       33
  AVERAGE         52                        45      7       50

PRECIPITATION (IN)
  TODAY            0.00          0.47 1911   0.03  -0.03     0.00
  MONTH TO DATE    0.10                      0.79  -0.69     0.00
  SINCE OCT 1      2.23                      2.89  -0.66     0.88
  SINCE JAN 1      0.10                      0.79  -0.69     0.00

DEGREE DAYS
 HEATING
  TODAY           13                        20     -7       15
  MONTH TO DATE  512                       535    -23      464
  SINCE DEC 1   1153                      1218    -65     1207
  SINCE JUL 1   1567                      1784   -217     1840

 COOLING
  TODAY            0                         0      0        0
  MONTH TO DATE    0                         0      0        0
  SINCE DEC 1      0                         0      0        0
  SINCE JAN 1      0                         0      0        0
..................................................................


WIND (MPH)
  RESULTANT WIND SPEED   8   RESULTANT WIND DIRECTION  NE (30)
  HIGHEST WIND SPEED    22   HIGHEST WIND DIRECTION     N (20)
  HIGHEST GUST SPEED    25   HIGHEST GUST DIRECTION     N (10)
  AVERAGE WIND SPEED    10.1


SKY COVER
  POSSIBLE SUNSHINE  MM
  AVERAGE SKY COVER 0.0


WEATHER CONDITIONS
 THE FOLLOWING WEATHER WAS RECORDED TODAY.
  NO SIGNIFICANT WEATHER WAS OBSERVED.


RELATIVE HUMIDITY (PERCENT)
 HIGHEST    52           700 AM
 LOWEST     20           200 PM
 AVERAGE    36

..........................................................


THE KINGMAN AZ CLIMATE NORMALS FOR TOMORROW
                         NORMAL    RECORD    YEAR
 MAXIMUM TEMPERATURE (F)   58        71      2012
                                             1987
 MINIMUM TEMPERATURE (F)   32        15      1937


SUNRISE AND SUNSET
JANUARY 25 2015.......SUNRISE   740 AM MST   SUNSET   557 PM MST
JANUARY 26 2015.......SUNRISE   739 AM MST   SUNSET   558 PM MST


-  INDICATES NEGATIVE NUMBERS.
R  INDICATES RECORD WAS SET OR TIED.
MM INDICATES DATA IS MISSING.
T  INDICATES TRACE AMOUNT.




$$
