000
CDUS45 KVEF 300837
CLIIGM


CLIMATE REPORT
NATIONAL WEATHER SERVICE LAS VEGAS, NV
136 AM PDT TUE JUN 30 2015


...................................

...THE KINGMAN AZ CLIMATE SUMMARY FOR JUNE 29 2015...

CLIMATE NORMAL PERIOD 1981 TO 2010
CLIMATE RECORD PERIOD 1901 TO 2015


WEATHER ITEM   OBSERVED TIME   RECORD YEAR NORMAL DEPARTURE LAST
                VALUE   (LST)  VALUE       VALUE  FROM      YEAR
                                                  NORMAL
..................................................................
TEMPERATURE (F)
 YESTERDAY
  MAXIMUM        103    228 PM 112    2013  96      7       99
  MINIMUM         73   1159 PM  49    1908  67      6       67
  AVERAGE         88                        81      7       83

PRECIPITATION (IN)
  YESTERDAY        0.02          0.36 1984   0.01   0.01     0.00
  MONTH TO DATE    1.49                      0.08   1.41     0.00
  SINCE OCT 1      6.61                      5.64   0.97     1.67
  SINCE JAN 1      4.48                      3.54   0.94     0.79

DEGREE DAYS
 HEATING
  YESTERDAY        0                         0      0        0
  MONTH TO DATE    0                         0      0        0
  SINCE JUN 1      0                         0      0        0
  SINCE JUL 1   2530                      3100   -570     2834

 COOLING
  YESTERDAY       23                        16      7       18
  MONTH TO DATE  455                       368     87      419
  SINCE JUN 1    455                       368     87      419
  SINCE JAN 1    561                       566     -5      644
..................................................................


WIND (MPH)
  RESULTANT WIND SPEED   3   RESULTANT WIND DIRECTION   S (170)
  HIGHEST WIND SPEED    41   HIGHEST WIND DIRECTION    SE (140)
  HIGHEST GUST SPEED    49   HIGHEST GUST DIRECTION    SE (140)
  AVERAGE WIND SPEED     9.2


SKY COVER
  POSSIBLE SUNSHINE  MM
  AVERAGE SKY COVER 0.0


WEATHER CONDITIONS
 THE FOLLOWING WEATHER WAS RECORDED YESTERDAY.
  THUNDERSTORM
  LIGHT RAIN


RELATIVE HUMIDITY (PERCENT)
 HIGHEST    53           600 AM
 LOWEST     16           200 PM
 AVERAGE    35

..........................................................


THE KINGMAN AZ CLIMATE NORMALS FOR TODAY
                         NORMAL    RECORD    YEAR
 MAXIMUM TEMPERATURE (F)   96       110      2013
 MINIMUM TEMPERATURE (F)   67        47      1910


SUNRISE AND SUNSET
JUNE 30 2015..........SUNRISE   524 AM MST   SUNSET   755 PM MST
JULY  1 2015..........SUNRISE   525 AM MST   SUNSET   754 PM MST


-  INDICATES NEGATIVE NUMBERS.
R  INDICATES RECORD WAS SET OR TIED.
MM INDICATES DATA IS MISSING.
T  INDICATES TRACE AMOUNT.




$$
