000
CDUS45 KVEF 240829
CLIIGM


CLIMATE REPORT
NATIONAL WEATHER SERVICE LAS VEGAS, NV
126 AM PDT SUN SEP 24 2017


...................................

...THE KINGMAN AZ CLIMATE SUMMARY FOR SEPTEMBER 23 2017...

CLIMATE NORMAL PERIOD 1981 TO 2010
CLIMATE RECORD PERIOD 1901 TO 2017


WEATHER ITEM   OBSERVED TIME   RECORD YEAR NORMAL DEPARTURE LAST
                VALUE   (LST)  VALUE       VALUE  FROM      YEAR
                                                  NORMAL
..................................................................
TEMPERATURE (F)
 YESTERDAY
  MAXIMUM         73    356 PM 105    1922  87    -14       73
  MINIMUM         43    433 AM  38    1941  59    -16       43
  AVERAGE         58                        73    -15       58

PRECIPITATION (IN)
  YESTERDAY        0.00          0.18 1935   0.03  -0.03     0.00
  MONTH TO DATE    1.65                      0.92   0.73     0.22
  SINCE OCT 1     11.53                      8.29   3.24     8.88
  SINCE JAN 1      7.97                      6.19   1.78     7.36

DEGREE DAYS
 HEATING
  YESTERDAY        7                         0      7        7
  MONTH TO DATE   13                         0     13        7
  SINCE SEP 1     13                         0     13        7
  SINCE JUL 1     13                         0     13        7

 COOLING
  YESTERDAY        0                         8     -8        0
  MONTH TO DATE  262                       278    -16      221
  SINCE SEP 1    262                       278    -16      221
  SINCE JAN 1   2132                      1979    153     2097
..................................................................


WIND (MPH)
  RESULTANT WIND SPEED   4   RESULTANT WIND DIRECTION   N (360)
  HIGHEST WIND SPEED    20   HIGHEST WIND DIRECTION     W (290)
  HIGHEST GUST SPEED    26   HIGHEST GUST DIRECTION     W (280)
  AVERAGE WIND SPEED     7.3


SKY COVER
  POSSIBLE SUNSHINE  MM
  AVERAGE SKY COVER 0.1


WEATHER CONDITIONS
 THE FOLLOWING WEATHER WAS RECORDED YESTERDAY.
  NO SIGNIFICANT WEATHER WAS OBSERVED.


RELATIVE HUMIDITY (PERCENT)
 HIGHEST    49           300 AM
 LOWEST     18           500 PM
 AVERAGE    34

..........................................................


THE KINGMAN AZ CLIMATE NORMALS FOR TODAY
                         NORMAL    RECORD    YEAR
 MAXIMUM TEMPERATURE (F)   87       105      1922
 MINIMUM TEMPERATURE (F)   58        31      1920


SUNRISE AND SUNSET
SEPTEMBER 24 2017.....SUNRISE   626 AM MST   SUNSET   629 PM MST
SEPTEMBER 25 2017.....SUNRISE   626 AM MST   SUNSET   628 PM MST


-  INDICATES NEGATIVE NUMBERS.
R  INDICATES RECORD WAS SET OR TIED.
MM INDICATES DATA IS MISSING.
T  INDICATES TRACE AMOUNT.




$$
