000
CDUS45 KIGM 280826
CLIIGM


CLIMATE REPORT
NATIONAL WEATHER SERVICE LAS VEGAS, NV
125 AM PDT MON JUL 28 2014


...................................

...THE KINGMAN AZ CLIMATE SUMMARY FOR JULY 27 2014...

CLIMATE NORMAL PERIOD 1981 TO 2010
CLIMATE RECORD PERIOD 1901 TO 2014


WEATHER ITEM   OBSERVED TIME   RECORD YEAR NORMAL DEPARTURE LAST
                VALUE   (LST)  VALUE       VALUE  FROM      YEAR
                                                  NORMAL
..................................................................
TEMPERATURE (F)
 YESTERDAY
  MAXIMUM         95    257 PM 108    1934  97     -2       94
  MINIMUM         75    203 AM  49    1907  71      4       68
  AVERAGE         85                        84      1       81

PRECIPITATION (IN)
  YESTERDAY        0.00          1.10 2013   0.03  -0.03     1.10
  MONTH TO DATE    1.14                      0.64   0.50     1.33
  SINCE OCT 1      2.81                      6.29  -3.48     3.69
  SINCE JAN 1      1.93                      4.19  -2.26     2.52

DEGREE DAYS
 HEATING
  YESTERDAY        0                         0      0        0
  MONTH TO DATE    0                         0      0        0
  SINCE JUN 1      0                         3     -3        0
  SINCE JUL 1      0                         0      0        0

 COOLING
  YESTERDAY       20                        19      1       16
  MONTH TO DATE  505                       499      6      561
  SINCE JUN 1    945                       884     61     1061
  SINCE JAN 1   1170                      1082     88     1283
..................................................................


WIND (MPH)
  RESULTANT WIND SPEED   6   RESULTANT WIND DIRECTION  SW (220)
  HIGHEST WIND SPEED    23   HIGHEST WIND DIRECTION    SW (240)
  HIGHEST GUST SPEED    27   HIGHEST GUST DIRECTION    SW (230)
  AVERAGE WIND SPEED     9.2


SKY COVER
  POSSIBLE SUNSHINE  MM
  AVERAGE SKY COVER 0.1


WEATHER CONDITIONS
 THE FOLLOWING WEATHER WAS RECORDED YESTERDAY.
  HAZE


RELATIVE HUMIDITY (PERCENT)
 HIGHEST    54           100 AM
 LOWEST     24           300 PM
 AVERAGE    39

..........................................................


THE KINGMAN AZ CLIMATE NORMALS FOR TODAY
                         NORMAL    RECORD    YEAR
 MAXIMUM TEMPERATURE (F)   97       107      1972
 MINIMUM TEMPERATURE (F)   71        54      1907


SUNRISE AND SUNSET
JULY 28 2014..........SUNRISE   542 AM MST   SUNSET   742 PM MST
JULY 29 2014..........SUNRISE   542 AM MST   SUNSET   742 PM MST


-  INDICATES NEGATIVE NUMBERS.
R  INDICATES RECORD WAS SET OR TIED.
MM INDICATES DATA IS MISSING.
T  INDICATES TRACE AMOUNT.




$$
