440
CDUS45 KVEF 010033
CLIIGM


CLIMATE REPORT
NATIONAL WEATHER SERVICE LAS VEGAS, NV
533 PM PDT SAT APR 30 2016


...................................

...THE KINGMAN AZ CLIMATE SUMMARY FOR APRIL 30 2016...
VALID TODAY AS OF 0500 PM LOCAL TIME.

CLIMATE NORMAL PERIOD 1981 TO 2010
CLIMATE RECORD PERIOD 1901 TO 2016


WEATHER ITEM   OBSERVED TIME   RECORD YEAR NORMAL DEPARTURE LAST
                VALUE   (LST)  VALUE       VALUE  FROM      YEAR
                                                  NORMAL
..................................................................
TEMPERATURE (F)
 TODAY
  MAXIMUM         60    825 AM  92    1943  79    -19       90
  MINIMUM         47   1158 AM  29    1967  48     -1       54
  AVERAGE         54                        63     -9       72

PRECIPITATION (IN)
  TODAY            0.25          0.40 1931   0.01   0.24     0.00
  MONTH TO DATE    1.37                      0.41   0.96     0.11
  SINCE OCT 1      4.23                      5.43  -1.20     4.94
  SINCE JAN 1      2.71                      3.33  -0.62     2.81

DEGREE DAYS
 HEATING
  TODAY           11                         4      7        0
  MONTH TO DATE  150                       215    -65      214
  SINCE MAR 1    429                       633   -204      462
  SINCE JUL 1   2781                      3046   -265     2442

 COOLING
  TODAY            0                         2     -2        7
  MONTH TO DATE   18                        28    -10       16
  SINCE MAR 1     20                        31    -11       18
  SINCE JAN 1     20                        31    -11       18
..................................................................


WIND (MPH)
  RESULTANT WIND SPEED   6   RESULTANT WIND DIRECTION  SE (150)
  HIGHEST WIND SPEED    23   HIGHEST WIND DIRECTION     W (280)
  HIGHEST GUST SPEED    35   HIGHEST GUST DIRECTION    SW (230)
  AVERAGE WIND SPEED    10.7


SKY COVER
  POSSIBLE SUNSHINE  MM
  AVERAGE SKY COVER 0.6


WEATHER CONDITIONS
 THE FOLLOWING WEATHER WAS RECORDED TODAY.
  THUNDERSTORM
  RAIN
  LIGHT RAIN
  FOG


RELATIVE HUMIDITY (PERCENT)
 HIGHEST    80           100 PM
 LOWEST     37          1200 AM
 AVERAGE    59

..........................................................


THE KINGMAN AZ CLIMATE NORMALS FOR TOMORROW
                         NORMAL    RECORD    YEAR
 MAXIMUM TEMPERATURE (F)   79        92      1985
 MINIMUM TEMPERATURE (F)   48        30      1967


SUNRISE AND SUNSET
APRIL 30 2016.........SUNRISE   545 AM MST   SUNSET   721 PM MST
MAY  1 2016...........SUNRISE   544 AM MST   SUNSET   722 PM MST


-  INDICATES NEGATIVE NUMBERS.
R  INDICATES RECORD WAS SET OR TIED.
MM INDICATES DATA IS MISSING.
T  INDICATES TRACE AMOUNT.




$$
