000
CDUS45 KIGM 250825
CLIIGM


CLIMATE REPORT
NATIONAL WEATHER SERVICE LAS VEGAS, NV
125 AM PDT FRI JUL 25 2014


...................................

...THE KINGMAN AZ CLIMATE SUMMARY FOR JULY 24 2014...

CLIMATE NORMAL PERIOD 1981 TO 2010
CLIMATE RECORD PERIOD 1901 TO 2014


WEATHER ITEM   OBSERVED TIME   RECORD YEAR NORMAL DEPARTURE LAST
                VALUE   (LST)  VALUE       VALUE  FROM      YEAR
                                                  NORMAL
..................................................................
TEMPERATURE (F)
 YESTERDAY
  MAXIMUM        105    240 PM 107    1928  97      8      101
  MINIMUM         73    537 AM  57    1977  71      2       72
  AVERAGE         89                        84      5       87

PRECIPITATION (IN)
  YESTERDAY        0.00          1.00 1954   0.03  -0.03      T
  MONTH TO DATE    1.10                      0.55   0.55     0.23
  SINCE OCT 1      2.77                      6.20  -3.43     2.59
  SINCE JAN 1      1.89                      4.10  -2.21     1.42

DEGREE DAYS
 HEATING
  YESTERDAY        0                         0      0        0
  MONTH TO DATE    0                         0      0        0
  SINCE JUN 1      0                         3     -3        0
  SINCE JUL 1      0                         0      0        0

 COOLING
  YESTERDAY       24                        19      5       22
  MONTH TO DATE  446                       442      4      500
  SINCE JUN 1    886                       827     59     1000
  SINCE JAN 1   1111                      1025     86     1222
..................................................................


WIND (MPH)
  RESULTANT WIND SPEED   8   RESULTANT WIND DIRECTION  SE (150)
  HIGHEST WIND SPEED    37   HIGHEST WIND DIRECTION    SE (120)
  HIGHEST GUST SPEED    44   HIGHEST GUST DIRECTION    SE (120)
  AVERAGE WIND SPEED    12.2


SKY COVER
  POSSIBLE SUNSHINE  MM
  AVERAGE SKY COVER 0.0


WEATHER CONDITIONS
 THE FOLLOWING WEATHER WAS RECORDED YESTERDAY.
  HAZE


RELATIVE HUMIDITY (PERCENT)
 HIGHEST    30           500 PM
 LOWEST     12           200 PM
 AVERAGE    21

..........................................................


THE KINGMAN AZ CLIMATE NORMALS FOR TODAY
                         NORMAL    RECORD    YEAR
 MAXIMUM TEMPERATURE (F)   97       107      1943
 MINIMUM TEMPERATURE (F)   71        53      1918


SUNRISE AND SUNSET
JULY 25 2014..........SUNRISE   539 AM MST   SUNSET   745 PM MST
JULY 26 2014..........SUNRISE   540 AM MST   SUNSET   744 PM MST


-  INDICATES NEGATIVE NUMBERS.
R  INDICATES RECORD WAS SET OR TIED.
MM INDICATES DATA IS MISSING.
T  INDICATES TRACE AMOUNT.




$$
