061
CDUS45 KVEF 300826
CLIIGM


CLIMATE REPORT
NATIONAL WEATHER SERVICE LAS VEGAS, NV
126 AM PDT SAT JUL 30 2016


...................................

...THE KINGMAN AZ CLIMATE SUMMARY FOR JULY 29 2016...

CLIMATE NORMAL PERIOD 1981 TO 2010
CLIMATE RECORD PERIOD 1901 TO 2016


WEATHER ITEM   OBSERVED TIME   RECORD YEAR NORMAL DEPARTURE LAST
                VALUE   (LST)  VALUE       VALUE  FROM      YEAR
                                                  NORMAL
..................................................................
TEMPERATURE (F)
 YESTERDAY
  MAXIMUM        107R   236 PM 106    2000  97     10       98
  MINIMUM         77    604 AM  55    1907  71      6       69
  AVERAGE         92                        84      8       84

PRECIPITATION (IN)
  YESTERDAY        0.00          0.50 2005   0.02  -0.02      T
  MONTH TO DATE    0.33                      0.69  -0.36     0.92
  SINCE OCT 1      5.49                      6.34  -0.85     7.53
  SINCE JAN 1      3.97                      4.24  -0.27     5.40

DEGREE DAYS
 HEATING
  YESTERDAY        0                         0      0        0
  MONTH TO DATE    0                         0      0        0
  SINCE JUN 1      0                         3     -3        0
  SINCE JUL 1      0                         0      0        0

 COOLING
  YESTERDAY       27                        19      8       19
  MONTH TO DATE  627                       537     90      472
  SINCE JUN 1   1189                       922    267      949
  SINCE JAN 1   1329                      1120    209     1055
..................................................................


WIND (MPH)
  RESULTANT WIND SPEED   8   RESULTANT WIND DIRECTION   S (200)
  HIGHEST WIND SPEED    24   HIGHEST WIND DIRECTION    NE (40)
  HIGHEST GUST SPEED    30   HIGHEST GUST DIRECTION    NE (40)
  AVERAGE WIND SPEED     9.5


SKY COVER
  POSSIBLE SUNSHINE  MM
  AVERAGE SKY COVER 0.0


WEATHER CONDITIONS
 THE FOLLOWING WEATHER WAS RECORDED YESTERDAY.
  THUNDERSTORM
  LIGHT RAIN


RELATIVE HUMIDITY (PERCENT)
 HIGHEST    32           200 AM
 LOWEST     14           300 PM
 AVERAGE    23

..........................................................


THE KINGMAN AZ CLIMATE NORMALS FOR TODAY
                         NORMAL    RECORD    YEAR
 MAXIMUM TEMPERATURE (F)   97       106      1938
 MINIMUM TEMPERATURE (F)   71        57      1913


SUNRISE AND SUNSET
JULY 30 2016..........SUNRISE   544 AM MST   SUNSET   740 PM MST
JULY 31 2016..........SUNRISE   544 AM MST   SUNSET   739 PM MST


-  INDICATES NEGATIVE NUMBERS.
R  INDICATES RECORD WAS SET OR TIED.
MM INDICATES DATA IS MISSING.
T  INDICATES TRACE AMOUNT.




$$
