000
CDUS45 KVEF 130026
CLIIGM


CLIMATE REPORT
NATIONAL WEATHER SERVICE LAS VEGAS, NV
425 PM PST FRI FEB 12 2016


...................................

...THE KINGMAN AZ CLIMATE SUMMARY FOR FEBRUARY 12 2016...
VALID TODAY AS OF 0400 PM LOCAL TIME.

CLIMATE NORMAL PERIOD 1981 TO 2010
CLIMATE RECORD PERIOD 1901 TO 2016


WEATHER ITEM   OBSERVED TIME   RECORD YEAR NORMAL DEPARTURE LAST
                VALUE   (LST)  VALUE       VALUE  FROM      YEAR
                                                  NORMAL
..................................................................
TEMPERATURE (F)
 TODAY
  MAXIMUM         76R   422 PM  76    1907  59     17       72
  MINIMUM         31    735 AM  20    1965  34     -3       36
  AVERAGE         54                        46      8       54

PRECIPITATION (IN)
  TODAY            0.00          1.15 1962   0.04  -0.04     0.00
  MONTH TO DATE    T                         0.52  -0.52     0.00
  SINCE OCT 1      2.70                      3.64  -0.94     2.95
  SINCE JAN 1      1.18                      1.54  -0.36     0.82

DEGREE DAYS
 HEATING
  TODAY           11                        19     -8       11
  MONTH TO DATE  236                       231      5      119
  SINCE DEC 1   1618                      1570     48     1356
  SINCE JUL 1   2194                      2136     58     1770

 COOLING
  TODAY            0                         0      0        0
  MONTH TO DATE    0                         0      0        0
  SINCE DEC 1      0                         0      0        0
  SINCE JAN 1      0                         0      0        0
..................................................................


WIND (MPH)
  RESULTANT WIND SPEED   2   RESULTANT WIND DIRECTION   N (10)
  HIGHEST WIND SPEED     9   HIGHEST WIND DIRECTION     N (10)
  HIGHEST GUST SPEED    12   HIGHEST GUST DIRECTION     N (10)
  AVERAGE WIND SPEED     2.2


SKY COVER
  POSSIBLE SUNSHINE  MM
  AVERAGE SKY COVER 0.0


WEATHER CONDITIONS
 THE FOLLOWING WEATHER WAS RECORDED TODAY.
  NO SIGNIFICANT WEATHER WAS OBSERVED.


RELATIVE HUMIDITY (PERCENT)
 HIGHEST    69           400 AM
 LOWEST     13           300 PM
 AVERAGE    41

..........................................................


THE KINGMAN AZ CLIMATE NORMALS FOR TOMORROW
                         NORMAL    RECORD    YEAR
 MAXIMUM TEMPERATURE (F)   59        82      1957
 MINIMUM TEMPERATURE (F)   34        12      1905


SUNRISE AND SUNSET
FEBRUARY 12 2016......SUNRISE   726 AM MST   SUNSET   615 PM MST
FEBRUARY 13 2016......SUNRISE   725 AM MST   SUNSET   616 PM MST


-  INDICATES NEGATIVE NUMBERS.
R  INDICATES RECORD WAS SET OR TIED.
MM INDICATES DATA IS MISSING.
T  INDICATES TRACE AMOUNT.




$$
