000
CDUS45 KVEF 190029
CLIIGM


CLIMATE REPORT
NATIONAL WEATHER SERVICE LAS VEGAS, NV
428 PM PST SAT NOV 18 2017


...................................

...THE KINGMAN AZ CLIMATE SUMMARY FOR NOVEMBER 18 2017...
VALID TODAY AS OF 0400 PM LOCAL TIME.

CLIMATE NORMAL PERIOD 1981 TO 2010
CLIMATE RECORD PERIOD 1901 TO 2017


WEATHER ITEM   OBSERVED TIME   RECORD YEAR NORMAL DEPARTURE LAST
                VALUE   (LST)  VALUE       VALUE  FROM      YEAR
                                                  NORMAL
..................................................................
TEMPERATURE (F)
 TODAY
  MAXIMUM         61    209 PM  80    2008  63     -2       63
  MINIMUM         34    726 AM  23    1958  36     -2       29
  AVERAGE         48                        50     -2       46

PRECIPITATION (IN)
  TODAY            0.00          0.46 1940   0.03  -0.03     0.00
  MONTH TO DATE    T                         0.40  -0.40      T
  SINCE OCT 1      T                         1.11  -1.11     0.50
  SINCE JAN 1      7.97                      7.40   0.57     7.93

DEGREE DAYS
 HEATING
  TODAY           17                        15      2       19
  MONTH TO DATE  125                       216    -91       86
  SINCE SEP 1    193                       355   -162      116
  SINCE JUL 1    193                       355   -162      116

 COOLING
  TODAY            0                         0      0        0
  MONTH TO DATE    0                         0      0        2
  SINCE SEP 1    313                       391    -78      368
  SINCE JAN 1   2183                      2092     91     2244
..................................................................


WIND (MPH)
  RESULTANT WIND SPEED  10   RESULTANT WIND DIRECTION  NE (40)
  HIGHEST WIND SPEED    22   HIGHEST WIND DIRECTION     N (340)
  HIGHEST GUST SPEED    28   HIGHEST GUST DIRECTION     N (340)
  AVERAGE WIND SPEED    11.4


SKY COVER
  POSSIBLE SUNSHINE  MM
  AVERAGE SKY COVER 0.0


WEATHER CONDITIONS
 THE FOLLOWING WEATHER WAS RECORDED TODAY.
  NO SIGNIFICANT WEATHER WAS OBSERVED.


RELATIVE HUMIDITY (PERCENT)
 HIGHEST    48           500 AM
 LOWEST     16           200 PM
 AVERAGE    32

..........................................................


THE KINGMAN AZ CLIMATE NORMALS FOR TOMORROW
                         NORMAL    RECORD    YEAR
 MAXIMUM TEMPERATURE (F)   63        80      2007
 MINIMUM TEMPERATURE (F)   36        22      2000


SUNRISE AND SUNSET
NOVEMBER 18 2017......SUNRISE   714 AM MST   SUNSET   528 PM MST
NOVEMBER 19 2017......SUNRISE   715 AM MST   SUNSET   527 PM MST


-  INDICATES NEGATIVE NUMBERS.
R  INDICATES RECORD WAS SET OR TIED.
MM INDICATES DATA IS MISSING.
T  INDICATES TRACE AMOUNT.




$$
