000
CDUS45 KVEF 200026
CLIIGM


CLIMATE REPORT
NATIONAL WEATHER SERVICE LAS VEGAS, NV
425 PM PST FRI JAN 19 2018


...................................

...THE KINGMAN AZ CLIMATE SUMMARY FOR JANUARY 19 2018...
VALID TODAY AS OF 0400 PM LOCAL TIME.

CLIMATE NORMAL PERIOD 1981 TO 2010
CLIMATE RECORD PERIOD 1901 TO 2018


WEATHER ITEM   OBSERVED TIME   RECORD YEAR NORMAL DEPARTURE LAST
                VALUE   (LST)  VALUE       VALUE  FROM      YEAR
                                                  NORMAL
..................................................................
TEMPERATURE (F)
 TODAY
  MAXIMUM         68    331 PM  77    1971  57     11       48
  MINIMUM         42    546 AM  12    1937  31     11       37
  AVERAGE         55                        44     11       43

PRECIPITATION (IN)
  TODAY            0.00          1.16 2010   0.04  -0.04     0.64
  MONTH TO DATE    0.58                      0.60  -0.02     1.06
  SINCE OCT 1      0.58                      2.70  -2.12     4.62
  SINCE JAN 1      0.58                      0.60  -0.02     1.06

DEGREE DAYS
 HEATING
  TODAY           10                        21    -11       22
  MONTH TO DATE  272                       412   -140      363
  SINCE DEC 1    849                      1095   -246     1004
  SINCE JUL 1   1140                      1661   -521     1326

 COOLING
  TODAY            0                         0      0        0
  MONTH TO DATE    0                         0      0        0
  SINCE DEC 1      0                         0      0        0
  SINCE JAN 1      0                         0      0        0
..................................................................


WIND (MPH)
  RESULTANT WIND SPEED  10   RESULTANT WIND DIRECTION   S (170)
  HIGHEST WIND SPEED    29   HIGHEST WIND DIRECTION    SW (210)
  HIGHEST GUST SPEED    35   HIGHEST GUST DIRECTION    SW (210)
  AVERAGE WIND SPEED    13.3


SKY COVER
  POSSIBLE SUNSHINE  MM
  AVERAGE SKY COVER 0.0


WEATHER CONDITIONS
 THE FOLLOWING WEATHER WAS RECORDED TODAY.
  NO SIGNIFICANT WEATHER WAS OBSERVED.


RELATIVE HUMIDITY (PERCENT)
 HIGHEST    49           400 AM
 LOWEST     20           100 PM
 AVERAGE    35

..........................................................


THE KINGMAN AZ CLIMATE NORMALS FOR TOMORROW
                         NORMAL    RECORD    YEAR
 MAXIMUM TEMPERATURE (F)   57        75      1971
 MINIMUM TEMPERATURE (F)   31        12      1937


SUNRISE AND SUNSET
JANUARY 19 2018.......SUNRISE   743 AM MST   SUNSET   551 PM MST
JANUARY 20 2018.......SUNRISE   742 AM MST   SUNSET   552 PM MST


-  INDICATES NEGATIVE NUMBERS.
R  INDICATES RECORD WAS SET OR TIED.
MM INDICATES DATA IS MISSING.
T  INDICATES TRACE AMOUNT.




$$
