000
CDUS45 KIGM 200028
CLIIGM


CLIMATE REPORT
NATIONAL WEATHER SERVICE LAS VEGAS, NV
528 PM PDT TUE AUG 19 2014


...................................

...THE KINGMAN AZ CLIMATE SUMMARY FOR AUGUST 19 2014...
VALID TODAY AS OF 0500 PM LOCAL TIME.

CLIMATE NORMAL PERIOD 1981 TO 2010
CLIMATE RECORD PERIOD 1901 TO 2014


WEATHER ITEM   OBSERVED TIME   RECORD YEAR NORMAL DEPARTURE LAST
                VALUE   (LST)  VALUE       VALUE  FROM      YEAR
                                                  NORMAL
..................................................................
TEMPERATURE (F)
 TODAY
  MAXIMUM         85    127 PM 111    1915  96    -11       95
  MINIMUM         66    350 PM  50    1918  69     -3       65
  AVERAGE         76                        82     -6       80

PRECIPITATION (IN)
  TODAY            0.36          0.56 1957   0.03   0.33     0.20
  MONTH TO DATE    1.22                      0.46   0.76     0.42
  SINCE OCT 1      4.14                      6.86  -2.72     4.26
  SINCE JAN 1      3.26                      4.76  -1.50     3.09

DEGREE DAYS
 HEATING
  TODAY            0                         0      0        0
  MONTH TO DATE    0                         0      0        0
  SINCE JUN 1      0                         3     -3        0
  SINCE JUL 1      0                         0      0        0

 COOLING
  TODAY           11                        17     -6       15
  MONTH TO DATE  280                       346    -66      348
  SINCE JUN 1   1305                      1307     -2     1480
  SINCE JAN 1   1530                      1505     25     1702
..................................................................


WIND (MPH)
  RESULTANT WIND SPEED   4   RESULTANT WIND DIRECTION  SE (140)
  HIGHEST WIND SPEED    35   HIGHEST WIND DIRECTION    NW (300)
  HIGHEST GUST SPEED    42   HIGHEST GUST DIRECTION     W (290)
  AVERAGE WIND SPEED     6.9


SKY COVER
  POSSIBLE SUNSHINE  MM
  AVERAGE SKY COVER 0.8


WEATHER CONDITIONS
 THE FOLLOWING WEATHER WAS RECORDED TODAY.
  THUNDERSTORM
  HEAVY RAIN
  RAIN
  LIGHT RAIN
  FOG


RELATIVE HUMIDITY (PERCENT)
 HIGHEST    84           200 AM
 LOWEST     40           200 PM
 AVERAGE    62

..........................................................


THE KINGMAN AZ CLIMATE NORMALS FOR TOMORROW
                         NORMAL    RECORD    YEAR
 MAXIMUM TEMPERATURE (F)   95       107      1915
 MINIMUM TEMPERATURE (F)   69        53      1918


SUNRISE AND SUNSET
AUGUST 19 2014........SUNRISE   559 AM MST   SUNSET   720 PM MST
AUGUST 20 2014........SUNRISE   559 AM MST   SUNSET   718 PM MST


-  INDICATES NEGATIVE NUMBERS.
R  INDICATES RECORD WAS SET OR TIED.
MM INDICATES DATA IS MISSING.
T  INDICATES TRACE AMOUNT.




$$
