000
CDUS41 KPHI 160632
CLIILG


CLIMATE REPORT
NATIONAL WEATHER SERVICE MOUNT HOLLY NJ
232 AM EDT TUE SEP 16 2014


...................................

...THE WILMINGTON DE CLIMATE SUMMARY FOR SEPTEMBER 15 2014...

CLIMATE NORMAL PERIOD 1981 TO 2010
CLIMATE RECORD PERIOD 1894 TO 2014


WEATHER ITEM   OBSERVED TIME   RECORD YEAR NORMAL DEPARTURE LAST
                VALUE   (LST)  VALUE       VALUE  FROM      YEAR
                                                  NORMAL
..................................................................
TEMPERATURE (F)
 YESTERDAY
  MAXIMUM         73    320 PM  91    1993  78     -5       74
                                      1927
  MINIMUM         47    323 AM  43    1895  59    -12       44
  AVERAGE         60                        68     -8       59

PRECIPITATION (IN)
  YESTERDAY        0.00          2.60 1904   0.16  -0.16     0.00
  MONTH TO DATE    1.46                      1.96  -0.50     0.45
  SINCE SEP 1      1.46                      1.96  -0.50     0.45
  SINCE JAN 1     39.53                     30.72   8.81    36.78

SNOWFALL (IN)
  YESTERDAY        0.0           0.0  1894   0.0    0.0      0.0
  MONTH TO DATE    0.0                       0.0    0.0      0.0
  SINCE SEP 1      0.0                       0.0    0.0      0.0
  SINCE JUL 1      0.0                       0.0    0.0      0.0
  SNOW DEPTH       0

DEGREE DAYS
 HEATING
  YESTERDAY        5                         1      4        6
  MONTH TO DATE   13                         8      5       15
  SINCE SEP 1     13                         8      5       15
  SINCE JUL 1     13                        10      3       15

 COOLING
  YESTERDAY        0                         4     -4        0
  MONTH TO DATE  125                        92     33      104
  SINCE SEP 1    125                        92     33      104
  SINCE JAN 1   1031                      1085    -54     1189
..................................................................


WIND (MPH)
  HIGHEST WIND SPEED    10   HIGHEST WIND DIRECTION     S (170)
  HIGHEST GUST SPEED    15   HIGHEST GUST DIRECTION    NE (60)
  AVERAGE WIND SPEED     3.9


SKY COVER
  POSSIBLE SUNSHINE  MM
  AVERAGE SKY COVER 0.0


WEATHER CONDITIONS
 THE FOLLOWING WEATHER WAS RECORDED YESTERDAY.
  NO SIGNIFICANT WEATHER WAS OBSERVED.


RELATIVE HUMIDITY (PERCENT)
 HIGHEST    93           100 AM
 LOWEST     44           300 PM
 AVERAGE    69

..........................................................


THE WILMINGTON DE CLIMATE NORMALS FOR TODAY
                         NORMAL    RECORD    YEAR
 MAXIMUM TEMPERATURE (F)   78        94      1970
 MINIMUM TEMPERATURE (F)   58        40      1984


SUNRISE AND SUNSET
SEPTEMBER 16 2014.....SUNRISE   644 AM EDT   SUNSET   709 PM EDT
SEPTEMBER 17 2014.....SUNRISE   645 AM EDT   SUNSET   708 PM EDT


-  INDICATES NEGATIVE NUMBERS.
R  INDICATES RECORD WAS SET OR TIED.
MM INDICATES DATA IS MISSING.
T  INDICATES TRACE AMOUNT.




$$
