000
CDUS41 KPHI 202128
CLIILG


CLIMATE REPORT
NATIONAL WEATHER SERVICE MOUNT HOLLY NJ
426 PM EST MON FEB 20 2017


...................................

...THE WILMINGTON DE CLIMATE SUMMARY FOR FEBRUARY 20 2017...
VALID TODAY AS OF 0400 PM LOCAL TIME.

CLIMATE NORMAL PERIOD 1981 TO 2010
CLIMATE RECORD PERIOD 1894 TO 2017


WEATHER ITEM   OBSERVED TIME   RECORD YEAR NORMAL DEPARTURE LAST
                VALUE   (LST)  VALUE       VALUE  FROM      YEAR
                                                  NORMAL
..................................................................
TEMPERATURE (F)
 TODAY
  MAXIMUM         60    352 PM  71    1930  45     15       62
  MINIMUM         39    714 AM   2    2015  28     11       35
  AVERAGE         50                        36     14       49

PRECIPITATION (IN)
  TODAY            0.00          2.79 1924   0.10  -0.10     0.00
  MONTH TO DATE    0.86                      1.90  -1.04     2.77
  SINCE DEC 1      6.12                      8.39  -2.27    10.28
  SINCE JAN 1      3.53                      4.91  -1.38     5.07

SNOWFALL (IN)
  TODAY            0.0           6.0  1947   0.3   -0.3      0.0
  MONTH TO DATE    1.1                       6.4   -5.3      5.8
  SINCE DEC 1      5.6                      15.7  -10.1     22.7
  SINCE JUL 1      5.6                      16.1  -10.5     22.7
  SNOW DEPTH       0

DEGREE DAYS
 HEATING
  TODAY           15                        29    -14       16
  MONTH TO DATE  486                       614   -128      633
  SINCE DEC 1   2158                      2503   -345     2119
  SINCE JUL 1   2882                      3401   -519     2823

 COOLING
  TODAY            0                         0      0        0
  MONTH TO DATE    0                         0      0        0
  SINCE DEC 1      0                         0      0        1
  SINCE JAN 1      0                         0      0        0
..................................................................


WIND (MPH)
  HIGHEST WIND SPEED    18   HIGHEST WIND DIRECTION    NW (320)
  HIGHEST GUST SPEED    24   HIGHEST GUST DIRECTION    NW (320)
  AVERAGE WIND SPEED     9.3


SKY COVER
  POSSIBLE SUNSHINE  MM
  AVERAGE SKY COVER 0.0


WEATHER CONDITIONS
 THE FOLLOWING WEATHER WAS RECORDED TODAY.
  NO SIGNIFICANT WEATHER WAS OBSERVED.


RELATIVE HUMIDITY (PERCENT)
 HIGHEST    67           700 AM
 LOWEST     29           400 PM
 AVERAGE    48

..........................................................


THE WILMINGTON DE CLIMATE NORMALS FOR TOMORROW
                         NORMAL    RECORD    YEAR
 MAXIMUM TEMPERATURE (F)   45        70      1953
 MINIMUM TEMPERATURE (F)   28         3      2015


SUNRISE AND SUNSET
FEBRUARY 20 2017......SUNRISE   648 AM EST   SUNSET   545 PM EST
FEBRUARY 21 2017......SUNRISE   646 AM EST   SUNSET   546 PM EST


-  INDICATES NEGATIVE NUMBERS.
R  INDICATES RECORD WAS SET OR TIED.
MM INDICATES DATA IS MISSING.
T  INDICATES TRACE AMOUNT.




$$
