000
CDUS41 KPHI 020628
CLIILG


CLIMATE REPORT
NATIONAL WEATHER SERVICE MOUNT HOLLY NJ
127 AM EST MON MAR 2 2015


...................................

...THE WILMINGTON DE CLIMATE SUMMARY FOR MARCH 1 2015...

CLIMATE NORMAL PERIOD 1981 TO 2010
CLIMATE RECORD PERIOD 1894 TO 2015


WEATHER ITEM   OBSERVED TIME   RECORD YEAR NORMAL DEPARTURE LAST
                VALUE   (LST)  VALUE       VALUE  FROM      YEAR
                                                  NORMAL
..................................................................
TEMPERATURE (F)
 YESTERDAY
  MAXIMUM         32   1148 PM  75    1972  47    -15       41
  MINIMUM         17    153 AM   6    1980  29    -12       13
  AVERAGE         25                        38    -13       27

PRECIPITATION (IN)
  YESTERDAY        0.54          0.96 1954   0.10   0.44     0.00
  MONTH TO DATE    0.54                      0.10   0.44     0.00
  SINCE MAR 1      0.54                      0.10   0.44     0.00
  SINCE JAN 1      7.15                      5.79   1.36     8.58

SNOWFALL (IN)
  YESTERDAY        0.3           5.5  1952   0.1    0.2      0.0
  MONTH TO DATE    0.3                       0.1    0.2      0.0
  SINCE MAR 1      0.3                       0.1    0.2      0.0
  SINCE JUL 1     15.1                      18.1   -3.0     48.4
  SNOW DEPTH       2

DEGREE DAYS
 HEATING
  YESTERDAY       40                        27     13       38
  MONTH TO DATE   40                        27     13       38
  SINCE MAR 1     40                        27     13       38
  SINCE JUL 1   3879                      3650    229     3893

 COOLING
  YESTERDAY        0                         0      0        0
  MONTH TO DATE    0                         0      0        0
  SINCE MAR 1      0                         0      0        0
  SINCE JAN 1      0                         0      0        0
..................................................................


WIND (MPH)
  HIGHEST WIND SPEED    17   HIGHEST WIND DIRECTION     S (190)
  HIGHEST GUST SPEED    21   HIGHEST GUST DIRECTION     S (180)
  AVERAGE WIND SPEED     4.3


SKY COVER
  POSSIBLE SUNSHINE  MM
  AVERAGE SKY COVER 0.9


WEATHER CONDITIONS
 THE FOLLOWING WEATHER WAS RECORDED YESTERDAY.
  FREEZING RAIN
  LT FREEZING RAIN
  LIGHT SNOW
  FOG
  HAZE


RELATIVE HUMIDITY (PERCENT)
 HIGHEST   100           800 PM
 LOWEST     47          1200 AM
 AVERAGE    74

..........................................................


THE WILMINGTON DE CLIMATE NORMALS FOR TODAY
                         NORMAL    RECORD    YEAR
 MAXIMUM TEMPERATURE (F)   48        77      1972
 MINIMUM TEMPERATURE (F)   30        10      1980


SUNRISE AND SUNSET
MARCH  2 2015.........SUNRISE   634 AM EST   SUNSET   555 PM EST
MARCH  3 2015.........SUNRISE   633 AM EST   SUNSET   556 PM EST


-  INDICATES NEGATIVE NUMBERS.
R  INDICATES RECORD WAS SET OR TIED.
MM INDICATES DATA IS MISSING.
T  INDICATES TRACE AMOUNT.




$$
