000
CDUS41 KPHI 030626
CLIILG


CLIMATE REPORT
NATIONAL WEATHER SERVICE MOUNT HOLLY NJ
226 AM EDT THU SEP 3 2015


...................................

...THE WILMINGTON DE CLIMATE SUMMARY FOR SEPTEMBER 2 2015...

CLIMATE NORMAL PERIOD 1981 TO 2010
CLIMATE RECORD PERIOD 1894 TO 2015


WEATHER ITEM   OBSERVED TIME   RECORD YEAR NORMAL DEPARTURE LAST
                VALUE   (LST)  VALUE       VALUE  FROM      YEAR
                                                  NORMAL
..................................................................
TEMPERATURE (F)
 YESTERDAY
  MAXIMUM         93    247 PM 100    1953  82     11       91
  MINIMUM         68    603 AM  49    1948  63      5       73
  AVERAGE         81                        72      9       82

PRECIPITATION (IN)
  YESTERDAY        0.00          2.95 1910   0.12  -0.12     0.61
  MONTH TO DATE    0.00                      0.23  -0.23     0.61
  SINCE SEP 1      0.00                      0.23  -0.23     0.61
  SINCE JAN 1     35.04                     28.99   6.05    38.68

SNOWFALL (IN)
  YESTERDAY        0.0           0.0  1894   0.0    0.0      0.0
  MONTH TO DATE    0.0                       0.0    0.0      0.0
  SINCE SEP 1      0.0                       0.0    0.0      0.0
  SINCE JUL 1      0.0                       0.0    0.0      0.0
  SNOW DEPTH       0

DEGREE DAYS
 HEATING
  YESTERDAY        0                         0      0        0
  MONTH TO DATE    0                         0      0        0
  SINCE SEP 1      0                         0      0        0
  SINCE JUL 1      0                         2     -2        0

 COOLING
  YESTERDAY       16                         8      8       17
  MONTH TO DATE   33                        16     17       32
  SINCE SEP 1     33                        16     17       32
  SINCE JAN 1   1180                      1009    171      938
..................................................................


WIND (MPH)
  HIGHEST WIND SPEED    14   HIGHEST WIND DIRECTION    NW (310)
  HIGHEST GUST SPEED    17   HIGHEST GUST DIRECTION    NW (310)
  AVERAGE WIND SPEED     5.1


SKY COVER
  POSSIBLE SUNSHINE  MM
  AVERAGE SKY COVER 0.1


WEATHER CONDITIONS
 THE FOLLOWING WEATHER WAS RECORDED YESTERDAY.
  FOG
  HAZE


RELATIVE HUMIDITY (PERCENT)
 HIGHEST   100           200 AM
 LOWEST     30           400 PM
 AVERAGE    65

..........................................................


THE WILMINGTON DE CLIMATE NORMALS FOR TODAY
                         NORMAL    RECORD    YEAR
 MAXIMUM TEMPERATURE (F)   82       100      1953
 MINIMUM TEMPERATURE (F)   63        48      1967


SUNRISE AND SUNSET
SEPTEMBER  3 2015.....SUNRISE   632 AM EDT   SUNSET   731 PM EDT
SEPTEMBER  4 2015.....SUNRISE   633 AM EDT   SUNSET   729 PM EDT


-  INDICATES NEGATIVE NUMBERS.
R  INDICATES RECORD WAS SET OR TIED.
MM INDICATES DATA IS MISSING.
T  INDICATES TRACE AMOUNT.




$$
