000
CDUS41 KPHI 040628
CLIILG


CLIMATE REPORT
NATIONAL WEATHER SERVICE MOUNT HOLLY NJ
227 AM EDT WED MAY 4 2016


...................................

...THE WILMINGTON DE CLIMATE SUMMARY FOR MAY 3 2016...

CLIMATE NORMAL PERIOD 1981 TO 2010
CLIMATE RECORD PERIOD 1894 TO 2016


WEATHER ITEM   OBSERVED TIME   RECORD YEAR NORMAL DEPARTURE LAST
                VALUE   (LST)  VALUE       VALUE  FROM      YEAR
                                                  NORMAL
..................................................................
TEMPERATURE (F)
 YESTERDAY
  MAXIMUM         59    103 AM  90    1913  69    -10       81
  MINIMUM         53   1159 PM  33    2005  48      5       50
                                      1941
  AVERAGE         56                        59     -3       66

PRECIPITATION (IN)
  YESTERDAY        0.33          1.38 1934   0.11   0.22     0.00
  MONTH TO DATE    0.94                      0.33   0.61     0.00
  SINCE MAR 1      4.58                      7.75  -3.17     9.68
  SINCE JAN 1     11.31                     13.44  -2.13    16.29

SNOWFALL (IN)
  YESTERDAY        0.0           0.0  1894   0.0    0.0      0.0
  MONTH TO DATE    0.0                       0.0    0.0      0.0
  SINCE MAR 1      2.7                       2.2    0.5      8.6
  SINCE JUL 1     25.4                      20.2    5.2     23.4
  SNOW DEPTH       0

DEGREE DAYS
 HEATING
  YESTERDAY        9                         7      2        0
  MONTH TO DATE   32                        21     11       17
  SINCE MAR 1    913                      1067   -154     1179
  SINCE JUL 1   3921                      4690   -769     5018

 COOLING
  YESTERDAY        0                         1     -1        1
  MONTH TO DATE    0                         3     -3        1
  SINCE MAR 1     14                        15     -1        5
  SINCE JAN 1     14                        15     -1        5
..................................................................


WIND (MPH)
  HIGHEST WIND SPEED    15   HIGHEST WIND DIRECTION    NE (40)
  HIGHEST GUST SPEED    18   HIGHEST GUST DIRECTION    NE (50)
  AVERAGE WIND SPEED     8.9


SKY COVER
  POSSIBLE SUNSHINE  MM
  AVERAGE SKY COVER 1.0


WEATHER CONDITIONS
 THE FOLLOWING WEATHER WAS RECORDED YESTERDAY.
  HEAVY RAIN
  RAIN
  LIGHT RAIN
  FOG


RELATIVE HUMIDITY (PERCENT)
 HIGHEST   100           400 AM
 LOWEST     80           300 PM
 AVERAGE    90

..........................................................


THE WILMINGTON DE CLIMATE NORMALS FOR TODAY
                         NORMAL    RECORD    YEAR
 MAXIMUM TEMPERATURE (F)   70        88      1965
 MINIMUM TEMPERATURE (F)   49        34      1957


SUNRISE AND SUNSET
MAY  4 2016...........SUNRISE   559 AM EDT   SUNSET   800 PM EDT
MAY  5 2016...........SUNRISE   558 AM EDT   SUNSET   801 PM EDT


-  INDICATES NEGATIVE NUMBERS.
R  INDICATES RECORD WAS SET OR TIED.
MM INDICATES DATA IS MISSING.
T  INDICATES TRACE AMOUNT.




$$
