000
CDUS41 KPHI 220627
CLIILG


CLIMATE REPORT
NATIONAL WEATHER SERVICE MOUNT HOLLY NJ
127 AM EST SAT NOV 22 2014


...................................

...THE WILMINGTON DE CLIMATE SUMMARY FOR NOVEMBER 21 2014...

CLIMATE NORMAL PERIOD 1981 TO 2010
CLIMATE RECORD PERIOD 1894 TO 2014


WEATHER ITEM   OBSERVED TIME   RECORD YEAR NORMAL DEPARTURE LAST
                VALUE   (LST)  VALUE       VALUE  FROM      YEAR
                                                  NORMAL
..................................................................
TEMPERATURE (F)
 YESTERDAY
  MAXIMUM         37    312 PM  73    1931  54    -17       54
  MINIMUM         26   1159 PM  19    1984  36    -10       27
  AVERAGE         32                        45    -13       41

PRECIPITATION (IN)
  YESTERDAY        0.00          2.03 1952   0.11  -0.11     0.00
  MONTH TO DATE    2.72                      2.09   0.63     0.39
  SINCE SEP 1      8.35                      9.83  -1.48     4.28
  SINCE JAN 1     46.42                     38.59   7.83    40.61

SNOWFALL (IN)
  YESTERDAY        0.0           0.2  2008   0.0    0.0      0.0
  MONTH TO DATE    T                         0.1   -0.1       T
  SINCE SEP 1      T                         0.1   -0.1       T
  SINCE JUL 1      T                         0.1   -0.1       T
  SNOW DEPTH       0

DEGREE DAYS
 HEATING
  YESTERDAY       33                        20     13       24
  MONTH TO DATE  442                       357     85      379
  SINCE SEP 1    697                       699     -2      675
  SINCE JUL 1    697                       701     -4      675

 COOLING
  YESTERDAY        0                         0      0        0
  MONTH TO DATE    0                         0      0        0
  SINCE SEP 1    167                       152     15      156
  SINCE JAN 1   1073                      1145    -72     1241
..................................................................


WIND (MPH)
  HIGHEST WIND SPEED    26   HIGHEST WIND DIRECTION    NW (310)
  HIGHEST GUST SPEED    34   HIGHEST GUST DIRECTION    NW (300)
  AVERAGE WIND SPEED    12.0


SKY COVER
  POSSIBLE SUNSHINE  MM
  AVERAGE SKY COVER 0.0


WEATHER CONDITIONS
 THE FOLLOWING WEATHER WAS RECORDED YESTERDAY.
  NO SIGNIFICANT WEATHER WAS OBSERVED.


RELATIVE HUMIDITY (PERCENT)
 HIGHEST    50          1000 PM
 LOWEST     29          1200 PM
 AVERAGE    40

..........................................................


THE WILMINGTON DE CLIMATE NORMALS FOR TODAY
                         NORMAL    RECORD    YEAR
 MAXIMUM TEMPERATURE (F)   53        72      2007
 MINIMUM TEMPERATURE (F)   36        17      1964


SUNRISE AND SUNSET
NOVEMBER 22 2014......SUNRISE   655 AM EST   SUNSET   442 PM EST
NOVEMBER 23 2014......SUNRISE   656 AM EST   SUNSET   442 PM EST


-  INDICATES NEGATIVE NUMBERS.
R  INDICATES RECORD WAS SET OR TIED.
MM INDICATES DATA IS MISSING.
T  INDICATES TRACE AMOUNT.




$$
