000
CDUS42 KILM 280846
CLIILM


CLIMATE REPORT
NATIONAL WEATHER SERVICE WILMINGTON NC
445 AM EDT MON JUL 28 2014


...................................

...THE WILMINGTON NC CLIMATE SUMMARY FOR JULY 27 2014...

CLIMATE NORMAL PERIOD 1981 TO 2010
CLIMATE RECORD PERIOD 1871 TO 2014


WEATHER ITEM   OBSERVED TIME   RECORD YEAR NORMAL DEPARTURE LAST
                VALUE   (LST)  VALUE       VALUE  FROM      YEAR
                                                  NORMAL
..................................................................
TEMPERATURE (F)
 YESTERDAY
  MAXIMUM         94    458 PM 101    2012  90      4       85
  MINIMUM         78    533 AM  60    1920  73      5       69
  AVERAGE         86                        81      5       77

PRECIPITATION (IN)
  YESTERDAY        0.00          2.97 1881   0.26  -0.26     0.00
  MONTH TO DATE   10.80                      6.47   4.33     4.64
  SINCE JUN 1     13.28                     11.65   1.63    16.10
  SINCE JAN 1     32.52                     30.55   1.97    32.81

DEGREE DAYS
 HEATING
  YESTERDAY        0                         0      0        0
  MONTH TO DATE    0                         0      0        0
  SINCE JUN 1      0                         2     -2        0
  SINCE JUL 1      0                         0      0        0

 COOLING
  YESTERDAY       21                        16      5       12
  MONTH TO DATE  414                       432    -18      411
  SINCE JUN 1    854                       817     37      791
  SINCE JAN 1   1261                      1098    163     1017
..................................................................


WIND (MPH)
  HIGHEST WIND SPEED    17   HIGHEST WIND DIRECTION     W (260)
  HIGHEST GUST SPEED    23   HIGHEST GUST DIRECTION     W (270)
  AVERAGE WIND SPEED     9.0


SKY COVER
  POSSIBLE SUNSHINE  MM
  AVERAGE SKY COVER 0.0


WEATHER CONDITIONS
 THE FOLLOWING WEATHER WAS RECORDED YESTERDAY.
  FOG


RELATIVE HUMIDITY (PERCENT)
 HIGHEST    97          1200 AM
 LOWEST     44           500 PM
 AVERAGE    71

..........................................................


THE WILMINGTON NC CLIMATE NORMALS FOR TODAY
                         NORMAL    RECORD    YEAR
 MAXIMUM TEMPERATURE (F)   90       102      1936
 MINIMUM TEMPERATURE (F)   73        58      1920


SUNRISE AND SUNSET
JULY 28 2014..........SUNRISE   620 AM EDT   SUNSET   816 PM EDT
JULY 29 2014..........SUNRISE   620 AM EDT   SUNSET   815 PM EDT


-  INDICATES NEGATIVE NUMBERS.
R  INDICATES RECORD WAS SET OR TIED.
MM INDICATES DATA IS MISSING.
T  INDICATES TRACE AMOUNT.




$$
