000
CDUS42 KILM 260841
CLIILM


CLIMATE REPORT
NATIONAL WEATHER SERVICE WILMINGTON NC
440 AM EDT MON SEP 26 2016


...................................

...THE WILMINGTON NC CLIMATE SUMMARY FOR SEPTEMBER 25 2016...

CLIMATE NORMAL PERIOD 1981 TO 2010
CLIMATE RECORD PERIOD 1871 TO 2016


WEATHER ITEM   OBSERVED TIME   RECORD YEAR NORMAL DEPARTURE LAST
                VALUE   (LST)  VALUE       VALUE  FROM      YEAR
                                                  NORMAL
..................................................................
TEMPERATURE (F)
 YESTERDAY
  MAXIMUM         83    137 PM  93    2010  82      1       78
                                      1986
  MINIMUM         67   1148 PM  42    1887  63      4       71
  AVERAGE         75                        72      3       75

PRECIPITATION (IN)
  YESTERDAY        0.00          4.16 2008   0.26  -0.26     1.24
  MONTH TO DATE   14.34                      6.66   7.68     3.73
  SINCE SEP 1     14.34                      6.66   7.68     3.73
  SINCE JAN 1     55.88                     45.63  10.25    43.67

DEGREE DAYS
 HEATING
  YESTERDAY        0                         0      0        0
  MONTH TO DATE    0                         0      0        0
  SINCE SEP 1      0                         0      0        0
  SINCE JUL 1      0                         0      0        0

 COOLING
  YESTERDAY       10                         7      3       10
  MONTH TO DATE  325                       262     63      298
  SINCE SEP 1    325                       262     63      298
  SINCE JAN 1   2195                      1885    310     2083
..................................................................


WIND (MPH)
  HIGHEST WIND SPEED    15   HIGHEST WIND DIRECTION     E (90)
  HIGHEST GUST SPEED    20   HIGHEST GUST DIRECTION     E (90)
  AVERAGE WIND SPEED     7.0


SKY COVER
  POSSIBLE SUNSHINE  MM
  AVERAGE SKY COVER 0.5


WEATHER CONDITIONS
 THE FOLLOWING WEATHER WAS RECORDED YESTERDAY.
  FOG


RELATIVE HUMIDITY (PERCENT)
 HIGHEST   100           100 AM
 LOWEST     69           700 PM
 AVERAGE    85

..........................................................


THE WILMINGTON NC CLIMATE NORMALS FOR TODAY
                         NORMAL    RECORD    YEAR
 MAXIMUM TEMPERATURE (F)   81        93      1993
                                             1986
 MINIMUM TEMPERATURE (F)   62        47      1950
                                             1887
                                             1879


SUNRISE AND SUNSET
SEPTEMBER 26 2016.....SUNRISE   703 AM EDT   SUNSET   702 PM EDT
SEPTEMBER 27 2016.....SUNRISE   704 AM EDT   SUNSET   701 PM EDT


-  INDICATES NEGATIVE NUMBERS.
R  INDICATES RECORD WAS SET OR TIED.
MM INDICATES DATA IS MISSING.
T  INDICATES TRACE AMOUNT.




$$
