000
CDUS42 KILM 192054
CLIILM


CLIMATE REPORT
NATIONAL WEATHER SERVICE WILMINGTON NC
453 PM EDT TUE SEP 19 2017


...................................

...THE WILMINGTON NC CLIMATE SUMMARY FOR SEPTEMBER 19 2017...
VALID TODAY AS OF 0400 PM LOCAL TIME.

CLIMATE NORMAL PERIOD 1981 TO 2010
CLIMATE RECORD PERIOD 1871 TO 2017


WEATHER ITEM   OBSERVED TIME   RECORD YEAR NORMAL DEPARTURE LAST
                VALUE   (LST)  VALUE       VALUE  FROM      YEAR
                                                  NORMAL
..................................................................
TEMPERATURE (F)
 TODAY
  MAXIMUM         87    259 PM  95    1970  83      4       86
                                      1925
  MINIMUM         68    647 AM  50    1889  65      3       71
  AVERAGE         78                        74      4       79

PRECIPITATION (IN)
  TODAY            0.00          6.57 1955   0.25  -0.25     1.24
  MONTH TO DATE    3.77                      5.16  -1.39    10.29
  SINCE SEP 1      3.77                      5.16  -1.39    10.29
  SINCE JAN 1     51.15                     44.13   7.02    51.83

DEGREE DAYS
 HEATING
  TODAY            0                         0      0        0
  MONTH TO DATE    0                         0      0        0
  SINCE SEP 1      0                         0      0        0
  SINCE JUL 1      0                         0      0        0

 COOLING
  TODAY           13                         9      4       14
  MONTH TO DATE  205                       214     -9      258
  SINCE SEP 1    205                       214     -9      258
  SINCE JAN 1   2019                      1837    182     2128
..................................................................


WIND (MPH)
  HIGHEST WIND SPEED    16   HIGHEST WIND DIRECTION     N (340)
  HIGHEST GUST SPEED    23   HIGHEST GUST DIRECTION     N (350)
  AVERAGE WIND SPEED     8.2


SKY COVER
  POSSIBLE SUNSHINE  MM
  AVERAGE SKY COVER 0.2


WEATHER CONDITIONS
 THE FOLLOWING WEATHER WAS RECORDED TODAY.
  NO SIGNIFICANT WEATHER WAS OBSERVED.


RELATIVE HUMIDITY (PERCENT)
 HIGHEST    97          1200 AM
 LOWEST     46           300 PM
 AVERAGE    72

..........................................................


THE WILMINGTON NC CLIMATE NORMALS FOR TOMORROW
                         NORMAL    RECORD    YEAR
 MAXIMUM TEMPERATURE (F)   83        95      1942
                                             1893
 MINIMUM TEMPERATURE (F)   64        51      1981
                                             1929
                                             1889


SUNRISE AND SUNSET
SEPTEMBER 19 2017.....SUNRISE   658 AM EDT   SUNSET   712 PM EDT
SEPTEMBER 20 2017.....SUNRISE   658 AM EDT   SUNSET   711 PM EDT


-  INDICATES NEGATIVE NUMBERS.
R  INDICATES RECORD WAS SET OR TIED.
MM INDICATES DATA IS MISSING.
T  INDICATES TRACE AMOUNT.




$$
