000
CDUS42 KILM 210844
CLIILM


CLIMATE REPORT
NATIONAL WEATHER SERVICE WILMINGTON NC
444 AM EDT FRI JUL 21 2017


...................................

...THE WILMINGTON NC CLIMATE SUMMARY FOR JULY 20 2017...

CLIMATE NORMAL PERIOD 1981 TO 2010
CLIMATE RECORD PERIOD 1871 TO 2017


WEATHER ITEM   OBSERVED TIME   RECORD YEAR NORMAL DEPARTURE LAST
                VALUE   (LST)  VALUE       VALUE  FROM      YEAR
                                                  NORMAL
..................................................................
TEMPERATURE (F)
 YESTERDAY
  MAXIMUM         91   1239 PM  99    2011  90      1       90
                                      1977
                                      1942
  MINIMUM         70    300 AM  63    1910  73     -3       70
                                      1909
                                      1879
  AVERAGE         81                        81      0       80

PRECIPITATION (IN)
  YESTERDAY        0.00          5.68 1924   0.27  -0.27     0.00
  MONTH TO DATE    5.20                      4.64   0.56     4.57
  SINCE JUN 1     15.31                      9.82   5.49    11.20
  SINCE JAN 1     35.81                     28.72   7.09    33.89

DEGREE DAYS
 HEATING
  YESTERDAY        0                         0      0        0
  MONTH TO DATE    0                         0      0        0
  SINCE JUN 1      2                         2      0        0
  SINCE JUL 1      0                         0      0        0

 COOLING
  YESTERDAY       16                        16      0       15
  MONTH TO DATE  360                       320     40      362
  SINCE JUN 1    748                       705     43      780
  SINCE JAN 1   1185                       986    199     1115
..................................................................


WIND (MPH)
  HIGHEST WIND SPEED    13   HIGHEST WIND DIRECTION     S (180)
  HIGHEST GUST SPEED    17   HIGHEST GUST DIRECTION     S (190)
  AVERAGE WIND SPEED     5.4


SKY COVER
  POSSIBLE SUNSHINE  MM
  AVERAGE SKY COVER 0.0


WEATHER CONDITIONS
 THE FOLLOWING WEATHER WAS RECORDED YESTERDAY.
  NO SIGNIFICANT WEATHER WAS OBSERVED.


RELATIVE HUMIDITY (PERCENT)
 HIGHEST   100          1200 AM
 LOWEST     59          1200 PM
 AVERAGE    80

..........................................................


THE WILMINGTON NC CLIMATE NORMALS FOR TODAY
                         NORMAL    RECORD    YEAR
 MAXIMUM TEMPERATURE (F)   90       100      2011
                                             1952
 MINIMUM TEMPERATURE (F)   73        63      1929
                                             1909


SUNRISE AND SUNSET
JULY 21 2017..........SUNRISE   615 AM EDT   SUNSET   821 PM EDT
JULY 22 2017..........SUNRISE   616 AM EDT   SUNSET   820 PM EDT


-  INDICATES NEGATIVE NUMBERS.
R  INDICATES RECORD WAS SET OR TIED.
MM INDICATES DATA IS MISSING.
T  INDICATES TRACE AMOUNT.




$$
