000
CDUS42 KILM 010842
CLIILM


CLIMATE REPORT
NATIONAL WEATHER SERVICE WILMINGTON NC
442 AM EDT SAT AUG 1 2015


...................................

...THE WILMINGTON NC CLIMATE SUMMARY FOR JULY 31 2015...

CLIMATE NORMAL PERIOD 1981 TO 2010
CLIMATE RECORD PERIOD 1871 TO 2015


WEATHER ITEM   OBSERVED TIME   RECORD YEAR NORMAL DEPARTURE LAST
                VALUE   (LST)  VALUE       VALUE  FROM      YEAR
                                                  NORMAL
..................................................................
TEMPERATURE (F)
 YESTERDAY
  MAXIMUM         93    145 PM  99    1999  89      4       86
  MINIMUM         75   1010 PM  60    1914  73      2       69
  AVERAGE         84                        81      3       78

PRECIPITATION (IN)
  YESTERDAY        0.31          3.14 1969   0.25   0.06     0.02
  MONTH TO DATE    3.31                      7.48  -4.17    12.00
  SINCE JUN 1     10.42                     12.66  -2.24    14.48
  SINCE JAN 1     30.99                     31.56  -0.57    33.72

DEGREE DAYS
 HEATING
  YESTERDAY        0                         0      0        0
  MONTH TO DATE    0                         0      0        0
  SINCE JUN 1      0                         2     -2        0
  SINCE JUL 1      0                         0      0        0

 COOLING
  YESTERDAY       19                        16      3       13
  MONTH TO DATE  551                       501     50      468
  SINCE JUN 1   1045                       886    159      908
  SINCE JAN 1   1338                      1167    171     1315
..................................................................


WIND (MPH)
  HIGHEST WIND SPEED    17   HIGHEST WIND DIRECTION     S (200)
  HIGHEST GUST SPEED    21   HIGHEST GUST DIRECTION     S (190)
  AVERAGE WIND SPEED     3.6


SKY COVER
  POSSIBLE SUNSHINE  MM
  AVERAGE SKY COVER 0.5


WEATHER CONDITIONS
 THE FOLLOWING WEATHER WAS RECORDED YESTERDAY.
  THUNDERSTORM
  HEAVY RAIN
  RAIN
  LIGHT RAIN
  FOG


RELATIVE HUMIDITY (PERCENT)
 HIGHEST   100          1100 PM
 LOWEST     60           200 PM
 AVERAGE    80

..........................................................


THE WILMINGTON NC CLIMATE NORMALS FOR TODAY
                         NORMAL    RECORD    YEAR
 MAXIMUM TEMPERATURE (F)   89       103      1999
 MINIMUM TEMPERATURE (F)   72        61      1997


SUNRISE AND SUNSET
AUGUST  1 2015........SUNRISE   622 AM EDT   SUNSET   813 PM EDT
AUGUST  2 2015........SUNRISE   623 AM EDT   SUNSET   812 PM EDT


-  INDICATES NEGATIVE NUMBERS.
R  INDICATES RECORD WAS SET OR TIED.
MM INDICATES DATA IS MISSING.
T  INDICATES TRACE AMOUNT.




$$
