000
CDUS42 KILM 282145
CLIILM


CLIMATE REPORT
NATIONAL WEATHER SERVICE WILMINGTON NC
445 PM EST WED JAN 28 2015


...................................

...THE WILMINGTON NC CLIMATE SUMMARY FOR JANUARY 28 2015...
VALID TODAY AS OF 0400 PM LOCAL TIME.

CLIMATE NORMAL PERIOD 1981 TO 2010
CLIMATE RECORD PERIOD 1871 TO 2015


WEATHER ITEM   OBSERVED TIME   RECORD YEAR NORMAL DEPARTURE LAST
                VALUE   (LST)  VALUE       VALUE  FROM      YEAR
                                                  NORMAL
..................................................................
TEMPERATURE (F)
 TODAY
  MAXIMUM         47    309 PM  79    1974  57    -10       52
  MINIMUM         28    722 AM  14    1940  36     -8       24
  AVERAGE         38                        47     -9       38

PRECIPITATION (IN)
  TODAY            0.00          1.75 1937   0.12  -0.12     0.43
  MONTH TO DATE    4.91                      3.37   1.54     2.52
  SINCE DEC 1      9.90                      6.99   2.91     4.25
  SINCE JAN 1      4.91                      3.37   1.54     2.52

SNOWFALL (IN)
  TODAY            0.0           0.6  2014   0.0    0.0      0.6
  MONTH TO DATE    0.0                       0.4   -0.4      0.6
  SINCE DEC 1      0.0                       1.2   -1.2      0.6
  SINCE JUL 1      0.0                       1.2   -1.2      0.6
  SNOW DEPTH       0

DEGREE DAYS
 HEATING
  TODAY           27                        18      9       27
  MONTH TO DATE  519                       531    -12      576
  SINCE DEC 1    982                      1046    -64      974
  SINCE JUL 1   1435                      1415     20     1376

 COOLING
  TODAY            0                         0      0        0
  MONTH TO DATE    6                         0      6        3
  SINCE DEC 1      6                         5      1       25
  SINCE JAN 1      6                         0      6        3
..................................................................


WIND (MPH)
  HIGHEST WIND SPEED    20   HIGHEST WIND DIRECTION    NW (330)
  HIGHEST GUST SPEED    24   HIGHEST GUST DIRECTION     N (350)
  AVERAGE WIND SPEED    10.9


SKY COVER
  POSSIBLE SUNSHINE  MM
  AVERAGE SKY COVER 0.1


WEATHER CONDITIONS
 THE FOLLOWING WEATHER WAS RECORDED TODAY.
  NO SIGNIFICANT WEATHER WAS OBSERVED.


RELATIVE HUMIDITY (PERCENT)
 HIGHEST    85          1200 AM
 LOWEST     26           400 PM
 AVERAGE    56

..........................................................


THE WILMINGTON NC CLIMATE NORMALS FOR TOMORROW
                         NORMAL    RECORD    YEAR
 MAXIMUM TEMPERATURE (F)   57        78      2002
 MINIMUM TEMPERATURE (F)   36        14      1897


SUNRISE AND SUNSET
JANUARY 28 2015.......SUNRISE   712 AM EST   SUNSET   538 PM EST
JANUARY 29 2015.......SUNRISE   711 AM EST   SUNSET   539 PM EST


-  INDICATES NEGATIVE NUMBERS.
R  INDICATES RECORD WAS SET OR TIED.
MM INDICATES DATA IS MISSING.
T  INDICATES TRACE AMOUNT.




$$
