000
CDUS42 KILM 072140
CLIILM


CLIMATE REPORT
NATIONAL WEATHER SERVICE WILMINGTON NC
440 PM EST SUN FEB 7 2016


...................................

...THE WILMINGTON NC CLIMATE SUMMARY FOR FEBRUARY 7 2016...
VALID TODAY AS OF 0400 PM LOCAL TIME.

CLIMATE NORMAL PERIOD 1981 TO 2010
CLIMATE RECORD PERIOD 1871 TO 2016


WEATHER ITEM   OBSERVED TIME   RECORD YEAR NORMAL DEPARTURE LAST
                VALUE   (LST)  VALUE       VALUE  FROM      YEAR
                                                  NORMAL
..................................................................
TEMPERATURE (F)
 TODAY
  MAXIMUM         40    135 AM  75    1989  59    -19       59
  MINIMUM         35   1254 PM  18    1978  37     -2       29
  AVERAGE         38                        48    -10       44

PRECIPITATION (IN)
  TODAY            1.67R         1.38 2002   0.12   1.55     0.00
  MONTH TO DATE    5.98                      0.89   5.09     1.10
  SINCE DEC 1     15.93                      8.27   7.66    11.07
  SINCE JAN 1     10.43                      4.65   5.78     6.08

SNOWFALL (IN)
  TODAY           MM             0.1  1895   0.0   MM        0.0
  MONTH TO DATE    0.0                       0.1   -0.1      0.0
  SINCE DEC 1      T                         1.3   -1.3      0.0
  SINCE JUL 1      T                         1.3   -1.3      0.0
  SNOW DEPTH       0

DEGREE DAYS
 HEATING
  TODAY           27                        17     10       21
  MONTH TO DATE   81                       124    -43      161
  SINCE DEC 1    884                      1230   -346     1219
  SINCE JUL 1   1114                      1599   -485     1672

 COOLING
  TODAY            0                         0      0        0
  MONTH TO DATE    0                         0      0        0
  SINCE DEC 1     76                         7     69        6
  SINCE JAN 1      0                         2     -2        6
..................................................................


WIND (MPH)
  HIGHEST WIND SPEED    28   HIGHEST WIND DIRECTION     N (340)
  HIGHEST GUST SPEED    39   HIGHEST GUST DIRECTION    NW (330)
  AVERAGE WIND SPEED    18.6


SKY COVER
  POSSIBLE SUNSHINE  MM
  AVERAGE SKY COVER 1.0


WEATHER CONDITIONS
 THE FOLLOWING WEATHER WAS RECORDED TODAY.
  HEAVY RAIN
  RAIN
  LIGHT RAIN
  FOG


RELATIVE HUMIDITY (PERCENT)
 HIGHEST    89           900 AM
 LOWEST     79          1200 AM
 AVERAGE    84

..........................................................


THE WILMINGTON NC CLIMATE NORMALS FOR TOMORROW
                         NORMAL    RECORD    YEAR
 MAXIMUM TEMPERATURE (F)   59        77      1932
 MINIMUM TEMPERATURE (F)   37        10      1895


SUNRISE AND SUNSET
FEBRUARY  7 2016......SUNRISE   705 AM EST   SUNSET   547 PM EST
FEBRUARY  8 2016......SUNRISE   704 AM EST   SUNSET   548 PM EST


-  INDICATES NEGATIVE NUMBERS.
R  INDICATES RECORD WAS SET OR TIED.
MM INDICATES DATA IS MISSING.
T  INDICATES TRACE AMOUNT.




$$
