000
CDUS42 KILM 232044
CLIILM


CLIMATE REPORT
NATIONAL WEATHER SERVICE WILMINGTON NC
443 PM EDT TUE AUG 23 2016


...................................

...THE WILMINGTON NC CLIMATE SUMMARY FOR AUGUST 23 2016...
VALID TODAY AS OF 0400 PM LOCAL TIME.

CLIMATE NORMAL PERIOD 1981 TO 2010
CLIMATE RECORD PERIOD 1871 TO 2016


WEATHER ITEM   OBSERVED TIME   RECORD YEAR NORMAL DEPARTURE LAST
                VALUE   (LST)  VALUE       VALUE  FROM      YEAR
                                                  NORMAL
..................................................................
TEMPERATURE (F)
 TODAY
  MAXIMUM         86    223 PM 100    1968  88     -2       88
  MINIMUM         70    613 AM  57    1930  71     -1       66
  AVERAGE         78                        79     -1       77

PRECIPITATION (IN)
  TODAY            0.00          3.41 1877   0.24  -0.24     0.00
  MONTH TO DATE    6.62                      5.50   1.12     6.78
  SINCE JUN 1     17.96                     18.16  -0.20    17.20
  SINCE JAN 1     40.65                     37.06   3.59    37.77

DEGREE DAYS
 HEATING
  TODAY            0                         0      0        0
  MONTH TO DATE    0                         0      0        0
  SINCE JUN 1      0                         2     -2        0
  SINCE JUL 1      0                         0      0        0

 COOLING
  TODAY           13                        14     -1       12
  MONTH TO DATE  415                       347     68      344
  SINCE JUN 1   1420                      1233    187     1389
  SINCE JAN 1   1755                      1514    241     1682
..................................................................


WIND (MPH)
  HIGHEST WIND SPEED    14   HIGHEST WIND DIRECTION     E (80)
  HIGHEST GUST SPEED    18   HIGHEST GUST DIRECTION     E (90)
  AVERAGE WIND SPEED     5.0


SKY COVER
  POSSIBLE SUNSHINE  MM
  AVERAGE SKY COVER 0.2


WEATHER CONDITIONS
 THE FOLLOWING WEATHER WAS RECORDED TODAY.
  NO SIGNIFICANT WEATHER WAS OBSERVED.


RELATIVE HUMIDITY (PERCENT)
 HIGHEST   100           500 AM
 LOWEST     48           100 PM
 AVERAGE    74

..........................................................


THE WILMINGTON NC CLIMATE NORMALS FOR TOMORROW
                         NORMAL    RECORD    YEAR
 MAXIMUM TEMPERATURE (F)   88        98      2002
 MINIMUM TEMPERATURE (F)   71        59      1888


SUNRISE AND SUNSET
AUGUST 23 2016........SUNRISE   639 AM EDT   SUNSET   749 PM EDT
AUGUST 24 2016........SUNRISE   640 AM EDT   SUNSET   747 PM EDT


-  INDICATES NEGATIVE NUMBERS.
R  INDICATES RECORD WAS SET OR TIED.
MM INDICATES DATA IS MISSING.
T  INDICATES TRACE AMOUNT.




$$
