000
CDUS42 KILM 212153
CLIILM


CLIMATE REPORT
NATIONAL WEATHER SERVICE WILMINGTON NC
450 PM EST FRI NOV 21 2014


...................................

...THE WILMINGTON NC CLIMATE SUMMARY FOR NOVEMBER 21 2014...
VALID TODAY AS OF 0400 PM LOCAL TIME.

CLIMATE NORMAL PERIOD 1981 TO 2010
CLIMATE RECORD PERIOD 1871 TO 2014


WEATHER ITEM   OBSERVED TIME   RECORD YEAR NORMAL DEPARTURE LAST
                VALUE   (LST)  VALUE       VALUE  FROM      YEAR
                                                  NORMAL
..................................................................
TEMPERATURE (F)
 TODAY
  MAXIMUM         57    153 PM  80    1985  67    -10       71
                                      1975
                                      1942
  MINIMUM         37    730 AM  23    1951  44     -7       47
  AVERAGE         47                        55     -8       59

PRECIPITATION (IN)
  TODAY            0.00          3.01 2005   0.11  -0.11     0.01
  MONTH TO DATE    1.08                      2.24  -1.16     1.61
  SINCE SEP 1      8.67                     13.97  -5.30     4.86
  SINCE JAN 1     51.18                     52.94  -1.76    47.35

SNOWFALL (IN)
  TODAY            0.0          MM      MM   0.0    0.0      0.0
  MONTH TO DATE    0.0                       0.0    0.0       T
  SINCE SEP 1      0.0                       0.0    0.0       T
  SINCE JUL 1      0.0                       0.0    0.0       T
  SNOW DEPTH       0

DEGREE DAYS
 HEATING
  TODAY           18                        10      8        6
  MONTH TO DATE  276                       167    109      182
  SINCE SEP 1    335                       264     71      254
  SINCE JUL 1    335                       264     71      254

 COOLING
  TODAY            0                         1     -1        0
  MONTH TO DATE    5                        21    -16       23
  SINCE SEP 1    428                       412     16      402
  SINCE JAN 1   2185                      2035    150     1892
..................................................................


WIND (MPH)
  HIGHEST WIND SPEED    17   HIGHEST WIND DIRECTION     N (360)
  HIGHEST GUST SPEED    21   HIGHEST GUST DIRECTION     N (20)
  AVERAGE WIND SPEED     7.8


SKY COVER
  POSSIBLE SUNSHINE  MM
  AVERAGE SKY COVER 0.0


WEATHER CONDITIONS
 THE FOLLOWING WEATHER WAS RECORDED TODAY.
  NO SIGNIFICANT WEATHER WAS OBSERVED.


RELATIVE HUMIDITY (PERCENT)
 HIGHEST    85           600 AM
 LOWEST     22           300 PM
 AVERAGE    54

..........................................................


THE WILMINGTON NC CLIMATE NORMALS FOR TOMORROW
                         NORMAL    RECORD    YEAR
 MAXIMUM TEMPERATURE (F)   66        80      2011
 MINIMUM TEMPERATURE (F)   44        23      2008


SUNRISE AND SUNSET
NOVEMBER 21 2014......SUNRISE   650 AM EST   SUNSET   504 PM EST
NOVEMBER 22 2014......SUNRISE   651 AM EST   SUNSET   504 PM EST


-  INDICATES NEGATIVE NUMBERS.
R  INDICATES RECORD WAS SET OR TIED.
MM INDICATES DATA IS MISSING.
T  INDICATES TRACE AMOUNT.




$$
