000
CDUS43 KILX 040648
CLIILX


CLIMATE REPORT
NATIONAL WEATHER SERVICE LINCOLN IL
147 AM CDT SAT JUL 4 2015


...................................

...THE LINCOLN IL CLIMATE SUMMARY FOR JULY 3 2015...

CLIMATE NORMAL PERIOD 1981 TO 2010
CLIMATE RECORD PERIOD 1905 TO 2015


WEATHER ITEM   OBSERVED TIME   RECORD YEAR NORMAL DEPARTURE LAST
                VALUE   (LST)  VALUE       VALUE  FROM      YEAR
                                                  NORMAL
..................................................................
TEMPERATURE (F)
 YESTERDAY
  MAXIMUM         78        MM 100    1925  86     -8       76
  MINIMUM         60        MM  46    1924  65     -5       55
  AVERAGE         69                        75     -6       66

PRECIPITATION (IN)
  YESTERDAY        T             3.08 1992   0.16  -0.16      T
  MONTH TO DATE    0.04                      0.49  -0.45      T
  SINCE JUN 1      9.71                      4.81   4.90     6.42
  SINCE JAN 1     24.10                     18.93   5.17    17.74

SNOWFALL (IN)
  YESTERDAY        0.0           0.0    MM   0.0    0.0      0.0
  MONTH TO DATE    0.0                       0.0    0.0      0.0
  SINCE JUN 1      0.0                       0.0    0.0      0.0
  SINCE JUL 1      0.0                       0.0    0.0      0.0
  SNOW DEPTH       0

DEGREE DAYS
 HEATING
  YESTERDAY        0                         0      0        0
  MONTH TO DATE    0                         0      0        0
  SINCE JUN 1      8                        17     -9        7
  SINCE JUL 1      0                         0      0        0

 COOLING
  YESTERDAY        4                        10     -6        1
  MONTH TO DATE    9                        30    -21       11
  SINCE JUN 1    235                       262    -27      248
  SINCE JAN 1    346                       353     -7      377
..................................................................


WIND (MPH)
  HIGHEST WIND SPEED    MM   HIGHEST WIND DIRECTION    MM
  HIGHEST GUST SPEED    MM   HIGHEST GUST DIRECTION    MM
  AVERAGE WIND SPEED    MM


SKY COVER
  POSSIBLE SUNSHINE  MM


WEATHER CONDITIONS
 THE FOLLOWING WEATHER WAS RECORDED YESTERDAY.
  LIGHT RAIN


..........................................................


THE LINCOLN IL CLIMATE NORMALS FOR TODAY
                         NORMAL    RECORD    YEAR
 MAXIMUM TEMPERATURE (F)   86       105      1936
 MINIMUM TEMPERATURE (F)   65        47      1922


SUNRISE AND SUNSET
JULY  4 2015..........SUNRISE   533 AM CDT   SUNSET   830 PM CDT
JULY  5 2015..........SUNRISE   534 AM CDT   SUNSET   830 PM CDT


-  INDICATES NEGATIVE NUMBERS.
R  INDICATES RECORD WAS SET OR TIED.
MM INDICATES DATA IS MISSING.
T  INDICATES TRACE AMOUNT.




$$
