000
CDUS43 KILX 120650
CLIILX


CLIMATE REPORT
NATIONAL WEATHER SERVICE LINCOLN IL
1244 AM CST TUE DEC 12 2017


...................................

...THE LINCOLN IL CLIMATE SUMMARY FOR DECEMBER 11 2017...

CLIMATE NORMAL PERIOD 1981 TO 2010
CLIMATE RECORD PERIOD 1905 TO 2017


WEATHER ITEM   OBSERVED TIME   RECORD YEAR NORMAL DEPARTURE LAST
                VALUE   (LST)  VALUE       VALUE  FROM      YEAR
                                                  NORMAL
..................................................................
TEMPERATURE (F)
 YESTERDAY
  MAXIMUM         51        MM  66    1949  38     13       40
  MINIMUM         20        MM -18    1917  23     -3       29
  AVERAGE         36                        30      6       35

PRECIPITATION (IN)
  YESTERDAY        0.00          1.55 1949   0.10  -0.10     0.12
  MONTH TO DATE    0.06                      1.05  -0.99     0.53
  SINCE DEC 1      0.06                      1.05  -0.99     0.53
  SINCE JAN 1     33.06                     38.01  -4.95    38.95

SNOWFALL (IN)
  YESTERDAY        0.0           3.0  1932   0.2   -0.2       T
  MONTH TO DATE    T                         1.6   -1.6      2.7
  SINCE DEC 1      T                         1.6   -1.6      2.7
  SINCE JUL 1      T                         2.2   -2.2      2.7
  SNOW DEPTH       0

DEGREE DAYS
 HEATING
  YESTERDAY       29                        34     -5       30
  MONTH TO DATE  323                       357    -34      367
  SINCE DEC 1    323                       357    -34      367
  SINCE JUL 1   1376                      1500   -124     1144

 COOLING
  YESTERDAY        0                         0      0        0
  MONTH TO DATE    0                         0      0        0
  SINCE DEC 1      0                         0      0        0
  SINCE JAN 1    984                      1017    -33     1241
..................................................................


WIND (MPH)
  HIGHEST WIND SPEED    MM   HIGHEST WIND DIRECTION    MM
  HIGHEST GUST SPEED    MM   HIGHEST GUST DIRECTION    MM
  AVERAGE WIND SPEED    MM


SKY COVER
  POSSIBLE SUNSHINE  MM


WEATHER CONDITIONS
 THE FOLLOWING WEATHER WAS RECORDED YESTERDAY.
  NO SIGNIFICANT WEATHER WAS OBSERVED.


..........................................................


THE LINCOLN IL CLIMATE NORMALS FOR TODAY
                         NORMAL    RECORD    YEAR
 MAXIMUM TEMPERATURE (F)   38        67      2015
 MINIMUM TEMPERATURE (F)   23       -12      1962


SUNRISE AND SUNSET
DECEMBER 12 2017......SUNRISE   710 AM CST   SUNSET   432 PM CST
DECEMBER 13 2017......SUNRISE   711 AM CST   SUNSET   432 PM CST


-  INDICATES NEGATIVE NUMBERS.
R  INDICATES RECORD WAS SET OR TIED.
MM INDICATES DATA IS MISSING.
T  INDICATES TRACE AMOUNT.




$$
