000
CDUS43 KILX 110643
CLIILX


CLIMATE REPORT
NATIONAL WEATHER SERVICE LINCOLN IL
1242 AM CST THU FEB 11 2016


...................................

...THE LINCOLN IL CLIMATE SUMMARY FOR FEBRUARY 10 2016...

CLIMATE NORMAL PERIOD 1981 TO 2010
CLIMATE RECORD PERIOD 1905 TO 2016


WEATHER ITEM   OBSERVED TIME   RECORD YEAR NORMAL DEPARTURE LAST
                VALUE   (LST)  VALUE       VALUE  FROM      YEAR
                                                  NORMAL
..................................................................
TEMPERATURE (F)
 YESTERDAY
  MAXIMUM         20        MM  73    1992  37    -17       37
  MINIMUM          9        MM -16    1982  21    -12       25
  AVERAGE         15                        29    -14       31

PRECIPITATION (IN)
  YESTERDAY        0.00          2.00 1959   0.06  -0.06      T
  MONTH TO DATE    0.70                      0.59   0.11     0.80
  SINCE DEC 1      8.50                      5.16   3.34     3.64
  SINCE JAN 1      1.69                      2.52  -0.83     2.19

SNOWFALL (IN)
  YESTERDAY        0.0           5.9  1944   0.3   -0.3      0.0
  MONTH TO DATE    0.6                       2.3   -1.7      5.0
  SINCE DEC 1      6.2                      14.4   -8.2     10.0
  SINCE JUL 1      7.2                      15.0   -7.8     11.0
  SNOW DEPTH       T

DEGREE DAYS
 HEATING
  YESTERDAY       50                        36     14       34
  MONTH TO DATE  339                       372    -33      397
  SINCE DEC 1   2299                      2683   -384     2643
  SINCE JUL 1   3226                      3826   -600     4041

 COOLING
  YESTERDAY        0                         0      0        0
  MONTH TO DATE    0                         0      0        0
  SINCE DEC 1      0                         0      0        0
  SINCE JAN 1      0                         0      0        0
..................................................................


WIND (MPH)
  HIGHEST WIND SPEED    MM   HIGHEST WIND DIRECTION    MM
  HIGHEST GUST SPEED    MM   HIGHEST GUST DIRECTION    MM
  AVERAGE WIND SPEED    MM


SKY COVER
  POSSIBLE SUNSHINE  MM


WEATHER CONDITIONS
 THE FOLLOWING WEATHER WAS RECORDED YESTERDAY.
  NO SIGNIFICANT WEATHER WAS OBSERVED.


..........................................................


THE LINCOLN IL CLIMATE NORMALS FOR TODAY
                         NORMAL    RECORD    YEAR
 MAXIMUM TEMPERATURE (F)   37        70      1932
 MINIMUM TEMPERATURE (F)   21       -16      2014


SUNRISE AND SUNSET
FEBRUARY 11 2016......SUNRISE   656 AM CST   SUNSET   528 PM CST
FEBRUARY 12 2016......SUNRISE   655 AM CST   SUNSET   529 PM CST


-  INDICATES NEGATIVE NUMBERS.
R  INDICATES RECORD WAS SET OR TIED.
MM INDICATES DATA IS MISSING.
T  INDICATES TRACE AMOUNT.




$$
