000
CDUS43 KILX 182135
CLIILX


CLIMATE REPORT
NATIONAL WEATHER SERVICE LINCOLN IL
435 PM CDT WED OCT 18 2017


...................................

...THE LINCOLN IL CLIMATE SUMMARY FOR OCTOBER 18 2017...
VALID TODAY AS OF 0400 PM LOCAL TIME.

CLIMATE NORMAL PERIOD 1981 TO 2010
CLIMATE RECORD PERIOD 1905 TO 2017


WEATHER ITEM   OBSERVED TIME   RECORD YEAR NORMAL DEPARTURE LAST
                VALUE   (LST)  VALUE       VALUE  FROM      YEAR
                                                  NORMAL
..................................................................
TEMPERATURE (F)
 TODAY
  MAXIMUM         72        MM  88    1953  65      7       82
  MINIMUM         44        MM  20    1948  41      3       52
  AVERAGE         58                        53      5       67

PRECIPITATION (IN)
  TODAY            0.00          1.75 1946   0.10  -0.10     0.00
  MONTH TO DATE    3.80                      1.75   2.05     1.21
  SINCE SEP 1      4.51                      4.96  -0.45     5.64
  SINCE JAN 1     29.63                     32.38  -2.75    35.08

SNOWFALL (IN)
  TODAY            0.0           0.0    MM   0.0    0.0      0.0
  MONTH TO DATE    0.0                       0.0    0.0      0.0
  SINCE SEP 1      0.0                       0.0    0.0      0.0
  SINCE JUL 1      T                         0.0    0.0      0.0
  SNOW DEPTH       0

DEGREE DAYS
 HEATING
  TODAY            7                        12     -5        0
  MONTH TO DATE   63                       174   -111       70
  SINCE SEP 1    135                       260   -125       85
  SINCE JUL 1    141                       269   -128       94

 COOLING
  TODAY            0                         0      0        2
  MONTH TO DATE   41                        11     30       41
  SINCE SEP 1    182                       125     57      235
  SINCE JAN 1    981                      1014    -33     1226
..................................................................







THE LINCOLN IL CLIMATE NORMALS FOR TOMORROW
                         NORMAL    RECORD    YEAR
 MAXIMUM TEMPERATURE (F)   64        86      1953
 MINIMUM TEMPERATURE (F)   41        22      1972


SUNRISE AND SUNSET
OCTOBER 18 2017.......SUNRISE   711 AM CDT   SUNSET   613 PM CDT
OCTOBER 19 2017.......SUNRISE   712 AM CDT   SUNSET   611 PM CDT


-  INDICATES NEGATIVE NUMBERS.
R  INDICATES RECORD WAS SET OR TIED.
MM INDICATES DATA IS MISSING.
T  INDICATES TRACE AMOUNT.




$$
