000
CDUS43 KILX 290640
CLIILX


CLIMATE REPORT
NATIONAL WEATHER SERVICE LINCOLN IL
1234 AM CST THU JAN 29 2015


...................................

...THE LINCOLN IL CLIMATE SUMMARY FOR JANUARY 28 2015...

CLIMATE NORMAL PERIOD 1981 TO 2010
CLIMATE RECORD PERIOD 1905 TO 2015


WEATHER ITEM   OBSERVED TIME   RECORD YEAR NORMAL DEPARTURE LAST
                VALUE   (LST)  VALUE       VALUE  FROM      YEAR
                                                  NORMAL
..................................................................
TEMPERATURE (F)
 YESTERDAY
  MAXIMUM         40        MM  65    1970  34      6       14
  MINIMUM         20        MM -21    1915  18      2       -5
  AVERAGE         30                        26      4        5

PRECIPITATION (IN)
  YESTERDAY        T             0.79 2006   0.05  -0.05     0.00
  MONTH TO DATE    1.22                      1.78  -0.56     1.64
  SINCE DEC 1      2.67                      4.42  -1.75     3.15
  SINCE JAN 1      1.22                      1.78  -0.56     1.64

SNOWFALL (IN)
  YESTERDAY        0.0           4.0  1979   0.2   -0.2      0.0
  MONTH TO DATE    4.6                       5.3   -0.7     15.7
  SINCE DEC 1      5.0                      11.5   -6.5     22.1
  SINCE JUL 1      6.0                      12.1   -6.1     22.6
  SNOW DEPTH       0

DEGREE DAYS
 HEATING
  YESTERDAY       35                        39     -4       60
  MONTH TO DATE 1142                      1092     50     1299
  SINCE DEC 1   2148                      2191    -43     2508
  SINCE JUL 1   3546                      3334    212     3786

 COOLING
  YESTERDAY        0                         0      0        0
  MONTH TO DATE    0                         0      0        0
  SINCE DEC 1      0                         0      0        0
  SINCE JAN 1      0                         0      0        0
..................................................................


WIND (MPH)
  HIGHEST WIND SPEED    MM   HIGHEST WIND DIRECTION    MM
  HIGHEST GUST SPEED    MM   HIGHEST GUST DIRECTION    MM
  AVERAGE WIND SPEED    MM


SKY COVER
  POSSIBLE SUNSHINE  MM


WEATHER CONDITIONS
 THE FOLLOWING WEATHER WAS RECORDED YESTERDAY.
  LIGHT RAIN


..........................................................


THE LINCOLN IL CLIMATE NORMALS FOR TODAY
                         NORMAL    RECORD    YEAR
 MAXIMUM TEMPERATURE (F)   35        64      2013
 MINIMUM TEMPERATURE (F)   18       -14      1918


SUNRISE AND SUNSET
JANUARY 29 2015.......SUNRISE   709 AM CST   SUNSET   512 PM CST
JANUARY 30 2015.......SUNRISE   708 AM CST   SUNSET   514 PM CST


-  INDICATES NEGATIVE NUMBERS.
R  INDICATES RECORD WAS SET OR TIED.
MM INDICATES DATA IS MISSING.
T  INDICATES TRACE AMOUNT.




$$
