000
CDUS43 KILX 220659
CLIILX


CLIMATE REPORT
NATIONAL WEATHER SERVICE LINCOLN IL
1248 AM CST THU FEB 22 2018


...................................

...THE LINCOLN IL CLIMATE SUMMARY FOR FEBRUARY 21 2018...

CLIMATE NORMAL PERIOD 1981 TO 2010
CLIMATE RECORD PERIOD 1905 TO 2018


WEATHER ITEM   OBSERVED TIME   RECORD YEAR NORMAL DEPARTURE LAST
                VALUE   (LST)  VALUE       VALUE  FROM      YEAR
                                                  NORMAL
..................................................................
TEMPERATURE (F)
 YESTERDAY
  MAXIMUM         32        MM  69    1930  41     -9       65
  MINIMUM         26        MM  -6    1963  24      2       51
  AVERAGE         29                        32     -3       58

PRECIPITATION (IN)
  YESTERDAY        0.22          1.22 1976   0.07   0.15     0.12
  MONTH TO DATE    3.98                      1.31   2.67     0.45
  SINCE DEC 1      5.17                      5.88  -0.71     3.57
  SINCE JAN 1      4.71                      3.24   1.47     2.21

SNOWFALL (IN)
  YESTERDAY        T             6.0  1912   0.2   -0.2      0.0
  MONTH TO DATE    2.8                       4.6   -1.8      3.4
  SINCE DEC 1      9.9                      16.7   -6.8      7.2
  SINCE JUL 1      9.9                      17.3   -7.4      7.2
  SNOW DEPTH       T

DEGREE DAYS
 HEATING
  YESTERDAY       36                        33      3        7
  MONTH TO DATE  793                       750     43      551
  SINCE DEC 1   3194                      3061    133     2689
  SINCE JUL 1   4247                      4204     43     3466

 COOLING
  YESTERDAY        0                         0      0        0
  MONTH TO DATE    0                         0      0        0
  SINCE DEC 1      0                         0      0        0
  SINCE JAN 1      0                         0      0        0
..................................................................


WIND (MPH)
  HIGHEST WIND SPEED    MM   HIGHEST WIND DIRECTION    MM
  HIGHEST GUST SPEED    MM   HIGHEST GUST DIRECTION    MM
  AVERAGE WIND SPEED    MM


SKY COVER
  POSSIBLE SUNSHINE  MM


WEATHER CONDITIONS
 THE FOLLOWING WEATHER WAS RECORDED YESTERDAY.
  RAIN
  LIGHT RAIN
  FREEZING RAIN
  LIGHT SNOW
  SLEET
  FOG


..........................................................


THE LINCOLN IL CLIMATE NORMALS FOR TODAY
                         NORMAL    RECORD    YEAR
 MAXIMUM TEMPERATURE (F)   41        71      1922
 MINIMUM TEMPERATURE (F)   24        -2      1978


SUNRISE AND SUNSET
FEBRUARY 22 2018......SUNRISE   641 AM CST   SUNSET   541 PM CST
FEBRUARY 23 2018......SUNRISE   640 AM CST   SUNSET   542 PM CST


-  INDICATES NEGATIVE NUMBERS.
R  INDICATES RECORD WAS SET OR TIED.
MM INDICATES DATA IS MISSING.
T  INDICATES TRACE AMOUNT.




$$
