186
CDUS43 KILX 260701
CLIILX


CLIMATE REPORT
NATIONAL WEATHER SERVICE LINCOLN IL
159 AM CDT TUE JUL 26 2016


...................................

...THE LINCOLN IL CLIMATE SUMMARY FOR JULY 25 2016...

CLIMATE NORMAL PERIOD 1981 TO 2010
CLIMATE RECORD PERIOD 1905 TO 2016


WEATHER ITEM   OBSERVED TIME   RECORD YEAR NORMAL DEPARTURE LAST
                VALUE   (LST)  VALUE       VALUE  FROM      YEAR
                                                  NORMAL
..................................................................
TEMPERATURE (F)
 YESTERDAY
  MAXIMUM         84        MM 105    1934  85     -1       88
  MINIMUM         69        MM  48    1913  64      5       67
  AVERAGE         77                        74      3       78

PRECIPITATION (IN)
  YESTERDAY        0.06          1.19 1979   0.16  -0.10     0.00
  MONTH TO DATE    7.81                      4.20   3.61     5.91
  SINCE JUN 1     10.17                      8.52   1.65    15.58
  SINCE JAN 1     22.12                     22.64  -0.52    29.97

SNOWFALL (IN)
  YESTERDAY        0.0           0.0    MM   0.0    0.0      0.0
  MONTH TO DATE    0.0                       0.0    0.0      0.0
  SINCE JUN 1      0.0                       0.0    0.0      0.0
  SINCE JUL 1      0.0                       0.0    0.0      0.0
  SNOW DEPTH       0

DEGREE DAYS
 HEATING
  YESTERDAY        0                         0      0        0
  MONTH TO DATE    9                         0      9        6
  SINCE JUN 1     11                        17     -6       14
  SINCE JUL 1      9                         0      9        6

 COOLING
  YESTERDAY       12                        10      2       13
  MONTH TO DATE  254                       257     -3      183
  SINCE JUN 1    536                       489     47      409
  SINCE JAN 1    623                       580     43      520
..................................................................


WIND (MPH)
  HIGHEST WIND SPEED    MM   HIGHEST WIND DIRECTION    MM
  HIGHEST GUST SPEED    MM   HIGHEST GUST DIRECTION    MM
  AVERAGE WIND SPEED    MM


SKY COVER
  POSSIBLE SUNSHINE  MM


WEATHER CONDITIONS
 THE FOLLOWING WEATHER WAS RECORDED YESTERDAY.
  THUNDERSTORM
  HEAVY RAIN
  RAIN
  LIGHT RAIN


..........................................................


THE LINCOLN IL CLIMATE NORMALS FOR TODAY
                         NORMAL    RECORD    YEAR
 MAXIMUM TEMPERATURE (F)   85       104      1930
 MINIMUM TEMPERATURE (F)   64        44      1911


SUNRISE AND SUNSET
JULY 26 2016..........SUNRISE   550 AM CDT   SUNSET   817 PM CDT
JULY 27 2016..........SUNRISE   551 AM CDT   SUNSET   816 PM CDT


-  INDICATES NEGATIVE NUMBERS.
R  INDICATES RECORD WAS SET OR TIED.
MM INDICATES DATA IS MISSING.
T  INDICATES TRACE AMOUNT.




$$
