000
CDUS43 KIND 260531
CLIIND


CLIMATE REPORT
NATIONAL WEATHER SERVICE INDIANAPOLIS IN
131 AM EDT TUE MAY 26 2015


...................................

...THE INDIANAPOLIS IN CLIMATE SUMMARY FOR MAY 25 2015...

CLIMATE NORMAL PERIOD 1981 TO 2010
CLIMATE RECORD PERIOD 1871 TO 2015


WEATHER ITEM   OBSERVED TIME   RECORD YEAR NORMAL DEPARTURE LAST
                VALUE   (LST)  VALUE       VALUE  FROM      YEAR
                                                  NORMAL
..................................................................
TEMPERATURE (F)
 YESTERDAY
  MAXIMUM         79    354 PM  93    1965  76      3       79
  MINIMUM         67   1159 PM  34    1925  56     11       58
  AVERAGE         73                        66      7       69

PRECIPITATION (IN)
  YESTERDAY        0.01          1.35 1997   0.16  -0.15     0.00
  MONTH TO DATE    0.95                      4.11  -3.16     4.85
  SINCE MAR 1      8.48                     11.48  -3.00    12.62
  SINCE JAN 1     11.63                     16.46  -4.83    17.41

SNOWFALL (IN)
  YESTERDAY        0.0           0.0    MM   0.0    0.0      0.0
  MONTH TO DATE    0.0                       0.0    0.0       T
  SINCE MAR 1      5.9                       2.8    3.1      3.4
  SINCE JUL 1     25.6                      25.9   -0.3     55.7
  SNOW DEPTH       0

DEGREE DAYS
 HEATING
  YESTERDAY        0                         3     -3        0
  MONTH TO DATE   75                       127    -52      153
  SINCE MAR 1   1178                      1206    -28     1409
  SINCE JUL 1   5904                      5349    555     6206

 COOLING
  YESTERDAY        8                         3      5        4
  MONTH TO DATE  100                        46     54       47
  SINCE MAR 1    106                        61     45       51
  SINCE JAN 1    106                        61     45       51
..................................................................


WIND (MPH)
  HIGHEST WIND SPEED    31   HIGHEST WIND DIRECTION     S (190)
  HIGHEST GUST SPEED    39   HIGHEST GUST DIRECTION     S (190)
  AVERAGE WIND SPEED    16.1


SKY COVER
  AVERAGE SKY COVER 0.9


WEATHER CONDITIONS
 THE FOLLOWING WEATHER WAS RECORDED YESTERDAY.
  LIGHT RAIN


RELATIVE HUMIDITY (PERCENT)
 HIGHEST    87          1100 PM
 LOWEST     57           100 AM
 AVERAGE    72

..........................................................


THE INDIANAPOLIS IN CLIMATE NORMALS FOR TODAY
                         NORMAL    RECORD    YEAR
 MAXIMUM TEMPERATURE (F)   76        94      1911
 MINIMUM TEMPERATURE (F)   56        35      1961


SUNRISE AND SUNSET
MAY 26 2015...........SUNRISE   622 AM EDT   SUNSET   902 PM EDT
MAY 27 2015...........SUNRISE   622 AM EDT   SUNSET   903 PM EDT


-  INDICATES NEGATIVE NUMBERS.
R  INDICATES RECORD WAS SET OR TIED.
MM INDICATES DATA IS MISSING.
T  INDICATES TRACE AMOUNT.




$$
