000
CDUS43 KIND 030530
CLIIND


CLIMATE REPORT
NATIONAL WEATHER SERVICE INDIANAPOLIS IN
130 AM EDT MON AUG 3 2015


...................................

...THE INDIANAPOLIS IN CLIMATE SUMMARY FOR AUGUST 2 2015...

CLIMATE NORMAL PERIOD 1981 TO 2010
CLIMATE RECORD PERIOD 1871 TO 2015


WEATHER ITEM   OBSERVED TIME   RECORD YEAR NORMAL DEPARTURE LAST
                VALUE   (LST)  VALUE       VALUE  FROM      YEAR
                                                  NORMAL
..................................................................
TEMPERATURE (F)
 YESTERDAY
  MAXIMUM         88    219 PM  98    1888  84      4       82
  MINIMUM         64    614 AM  52    1927  65     -1       63
                                      1920
  AVERAGE         76                        75      1       73

PRECIPITATION (IN)
  YESTERDAY        0.00          2.53 1899   0.11  -0.11      T
  MONTH TO DATE    0.00                      0.22  -0.22     0.01
  SINCE JUN 1     21.50                      9.02  12.48    10.15
  SINCE JAN 1     34.63                     26.42   8.21    27.58

SNOWFALL (IN)
  YESTERDAY        0.0           0.0    MM   0.0    0.0      0.0
  MONTH TO DATE    0.0                       0.0    0.0      0.0
  SINCE JUN 1      T                         0.0    0.0      0.0
  SINCE JUL 1      0.0                       0.0    0.0      0.0
  SNOW DEPTH       0

DEGREE DAYS
 HEATING
  YESTERDAY        0                         0      0        0
  MONTH TO DATE    0                         0      0        0
  SINCE JUN 1     16                        17     -1        6
  SINCE JUL 1      0                         1     -1        4

 COOLING
  YESTERDAY       11                        10      1        8
  MONTH TO DATE   20                        20      0       15
  SINCE JUN 1    575                       569      6      425
  SINCE JAN 1    723                       653     70      529
..................................................................


WIND (MPH)
  HIGHEST WIND SPEED    21   HIGHEST WIND DIRECTION     S (200)
  HIGHEST GUST SPEED    25   HIGHEST GUST DIRECTION    SW (210)
  AVERAGE WIND SPEED    10.9


SKY COVER
  AVERAGE SKY COVER 0.3


WEATHER CONDITIONS
 THE FOLLOWING WEATHER WAS RECORDED YESTERDAY.
  NO SIGNIFICANT WEATHER WAS OBSERVED.


RELATIVE HUMIDITY (PERCENT)
 HIGHEST    84           300 AM
 LOWEST     50           200 PM
 AVERAGE    67

..........................................................


THE INDIANAPOLIS IN CLIMATE NORMALS FOR TODAY
                         NORMAL    RECORD    YEAR
 MAXIMUM TEMPERATURE (F)   84        98      1897
 MINIMUM TEMPERATURE (F)   65        50      1965


SUNRISE AND SUNSET
AUGUST  3 2015........SUNRISE   646 AM EDT   SUNSET   856 PM EDT
AUGUST  4 2015........SUNRISE   647 AM EDT   SUNSET   855 PM EDT


-  INDICATES NEGATIVE NUMBERS.
R  INDICATES RECORD WAS SET OR TIED.
MM INDICATES DATA IS MISSING.
T  INDICATES TRACE AMOUNT.




$$
