000
CDUS43 KIND 272330
CLIIND


CLIMATE REPORT
NATIONAL WEATHER SERVICE INDIANAPOLIS IN
730 PM EDT MON MAR 27 2017


...................................

...THE INDIANAPOLIS IN CLIMATE SUMMARY FOR MARCH 27 2017...
VALID AS OF 0700 PM LOCAL TIME.

CLIMATE NORMAL PERIOD 1981 TO 2010
CLIMATE RECORD PERIOD 1871 TO 2017


WEATHER ITEM   OBSERVED TIME   RECORD YEAR NORMAL DEPARTURE LAST
                VALUE   (LST)  VALUE       VALUE  FROM      YEAR
                                                  NORMAL
..................................................................
TEMPERATURE (F)
 TODAY
  MAXIMUM         64   1203 PM  84    1910  56      8       76
  MINIMUM         46    649 AM  11    1955  36     10       42
  AVERAGE         55                        46      9       59

PRECIPITATION (IN)
  TODAY            0.02          2.27 1880   0.13  -0.11     0.18
  MONTH TO DATE    3.64                      3.05   0.59     3.03
  SINCE MAR 1      3.64                      3.05   0.59     3.03
  SINCE JAN 1      9.09                      8.03   1.06     6.74

SNOWFALL (IN)
  TODAY            0.0           1.8  1913   0.1   -0.1      0.0
  MONTH TO DATE    1.0                       2.5   -1.5      1.2
  SINCE MAR 1      1.0                       2.5   -1.5      1.2
  SINCE JUL 1      9.7                      25.6  -15.9     13.3
  SNOW DEPTH       0

..................................................................


WIND (MPH)
  HIGHEST WIND SPEED    17   HIGHEST WIND DIRECTION     S (160)
  HIGHEST GUST SPEED    20   HIGHEST GUST DIRECTION     S (170)
  AVERAGE WIND SPEED     7.6


SKY COVER
  AVERAGE SKY COVER 0.8


WEATHER CONDITIONS
 THE FOLLOWING WEATHER WAS RECORDED TODAY.
  LIGHT RAIN
  FOG


RELATIVE HUMIDITY (PERCENT)
 HIGHEST   100           600 AM
 LOWEST     67          1200 PM

..........................................................


THE INDIANAPOLIS IN CLIMATE NORMALS FOR TOMORROW
                         NORMAL    RECORD    YEAR
 MAXIMUM TEMPERATURE (F)   57        82      1910
 MINIMUM TEMPERATURE (F)   37        16      1934


SUNRISE AND SUNSET
MARCH 27 2017.........SUNRISE   737 AM EDT   SUNSET   805 PM EDT
MARCH 28 2017.........SUNRISE   735 AM EDT   SUNSET   806 PM EDT


-  INDICATES NEGATIVE NUMBERS.
R  INDICATES RECORD WAS SET OR TIED.
MM INDICATES DATA IS MISSING.
T  INDICATES TRACE AMOUNT.




$$
