000
CDUS43 KIND 230542
CLIIND


CLIMATE REPORT
NATIONAL WEATHER SERVICE INDIANAPOLIS IN
1240 AM EST THU FEB 23 2017


...................................

...THE INDIANAPOLIS IN CLIMATE SUMMARY FOR FEBRUARY 22 2017...

CLIMATE NORMAL PERIOD 1981 TO 2010
CLIMATE RECORD PERIOD 1871 TO 2017


WEATHER ITEM   OBSERVED TIME   RECORD YEAR NORMAL DEPARTURE LAST
                VALUE   (LST)  VALUE       VALUE  FROM      YEAR
                                                  NORMAL
..................................................................
TEMPERATURE (F)
 YESTERDAY
  MAXIMUM         69        MM  70    1922  43     26       50
  MINIMUM         52        MM  -9    1963  26     26       32
  AVERAGE         61                        34     27       41

PRECIPITATION (IN)
  YESTERDAY        0.00          2.09 1975   0.08  -0.08     0.00
  MONTH TO DATE    0.41                      1.79  -1.38     0.46
  SINCE DEC 1      6.28                      7.62  -1.34     7.51
  SINCE JAN 1      4.76                      4.45   0.31     1.92

SNOWFALL (IN)
  YESTERDAY        0.0           6.3  2003   0.2   -0.2      0.0
  MONTH TO DATE    2.1                       5.4   -3.3      3.6
  SINCE DEC 1      8.7                      20.9  -12.2     10.0
  SINCE JUL 1      8.7                      22.0  -13.3     11.3
  SNOW DEPTH       0

DEGREE DAYS
 HEATING
  YESTERDAY        4                        31    -27       24
  MONTH TO DATE  498                       744   -246      699
  SINCE DEC 1   2490                      2923   -433     2496
  SINCE JUL 1   3183                      3965   -782     3283

 COOLING
  YESTERDAY        0                         0      0        0
  MONTH TO DATE    0                         0      0        0
  SINCE DEC 1      0                         0      0        0
  SINCE JAN 1      0                         0      0        0
..................................................................


WIND (MPH)
  HIGHEST WIND SPEED    13   HIGHEST WIND DIRECTION     S (200)
  HIGHEST GUST SPEED    MM   HIGHEST GUST DIRECTION    MM
  AVERAGE WIND SPEED     8.0


SKY COVER
  AVERAGE SKY COVER 0.8


WEATHER CONDITIONS
 THE FOLLOWING WEATHER WAS RECORDED YESTERDAY.
  FOG


RELATIVE HUMIDITY (PERCENT)
 HIGHEST    93          1200 AM
 LOWEST     63           400 PM
 AVERAGE    78

..........................................................


THE INDIANAPOLIS IN CLIMATE NORMALS FOR TODAY
                         NORMAL    RECORD    YEAR
 MAXIMUM TEMPERATURE (F)   43        71      2000
 MINIMUM TEMPERATURE (F)   26        -1      1889


SUNRISE AND SUNSET
FEBRUARY 23 2017......SUNRISE   727 AM EST   SUNSET   631 PM EST
FEBRUARY 24 2017......SUNRISE   725 AM EST   SUNSET   632 PM EST


-  INDICATES NEGATIVE NUMBERS.
R  INDICATES RECORD WAS SET OR TIED.
MM INDICATES DATA IS MISSING.
T  INDICATES TRACE AMOUNT.




$$
