000
CDUS43 KIND 312333
CLIIND


CLIMATE REPORT
NATIONAL WEATHER SERVICE INDIANAPOLIS IN
732 PM EDT WED AUG 31 2016


...................................

...THE INDIANAPOLIS IN CLIMATE SUMMARY FOR AUGUST 31 2016...
VALID AS OF 0700 PM LOCAL TIME.

CLIMATE NORMAL PERIOD 1981 TO 2010
CLIMATE RECORD PERIOD 1871 TO 2016


WEATHER ITEM   OBSERVED TIME   RECORD YEAR NORMAL DEPARTURE LAST
                VALUE   (LST)  VALUE       VALUE  FROM      YEAR
                                                  NORMAL
..................................................................
TEMPERATURE (F)
 TODAY
  MAXIMUM         86    410 PM  97    1953  83      3       87
                                      1951
  MINIMUM         69    609 AM  44    1915  62      7       67
  AVERAGE         78                        72      6       77

PRECIPITATION (IN)
  TODAY            0.00          2.43 1950   0.10  -0.10     0.00
  MONTH TO DATE    7.32                      3.13   4.19     1.55
  SINCE JUN 1     17.51                     11.93   5.58    23.05
  SINCE JAN 1     35.02                     29.33   5.69    36.18

SNOWFALL (IN)
  TODAY            0.0           0.0    MM   0.0    0.0      0.0
  MONTH TO DATE    0.0                       0.0    0.0      0.0
  SINCE JUN 1      0.0                       0.0    0.0       T
  SINCE JUL 1      0.0                       0.0    0.0      0.0
  SNOW DEPTH       0

..................................................................


WIND (MPH)
  HIGHEST WIND SPEED    17   HIGHEST WIND DIRECTION     N (340)
  HIGHEST GUST SPEED    21   HIGHEST GUST DIRECTION    NW (330)
  AVERAGE WIND SPEED     7.0


SKY COVER
  AVERAGE SKY COVER 0.7


WEATHER CONDITIONS
 THE FOLLOWING WEATHER WAS RECORDED TODAY.
  FOG


RELATIVE HUMIDITY (PERCENT)
 HIGHEST   100           400 AM
 LOWEST     55           300 PM

..........................................................


THE INDIANAPOLIS IN CLIMATE NORMALS FOR TOMORROW
                         NORMAL    RECORD    YEAR
 MAXIMUM TEMPERATURE (F)   83       100      1953
 MINIMUM TEMPERATURE (F)   62        44      1987


SUNRISE AND SUNSET
AUGUST 31 2016........SUNRISE   713 AM EDT   SUNSET   817 PM EDT
SEPTEMBER  1 2016.....SUNRISE   714 AM EDT   SUNSET   815 PM EDT


-  INDICATES NEGATIVE NUMBERS.
R  INDICATES RECORD WAS SET OR TIED.
MM INDICATES DATA IS MISSING.
T  INDICATES TRACE AMOUNT.




$$
