048
CDUS43 KIND 262050
CLIIND


CLIMATE REPORT
NATIONAL WEATHER SERVICE INDIANAPOLIS IN
450 PM EDT TUE SEP 26 2017


...................................

...THE INDIANAPOLIS IN CLIMATE SUMMARY FOR SEPTEMBER 26 2017...
VALID TODAY AS OF 0400 PM LOCAL TIME.

CLIMATE NORMAL PERIOD 1981 TO 2010
CLIMATE RECORD PERIOD 1871 TO 2017


WEATHER ITEM   OBSERVED TIME   RECORD YEAR NORMAL DEPARTURE LAST
                VALUE   (LST)  VALUE       VALUE  FROM      YEAR
                                                  NORMAL
..................................................................
TEMPERATURE (F)
 TODAY
  MAXIMUM         91R   222 PM  91    1891  73     18       74
  MINIMUM         67    641 AM  37    2001  52     15       52
                                      1928
  AVERAGE         79                        62     17       63

PRECIPITATION (IN)
  TODAY            0.00          1.62 1933   0.10  -0.10     0.54
  MONTH TO DATE    0.66                      2.69  -2.03     3.56
  SINCE SEP 1      0.66                      2.69  -2.03     3.56
  SINCE JAN 1     39.42                     32.02   7.40    38.58

SNOWFALL (IN)
  TODAY            0.0           T    1951   0.0    0.0      0.0
  MONTH TO DATE    0.0                       0.0    0.0      0.0
  SINCE SEP 1      0.0                       0.0    0.0      0.0
  SINCE JUL 1      0.0                       0.0    0.0      0.0
  SNOW DEPTH       0

..................................................................


WIND (MPH)
  HIGHEST WIND SPEED    12   HIGHEST WIND DIRECTION    SW (220)
  HIGHEST GUST SPEED    14   HIGHEST GUST DIRECTION     S (200)
  AVERAGE WIND SPEED     4.7


SKY COVER
  AVERAGE SKY COVER 0.1


WEATHER CONDITIONS
 THE FOLLOWING WEATHER WAS RECORDED TODAY.
  NO SIGNIFICANT WEATHER WAS OBSERVED.


RELATIVE HUMIDITY (PERCENT)
 HIGHEST    84           300 AM
 LOWEST     38           200 PM

..........................................................


THE INDIANAPOLIS IN CLIMATE NORMALS FOR TOMORROW
                         NORMAL    RECORD    YEAR
 MAXIMUM TEMPERATURE (F)   73        93      1998
 MINIMUM TEMPERATURE (F)   51        35      1991


SUNRISE AND SUNSET
SEPTEMBER 26 2017.....SUNRISE   737 AM EDT   SUNSET   735 PM EDT
SEPTEMBER 27 2017.....SUNRISE   738 AM EDT   SUNSET   734 PM EDT


-  INDICATES NEGATIVE NUMBERS.
R  INDICATES RECORD WAS SET OR TIED.
MM INDICATES DATA IS MISSING.
T  INDICATES TRACE AMOUNT.




$$
