000
CDUS43 KIND 120534
CLIIND


CLIMATE REPORT
NATIONAL WEATHER SERVICE INDIANAPOLIS IN
1231 AM EST TUE DEC 12 2017


...................................

...THE INDIANAPOLIS IN CLIMATE SUMMARY FOR DECEMBER 11 2017...

CLIMATE NORMAL PERIOD 1981 TO 2010
CLIMATE RECORD PERIOD 1871 TO 2017


WEATHER ITEM   OBSERVED TIME   RECORD YEAR NORMAL DEPARTURE LAST
                VALUE   (LST)  VALUE       VALUE  FROM      YEAR
                                                  NORMAL
..................................................................
TEMPERATURE (F)
 YESTERDAY
  MAXIMUM         46    648 PM  66    1931  40      6       37
  MINIMUM         22    528 AM  -9    1977  25     -3       27
  AVERAGE         34                        33      1       32

PRECIPITATION (IN)
  YESTERDAY        0.00          1.87 1931   0.10  -0.10     0.15
  MONTH TO DATE    0.20                      1.14  -0.94     0.56
  SINCE DEC 1      0.20                      1.14  -0.94     0.56
  SINCE JAN 1     46.53                     40.41   6.12    44.98

SNOWFALL (IN)
  YESTERDAY        0.0           5.0  1884   0.2   -0.2       T
  MONTH TO DATE    0.4                       1.7   -1.3       T
  SINCE DEC 1      0.4                       1.7   -1.3       T
  SINCE JUL 1      0.4                       2.8   -2.4       T
  SNOW DEPTH       T

DEGREE DAYS
 HEATING
  YESTERDAY       31                        32     -1       33
  MONTH TO DATE  309                       335    -26      355
  SINCE DEC 1    309                       335    -26      355
  SINCE JUL 1   1213                      1377   -164     1048

 COOLING
  YESTERDAY        0                         0      0        0
  MONTH TO DATE    0                         0      0        0
  SINCE DEC 1      0                         0      0        0
  SINCE JAN 1   1164                      1066     98     1443
..................................................................


WIND (MPH)
  HIGHEST WIND SPEED    28   HIGHEST WIND DIRECTION     W (270)
  HIGHEST GUST SPEED    36   HIGHEST GUST DIRECTION     W (270)
  AVERAGE WIND SPEED    10.4


SKY COVER
  AVERAGE SKY COVER 0.6


WEATHER CONDITIONS
 THE FOLLOWING WEATHER WAS RECORDED YESTERDAY.
  NO SIGNIFICANT WEATHER WAS OBSERVED.


RELATIVE HUMIDITY (PERCENT)
 HIGHEST    88           400 AM
 LOWEST     49           200 PM
 AVERAGE    69

..........................................................


THE INDIANAPOLIS IN CLIMATE NORMALS FOR TODAY
                         NORMAL    RECORD    YEAR
 MAXIMUM TEMPERATURE (F)   40        70      2015
 MINIMUM TEMPERATURE (F)   25        -7      1962


SUNRISE AND SUNSET
DECEMBER 12 2017......SUNRISE   757 AM EST   SUNSET   521 PM EST
DECEMBER 13 2017......SUNRISE   758 AM EST   SUNSET   521 PM EST


-  INDICATES NEGATIVE NUMBERS.
R  INDICATES RECORD WAS SET OR TIED.
MM INDICATES DATA IS MISSING.
T  INDICATES TRACE AMOUNT.




$$
