000
CDUS43 KIND 012131
CLIIND


CLIMATE REPORT
NATIONAL WEATHER SERVICE INDIANAPOLIS IN
431 PM EST SUN FEB 1 2015


...................................

...THE INDIANAPOLIS IN CLIMATE SUMMARY FOR FEBRUARY 1 2015...
VALID TODAY AS OF 0400 PM LOCAL TIME.

CLIMATE NORMAL PERIOD 1981 TO 2010
CLIMATE RECORD PERIOD 1871 TO 2015


WEATHER ITEM   OBSERVED TIME   RECORD YEAR NORMAL DEPARTURE LAST
                VALUE   (LST)  VALUE       VALUE  FROM      YEAR
                                                  NORMAL
..................................................................
TEMPERATURE (F)
 TODAY
  MAXIMUM         32    359 PM  63    1911  37     -5       40
                                      1877
  MINIMUM         30   1233 PM -11    1951  21      9       31
  AVERAGE         31                        29      2       36

PRECIPITATION (IN)
  TODAY            0.24          1.21 1988   0.08   0.16     0.68
  MONTH TO DATE    0.24                      0.08   0.16     0.68
  SINCE DEC 1      4.60                      5.91  -1.31     7.46
  SINCE JAN 1      2.05                      2.74  -0.69     3.02

SNOWFALL (IN)
  TODAY            1.2           5.9  1966   0.3    0.9       T
  MONTH TO DATE    1.2                       0.3    0.9       T
  SINCE DEC 1      4.4                      15.8  -11.4     35.7
  SINCE JUL 1      7.1                      16.9   -9.8     35.8
  SNOW DEPTH       1

..................................................................


WIND (MPH)
  HIGHEST WIND SPEED    15   HIGHEST WIND DIRECTION    SE (130)
  HIGHEST GUST SPEED    21   HIGHEST GUST DIRECTION    SE (150)
  AVERAGE WIND SPEED     8.7


SKY COVER
  AVERAGE SKY COVER 1.0


WEATHER CONDITIONS
 THE FOLLOWING WEATHER WAS RECORDED TODAY.
  MIXED PRECIP
  RAIN
  LIGHT RAIN
  SNOW
  LIGHT SNOW
  SLEET
  FOG


RELATIVE HUMIDITY (PERCENT)
 HIGHEST   100          1200 AM
 LOWEST     78           900 AM

..........................................................


THE INDIANAPOLIS IN CLIMATE NORMALS FOR TOMORROW
                         NORMAL    RECORD    YEAR
 MAXIMUM TEMPERATURE (F)   37        59      1911
 MINIMUM TEMPERATURE (F)   21       -19      1951


SUNRISE AND SUNSET
FEBRUARY  1 2015......SUNRISE   753 AM EST   SUNSET   605 PM EST
FEBRUARY  2 2015......SUNRISE   752 AM EST   SUNSET   606 PM EST


-  INDICATES NEGATIVE NUMBERS.
R  INDICATES RECORD WAS SET OR TIED.
MM INDICATES DATA IS MISSING.
T  INDICATES TRACE AMOUNT.




$$
