000
CDUS43 KIND 230550
CLIIND


CLIMATE REPORT
NATIONAL WEATHER SERVICE INDIANAPOLIS IN
1250 AM EST MON JAN 23 2017


...................................

...THE INDIANAPOLIS IN CLIMATE SUMMARY FOR JANUARY 22 2017...

CLIMATE NORMAL PERIOD 1981 TO 2010
CLIMATE RECORD PERIOD 1871 TO 2017


WEATHER ITEM   OBSERVED TIME   RECORD YEAR NORMAL DEPARTURE LAST
                VALUE   (LST)  VALUE       VALUE  FROM      YEAR
                                                  NORMAL
..................................................................
TEMPERATURE (F)
 YESTERDAY
  MAXIMUM         61    347 PM  64    1964  36     25       28
                                      1887
  MINIMUM         47    446 AM -17    1936  20     27       20
  AVERAGE         54                        28     26       24

PRECIPITATION (IN)
  YESTERDAY        0.00          1.87 1999   0.07  -0.07      T
  MONTH TO DATE    4.32                      1.94   2.38     1.40
  SINCE DEC 1      5.84                      5.11   0.73     6.99
  SINCE JAN 1      4.32                      1.94   2.38     1.40

SNOWFALL (IN)
  YESTERDAY        0.0           6.8  1915   0.3   -0.3       T
  MONTH TO DATE    1.2                       6.0   -4.8      5.8
  SINCE DEC 1      6.1                      12.9   -6.8      6.4
  SINCE JUL 1      6.1                      14.0   -7.9      7.7
  SNOW DEPTH       0

DEGREE DAYS
 HEATING
  YESTERDAY       11                        37    -26       41
  MONTH TO DATE  657                       814   -157      852
  SINCE DEC 1   1724                      1848   -124     1537
  SINCE JUL 1   2417                      2890   -473     2324

 COOLING
  YESTERDAY        0                         0      0        0
  MONTH TO DATE    0                         0      0        0
  SINCE DEC 1      0                         0      0        0
  SINCE JAN 1      0                         0      0        0
..................................................................


WIND (MPH)
  HIGHEST WIND SPEED    18   HIGHEST WIND DIRECTION     N (360)
  HIGHEST GUST SPEED    23   HIGHEST GUST DIRECTION     N (10)
  AVERAGE WIND SPEED     9.2


SKY COVER
  AVERAGE SKY COVER 0.8


WEATHER CONDITIONS
 THE FOLLOWING WEATHER WAS RECORDED YESTERDAY.
  FOG


RELATIVE HUMIDITY (PERCENT)
 HIGHEST   100           500 AM
 LOWEST     69           300 PM
 AVERAGE    85

..........................................................


THE INDIANAPOLIS IN CLIMATE NORMALS FOR TODAY
                         NORMAL    RECORD    YEAR
 MAXIMUM TEMPERATURE (F)   36        67      1909
 MINIMUM TEMPERATURE (F)   20       -18      1936


SUNRISE AND SUNSET
JANUARY 23 2017.......SUNRISE   800 AM EST   SUNSET   555 PM EST
JANUARY 24 2017.......SUNRISE   759 AM EST   SUNSET   556 PM EST


-  INDICATES NEGATIVE NUMBERS.
R  INDICATES RECORD WAS SET OR TIED.
MM INDICATES DATA IS MISSING.
T  INDICATES TRACE AMOUNT.




$$
