000
CDUS43 KDLH 170629
CLIINL


CLIMATE REPORT
NATIONAL WEATHER SERVICE DULUTH MN
127 AM CDT THU APR 17 2014


...................................

...THE INTERNATIONAL FALLS MN CLIMATE SUMMARY FOR APRIL 16 2014...

CLIMATE NORMAL PERIOD 1981 TO 2010
CLIMATE RECORD PERIOD 1895 TO 2014


WEATHER ITEM   OBSERVED TIME   RECORD YEAR NORMAL DEPARTURE LAST
                VALUE   (LST)  VALUE       VALUE  FROM      YEAR
                                                  NORMAL
..................................................................
TEMPERATURE (F)
 YESTERDAY
  MAXIMUM         37    430 PM  85    1913  52    -15       38
  MINIMUM         14   1240 AM  13    1953  28    -14       28
  AVERAGE         26                        40    -14       33

PRECIPITATION (IN)
  YESTERDAY        0.00          0.98 1945   0.04  -0.04      T
  MONTH TO DATE    0.36                      0.72  -0.36     0.90
  SINCE MAR 1      1.82                      1.67   0.15     2.05
  SINCE JAN 1      3.57                      2.86   0.71     5.71

SNOWFALL (IN)
  YESTERDAY        0.0           5.8  2011   0.2   -0.2      0.1
  MONTH TO DATE    2.6                       4.3   -1.7      9.5
  SINCE MAR 1     20.2                      11.9    8.3     24.2
  SINCE JUL 1     96.6                      68.7   27.9     94.5
  SNOW DEPTH       2

DEGREE DAYS
 HEATING
  YESTERDAY       39                        25     14       32
  MONTH TO DATE  543                       466     77      611
  SINCE MAR 1   2149                      1749    400     2123
  SINCE JUL 1  10580                      9332   1248     9680

 COOLING
  YESTERDAY        0                         0      0        0
  MONTH TO DATE    0                         0      0        0
  SINCE MAR 1      0                         0      0        0
  SINCE JAN 1      0                         0      0        0
..................................................................


WIND (MPH)
  HIGHEST WIND SPEED    15   HIGHEST WIND DIRECTION     E (70)
  HIGHEST GUST SPEED    22   HIGHEST GUST DIRECTION    NE (60)
  AVERAGE WIND SPEED     7.9


SKY COVER
  AVERAGE SKY COVER 0.1


WEATHER CONDITIONS
 THE FOLLOWING WEATHER WAS RECORDED YESTERDAY.
  NO SIGNIFICANT WEATHER WAS OBSERVED.


RELATIVE HUMIDITY (PERCENT)
 HIGHEST    80           100 AM
 LOWEST     23           600 PM
 AVERAGE    52

..........................................................


THE INTERNATIONAL FALLS MN CLIMATE NORMALS FOR TODAY
                         NORMAL    RECORD    YEAR
 MAXIMUM TEMPERATURE (F)   53        77      1911
 MINIMUM TEMPERATURE (F)   28        11      1953


SUNRISE AND SUNSET
APRIL 17 2014.........SUNRISE   619 AM CDT   SUNSET   808 PM CDT
APRIL 18 2014.........SUNRISE   617 AM CDT   SUNSET   809 PM CDT


-  INDICATES NEGATIVE NUMBERS.
R  INDICATES RECORD WAS SET OR TIED.
MM INDICATES DATA IS MISSING.
T  INDICATES TRACE AMOUNT.




$$
