000
CDUS43 KDLH 040636
CLIINL


CLIMATE REPORT
NATIONAL WEATHER SERVICE DULUTH MN
1235 AM CST WED MAR 4 2015


...................................

...THE INTERNATIONAL FALLS MN CLIMATE SUMMARY FOR MARCH 3 2015...

CLIMATE NORMAL PERIOD 1981 TO 2010
CLIMATE RECORD PERIOD 1895 TO 2015


WEATHER ITEM   OBSERVED TIME   RECORD YEAR NORMAL DEPARTURE LAST
                VALUE   (LST)  VALUE       VALUE  FROM      YEAR
                                                  NORMAL
..................................................................
TEMPERATURE (F)
 YESTERDAY
  MAXIMUM         24    657 AM  60    2000  28     -4       10
  MINIMUM         -4   1159 PM -33    2014   6    -10      -33
  AVERAGE         10                        17     -7      -11

PRECIPITATION (IN)
  YESTERDAY        0.03          0.80 1966   0.03   0.00      T
  MONTH TO DATE    0.04                      0.08  -0.04      T
  SINCE MAR 1      0.04                      0.08  -0.04      T
  SINCE JAN 1      2.06                      1.27   0.79     1.75

SNOWFALL (IN)
  YESTERDAY        0.4           7.9  1966   0.3    0.1       T
  MONTH TO DATE    1.4                       1.0    0.4      0.1
  SINCE MAR 1      1.4                       1.0    0.4      0.1
  SINCE JUL 1     58.1                      57.8    0.3     76.5
  SNOW DEPTH      16

DEGREE DAYS
 HEATING
  YESTERDAY       55                        48      7       76
  MONTH TO DATE  169                       145     24      234
  SINCE MAR 1    169                       145     24      234
  SINCE JUL 1   7923                      7728    195     8665

 COOLING
  YESTERDAY        0                         0      0        0
  MONTH TO DATE    0                         0      0        0
  SINCE MAR 1      0                         0      0        0
  SINCE JAN 1      0                         0      0        0
..................................................................


WIND (MPH)
  HIGHEST WIND SPEED    28   HIGHEST WIND DIRECTION    NW (300)
  HIGHEST GUST SPEED    36   HIGHEST GUST DIRECTION     W (290)
  AVERAGE WIND SPEED    13.8


SKY COVER
  AVERAGE SKY COVER 0.7


WEATHER CONDITIONS
 THE FOLLOWING WEATHER WAS RECORDED YESTERDAY.
  LIGHT SNOW
  FOG
  HAZE


RELATIVE HUMIDITY (PERCENT)
 HIGHEST    84           900 AM
 LOWEST     49           600 PM
 AVERAGE    67

..........................................................


THE INTERNATIONAL FALLS MN CLIMATE NORMALS FOR TODAY
                         NORMAL    RECORD    YEAR
 MAXIMUM TEMPERATURE (F)   29        56      2000
 MINIMUM TEMPERATURE (F)    6       -25      2003


SUNRISE AND SUNSET
MARCH  4 2015.........SUNRISE   650 AM CST   SUNSET   602 PM CST
MARCH  5 2015.........SUNRISE   648 AM CST   SUNSET   603 PM CST


-  INDICATES NEGATIVE NUMBERS.
R  INDICATES RECORD WAS SET OR TIED.
MM INDICATES DATA IS MISSING.
T  INDICATES TRACE AMOUNT.




$$
