000
CDUS43 KDLH 250619
CLIINL


CLIMATE REPORT
NATIONAL WEATHER SERVICE DULUTH MN
119 AM CDT MON MAY 25 2015


...................................

...THE INTERNATIONAL FALLS MN CLIMATE SUMMARY FOR MAY 24 2015...

CLIMATE NORMAL PERIOD 1981 TO 2010
CLIMATE RECORD PERIOD 1895 TO 2015


WEATHER ITEM   OBSERVED TIME   RECORD YEAR NORMAL DEPARTURE LAST
                VALUE   (LST)  VALUE       VALUE  FROM      YEAR
                                                  NORMAL
..................................................................
TEMPERATURE (F)
 YESTERDAY
  MAXIMUM         79    138 PM  89    1980  67     12       88
  MINIMUM         42    447 AM  25    1992  41      1       56
                                      1924
  AVERAGE         61                        54      7       72

PRECIPITATION (IN)
  YESTERDAY        0.00          0.97 2010   0.10  -0.10     0.02
  MONTH TO DATE    4.08                      2.12   1.96     2.35
  SINCE MAR 1      5.44                      4.60   0.84     5.34
  SINCE JAN 1      7.46                      5.79   1.67     7.09

SNOWFALL (IN)
  YESTERDAY        0.0           0.2  1949   0.0    0.0      0.0
  MONTH TO DATE    T                         0.2   -0.2       T
  SINCE MAR 1      7.8                      14.2   -6.4     24.8
  SINCE JUL 1     64.5                      71.0   -6.5    101.2
  SNOW DEPTH       0

DEGREE DAYS
 HEATING
  YESTERDAY        4                        11     -7        0
  MONTH TO DATE  374                       350     24      437
  SINCE MAR 1   2302                      2405   -103     2950
  SINCE JUL 1  10056                      9988     68    11381

 COOLING
  YESTERDAY        0                         0      0        7
  MONTH TO DATE    0                         0      0        7
  SINCE MAR 1      0                         1     -1        7
  SINCE JAN 1      0                         1     -1        7
..................................................................


WIND (MPH)
  HIGHEST WIND SPEED     8   HIGHEST WIND DIRECTION    NE (40)
  HIGHEST GUST SPEED    12   HIGHEST GUST DIRECTION     W (290)
  AVERAGE WIND SPEED     2.3


SKY COVER
  AVERAGE SKY COVER 0.0


WEATHER CONDITIONS
 THE FOLLOWING WEATHER WAS RECORDED YESTERDAY.
  NO SIGNIFICANT WEATHER WAS OBSERVED.


RELATIVE HUMIDITY (PERCENT)
 HIGHEST    89           300 AM
 LOWEST     26           200 PM
 AVERAGE    58

..........................................................


THE INTERNATIONAL FALLS MN CLIMATE NORMALS FOR TODAY
                         NORMAL    RECORD    YEAR
 MAXIMUM TEMPERATURE (F)   68        88      1919
 MINIMUM TEMPERATURE (F)   42        27      1983
                                             1969


SUNRISE AND SUNSET
MAY 25 2015...........SUNRISE   522 AM CDT   SUNSET   900 PM CDT
MAY 26 2015...........SUNRISE   521 AM CDT   SUNSET   901 PM CDT


-  INDICATES NEGATIVE NUMBERS.
R  INDICATES RECORD WAS SET OR TIED.
MM INDICATES DATA IS MISSING.
T  INDICATES TRACE AMOUNT.




$$
