000
CDUS43 KDLH 310621
CLIINL


CLIMATE REPORT
NATIONAL WEATHER SERVICE DULUTH MN
121 AM CDT WED AUG 31 2016


...................................

...THE INTERNATIONAL FALLS MN CLIMATE SUMMARY FOR AUGUST 30 2016...

CLIMATE NORMAL PERIOD 1981 TO 2010
CLIMATE RECORD PERIOD 1895 TO 2016


WEATHER ITEM   OBSERVED TIME   RECORD YEAR NORMAL DEPARTURE LAST
                VALUE   (LST)  VALUE       VALUE  FROM      YEAR
                                                  NORMAL
..................................................................
TEMPERATURE (F)
 YESTERDAY
  MAXIMUM         73    247 PM  88    2010  72      1       83
                                      1921
  MINIMUM         42   1152 PM  32    2009  48     -6       62
  AVERAGE         58                        60     -2       73

PRECIPITATION (IN)
  YESTERDAY        0.00          4.82 1942   0.09  -0.09     0.00
  MONTH TO DATE    3.41                      2.72   0.69     3.62
  SINCE JUN 1     12.76                     10.34   2.42     8.29
  SINCE JAN 1     20.56                     16.87   3.69    16.46

SNOWFALL (IN)
  YESTERDAY        0.0           0.0  2002   0.0    0.0      0.0
                                      2001
  MONTH TO DATE    0.0                       0.0    0.0      0.0
  SINCE JUN 1      0.0                       0.0    0.0      0.0
  SINCE JUL 1      0.0                       0.0    0.0      0.0
  SNOW DEPTH       0

DEGREE DAYS
 HEATING
  YESTERDAY        7                         6      1        0
  MONTH TO DATE   65                       104    -39      129
  SINCE JUN 1    275                       338    -63      325
  SINCE JUL 1    108                       174    -66      176

 COOLING
  YESTERDAY        0                         1     -1        8
  MONTH TO DATE   46                        52     -6       61
  SINCE JUN 1    146                       166    -20      156
  SINCE JAN 1    148                       175    -27      156
..................................................................


WIND (MPH)
  HIGHEST WIND SPEED    18   HIGHEST WIND DIRECTION    NW (330)
  HIGHEST GUST SPEED    22   HIGHEST GUST DIRECTION    NW (330)
  AVERAGE WIND SPEED     4.6


SKY COVER
  AVERAGE SKY COVER 0.0


WEATHER CONDITIONS
 THE FOLLOWING WEATHER WAS RECORDED YESTERDAY.
  FOG


RELATIVE HUMIDITY (PERCENT)
 HIGHEST   100          1200 AM
 LOWEST     38           200 PM
 AVERAGE    69

..........................................................


THE INTERNATIONAL FALLS MN CLIMATE NORMALS FOR TODAY
                         NORMAL    RECORD    YEAR
 MAXIMUM TEMPERATURE (F)   72        94      1921
 MINIMUM TEMPERATURE (F)   48        27      1906


SUNRISE AND SUNSET
AUGUST 31 2016........SUNRISE   630 AM CDT   SUNSET   756 PM CDT
SEPTEMBER  1 2016.....SUNRISE   632 AM CDT   SUNSET   754 PM CDT


-  INDICATES NEGATIVE NUMBERS.
R  INDICATES RECORD WAS SET OR TIED.
MM INDICATES DATA IS MISSING.
T  INDICATES TRACE AMOUNT.




$$
