000
CDUS45 KFGZ 310838
CLIINW
CLIMATE REPORT
NATIONAL WEATHER SERVICE FLAGSTAFF, AZ
137 AM MST TUE MAY 31 2016


...................................

...THE WINSLOW AZ AIRPORT CLIMATE SUMMARY FOR MAY 30 2016...

CLIMATE NORMAL PERIOD 1981 TO 2010
CLIMATE RECORD PERIOD 1915 TO 2016


WEATHER ITEM   OBSERVED TIME   RECORD YEAR NORMAL DEPARTURE LAST
                VALUE   (LST)  VALUE       VALUE  FROM      YEAR
                                                  NORMAL
..................................................................
TEMPERATURE (F)
 YESTERDAY
  MAXIMUM         83    421 PM  99    2002  86     -3       90
  MINIMUM         46    538 AM  30    1918  49     -3       47
  AVERAGE         65                        68     -3       69

PRECIPITATION (IN)
  YESTERDAY        0.00          0.25 1967   0.01  -0.01     0.00
  MONTH TO DATE    0.43                      0.32   0.11     0.82
  SINCE SEP 1      5.62                      4.58   1.04     6.26
  SINCE JAN 1      1.60                      2.10  -0.50     3.41

DEGREE DAYS
 HEATING
  YESTERDAY        0                         1     -1        0
  MONTH TO DATE  134                       106     28      154
  SINCE JUL 1   4253                      4485   -232     3828

 COOLING
  YESTERDAY        0                         4     -4        4
  MONTH TO DATE   16                        60    -44       12
  SINCE JAN 1     16                        64    -48       12
..................................................................


WIND (MPH)
  HIGHEST WIND SPEED    20   HIGHEST WIND DIRECTION    SE (120)
  HIGHEST GUST SPEED    25   HIGHEST GUST DIRECTION    SE (120)
  AVERAGE WIND SPEED     7.2


SKY COVER
  POSSIBLE SUNSHINE  MM
  AVERAGE SKY COVER 0.1


WEATHER CONDITIONS
 THE FOLLOWING WEATHER WAS RECORDED YESTERDAY.
  HAZE


RELATIVE HUMIDITY (PERCENT)
 HIGHEST    29           300 AM
 LOWEST     11           400 PM
 AVERAGE    20

..........................................................


THE WINSLOW AZ AIRPORT CLIMATE NORMALS FOR TODAY
                         NORMAL    RECORD    YEAR
 MAXIMUM TEMPERATURE (F)   87       101      2002
 MINIMUM TEMPERATURE (F)   49        35      1923


SUNRISE AND SUNSET
MAY 31 2016...........SUNRISE   510 AM MST   SUNSET   731 PM MST
JUNE  1 2016..........SUNRISE   510 AM MST   SUNSET   732 PM MST


-  INDICATES NEGATIVE NUMBERS.
R  INDICATES RECORD WAS SET OR TIED.
MM INDICATES DATA IS MISSING.
T  INDICATES TRACE AMOUNT.




$$
