000
CDUS45 KFGZ 220827
CLIINW
CLIMATE REPORT
NATIONAL WEATHER SERVICE FLAGSTAFF, AZ
1255 AM MST MON DEC 22 2014


...................................

...THE WINSLOW AZ AIRPORT CLIMATE SUMMARY FOR DECEMBER 21 2014...

CLIMATE NORMAL PERIOD 1981 TO 2010
CLIMATE RECORD PERIOD 1915 TO 2014


WEATHER ITEM   OBSERVED TIME   RECORD YEAR NORMAL DEPARTURE LAST
                VALUE   (LST)  VALUE       VALUE  FROM      YEAR
                                                  NORMAL
..................................................................
TEMPERATURE (F)
 YESTERDAY
  MAXIMUM         51    405 PM  67    1969  47      4       48
  MINIMUM         27    808 AM  -5    1967  20      7       23
  AVERAGE         39                        34      5       36

PRECIPITATION (IN)
  YESTERDAY        0.00          0.43 1975   0.02  -0.02      T
  MONTH TO DATE    1.03                      0.38   0.65     0.05
  SINCE SEP 1      2.76                      2.30   0.46     3.81
  SINCE JAN 1      6.94                      6.83   0.11     9.51

DEGREE DAYS
 HEATING
  YESTERDAY       26                        31     -5       29
  MONTH TO DATE  514                       626   -112      675
  SINCE JUL 1   1266                      1562   -296     1647

 COOLING
  YESTERDAY        0                         0      0        0
  MONTH TO DATE    0                         0      0        0
  SINCE JAN 1   1327                      1208    119     1380
..................................................................


WIND (MPH)
  HIGHEST WIND SPEED     9   HIGHEST WIND DIRECTION     N (10)
  HIGHEST GUST SPEED    11   HIGHEST GUST DIRECTION     N (10)
  AVERAGE WIND SPEED     3.5


SKY COVER
  POSSIBLE SUNSHINE  MM
  AVERAGE SKY COVER 0.5


WEATHER CONDITIONS
 THE FOLLOWING WEATHER WAS RECORDED YESTERDAY.
  FOG
  FOG W/VISIBILITY <= 1/4 MILE


RELATIVE HUMIDITY (PERCENT)
 HIGHEST   100          1200 AM
 LOWEST     50           400 PM
 AVERAGE    75

..........................................................


THE WINSLOW AZ AIRPORT CLIMATE NORMALS FOR TODAY
                         NORMAL    RECORD    YEAR
 MAXIMUM TEMPERATURE (F)   47        67      2000
 MINIMUM TEMPERATURE (F)   20       -12      1967


SUNRISE AND SUNSET
DECEMBER 22 2014......SUNRISE   728 AM MST   SUNSET   516 PM MST
DECEMBER 23 2014......SUNRISE   728 AM MST   SUNSET   516 PM MST


-  INDICATES NEGATIVE NUMBERS.
R  INDICATES RECORD WAS SET OR TIED.
MM INDICATES DATA IS MISSING.
T  INDICATES TRACE AMOUNT.




$$
