520
CDUS45 KFGZ 130759
CLIINW
CLIMATE REPORT
NATIONAL WEATHER SERVICE FLAGSTAFF, AZ
1255 AM MST SAT FEB 13 2016


...................................

...THE WINSLOW AZ AIRPORT CLIMATE SUMMARY FOR FEBRUARY 12 2016...

CLIMATE NORMAL PERIOD 1981 TO 2010
CLIMATE RECORD PERIOD 1915 TO 2016


WEATHER ITEM   OBSERVED TIME   RECORD YEAR NORMAL DEPARTURE LAST
                VALUE   (LST)  VALUE       VALUE  FROM      YEAR
                                                  NORMAL
..................................................................
TEMPERATURE (F)
 YESTERDAY
  MAXIMUM         69    451 PM  74    1916  55     14       60
  MINIMUM         20    609 AM   4    1948  24     -4       25
  AVERAGE         45                        40      5       43

PRECIPITATION (IN)
  YESTERDAY        0.00          0.29 2005   0.02  -0.02     0.00
  MONTH TO DATE    0.22                      0.20   0.02     0.00
  SINCE SEP 1      4.59                      3.20   1.39     4.48
  SINCE JAN 1      0.57                      0.72  -0.15     1.63

DEGREE DAYS
 HEATING
  YESTERDAY       20                        25     -5       22
  MONTH TO DATE  360                       318     42      203
  SINCE JUL 1   3048                      3121    -73     2640

 COOLING
  YESTERDAY        0                         0      0        0
  MONTH TO DATE    0                         0      0        0
  SINCE JAN 1      0                         0      0        0
..................................................................


WIND (MPH)
  HIGHEST WIND SPEED     8   HIGHEST WIND DIRECTION     E (110)
  HIGHEST GUST SPEED    10   HIGHEST GUST DIRECTION    SE (120)
  AVERAGE WIND SPEED     3.4


SKY COVER
  POSSIBLE SUNSHINE  MM
  AVERAGE SKY COVER 0.0


WEATHER CONDITIONS
 THE FOLLOWING WEATHER WAS RECORDED YESTERDAY.
  NO SIGNIFICANT WEATHER WAS OBSERVED.


RELATIVE HUMIDITY (PERCENT)
 HIGHEST    84           700 AM
 LOWEST     12           500 PM
 AVERAGE    48

..........................................................


THE WINSLOW AZ AIRPORT CLIMATE NORMALS FOR TODAY
                         NORMAL    RECORD    YEAR
 MAXIMUM TEMPERATURE (F)   55        75      2014
 MINIMUM TEMPERATURE (F)   24         4      1949


SUNRISE AND SUNSET
FEBRUARY 13 2016......SUNRISE   711 AM MST   SUNSET   603 PM MST
FEBRUARY 14 2016......SUNRISE   710 AM MST   SUNSET   604 PM MST


-  INDICATES NEGATIVE NUMBERS.
R  INDICATES RECORD WAS SET OR TIED.
MM INDICATES DATA IS MISSING.
T  INDICATES TRACE AMOUNT.




$$
