000
CDUS45 KFGZ 290746
CLIINW
CLIMATE REPORT
NATIONAL WEATHER SERVICE FLAGSTAFF, AZ
1244 AM MST FRI APR 29 2016


...................................

...THE WINSLOW AZ AIRPORT CLIMATE SUMMARY FOR APRIL 28 2016...

CLIMATE NORMAL PERIOD 1981 TO 2010
CLIMATE RECORD PERIOD 1915 TO 2016


WEATHER ITEM   OBSERVED TIME   RECORD YEAR NORMAL DEPARTURE LAST
                VALUE   (LST)  VALUE       VALUE  FROM      YEAR
                                                  NORMAL
..................................................................
TEMPERATURE (F)
 YESTERDAY
  MAXIMUM         63    317 PM  87    2000  76    -13       76
                                      1949
  MINIMUM         39    249 AM  25    2008  41     -2       40
  AVERAGE         51                        58     -7       58

PRECIPITATION (IN)
  YESTERDAY        T             0.44 1953   0.01  -0.01     0.00
  MONTH TO DATE    0.22                      0.25  -0.03     0.30
  SINCE SEP 1      4.85                      4.25   0.60     5.44
  SINCE JAN 1      0.83                      1.77  -0.94     2.59

DEGREE DAYS
 HEATING
  YESTERDAY       14                         7      7        7
  MONTH TO DATE  299                       313    -14      310
  SINCE JUL 1   4095                      4366   -271     3671

 COOLING
  YESTERDAY        0                         0      0        0
  MONTH TO DATE    0                         0      0        0
  SINCE JAN 1      0                         0      0        0
..................................................................


WIND (MPH)
  HIGHEST WIND SPEED    38   HIGHEST WIND DIRECTION     S (180)
  HIGHEST GUST SPEED    47   HIGHEST GUST DIRECTION     S (180)
  AVERAGE WIND SPEED    13.8


SKY COVER
  POSSIBLE SUNSHINE  MM
  AVERAGE SKY COVER 0.3


WEATHER CONDITIONS
 THE FOLLOWING WEATHER WAS RECORDED YESTERDAY.
  LIGHT RAIN


RELATIVE HUMIDITY (PERCENT)
 HIGHEST    57          1000 PM
 LOWEST     15           500 PM
 AVERAGE    36

..........................................................


THE WINSLOW AZ AIRPORT CLIMATE NORMALS FOR TODAY
                         NORMAL    RECORD    YEAR
 MAXIMUM TEMPERATURE (F)   76        89      2013
 MINIMUM TEMPERATURE (F)   41        21      1996


SUNRISE AND SUNSET
APRIL 29 2016.........SUNRISE   534 AM MST   SUNSET   707 PM MST
APRIL 30 2016.........SUNRISE   533 AM MST   SUNSET   708 PM MST


-  INDICATES NEGATIVE NUMBERS.
R  INDICATES RECORD WAS SET OR TIED.
MM INDICATES DATA IS MISSING.
T  INDICATES TRACE AMOUNT.




$$
