000
CDUS45 KFGZ 200818
CLIINW
CLIMATE REPORT
NATIONAL WEATHER SERVICE FLAGSTAFF, AZ
116 AM MST MON FEB 20 2017


...................................

...THE WINSLOW AZ AIRPORT CLIMATE SUMMARY FOR FEBRUARY 19 2017...

CLIMATE NORMAL PERIOD 1981 TO 2010
CLIMATE RECORD PERIOD 1915 TO 2017


WEATHER ITEM   OBSERVED TIME   RECORD YEAR NORMAL DEPARTURE LAST
                VALUE   (LST)  VALUE       VALUE  FROM      YEAR
                                                  NORMAL
..................................................................
TEMPERATURE (F)
 YESTERDAY
  MAXIMUM         56    304 PM  74    1981  57     -1       72
  MINIMUM         33   1159 PM  10    1955  26      7       35
  AVERAGE         45                        41      4       54

PRECIPITATION (IN)
  YESTERDAY        T             0.57 1980   0.02  -0.02     0.00
  MONTH TO DATE    0.15                      0.32  -0.17     0.22
  SINCE SEP 1      4.04                      3.32   0.72     4.59
  SINCE JAN 1      0.96                      0.84   0.12     0.57

DEGREE DAYS
 HEATING
  YESTERDAY       20                        24     -4       11
  MONTH TO DATE  325                       489   -164      468
  SINCE JUL 1   2612                      3292   -680     3156

 COOLING
  YESTERDAY        0                         0      0        0
  MONTH TO DATE    0                         0      0        0
  SINCE JAN 1      0                         0      0        0
..................................................................


WIND (MPH)
  HIGHEST WIND SPEED    24   HIGHEST WIND DIRECTION    SW (230)
  HIGHEST GUST SPEED    28   HIGHEST GUST DIRECTION    SW (230)
  AVERAGE WIND SPEED     9.6


SKY COVER
  POSSIBLE SUNSHINE  MM
  AVERAGE SKY COVER 0.6


WEATHER CONDITIONS
 THE FOLLOWING WEATHER WAS RECORDED YESTERDAY.
  LIGHT RAIN


RELATIVE HUMIDITY (PERCENT)
 HIGHEST    92           400 AM
 LOWEST     41           300 PM
 AVERAGE    67

..........................................................


THE WINSLOW AZ AIRPORT CLIMATE NORMALS FOR TODAY
                         NORMAL    RECORD    YEAR
 MAXIMUM TEMPERATURE (F)   57        75      1935
 MINIMUM TEMPERATURE (F)   26         6      1955


SUNRISE AND SUNSET
FEBRUARY 20 2017......SUNRISE   703 AM MST   SUNSET   611 PM MST
FEBRUARY 21 2017......SUNRISE   702 AM MST   SUNSET   612 PM MST


-  INDICATES NEGATIVE NUMBERS.
R  INDICATES RECORD WAS SET OR TIED.
MM INDICATES DATA IS MISSING.
T  INDICATES TRACE AMOUNT.




$$
