000
CDUS45 KFGZ 230744
CLIINW
CLIMATE REPORT
NATIONAL WEATHER SERVICE FLAGSTAFF, AZ
1243 AM MST MON JAN 23 2017


...................................

...THE WINSLOW AZ AIRPORT CLIMATE SUMMARY FOR JANUARY 22 2017...

CLIMATE NORMAL PERIOD 1981 TO 2010
CLIMATE RECORD PERIOD 1915 TO 2017


WEATHER ITEM   OBSERVED TIME   RECORD YEAR NORMAL DEPARTURE LAST
                VALUE   (LST)  VALUE       VALUE  FROM      YEAR
                                                  NORMAL
..................................................................
TEMPERATURE (F)
 YESTERDAY
  MAXIMUM         42    218 PM  65    1993  50     -8       51
                                      1967
  MINIMUM         22    700 AM -18    1937  21      1       15
  AVERAGE         32                        36     -4       33

PRECIPITATION (IN)
  YESTERDAY        T             0.39 2010   0.02  -0.02     0.00
  MONTH TO DATE    0.77                      0.38   0.39     0.19
  SINCE SEP 1      3.85                      2.86   0.99     4.21
  SINCE JAN 1      0.77                      0.38   0.39     0.19

DEGREE DAYS
 HEATING
  YESTERDAY       33                        29      4       32
  MONTH TO DATE  508                       668   -160      681
  SINCE JUL 1   2007                      2546   -539     2462

 COOLING
  YESTERDAY        0                         0      0        0
  MONTH TO DATE    0                         0      0        0
  SINCE JAN 1      0                         0      0        0
..................................................................


WIND (MPH)
  HIGHEST WIND SPEED    13   HIGHEST WIND DIRECTION    SE (150)
  HIGHEST GUST SPEED    17   HIGHEST GUST DIRECTION     S (160)
  AVERAGE WIND SPEED     5.3


SKY COVER
  POSSIBLE SUNSHINE  MM
  AVERAGE SKY COVER 0.6


WEATHER CONDITIONS
 THE FOLLOWING WEATHER WAS RECORDED YESTERDAY.
  LIGHT SNOW
  FOG


RELATIVE HUMIDITY (PERCENT)
 HIGHEST   100           500 AM
 LOWEST     65           200 PM
 AVERAGE    83

..........................................................


THE WINSLOW AZ AIRPORT CLIMATE NORMALS FOR TODAY
                         NORMAL    RECORD    YEAR
 MAXIMUM TEMPERATURE (F)   51        71      1950
 MINIMUM TEMPERATURE (F)   21       -18      1937


SUNRISE AND SUNSET
JANUARY 23 2017.......SUNRISE   727 AM MST   SUNSET   543 PM MST
JANUARY 24 2017.......SUNRISE   727 AM MST   SUNSET   544 PM MST


-  INDICATES NEGATIVE NUMBERS.
R  INDICATES RECORD WAS SET OR TIED.
MM INDICATES DATA IS MISSING.
T  INDICATES TRACE AMOUNT.




$$
