000
CDUS45 KFGZ 310105
CLIINW
CLIMATE REPORT
NATIONAL WEATHER SERVICE FLAGSTAFF, AZ
603 PM MST FRI JAN 30 2015


...................................

...THE WINSLOW AZ AIRPORT CLIMATE SUMMARY FOR JANUARY 30 2015...
VALID TODAY AS OF 0500 PM LOCAL TIME.

CLIMATE NORMAL PERIOD 1981 TO 2010
CLIMATE RECORD PERIOD 1915 TO 2015


WEATHER ITEM   OBSERVED TIME   RECORD YEAR NORMAL DEPARTURE LAST
                VALUE   (LST)  VALUE       VALUE  FROM      YEAR
                                                  NORMAL
..................................................................
TEMPERATURE (F)
 TODAY
  MAXIMUM         48    432 PM  70    2014  52     -4       70
  MINIMUM         42    809 AM   0    1979  22     20       36
  AVERAGE         45                        37      8       53

PRECIPITATION (IN)
  TODAY            0.30          0.35 1951   0.01   0.29     0.00
  MONTH TO DATE    1.59                      0.50   1.09     0.00
  SINCE SEP 1      4.44                      2.98   1.46     3.81
  SINCE JAN 1      1.59                      0.50   1.09     0.00

DEGREE DAYS
 HEATING
  TODAY           20                        28     -8       12
  MONTH TO DATE  833                       896    -63      843
  SINCE JUL 1   2417                      2774   -357     2804

 COOLING
  TODAY            0                         0      0        0
  MONTH TO DATE    0                         0      0        0
  SINCE JAN 1      0                         0      0        0
..................................................................


WIND (MPH)
  HIGHEST WIND SPEED    18   HIGHEST WIND DIRECTION     E (110)
  HIGHEST GUST SPEED    23   HIGHEST GUST DIRECTION     E (110)
  AVERAGE WIND SPEED    12.0


SKY COVER
  POSSIBLE SUNSHINE  MM
  AVERAGE SKY COVER 1.0


WEATHER CONDITIONS
 THE FOLLOWING WEATHER WAS RECORDED TODAY.
  LIGHT RAIN
  FOG


RELATIVE HUMIDITY (PERCENT)
 HIGHEST    93           300 PM
 LOWEST     86           100 AM
 AVERAGE    90

..........................................................


THE WINSLOW AZ AIRPORT CLIMATE NORMALS FOR TOMORROW
                         NORMAL    RECORD    YEAR
 MAXIMUM TEMPERATURE (F)   52        68      1963
 MINIMUM TEMPERATURE (F)   22         3      1979
                                             1949
                                             1916


SUNRISE AND SUNSET
JANUARY 30 2015.......SUNRISE   723 AM MST   SUNSET   550 PM MST
JANUARY 31 2015.......SUNRISE   723 AM MST   SUNSET   551 PM MST


-  INDICATES NEGATIVE NUMBERS.
R  INDICATES RECORD WAS SET OR TIED.
MM INDICATES DATA IS MISSING.
T  INDICATES TRACE AMOUNT.




$$
