000
CDUS45 KFGZ 290743
CLIINW
CLIMATE REPORT
NATIONAL WEATHER SERVICE FLAGSTAFF, AZ
1242 AM MST SUN MAR 29 2015


...................................

...THE WINSLOW AZ AIRPORT CLIMATE SUMMARY FOR MARCH 28 2015...

CLIMATE NORMAL PERIOD 1981 TO 2010
CLIMATE RECORD PERIOD 1915 TO 2015


WEATHER ITEM   OBSERVED TIME   RECORD YEAR NORMAL DEPARTURE LAST
                VALUE   (LST)  VALUE       VALUE  FROM      YEAR
                                                  NORMAL
..................................................................
TEMPERATURE (F)
 YESTERDAY
  MAXIMUM         85R   210 PM  80    1943  67     18       65
  MINIMUM         35    627 AM  15    1975  32      3       32
  AVERAGE         60                        49     11       49

PRECIPITATION (IN)
  YESTERDAY        0.00          0.42 1998   0.02  -0.02     0.00
  MONTH TO DATE    0.22                      0.49  -0.27     1.00
  SINCE SEP 1      5.14                      3.95   1.19     4.83
  SINCE JAN 1      2.29                      1.47   0.82     1.02

DEGREE DAYS
 HEATING
  YESTERDAY        5                        16    -11       16
  MONTH TO DATE  411                       514   -103      454
  SINCE JUL 1   3350                      4009   -659     3821

 COOLING
  YESTERDAY        0                         0      0        0
  MONTH TO DATE    0                         0      0        0
  SINCE JAN 1      0                         0      0        0
..................................................................


WIND (MPH)
  HIGHEST WIND SPEED    24   HIGHEST WIND DIRECTION     W (280)
  HIGHEST GUST SPEED    32   HIGHEST GUST DIRECTION     W (260)
  AVERAGE WIND SPEED     9.1


SKY COVER
  POSSIBLE SUNSHINE  MM
  AVERAGE SKY COVER 0.0


WEATHER CONDITIONS
 THE FOLLOWING WEATHER WAS RECORDED YESTERDAY.
  NO SIGNIFICANT WEATHER WAS OBSERVED.


RELATIVE HUMIDITY (PERCENT)
 HIGHEST    52           400 AM
 LOWEST      3           300 PM
 AVERAGE    28

..........................................................


THE WINSLOW AZ AIRPORT CLIMATE NORMALS FOR TODAY
                         NORMAL    RECORD    YEAR
 MAXIMUM TEMPERATURE (F)   67        80      1917
 MINIMUM TEMPERATURE (F)   32        15      1944


SUNRISE AND SUNSET
MARCH 29 2015.........SUNRISE   614 AM MST   SUNSET   642 PM MST
MARCH 30 2015.........SUNRISE   613 AM MST   SUNSET   643 PM MST


-  INDICATES NEGATIVE NUMBERS.
R  INDICATES RECORD WAS SET OR TIED.
MM INDICATES DATA IS MISSING.
T  INDICATES TRACE AMOUNT.




$$
