069
CDUS45 KFGZ 250743
CLIINW
CLIMATE REPORT
NATIONAL WEATHER SERVICE FLAGSTAFF, AZ
1241 AM MST TUE JUL 25 2017


...................................

...THE WINSLOW AZ AIRPORT CLIMATE SUMMARY FOR JULY 24 2017...

CLIMATE NORMAL PERIOD 1981 TO 2010
CLIMATE RECORD PERIOD 1915 TO 2017


WEATHER ITEM   OBSERVED TIME   RECORD YEAR NORMAL DEPARTURE LAST
                VALUE   (LST)  VALUE       VALUE  FROM      YEAR
                                                  NORMAL
..................................................................
TEMPERATURE (F)
 YESTERDAY
  MAXIMUM         81   1213 PM 105    1996  94    -13       99
  MINIMUM         66    606 AM  49    1973  63      3       61
  AVERAGE         74                        78     -4       80

PRECIPITATION (IN)
  YESTERDAY        0.10          0.94 1992   0.04   0.06     0.00
  MONTH TO DATE    0.39                      0.75  -0.36     0.36
  SINCE SEP 1      5.61                      5.52   0.09     5.99
  SINCE JAN 1      2.53                      3.04  -0.51     1.97

DEGREE DAYS
 HEATING
  YESTERDAY        0                         0      0        0
  MONTH TO DATE    0                         0      0        0
  SINCE JUL 1      0                         0      0        0

 COOLING
  YESTERDAY        9                        13     -4       15
  MONTH TO DATE  372                       319     53      325
  SINCE JAN 1    778                       627    151      731
..................................................................


WIND (MPH)
  HIGHEST WIND SPEED    25   HIGHEST WIND DIRECTION    SE (150)
  HIGHEST GUST SPEED    33   HIGHEST GUST DIRECTION    SE (140)
  AVERAGE WIND SPEED     5.7


SKY COVER
  POSSIBLE SUNSHINE  MM
  AVERAGE SKY COVER 0.2


WEATHER CONDITIONS
 THE FOLLOWING WEATHER WAS RECORDED YESTERDAY.
  THUNDERSTORM
  RAIN
  LIGHT RAIN
  FOG


RELATIVE HUMIDITY (PERCENT)
 HIGHEST    93           600 AM
 LOWEST     54          1200 PM
 AVERAGE    74

..........................................................


THE WINSLOW AZ AIRPORT CLIMATE NORMALS FOR TODAY
                         NORMAL    RECORD    YEAR
 MAXIMUM TEMPERATURE (F)   94       104      1963
                                             1936
 MINIMUM TEMPERATURE (F)   63        48      1973


SUNRISE AND SUNSET
JULY 25 2017..........SUNRISE   527 AM MST   SUNSET   731 PM MST
JULY 26 2017..........SUNRISE   528 AM MST   SUNSET   730 PM MST


-  INDICATES NEGATIVE NUMBERS.
R  INDICATES RECORD WAS SET OR TIED.
MM INDICATES DATA IS MISSING.
T  INDICATES TRACE AMOUNT.




$$
