000
CDUS45 KFGZ 230757
CLIINW
CLIMATE REPORT
NATIONAL WEATHER SERVICE FLAGSTAFF, AZ
1256 AM MST SUN NOV 23 2014


...................................

...THE WINSLOW AZ AIRPORT CLIMATE SUMMARY FOR NOVEMBER 22 2014...

CLIMATE NORMAL PERIOD 1981 TO 2010
CLIMATE RECORD PERIOD 1898 TO 2014


WEATHER ITEM   OBSERVED TIME   RECORD YEAR NORMAL DEPARTURE LAST
                VALUE   (LST)  VALUE       VALUE  FROM      YEAR
                                                  NORMAL
..................................................................
TEMPERATURE (F)
 YESTERDAY
  MAXIMUM         66    300 PM  76    1927  57      9       46
  MINIMUM         18    606 AM   5    1929  26     -8       39
  AVERAGE         42                        41      1       43

PRECIPITATION (IN)
  YESTERDAY        0.00          1.78 2013   0.02  -0.02     1.78
  MONTH TO DATE    T                         0.37  -0.37     2.01
  SINCE SEP 1      1.73                      1.78  -0.05     3.23
  SINCE JAN 1      5.91                      6.31  -0.40     8.93

DEGREE DAYS
 HEATING
  YESTERDAY       23                        24     -1       22
  MONTH TO DATE  404                       425    -21      387
  SINCE JUL 1    562                       731   -169      800

 COOLING
  YESTERDAY        0                         0      0        0
  MONTH TO DATE    0                         0      0        0
  SINCE JAN 1   1327                      1208    119     1380
..................................................................


WIND (MPH)
  HIGHEST WIND SPEED    23   HIGHEST WIND DIRECTION    SW (240)
  HIGHEST GUST SPEED    29   HIGHEST GUST DIRECTION     W (260)
  AVERAGE WIND SPEED     7.9


SKY COVER
  POSSIBLE SUNSHINE  MM
  AVERAGE SKY COVER 0.0


WEATHER CONDITIONS
 THE FOLLOWING WEATHER WAS RECORDED YESTERDAY.
  NO SIGNIFICANT WEATHER WAS OBSERVED.


RELATIVE HUMIDITY (PERCENT)
 HIGHEST    67           600 AM
 LOWEST     14           300 PM
 AVERAGE    41

..........................................................


THE WINSLOW AZ AIRPORT CLIMATE NORMALS FOR TODAY
                         NORMAL    RECORD    YEAR
 MAXIMUM TEMPERATURE (F)   56        74      1998
 MINIMUM TEMPERATURE (F)   25         7      1931


SUNRISE AND SUNSET
NOVEMBER 23 2014......SUNRISE   705 AM MST   SUNSET   513 PM MST
NOVEMBER 24 2014......SUNRISE   706 AM MST   SUNSET   513 PM MST


-  INDICATES NEGATIVE NUMBERS.
R  INDICATES RECORD WAS SET OR TIED.
MM INDICATES DATA IS MISSING.
T  INDICATES TRACE AMOUNT.




$$
