000
CDUS45 KFGZ 200743
CLIINW
CLIMATE REPORT
NATIONAL WEATHER SERVICE FLAGSTAFF, AZ
1237 AM MST TUE FEB 20 2018


...................................

...THE WINSLOW AZ AIRPORT CLIMATE SUMMARY FOR FEBRUARY 19 2018...

CLIMATE NORMAL PERIOD 1981 TO 2010
CLIMATE RECORD PERIOD 1915 TO 2018


WEATHER ITEM   OBSERVED TIME   RECORD YEAR NORMAL DEPARTURE LAST
                VALUE   (LST)  VALUE       VALUE  FROM      YEAR
                                                  NORMAL
..................................................................
TEMPERATURE (F)
 YESTERDAY
  MAXIMUM         55    107 PM  74    1981  57     -2       56
  MINIMUM         19   1148 PM  10    1955  26     -7       33
  AVERAGE         37                        41     -4       45

PRECIPITATION (IN)
  YESTERDAY        T             0.57 1980   0.02  -0.02      T
  MONTH TO DATE    0.01                      0.32  -0.31     0.15
  SINCE SEP 1      0.27                      3.32  -3.05     4.04
  SINCE JAN 1      0.04                      0.84  -0.80     0.96

DEGREE DAYS
 HEATING
  YESTERDAY       28                        24      4       20
  MONTH TO DATE  397                       489    -92      325
  SINCE JUL 1   2764                      3292   -528     2612

 COOLING
  YESTERDAY        0                         0      0        0
  MONTH TO DATE    0                         0      0        0
  SINCE JAN 1      0                         0      0        0
..................................................................


WIND (MPH)
  HIGHEST WIND SPEED    53   HIGHEST WIND DIRECTION    SW (210)
  HIGHEST GUST SPEED    65   HIGHEST GUST DIRECTION    SW (220)
  AVERAGE WIND SPEED    23.5


SKY COVER
  POSSIBLE SUNSHINE  MM
  AVERAGE SKY COVER 0.4


WEATHER CONDITIONS
 THE FOLLOWING WEATHER WAS RECORDED YESTERDAY.
  LIGHT RAIN
  HAZE


RELATIVE HUMIDITY (PERCENT)
 HIGHEST    85           500 PM
 LOWEST     34          1000 PM
 AVERAGE    60

..........................................................


THE WINSLOW AZ AIRPORT CLIMATE NORMALS FOR TODAY
                         NORMAL    RECORD    YEAR
 MAXIMUM TEMPERATURE (F)   57        75      1935
 MINIMUM TEMPERATURE (F)   26         6      1955


SUNRISE AND SUNSET
FEBRUARY 20 2018......SUNRISE   703 AM MST   SUNSET   610 PM MST
FEBRUARY 21 2018......SUNRISE   702 AM MST   SUNSET   611 PM MST


-  INDICATES NEGATIVE NUMBERS.
R  INDICATES RECORD WAS SET OR TIED.
MM INDICATES DATA IS MISSING.
T  INDICATES TRACE AMOUNT.




$$
