000
CDUS43 KDVN 302128
CLIIOW


CLIMATE REPORT
NATIONAL WEATHER SERVICE QUAD CITIES IA IL
428 PM CDT TUE JUN 30 2015


...................................

...THE IOWA CITY IA CLIMATE SUMMARY FOR JUNE 30 2015...
VALID TODAY AS OF 0400 PM LOCAL TIME.

CLIMATE NORMAL PERIOD 1981 TO 2010
CLIMATE RECORD PERIOD 9999 TO 9999


WEATHER ITEM   OBSERVED TIME   RECORD YEAR NORMAL DEPARTURE LAST
                VALUE   (LST)  VALUE       VALUE  FROM      YEAR
                                                  NORMAL
..................................................................
TEMPERATURE (F)
 TODAY
  MAXIMUM         82    213 PM  MM      MM  84     -2       85
  MINIMUM         61    505 AM  MM      MM  64     -3       64
  AVERAGE         72                        74     -2       75

PRECIPITATION (IN)
  TODAY            0.00         MM      MM   0.17  -0.17     3.73
  MONTH TO DATE    5.88                      4.61   1.27     9.80
  SINCE JUN 1      5.88                      4.61   1.27     9.80
  SINCE JAN 1     15.73                     16.70  -0.97    20.85

DEGREE DAYS
 HEATING
  TODAY            0                         0      0        0
  MONTH TO DATE    7                        14     -7        4
  SINCE JUN 1      7                        17    -10        4
  SINCE JUL 1   6728                      6378    350     7486

 COOLING
  TODAY            7                         9     -2       10
  MONTH TO DATE  200                       211    -11      214
  SINCE JUN 1    200                       211    -11      214
  SINCE JAN 1    263                       272     -9      303
..................................................................


WIND (MPH)
  HIGHEST WIND SPEED    12   HIGHEST WIND DIRECTION     N (340)
  HIGHEST GUST SPEED    17   HIGHEST GUST DIRECTION     N (20)
  AVERAGE WIND SPEED     4.2


SKY COVER
  POSSIBLE SUNSHINE  MM
  AVERAGE SKY COVER 0.1


WEATHER CONDITIONS
 THE FOLLOWING WEATHER WAS RECORDED TODAY.
  FOG


RELATIVE HUMIDITY (PERCENT)
 HIGHEST    97           500 AM
 LOWEST     58           200 PM
 AVERAGE    78

..........................................................


THE IOWA CITY IA CLIMATE NORMALS FOR TOMORROW
                         NORMAL    RECORD    YEAR
 MAXIMUM TEMPERATURE (F)   84        MM        MM
 MINIMUM TEMPERATURE (F)   65        MM        MM


SUNRISE AND SUNSET
JUNE 30 2015..........SUNRISE   535 AM CDT   SUNSET   844 PM CDT
JULY  1 2015..........SUNRISE   536 AM CDT   SUNSET   844 PM CDT


-  INDICATES NEGATIVE NUMBERS.
R  INDICATES RECORD WAS SET OR TIED.
MM INDICATES DATA IS MISSING.
T  INDICATES TRACE AMOUNT.




$$
