168
CDUS43 KDVN 262119
CLIIOW


CLIMATE REPORT
NATIONAL WEATHER SERVICE QUAD CITIES IA IL
419 PM CDT MON SEP 26 2016


...................................

...THE IOWA CITY IA CLIMATE SUMMARY FOR SEPTEMBER 26 2016...
VALID TODAY AS OF 0400 PM LOCAL TIME.

CLIMATE NORMAL PERIOD 1981 TO 2010
CLIMATE RECORD PERIOD 9999 TO 9999


WEATHER ITEM   OBSERVED TIME   RECORD YEAR NORMAL DEPARTURE LAST
                VALUE   (LST)  VALUE       VALUE  FROM      YEAR
                                                  NORMAL
..................................................................
TEMPERATURE (F)
 TODAY
  MAXIMUM         71    259 PM  MM      MM  72     -1       80
  MINIMUM         49    620 AM  MM      MM  48      1       57
  AVERAGE         60                        60      0       69

PRECIPITATION (IN)
  TODAY            0.00         MM      MM   0.10  -0.10     0.00
  MONTH TO DATE    2.83                      3.01  -0.18     3.32
  SINCE SEP 1      2.83                      3.01  -0.18     3.32
  SINCE JAN 1     28.47                     29.16  -0.69    25.32

DEGREE DAYS
 HEATING
  TODAY            5                         6     -1        0
  MONTH TO DATE    5                        75    -70       32
  SINCE SEP 1      5                        75    -70       32
  SINCE JUL 1      7                        83    -76       45

 COOLING
  TODAY            0                         1     -1        4
  MONTH TO DATE  180                        74    106      182
  SINCE SEP 1    180                        74    106      182
  SINCE JAN 1   1156                       896    260      926
..................................................................


WIND (MPH)
  HIGHEST WIND SPEED    25   HIGHEST WIND DIRECTION    NW (300)
  HIGHEST GUST SPEED    34   HIGHEST GUST DIRECTION    NW (300)
  AVERAGE WIND SPEED    12.6


SKY COVER
  POSSIBLE SUNSHINE  MM
  AVERAGE SKY COVER 0.0


WEATHER CONDITIONS
 THE FOLLOWING WEATHER WAS RECORDED TODAY.
  NO SIGNIFICANT WEATHER WAS OBSERVED.


RELATIVE HUMIDITY (PERCENT)
 HIGHEST    86           600 AM
 LOWEST     25           200 PM
 AVERAGE    56

..........................................................


THE IOWA CITY IA CLIMATE NORMALS FOR TOMORROW
                         NORMAL    RECORD    YEAR
 MAXIMUM TEMPERATURE (F)   72        MM        MM
 MINIMUM TEMPERATURE (F)   47        MM        MM


SUNRISE AND SUNSET
SEPTEMBER 26 2016.....SUNRISE   658 AM CDT   SUNSET   656 PM CDT
SEPTEMBER 27 2016.....SUNRISE   659 AM CDT   SUNSET   654 PM CDT


-  INDICATES NEGATIVE NUMBERS.
R  INDICATES RECORD WAS SET OR TIED.
MM INDICATES DATA IS MISSING.
T  INDICATES TRACE AMOUNT.




$$
