000
CDUS43 KDVN 201020
CLIIOW


CLIMATE REPORT
NATIONAL WEATHER SERVICE QUAD CITIES IA IL
418 AM CST TUE FEB 20 2018


...................................

...THE IOWA CITY IA CLIMATE SUMMARY FOR FEBRUARY 19 2018...

CLIMATE NORMAL PERIOD 1981 TO 2010
CLIMATE RECORD PERIOD 9999 TO 9999


WEATHER ITEM   OBSERVED TIME   RECORD YEAR NORMAL DEPARTURE LAST
                VALUE   (LST)  VALUE       VALUE  FROM      YEAR
                                                  NORMAL
..................................................................
TEMPERATURE (F)
 YESTERDAY
  MAXIMUM         60    203 PM  MM      MM  35     25       72
  MINIMUM         36   1159 PM  MM      MM  19     17       29
  AVERAGE         48                        27     21       51

PRECIPITATION (IN)
  YESTERDAY        0.56         MM      MM   0.05   0.51     0.00
  MONTH TO DATE    1.26                      0.79   0.47     0.13
  SINCE DEC 1      2.25                      3.23  -0.98     2.44
  SINCE JAN 1      1.55                      1.71  -0.16     1.60

DEGREE DAYS
 HEATING
  YESTERDAY       17                        38    -21       14
  MONTH TO DATE  846                       762     84      583
  SINCE DEC 1   3355                      3322     33     2917
  SINCE JUL 1   4450                      4629   -179     3719

 COOLING
  YESTERDAY        0                         0      0        0
  MONTH TO DATE    0                         0      0        0
  SINCE DEC 1      0                         0      0        0
  SINCE JAN 1      0                         0      0        0
..................................................................


WIND (MPH)
  HIGHEST WIND SPEED    18   HIGHEST WIND DIRECTION     W (290)
  HIGHEST GUST SPEED    22   HIGHEST GUST DIRECTION     W (290)
  AVERAGE WIND SPEED     5.9


SKY COVER
  POSSIBLE SUNSHINE  MM
  AVERAGE SKY COVER 0.9


WEATHER CONDITIONS
 THE FOLLOWING WEATHER WAS RECORDED YESTERDAY.
  THUNDERSTORM
  HEAVY RAIN
  RAIN
  LIGHT RAIN
  FOG
  FOG W/VISIBILITY <= 1/4 MILE
  HAZE


RELATIVE HUMIDITY (PERCENT)
 HIGHEST    96          1100 AM
 LOWEST     70          1200 AM
 AVERAGE    83

..........................................................


THE IOWA CITY IA CLIMATE NORMALS FOR TODAY
                         NORMAL    RECORD    YEAR
 MAXIMUM TEMPERATURE (F)   36        MM        MM
 MINIMUM TEMPERATURE (F)   20        MM        MM


SUNRISE AND SUNSET
FEBRUARY 20 2018......SUNRISE   654 AM CST   SUNSET   546 PM CST
FEBRUARY 21 2018......SUNRISE   653 AM CST   SUNSET   547 PM CST


-  INDICATES NEGATIVE NUMBERS.
R  INDICATES RECORD WAS SET OR TIED.
MM INDICATES DATA IS MISSING.
T  INDICATES TRACE AMOUNT.




$$
