520
CDUS43 KDVN 270909
CLIIOW


CLIMATE REPORT
NATIONAL WEATHER SERVICE QUAD CITIES IA IL
409 AM CDT SAT MAY 27 2017


...................................

...THE IOWA CITY IA CLIMATE SUMMARY FOR MAY 26 2017...

CLIMATE NORMAL PERIOD 1981 TO 2010
CLIMATE RECORD PERIOD 9999 TO 9999


WEATHER ITEM   OBSERVED TIME   RECORD YEAR NORMAL DEPARTURE LAST
                VALUE   (LST)  VALUE       VALUE  FROM      YEAR
                                                  NORMAL
..................................................................
TEMPERATURE (F)
 YESTERDAY
  MAXIMUM         71    444 PM  MM      MM  76     -5       86
  MINIMUM         56   1159 PM  MM      MM  55      1       62
  AVERAGE         64                        65     -1       74

PRECIPITATION (IN)
  YESTERDAY        0.36         MM      MM   0.11   0.25     0.02
  MONTH TO DATE    3.23                      3.61  -0.38     2.26
  SINCE MAR 1     11.05                      9.33   1.72     6.46
  SINCE JAN 1     13.45                     11.49   1.96     7.21

DEGREE DAYS
 HEATING
  YESTERDAY        1                         3     -2        0
  MONTH TO DATE  150                       157     -7      173
  SINCE MAR 1   1213                      1400   -187     1255
  SINCE JUL 1   5108                      6350  -1242     5466

 COOLING
  YESTERDAY        0                         3     -3        9
  MONTH TO DATE   39                        39      0       31
  SINCE MAR 1     50                        43      7       37
  SINCE JAN 1     50                        43      7       37
..................................................................


WIND (MPH)
  HIGHEST WIND SPEED    14   HIGHEST WIND DIRECTION     W (250)
  HIGHEST GUST SPEED    21   HIGHEST GUST DIRECTION     E (100)
  AVERAGE WIND SPEED     4.5


SKY COVER
  POSSIBLE SUNSHINE  MM
  AVERAGE SKY COVER 0.6


WEATHER CONDITIONS
 THE FOLLOWING WEATHER WAS RECORDED YESTERDAY.
  THUNDERSTORM
  HEAVY RAIN
  RAIN
  LIGHT RAIN
  FOG
  FOG W/VISIBILITY <= 1/4 MILE


RELATIVE HUMIDITY (PERCENT)
 HIGHEST    93           900 PM
 LOWEST     63           900 AM
 AVERAGE    78

..........................................................


THE IOWA CITY IA CLIMATE NORMALS FOR TODAY
                         NORMAL    RECORD    YEAR
 MAXIMUM TEMPERATURE (F)   76        MM        MM
 MINIMUM TEMPERATURE (F)   55        MM        MM


SUNRISE AND SUNSET
MAY 27 2017...........SUNRISE   537 AM CDT   SUNSET   830 PM CDT
MAY 28 2017...........SUNRISE   536 AM CDT   SUNSET   831 PM CDT


-  INDICATES NEGATIVE NUMBERS.
R  INDICATES RECORD WAS SET OR TIED.
MM INDICATES DATA IS MISSING.
T  INDICATES TRACE AMOUNT.




$$
