000
CDUS43 KDVN 230924
CLIIOW


CLIMATE REPORT
NATIONAL WEATHER SERVICE QUAD CITIES IA IL
424 AM CDT SUN JUL 23 2017


...................................

...THE IOWA CITY IA CLIMATE SUMMARY FOR JULY 22 2017...

CLIMATE NORMAL PERIOD 1981 TO 2010
CLIMATE RECORD PERIOD 9999 TO 9999


WEATHER ITEM   OBSERVED TIME   RECORD YEAR NORMAL DEPARTURE LAST
                VALUE   (LST)  VALUE       VALUE  FROM      YEAR
                                                  NORMAL
..................................................................
TEMPERATURE (F)
 YESTERDAY
  MAXIMUM         88    415 PM  MM      MM  85      3       88
  MINIMUM         71    602 AM  MM      MM  65      6       69
  AVERAGE         80                        75      5       79

PRECIPITATION (IN)
  YESTERDAY        0.37         MM      MM   0.16   0.21     0.97
  MONTH TO DATE    6.29                      3.83   2.46     3.34
  SINCE JUN 1     10.50                      8.44   2.06    10.00
  SINCE JAN 1     24.22                     20.53   3.69    18.61

DEGREE DAYS
 HEATING
  YESTERDAY        0                         0      0        0
  MONTH TO DATE    0                         0      0        2
  SINCE JUN 1      7                        17    -10        4
  SINCE JUL 1      0                         0      0        2

 COOLING
  YESTERDAY       15                        10      5       14
  MONTH TO DATE  287                       220     67      195
  SINCE JUN 1    559                       431    128      483
  SINCE JAN 1    612                       492    120      555
..................................................................


WIND (MPH)
  HIGHEST WIND SPEED    21   HIGHEST WIND DIRECTION    NE (50)
  HIGHEST GUST SPEED    27   HIGHEST GUST DIRECTION    NE (40)
  AVERAGE WIND SPEED     7.6


SKY COVER
  POSSIBLE SUNSHINE  MM
  AVERAGE SKY COVER 0.7


WEATHER CONDITIONS
 THE FOLLOWING WEATHER WAS RECORDED YESTERDAY.
  THUNDERSTORM
  HEAVY RAIN
  RAIN
  LIGHT RAIN


RELATIVE HUMIDITY (PERCENT)
 HIGHEST    93           600 AM
 LOWEST     65           300 PM
 AVERAGE    79

..........................................................


THE IOWA CITY IA CLIMATE NORMALS FOR TODAY
                         NORMAL    RECORD    YEAR
 MAXIMUM TEMPERATURE (F)   85        MM        MM
 MINIMUM TEMPERATURE (F)   65        MM        MM


SUNRISE AND SUNSET
JULY 23 2017..........SUNRISE   552 AM CDT   SUNSET   833 PM CDT
JULY 24 2017..........SUNRISE   553 AM CDT   SUNSET   832 PM CDT


-  INDICATES NEGATIVE NUMBERS.
R  INDICATES RECORD WAS SET OR TIED.
MM INDICATES DATA IS MISSING.
T  INDICATES TRACE AMOUNT.




$$
