000
CDUS43 KDVN 260915
CLIIOW


CLIMATE REPORT
NATIONAL WEATHER SERVICE QUAD CITIES IA IL
413 AM CDT SAT JUL 26 2014


...................................

...THE IOWA CITY IA CLIMATE SUMMARY FOR JULY 25 2014...

CLIMATE NORMAL PERIOD 1981 TO 2010
CLIMATE RECORD PERIOD 9999 TO 9999


WEATHER ITEM   OBSERVED TIME   RECORD YEAR NORMAL DEPARTURE LAST
                VALUE   (LST)  VALUE       VALUE  FROM      YEAR
                                                  NORMAL
..................................................................
TEMPERATURE (F)
 YESTERDAY
  MAXIMUM         78    258 PM  MM      MM  84     -6       84
  MINIMUM         61    950 AM  MM      MM  65     -4       57
  AVERAGE         70                        75     -5       71

PRECIPITATION (IN)
  YESTERDAY        0.44         MM      MM   0.12   0.32     1.06
  MONTH TO DATE    2.96                      4.23  -1.27     1.56
  SINCE JUN 1     12.76                      8.84   3.92     6.39
  SINCE JAN 1     23.81                     20.93   2.88    27.63

DEGREE DAYS
 HEATING
  YESTERDAY        0                         0      0        0
  MONTH TO DATE   12                         0     12        0
  SINCE JUN 1     16                        17     -1       21
  SINCE JUL 1     12                         0     12        0

 COOLING
  YESTERDAY        5                        10     -5        6
  MONTH TO DATE  132                       250   -118      261
  SINCE JUN 1    346                       461   -115      466
  SINCE JAN 1    435                       522    -87      553
..................................................................


WIND (MPH)
  HIGHEST WIND SPEED    26   HIGHEST WIND DIRECTION     S (180)
  HIGHEST GUST SPEED    35   HIGHEST GUST DIRECTION     S (170)
  AVERAGE WIND SPEED     8.8


SKY COVER
  POSSIBLE SUNSHINE  MM
  AVERAGE SKY COVER 0.6


WEATHER CONDITIONS
 THE FOLLOWING WEATHER WAS RECORDED YESTERDAY.
  THUNDERSTORM
  HEAVY RAIN
  RAIN
  LIGHT RAIN
  FOG


RELATIVE HUMIDITY (PERCENT)
 HIGHEST   100           500 AM
 LOWEST     69           300 PM
 AVERAGE    85

..........................................................


THE IOWA CITY IA CLIMATE NORMALS FOR TODAY
                         NORMAL    RECORD    YEAR
 MAXIMUM TEMPERATURE (F)   84        MM        MM
 MINIMUM TEMPERATURE (F)   65        MM        MM


SUNRISE AND SUNSET
JULY 26 2014..........SUNRISE   555 AM CDT   SUNSET   830 PM CDT
JULY 27 2014..........SUNRISE   556 AM CDT   SUNSET   829 PM CDT


-  INDICATES NEGATIVE NUMBERS.
R  INDICATES RECORD WAS SET OR TIED.
MM INDICATES DATA IS MISSING.
T  INDICATES TRACE AMOUNT.




$$
