000
CDUS43 KDVN 310919
CLIIOW


CLIMATE REPORT
NATIONAL WEATHER SERVICE QUAD CITIES IA IL
417 AM CDT TUE MAY 31 2016


...................................

...THE IOWA CITY IA CLIMATE SUMMARY FOR MAY 30 2016...

CLIMATE NORMAL PERIOD 1981 TO 2010
CLIMATE RECORD PERIOD 9999 TO 9999


WEATHER ITEM   OBSERVED TIME   RECORD YEAR NORMAL DEPARTURE LAST
                VALUE   (LST)  VALUE       VALUE  FROM      YEAR
                                                  NORMAL
..................................................................
TEMPERATURE (F)
 YESTERDAY
  MAXIMUM         86    403 PM  MM      MM  77      9       69
  MINIMUM         61    442 AM  MM      MM  56      5       52
  AVERAGE         74                        67      7       61

PRECIPITATION (IN)
  YESTERDAY        0.05         MM      MM   0.12  -0.07      T
  MONTH TO DATE    3.22                      4.08  -0.86     4.64
  SINCE MAR 1      7.42                      9.80  -2.38     8.27
  SINCE JAN 1      8.17                     11.96  -3.79     9.85

DEGREE DAYS
 HEATING
  YESTERDAY        0                         2     -2        4
  MONTH TO DATE  173                       166      7      121
  SINCE MAR 1   1255                      1409   -154     1349
  SINCE JUL 1   5466                      6359   -893     6714

 COOLING
  YESTERDAY        9                         4      5        0
  MONTH TO DATE   59                        53      6       63
  SINCE MAR 1     65                        57      8       63
  SINCE JAN 1     65                        57      8       63
..................................................................


WIND (MPH)
  HIGHEST WIND SPEED    16   HIGHEST WIND DIRECTION     N (10)
  HIGHEST GUST SPEED    22   HIGHEST GUST DIRECTION     S (190)
  AVERAGE WIND SPEED     5.6


SKY COVER
  POSSIBLE SUNSHINE  MM
  AVERAGE SKY COVER 0.1


WEATHER CONDITIONS
 THE FOLLOWING WEATHER WAS RECORDED YESTERDAY.
  THUNDERSTORM
  RAIN
  LIGHT RAIN
  FOG


RELATIVE HUMIDITY (PERCENT)
 HIGHEST    84           400 AM
 LOWEST     44           300 PM
 AVERAGE    64

..........................................................


THE IOWA CITY IA CLIMATE NORMALS FOR TODAY
                         NORMAL    RECORD    YEAR
 MAXIMUM TEMPERATURE (F)   77        MM        MM
 MINIMUM TEMPERATURE (F)   57        MM        MM


SUNRISE AND SUNSET
MAY 31 2016...........SUNRISE   535 AM CDT   SUNSET   834 PM CDT
JUNE  1 2016..........SUNRISE   534 AM CDT   SUNSET   835 PM CDT


-  INDICATES NEGATIVE NUMBERS.
R  INDICATES RECORD WAS SET OR TIED.
MM INDICATES DATA IS MISSING.
T  INDICATES TRACE AMOUNT.




$$
