000
CDUS43 KDVN 041048
CLIIOW


CLIMATE REPORT
NATIONAL WEATHER SERVICE QUAD CITIES IA IL
447 AM CST WED MAR 4 2015


...................................

...THE IOWA CITY IA CLIMATE SUMMARY FOR MARCH 3 2015...

CLIMATE NORMAL PERIOD 1981 TO 2010
CLIMATE RECORD PERIOD 9999 TO 9999


WEATHER ITEM   OBSERVED TIME   RECORD YEAR NORMAL DEPARTURE LAST
                VALUE   (LST)  VALUE       VALUE  FROM      YEAR
                                                  NORMAL
..................................................................
TEMPERATURE (F)
 YESTERDAY
  MAXIMUM         35    158 PM  MM      MM  41     -6       12
  MINIMUM         15   1159 PM  MM      MM  24     -9      -10
  AVERAGE         25                        32     -7        1

PRECIPITATION (IN)
  YESTERDAY        0.18         MM      MM   0.08   0.10      T
  MONTH TO DATE    0.18                      0.22  -0.04     0.12
  SINCE MAR 1      0.18                      0.22  -0.04     0.12
  SINCE JAN 1      1.76                      2.38  -0.62     1.95

DEGREE DAYS
 HEATING
  YESTERDAY       40                        33      7       64
  MONTH TO DATE  137                       100     37      181
  SINCE MAR 1    137                       100     37      181
  SINCE JUL 1   5502                      5050    452     5974

 COOLING
  YESTERDAY        0                         0      0        0
  MONTH TO DATE    0                         0      0        0
  SINCE MAR 1      0                         0      0        0
  SINCE JAN 1      0                         0      0        0
..................................................................


WIND (MPH)
  HIGHEST WIND SPEED    25   HIGHEST WIND DIRECTION    NW (310)
  HIGHEST GUST SPEED    33   HIGHEST GUST DIRECTION    NW (310)
  AVERAGE WIND SPEED    13.9


SKY COVER
  POSSIBLE SUNSHINE  MM
  AVERAGE SKY COVER 0.9


WEATHER CONDITIONS
 THE FOLLOWING WEATHER WAS RECORDED YESTERDAY.
  LT FREEZING RAIN
  LIGHT SNOW
  FOG


RELATIVE HUMIDITY (PERCENT)
 HIGHEST    92           500 AM
 LOWEST     67          1100 PM
 AVERAGE    80

..........................................................


THE IOWA CITY IA CLIMATE NORMALS FOR TODAY
                         NORMAL    RECORD    YEAR
 MAXIMUM TEMPERATURE (F)   41        MM        MM
 MINIMUM TEMPERATURE (F)   24        MM        MM


SUNRISE AND SUNSET
MARCH  4 2015.........SUNRISE   636 AM CST   SUNSET   600 PM CST
MARCH  5 2015.........SUNRISE   635 AM CST   SUNSET   601 PM CST


-  INDICATES NEGATIVE NUMBERS.
R  INDICATES RECORD WAS SET OR TIED.
MM INDICATES DATA IS MISSING.
T  INDICATES TRACE AMOUNT.




$$
