000
CDUS43 KDVN 240908
CLIIOW


CLIMATE REPORT
NATIONAL WEATHER SERVICE QUAD CITIES IA IL
407 AM CDT WED AUG 24 2016


...................................

...THE IOWA CITY IA CLIMATE SUMMARY FOR AUGUST 23 2016...

CLIMATE NORMAL PERIOD 1981 TO 2010
CLIMATE RECORD PERIOD 9999 TO 9999


WEATHER ITEM   OBSERVED TIME   RECORD YEAR NORMAL DEPARTURE LAST
                VALUE   (LST)  VALUE       VALUE  FROM      YEAR
                                                  NORMAL
..................................................................
TEMPERATURE (F)
 YESTERDAY
  MAXIMUM         81    301 PM  MM      MM  82     -1       74
  MINIMUM         60    542 AM  MM      MM  62     -2       53
  AVERAGE         71                        72     -1       64

PRECIPITATION (IN)
  YESTERDAY        T            MM      MM   0.15  -0.15     0.10
  MONTH TO DATE    4.24                      3.32   0.92     2.33
  SINCE JUN 1     14.24                     12.88   1.36    10.89
  SINCE JAN 1     22.85                     24.97  -2.12    20.74

DEGREE DAYS
 HEATING
  YESTERDAY        0                         0      0        1
  MONTH TO DATE    0                         0      0        3
  SINCE JUN 1      4                        19    -15       12
  SINCE JUL 1      2                         2      0        5

 COOLING
  YESTERDAY        6                         7     -1        0
  MONTH TO DATE  231                       194     37      181
  SINCE JUN 1    823                       711    112      663
  SINCE JAN 1    895                       772    123      726
..................................................................


WIND (MPH)
  HIGHEST WIND SPEED    21   HIGHEST WIND DIRECTION     S (160)
  HIGHEST GUST SPEED    26   HIGHEST GUST DIRECTION     S (160)
  AVERAGE WIND SPEED    10.1


SKY COVER
  POSSIBLE SUNSHINE  MM
  AVERAGE SKY COVER 0.4


WEATHER CONDITIONS
 THE FOLLOWING WEATHER WAS RECORDED YESTERDAY.
  LIGHT RAIN


RELATIVE HUMIDITY (PERCENT)
 HIGHEST    93          1200 AM
 LOWEST     62           100 PM
 AVERAGE    78

..........................................................


THE IOWA CITY IA CLIMATE NORMALS FOR TODAY
                         NORMAL    RECORD    YEAR
 MAXIMUM TEMPERATURE (F)   82        MM        MM
 MINIMUM TEMPERATURE (F)   62        MM        MM


SUNRISE AND SUNSET
AUGUST 24 2016........SUNRISE   625 AM CDT   SUNSET   751 PM CDT
AUGUST 25 2016........SUNRISE   626 AM CDT   SUNSET   750 PM CDT


-  INDICATES NEGATIVE NUMBERS.
R  INDICATES RECORD WAS SET OR TIED.
MM INDICATES DATA IS MISSING.
T  INDICATES TRACE AMOUNT.




$$
