000
CDUS41 KCTP 292124
CLIIPT


CLIMATE REPORT
NATIONAL WEATHER SERVICE STATE COLLEGE PA
524 PM EDT SAT APR 29 2017


...................................

...THE WILLIAMSPORT PA CLIMATE SUMMARY FOR APRIL 29 2017...
VALID TODAY AS OF 0500 PM LOCAL TIME.

CLIMATE NORMAL PERIOD 1981 TO 2010
CLIMATE RECORD PERIOD 1895 TO 2017


WEATHER ITEM   OBSERVED TIME   RECORD YEAR NORMAL DEPARTURE LAST
                VALUE   (LST)  VALUE       VALUE  FROM      YEAR
                                                  NORMAL
..................................................................
TEMPERATURE (F)
 TODAY
  MAXIMUM         74    359 PM  86    1974  66      8       50
                                      1942
  MINIMUM         56    453 AM  29    2001  43     13       45
                                      1949
                                      1947
  AVERAGE         65                        55     10       48

PRECIPITATION (IN)
  TODAY            0.20          1.06 1996   0.11   0.09     0.15
  MONTH TO DATE    3.91                      3.13   0.78     1.56
  SINCE MAR 1      7.65                      6.10   1.55     2.67
  SINCE JAN 1     12.95                     11.14   1.81     9.09

SNOWFALL (IN)
  TODAY            0.0           4.0  1909   0.0    0.0      0.0
  MONTH TO DATE    T                         1.1   -1.1      1.8
  SINCE MAR 1     22.6                       8.0   14.6      2.0
  SINCE JUL 1     41.1                      36.0    5.1      7.7
  SNOW DEPTH      MM

DEGREE DAYS
 HEATING
  TODAY            0                        11    -11       17
  MONTH TO DATE  248                       448   -200      461
  SINCE MAR 1   1106                      1277   -171     1043
  SINCE JUL 1   4742                      5744  -1002     4686

 COOLING
  TODAY            0                         0      0        0
  MONTH TO DATE   15                         0     15        0
  SINCE MAR 1     15                         0     15        0
  SINCE JAN 1     15                         0     15        0
..................................................................


WIND (MPH)
  HIGHEST WIND SPEED    17   HIGHEST WIND DIRECTION     W (290)
  HIGHEST GUST SPEED    25   HIGHEST GUST DIRECTION    NW (300)
  AVERAGE WIND SPEED     4.4


SKY COVER
  POSSIBLE SUNSHINE  MM
  AVERAGE SKY COVER 0.8


WEATHER CONDITIONS
 THE FOLLOWING WEATHER WAS RECORDED TODAY.
  LIGHT RAIN
  FOG


RELATIVE HUMIDITY (PERCENT)
 HIGHEST    93           100 AM
 LOWEST     68           200 PM
 AVERAGE    81

..........................................................


THE WILLIAMSPORT PA CLIMATE NORMALS FOR TOMORROW
                         NORMAL    RECORD    YEAR
 MAXIMUM TEMPERATURE (F)   67        94      1942
 MINIMUM TEMPERATURE (F)   43        29      1931


SUNRISE AND SUNSET
APRIL 29 2017.........SUNRISE   608 AM EDT   SUNSET   803 PM EDT
APRIL 30 2017.........SUNRISE   606 AM EDT   SUNSET   804 PM EDT


-  INDICATES NEGATIVE NUMBERS.
R  INDICATES RECORD WAS SET OR TIED.
MM INDICATES DATA IS MISSING.
T  INDICATES TRACE AMOUNT.




$$
