000
CDUS41 KCTP 090639
CLIIPT


CLIMATE REPORT
NATIONAL WEATHER SERVICE STATE COLLEGE PA
138 AM EST TUE FEB 9 2016


...................................

...THE WILLIAMSPORT PA CLIMATE SUMMARY FOR FEBRUARY 8 2016...

CLIMATE NORMAL PERIOD 1981 TO 2010
CLIMATE RECORD PERIOD 1895 TO 2016


WEATHER ITEM   OBSERVED TIME   RECORD YEAR NORMAL DEPARTURE LAST
                VALUE   (LST)  VALUE       VALUE  FROM      YEAR
                                                  NORMAL
..................................................................
TEMPERATURE (F)
 YESTERDAY
  MAXIMUM         45    521 PM  53    1932  36      9       42
  MINIMUM         23    754 AM  -9    1967  20      3       32
  AVERAGE         34                        28      6       37

PRECIPITATION (IN)
  YESTERDAY        0.07          0.67 1942   0.09  -0.02     0.05
  MONTH TO DATE    1.03                      0.68   0.35     0.58
  SINCE DEC 1      6.45                      6.31   0.14     4.89
  SINCE JAN 1      3.09                      3.38  -0.29     2.29

SNOWFALL (IN)
  YESTERDAY        0.2           7.5  1895   0.3   -0.1      0.0
  MONTH TO DATE    0.2                       2.6   -2.4      4.7
  SINCE DEC 1      1.1                      20.0  -18.9     23.4
  SINCE JUL 1      1.1                      21.8  -20.7     28.5
  SNOW DEPTH       0

DEGREE DAYS
 HEATING
  YESTERDAY       31                        37     -6       28
  MONTH TO DATE  213                       297    -84      338
  SINCE DEC 1   2013                      2531   -518     2498
  SINCE JUL 1   2940                      3776   -836     3668

 COOLING
  YESTERDAY        0                         0      0        0
  MONTH TO DATE    0                         0      0        0
  SINCE DEC 1      0                         0      0        0
  SINCE JAN 1      0                         0      0        0
..................................................................


WIND (MPH)
  HIGHEST WIND SPEED    15   HIGHEST WIND DIRECTION     E (80)
  HIGHEST GUST SPEED    19   HIGHEST GUST DIRECTION    SE (130)
  AVERAGE WIND SPEED     4.3


SKY COVER
  POSSIBLE SUNSHINE  MM
  AVERAGE SKY COVER 0.3


WEATHER CONDITIONS
 THE FOLLOWING WEATHER WAS RECORDED YESTERDAY.
  LIGHT RAIN
  LIGHT SNOW
  FOG


RELATIVE HUMIDITY (PERCENT)
 HIGHEST    89          1000 PM
 LOWEST     46           300 PM
 AVERAGE    68

..........................................................


THE WILLIAMSPORT PA CLIMATE NORMALS FOR TODAY
                         NORMAL    RECORD    YEAR
 MAXIMUM TEMPERATURE (F)   37        56      1925
 MINIMUM TEMPERATURE (F)   21       -14      1934


SUNRISE AND SUNSET
FEBRUARY  9 2016......SUNRISE   711 AM EST   SUNSET   534 PM EST
FEBRUARY 10 2016......SUNRISE   709 AM EST   SUNSET   535 PM EST


-  INDICATES NEGATIVE NUMBERS.
R  INDICATES RECORD WAS SET OR TIED.
MM INDICATES DATA IS MISSING.
T  INDICATES TRACE AMOUNT.




$$
