000
CDUS41 KCTP 050618
CLIIPT


CLIMATE REPORT
NATIONAL WEATHER SERVICE STATE COLLEGE PA
218 AM EDT WED AUG 5 2015


...................................

...THE WILLIAMSPORT PA CLIMATE SUMMARY FOR AUGUST 4 2015...

CLIMATE NORMAL PERIOD 1981 TO 2010
CLIMATE RECORD PERIOD 1895 TO 2015


WEATHER ITEM   OBSERVED TIME   RECORD YEAR NORMAL DEPARTURE LAST
                VALUE   (LST)  VALUE       VALUE  FROM      YEAR
                                                  NORMAL
..................................................................
TEMPERATURE (F)
 YESTERDAY
  MAXIMUM         86    422 PM 102    1930  83      3       83
  MINIMUM         63   1159 PM  48    1966  62      1       65
  AVERAGE         75                        72      3       74

PRECIPITATION (IN)
  YESTERDAY        T             1.53 1908   0.13  -0.13     0.00
  MONTH TO DATE    T                         0.54  -0.54     0.39
  SINCE JUN 1     11.74                      8.80   2.94     7.87
  SINCE JAN 1     24.16                     23.71   0.45    22.62

DEGREE DAYS
 HEATING
  YESTERDAY        0                         0      0        0
  MONTH TO DATE    0                         0      0        0
  SINCE JUN 1     23                        41    -18        8
  SINCE JUL 1      2                         4     -2        0

 COOLING
  YESTERDAY       10                         8      2        9
  MONTH TO DATE   39                        32      7       32
  SINCE JUN 1    467                       422     45      439
  SINCE JAN 1    595                       465    130      491
..................................................................


WIND (MPH)
  HIGHEST WIND SPEED    20   HIGHEST WIND DIRECTION     W (260)
  HIGHEST GUST SPEED    25   HIGHEST GUST DIRECTION     W (260)
  AVERAGE WIND SPEED     7.4


SKY COVER
  POSSIBLE SUNSHINE  MM
  AVERAGE SKY COVER 0.2


WEATHER CONDITIONS
 THE FOLLOWING WEATHER WAS RECORDED YESTERDAY.
  NO SIGNIFICANT WEATHER WAS OBSERVED.


RELATIVE HUMIDITY (PERCENT)
 HIGHEST    87           400 AM
 LOWEST     32           300 PM
 AVERAGE    60

..........................................................


THE WILLIAMSPORT PA CLIMATE NORMALS FOR TODAY
                         NORMAL    RECORD    YEAR
 MAXIMUM TEMPERATURE (F)   83       100      1955
 MINIMUM TEMPERATURE (F)   62        44      1951


SUNRISE AND SUNSET
AUGUST  5 2015........SUNRISE   607 AM EDT   SUNSET   820 PM EDT
AUGUST  6 2015........SUNRISE   608 AM EDT   SUNSET   819 PM EDT


-  INDICATES NEGATIVE NUMBERS.
R  INDICATES RECORD WAS SET OR TIED.
MM INDICATES DATA IS MISSING.
T  INDICATES TRACE AMOUNT.




$$
