000
CDUS41 KCTP 310628
CLIIPT


CLIMATE REPORT
NATIONAL WEATHER SERVICE STATE COLLEGE PA
227 AM EDT MON AUG 31 2015


...................................

...THE WILLIAMSPORT PA CLIMATE SUMMARY FOR AUGUST 30 2015...

CLIMATE NORMAL PERIOD 1981 TO 2010
CLIMATE RECORD PERIOD 1895 TO 2015


WEATHER ITEM   OBSERVED TIME   RECORD YEAR NORMAL DEPARTURE LAST
                VALUE   (LST)  VALUE       VALUE  FROM      YEAR
                                                  NORMAL
..................................................................
TEMPERATURE (F)
 YESTERDAY
  MAXIMUM         87    328 PM  98    1953  79      8       74
  MINIMUM         60    547 AM  38    1965  59      1       55
  AVERAGE         74                        69      5       65

PRECIPITATION (IN)
  YESTERDAY        0.25          1.50 1985   0.13   0.12     0.00
  MONTH TO DATE    4.13                      3.74   0.39     6.29
  SINCE JUN 1     15.87                     12.00   3.87    13.77
  SINCE JAN 1     28.29                     26.91   1.38    28.52

DEGREE DAYS
 HEATING
  YESTERDAY        0                         1     -1        0
  MONTH TO DATE    0                         6     -6        5
  SINCE JUN 1     23                        47    -24       13
  SINCE JUL 1      2                        10     -8        5

 COOLING
  YESTERDAY        9                         5      4        0
  MONTH TO DATE  216                       197     19      149
  SINCE JUN 1    644                       587     57      556
  SINCE JAN 1    772                       630    142      608
..................................................................


WIND (MPH)
  HIGHEST WIND SPEED    21   HIGHEST WIND DIRECTION     W (290)
  HIGHEST GUST SPEED    27   HIGHEST GUST DIRECTION     W (280)
  AVERAGE WIND SPEED     2.3


SKY COVER
  POSSIBLE SUNSHINE  MM
  AVERAGE SKY COVER 0.5


WEATHER CONDITIONS
 THE FOLLOWING WEATHER WAS RECORDED YESTERDAY.
  HEAVY RAIN
  LIGHT RAIN
  FOG
  HAZE


RELATIVE HUMIDITY (PERCENT)
 HIGHEST    93           700 AM
 LOWEST     45           400 PM
 AVERAGE    69

..........................................................


THE WILLIAMSPORT PA CLIMATE NORMALS FOR TODAY
                         NORMAL    RECORD    YEAR
 MAXIMUM TEMPERATURE (F)   79       101      1932
 MINIMUM TEMPERATURE (F)   58        40      1934


SUNRISE AND SUNSET
AUGUST 31 2015........SUNRISE   633 AM EDT   SUNSET   742 PM EDT
SEPTEMBER  1 2015.....SUNRISE   634 AM EDT   SUNSET   741 PM EDT


-  INDICATES NEGATIVE NUMBERS.
R  INDICATES RECORD WAS SET OR TIED.
MM INDICATES DATA IS MISSING.
T  INDICATES TRACE AMOUNT.




$$
