000
CDUS41 KCTP 140636
CLIIPT


CLIMATE REPORT
NATIONAL WEATHER SERVICE STATE COLLEGE PA
236 AM EDT MON JUL 14 2014


...................................

...THE WILLIAMSPORT PA CLIMATE SUMMARY FOR JULY 13 2014...

CLIMATE NORMAL PERIOD 1981 TO 2010
CLIMATE RECORD PERIOD 1895 TO 2014


WEATHER ITEM   OBSERVED TIME   RECORD YEAR NORMAL DEPARTURE LAST
                VALUE   (LST)  VALUE       VALUE  FROM      YEAR
                                                  NORMAL
..................................................................
TEMPERATURE (F)
 YESTERDAY
  MAXIMUM         88    115 PM  97    1927  84      4       83
  MINIMUM         71   1159 PM  50    2002  62      9       67
  AVERAGE         80                        73      7       75

PRECIPITATION (IN)
  YESTERDAY        0.75          1.47 1964   0.14   0.61     0.20
  MONTH TO DATE    3.20                      1.71   1.49     1.94
  SINCE JUN 1      6.66                      5.63   1.03     6.11
  SINCE JAN 1     21.41                     20.54   0.87    18.68

DEGREE DAYS
 HEATING
  YESTERDAY        0                         0      0        0
  MONTH TO DATE    0                         0      0        0
  SINCE JUN 1      8                        37    -29        9
  SINCE JUL 1      0                         0      0        0

 COOLING
  YESTERDAY       15                         8      7       10
  MONTH TO DATE  129                       101     28      160
  SINCE JUN 1    298                       247     51      320
  SINCE JAN 1    350                       290     60      391
..................................................................


WIND (MPH)
  HIGHEST WIND SPEED    22   HIGHEST WIND DIRECTION     S (200)
  HIGHEST GUST SPEED    31   HIGHEST GUST DIRECTION    SE (150)
  AVERAGE WIND SPEED     7.9


SKY COVER
  POSSIBLE SUNSHINE  MM
  AVERAGE SKY COVER 0.6


WEATHER CONDITIONS
 THE FOLLOWING WEATHER WAS RECORDED YESTERDAY.
  THUNDERSTORM
  HEAVY RAIN
  RAIN
  LIGHT RAIN
  FOG


RELATIVE HUMIDITY (PERCENT)
 HIGHEST    90          1000 PM
 LOWEST     51           400 PM
 AVERAGE    71

..........................................................


THE WILLIAMSPORT PA CLIMATE NORMALS FOR TODAY
                         NORMAL    RECORD    YEAR
 MAXIMUM TEMPERATURE (F)   84       102      1936
 MINIMUM TEMPERATURE (F)   62        45      1940


SUNRISE AND SUNSET
JULY 14 2014..........SUNRISE   547 AM EDT   SUNSET   840 PM EDT
JULY 15 2014..........SUNRISE   548 AM EDT   SUNSET   839 PM EDT


-  INDICATES NEGATIVE NUMBERS.
R  INDICATES RECORD WAS SET OR TIED.
MM INDICATES DATA IS MISSING.
T  INDICATES TRACE AMOUNT.




$$
