000
CDUS41 KCTP 060633
CLIIPT


CLIMATE REPORT
NATIONAL WEATHER SERVICE STATE COLLEGE PA
232 AM EDT FRI MAY 6 2016


...................................

...THE WILLIAMSPORT PA CLIMATE SUMMARY FOR MAY 5 2016...

CLIMATE NORMAL PERIOD 1981 TO 2010
CLIMATE RECORD PERIOD 1895 TO 2016


WEATHER ITEM   OBSERVED TIME   RECORD YEAR NORMAL DEPARTURE LAST
                VALUE   (LST)  VALUE       VALUE  FROM      YEAR
                                                  NORMAL
..................................................................
TEMPERATURE (F)
 YESTERDAY
  MAXIMUM         60    201 PM  94    1949  68     -8       77
  MINIMUM         49    416 AM  28    1966  45      4       60
  AVERAGE         55                        56     -1       69

PRECIPITATION (IN)
  YESTERDAY        0.00          1.78 1993   0.11  -0.11      T
  MONTH TO DATE    0.99                      0.55   0.44      T
  SINCE MAR 1      3.69                      6.76  -3.07     6.56
  SINCE JAN 1     10.11                     11.80  -1.69     9.35

SNOWFALL (IN)
  YESTERDAY        0.0           T    1952   0.0    0.0      0.0
  MONTH TO DATE    0.0                       0.0    0.0      0.0
  SINCE MAR 1      2.0                       8.0   -6.0     11.4
  SINCE JUL 1      7.7                      36.0  -28.3     44.4
  SNOW DEPTH       0

DEGREE DAYS
 HEATING
  YESTERDAY       10                         9      1        0
  MONTH TO DATE   53                        48      5       15
  SINCE MAR 1   1110                      1336   -226     1439
  SINCE JUL 1   4753                      5803  -1050     6076

 COOLING
  YESTERDAY        0                         0      0        4
  MONTH TO DATE    0                         0      0        6
  SINCE MAR 1      0                         5     -5        6
  SINCE JAN 1      0                         5     -5        6
..................................................................


WIND (MPH)
  HIGHEST WIND SPEED    14   HIGHEST WIND DIRECTION     N (20)
  HIGHEST GUST SPEED    21   HIGHEST GUST DIRECTION     N (10)
  AVERAGE WIND SPEED     5.9


SKY COVER
  POSSIBLE SUNSHINE  MM
  AVERAGE SKY COVER 1.0


WEATHER CONDITIONS
 THE FOLLOWING WEATHER WAS RECORDED YESTERDAY.
  NO SIGNIFICANT WEATHER WAS OBSERVED.


RELATIVE HUMIDITY (PERCENT)
 HIGHEST    86           200 AM
 LOWEST     51           200 PM
 AVERAGE    69

..........................................................


THE WILLIAMSPORT PA CLIMATE NORMALS FOR TODAY
                         NORMAL    RECORD    YEAR
 MAXIMUM TEMPERATURE (F)   69        95      1949
 MINIMUM TEMPERATURE (F)   45        33      1968


SUNRISE AND SUNSET
MAY  6 2016...........SUNRISE   558 AM EDT   SUNSET   811 PM EDT
MAY  7 2016...........SUNRISE   557 AM EDT   SUNSET   812 PM EDT


-  INDICATES NEGATIVE NUMBERS.
R  INDICATES RECORD WAS SET OR TIED.
MM INDICATES DATA IS MISSING.
T  INDICATES TRACE AMOUNT.




$$
