000
CDUS41 KCTP 010622
CLIIPT


CLIMATE REPORT
NATIONAL WEATHER SERVICE STATE COLLEGE PA
122 AM EST WED MAR 1 2017


...................................

...THE WILLIAMSPORT PA CLIMATE SUMMARY FOR FEBRUARY 28 2017...

CLIMATE NORMAL PERIOD 1981 TO 2010
CLIMATE RECORD PERIOD 1895 TO 2017


WEATHER ITEM   OBSERVED TIME   RECORD YEAR NORMAL DEPARTURE LAST
                VALUE   (LST)  VALUE       VALUE  FROM      YEAR
                                                  NORMAL
..................................................................
TEMPERATURE (F)
 YESTERDAY
  MAXIMUM         60    436 PM  68    2016  42     18       68
  MINIMUM         36    725 AM -18    1934  24     12       25
  AVERAGE         48                        33     15       47

PRECIPITATION (IN)
  YESTERDAY        T             1.59 1902   0.09  -0.09     0.00
  MONTH TO DATE    1.87                      2.34  -0.47     4.32
  SINCE DEC 1      8.26                      7.97   0.29     9.74
  SINCE JAN 1      5.30                      5.04   0.26     6.38

SNOWFALL (IN)
  YESTERDAY        0.0           4.5  2005   0.3   -0.3      0.0
  MONTH TO DATE    6.2                       8.8   -2.6      4.4
  SINCE DEC 1     18.4                      26.2   -7.8      5.7
  SINCE JUL 1     18.5                      28.0   -9.5      5.7
  SNOW DEPTH       0

DEGREE DAYS
 HEATING
  YESTERDAY       17                        32    -15       18
  MONTH TO DATE  746                       988   -242      895
  SINCE DEC 1   2702                      3222   -520     2695
  SINCE JUL 1   3636                      4467   -831     3622

 COOLING
  YESTERDAY        0                         0      0        0
  MONTH TO DATE    0                         0      0        0
  SINCE DEC 1      0                         0      0        0
  SINCE JAN 1      0                         0      0        0
..................................................................


WIND (MPH)
  HIGHEST WIND SPEED    18   HIGHEST WIND DIRECTION    SE (150)
  HIGHEST GUST SPEED    29   HIGHEST GUST DIRECTION    SE (140)
  AVERAGE WIND SPEED     3.8


SKY COVER
  POSSIBLE SUNSHINE  MM
  AVERAGE SKY COVER 0.7


WEATHER CONDITIONS
 THE FOLLOWING WEATHER WAS RECORDED YESTERDAY.
  LIGHT RAIN


RELATIVE HUMIDITY (PERCENT)
 HIGHEST    82           700 AM
 LOWEST     36           100 PM
 AVERAGE    59

..........................................................


THE WILLIAMSPORT PA CLIMATE NORMALS FOR TODAY
                         NORMAL    RECORD    YEAR
 MAXIMUM TEMPERATURE (F)   42        63      1991
                                             1954
 MINIMUM TEMPERATURE (F)   24        -1      1934


SUNRISE AND SUNSET
MARCH  1 2017.........SUNRISE   642 AM EST   SUNSET   559 PM EST
MARCH  2 2017.........SUNRISE   640 AM EST   SUNSET   600 PM EST


-  INDICATES NEGATIVE NUMBERS.
R  INDICATES RECORD WAS SET OR TIED.
MM INDICATES DATA IS MISSING.
T  INDICATES TRACE AMOUNT.




$$
