000
CDUS41 KCTP 180641
CLIIPT


CLIMATE REPORT
NATIONAL WEATHER SERVICE STATE COLLEGE PA
141 AM EST SAT NOV 18 2017


...................................

...THE WILLIAMSPORT PA CLIMATE SUMMARY FOR NOVEMBER 17 2017...

CLIMATE NORMAL PERIOD 1981 TO 2010
CLIMATE RECORD PERIOD 1895 TO 2017


WEATHER ITEM   OBSERVED TIME   RECORD YEAR NORMAL DEPARTURE LAST
                VALUE   (LST)  VALUE       VALUE  FROM      YEAR
                                                  NORMAL
..................................................................
TEMPERATURE (F)
 YESTERDAY
  MAXIMUM         50    403 PM  72    1928  49      1       57
  MINIMUM         31   1159 PM  12    1933  33     -2       35
                                      1924
  AVERAGE         41                        41      0       46

PRECIPITATION (IN)
  YESTERDAY        0.00          1.92 1920   0.13  -0.13     0.00
  MONTH TO DATE    0.88                      1.99  -1.11     0.23
  SINCE SEP 1      8.82                      9.57  -0.75     7.13
  SINCE JAN 1     44.85                     36.60   8.25    30.56

SNOWFALL (IN)
  YESTERDAY        0.0          10.2  1980   0.0    0.0      0.0
  MONTH TO DATE    T                         0.6   -0.6      0.0
  SINCE SEP 1      T                         0.7   -0.7      0.0
  SINCE JUL 1      T                         0.7   -0.7      0.0
  SNOW DEPTH       0

DEGREE DAYS
 HEATING
  YESTERDAY       24                        24      0       19
  MONTH TO DATE  378                       358     20      303
  SINCE SEP 1    662                       887   -225      637
  SINCE JUL 1    664                       901   -237      637

 COOLING
  YESTERDAY        0                         0      0        0
  MONTH TO DATE    0                         0      0        0
  SINCE SEP 1    187                        68    119      175
  SINCE JAN 1    929                       702    227     1148
..................................................................


WIND (MPH)
  HIGHEST WIND SPEED    20   HIGHEST WIND DIRECTION    NW (310)
  HIGHEST GUST SPEED    26   HIGHEST GUST DIRECTION    NW (300)
  AVERAGE WIND SPEED     7.7


SKY COVER
  POSSIBLE SUNSHINE  MM
  AVERAGE SKY COVER 0.3


WEATHER CONDITIONS
 THE FOLLOWING WEATHER WAS RECORDED YESTERDAY.
  NO SIGNIFICANT WEATHER WAS OBSERVED.


RELATIVE HUMIDITY (PERCENT)
 HIGHEST    78          1100 PM
 LOWEST     32           400 PM
 AVERAGE    55

..........................................................


THE WILLIAMSPORT PA CLIMATE NORMALS FOR TODAY
                         NORMAL    RECORD    YEAR
 MAXIMUM TEMPERATURE (F)   49        73      1896
 MINIMUM TEMPERATURE (F)   33        11      1924


SUNRISE AND SUNSET
NOVEMBER 18 2017......SUNRISE   700 AM EST   SUNSET   446 PM EST
NOVEMBER 19 2017......SUNRISE   701 AM EST   SUNSET   445 PM EST


-  INDICATES NEGATIVE NUMBERS.
R  INDICATES RECORD WAS SET OR TIED.
MM INDICATES DATA IS MISSING.
T  INDICATES TRACE AMOUNT.




$$
