000
CDUS41 KCTP 030613
CLIIPT


CLIMATE REPORT
NATIONAL WEATHER SERVICE STATE COLLEGE PA
213 AM EDT FRI JUL 3 2015


...................................

...THE WILLIAMSPORT PA CLIMATE SUMMARY FOR JULY 2 2015...

CLIMATE NORMAL PERIOD 1981 TO 2010
CLIMATE RECORD PERIOD 1895 TO 2015


WEATHER ITEM   OBSERVED TIME   RECORD YEAR NORMAL DEPARTURE LAST
                VALUE   (LST)  VALUE       VALUE  FROM      YEAR
                                                  NORMAL
..................................................................
TEMPERATURE (F)
 YESTERDAY
  MAXIMUM         78    225 PM  99    1966  83     -5       89
                                      1931
                                      1911
  MINIMUM         57    416 AM  46    1940  61     -4       71
  AVERAGE         68                        72     -4       80

PRECIPITATION (IN)
  YESTERDAY        0.00          2.27 1908   0.13  -0.13     1.01
  MONTH TO DATE    0.00                      0.26  -0.26     1.04
  SINCE JUN 1      7.81                      4.18   3.63     4.50
  SINCE JAN 1     20.23                     19.09   1.14    19.25

DEGREE DAYS
 HEATING
  YESTERDAY        0                         0      0        0
  MONTH TO DATE    0                         0      0        0
  SINCE JUN 1     21                        37    -16        8
  SINCE JUL 1      0                         0      0        0

 COOLING
  YESTERDAY        3                         7     -4       15
  MONTH TO DATE    8                        14     -6       31
  SINCE JUN 1    180                       160     20      200
  SINCE JAN 1    308                       203    105      252
..................................................................


WIND (MPH)
  HIGHEST WIND SPEED    10   HIGHEST WIND DIRECTION    NE (60)
  HIGHEST GUST SPEED    14   HIGHEST GUST DIRECTION    NE (40)
  AVERAGE WIND SPEED     2.6


SKY COVER
  POSSIBLE SUNSHINE  MM
  AVERAGE SKY COVER 0.4


WEATHER CONDITIONS
 THE FOLLOWING WEATHER WAS RECORDED YESTERDAY.
  FOG


RELATIVE HUMIDITY (PERCENT)
 HIGHEST    93           300 AM
 LOWEST     47           200 PM
 AVERAGE    70

..........................................................


THE WILLIAMSPORT PA CLIMATE NORMALS FOR TODAY
                         NORMAL    RECORD    YEAR
 MAXIMUM TEMPERATURE (F)   83       100      1966
 MINIMUM TEMPERATURE (F)   61        46      2007
                                             1939
                                             1938


SUNRISE AND SUNSET
JULY  3 2015..........SUNRISE   539 AM EDT   SUNSET   844 PM EDT
JULY  4 2015..........SUNRISE   540 AM EDT   SUNSET   844 PM EDT


-  INDICATES NEGATIVE NUMBERS.
R  INDICATES RECORD WAS SET OR TIED.
MM INDICATES DATA IS MISSING.
T  INDICATES TRACE AMOUNT.




$$
