000
CDUS41 KCTP 280621
CLIIPT


CLIMATE REPORT
NATIONAL WEATHER SERVICE STATE COLLEGE PA
221 AM EDT SAT MAR 28 2015


...................................

...THE WILLIAMSPORT PA CLIMATE SUMMARY FOR MARCH 27 2015...

CLIMATE NORMAL PERIOD 1981 TO 2010
CLIMATE RECORD PERIOD 1895 TO 2015


WEATHER ITEM   OBSERVED TIME   RECORD YEAR NORMAL DEPARTURE LAST
                VALUE   (LST)  VALUE       VALUE  FROM      YEAR
                                                  NORMAL
..................................................................
TEMPERATURE (F)
 YESTERDAY
  MAXIMUM         44    327 PM  84    2007  52     -8       44
  MINIMUM         32   1159 PM  13    2014  32      0       13
  AVERAGE         38                        42     -4       29

PRECIPITATION (IN)
  YESTERDAY        T             1.11 1919   0.11  -0.11      T
  MONTH TO DATE    1.91                      2.53  -0.62     0.73
  SINCE MAR 1      1.91                      2.53  -0.62     0.73
  SINCE JAN 1      4.70                      7.57  -2.87     4.53

SNOWFALL (IN)
  YESTERDAY        T             1.8  1959   0.1   -0.1      0.0
  MONTH TO DATE    7.1                       6.4    0.7      0.1
  SINCE MAR 1      7.1                       6.4    0.7      0.1
  SINCE JUL 1     40.1                      34.4    5.7     45.9
  SNOW DEPTH       0

DEGREE DAYS
 HEATING
  YESTERDAY       27                        23      4       36
  MONTH TO DATE  867                       743    124      915
  SINCE MAR 1    867                       743    124      915
  SINCE JUL 1   5504                      5210    294     5747

 COOLING
  YESTERDAY        0                         0      0        0
  MONTH TO DATE    0                         0      0        0
  SINCE MAR 1      0                         0      0        0
  SINCE JAN 1      0                         0      0        0
..................................................................


WIND (MPH)
  HIGHEST WIND SPEED    16   HIGHEST WIND DIRECTION    NW (300)
  HIGHEST GUST SPEED    27   HIGHEST GUST DIRECTION    NW (320)
  AVERAGE WIND SPEED     7.0


SKY COVER
  POSSIBLE SUNSHINE  MM
  AVERAGE SKY COVER 0.9


WEATHER CONDITIONS
 THE FOLLOWING WEATHER WAS RECORDED YESTERDAY.
  LIGHT SNOW


RELATIVE HUMIDITY (PERCENT)
 HIGHEST    92          1200 AM
 LOWEST     39          1100 AM
 AVERAGE    66

..........................................................


THE WILLIAMSPORT PA CLIMATE NORMALS FOR TODAY
                         NORMAL    RECORD    YEAR
 MAXIMUM TEMPERATURE (F)   53        83      1945
 MINIMUM TEMPERATURE (F)   33        16      1982


SUNRISE AND SUNSET
MARCH 28 2015.........SUNRISE   658 AM EDT   SUNSET   728 PM EDT
MARCH 29 2015.........SUNRISE   656 AM EDT   SUNSET   729 PM EDT


-  INDICATES NEGATIVE NUMBERS.
R  INDICATES RECORD WAS SET OR TIED.
MM INDICATES DATA IS MISSING.
T  INDICATES TRACE AMOUNT.




$$
