000
CDUS41 KCTP 310648
CLIIPT


CLIMATE REPORT
NATIONAL WEATHER SERVICE STATE COLLEGE PA
248 AM EDT TUE MAY 31 2016


...................................

...THE WILLIAMSPORT PA CLIMATE SUMMARY FOR MAY 30 2016...

CLIMATE NORMAL PERIOD 1981 TO 2010
CLIMATE RECORD PERIOD 1895 TO 2016


WEATHER ITEM   OBSERVED TIME   RECORD YEAR NORMAL DEPARTURE LAST
                VALUE   (LST)  VALUE       VALUE  FROM      YEAR
                                                  NORMAL
..................................................................
TEMPERATURE (F)
 YESTERDAY
  MAXIMUM         86    208 PM  96    1895  75     11       85
  MINIMUM         64   1124 PM  37    1961  53     11       69
                                      1949
  AVERAGE         75                        64     11       77

PRECIPITATION (IN)
  YESTERDAY        T             1.19 1972   0.13  -0.13     0.12
  MONTH TO DATE    2.22                      3.54  -1.32     2.11
  SINCE MAR 1      4.92                      9.75  -4.83     8.67
  SINCE JAN 1     11.34                     14.79  -3.45    11.46

SNOWFALL (IN)
  YESTERDAY        0.0           0.0  2002   0.0    0.0      0.0
                                      2001
  MONTH TO DATE    T                         0.0    0.0      0.0
  SINCE MAR 1      2.0                       8.0   -6.0     11.4
  SINCE JUL 1      7.7                      36.0  -28.3     44.4
  SNOW DEPTH       0

DEGREE DAYS
 HEATING
  YESTERDAY        0                         3     -3        0
  MONTH TO DATE  207                       200      7       93
  SINCE MAR 1   1264                      1488   -224     1517
  SINCE JUL 1   4907                      5955  -1048     6154

 COOLING
  YESTERDAY       10                         2      8       12
  MONTH TO DATE   63                        34     29      123
  SINCE MAR 1     63                        39     24      123
  SINCE JAN 1     63                        39     24      123
..................................................................


WIND (MPH)
  HIGHEST WIND SPEED    20   HIGHEST WIND DIRECTION     W (250)
  HIGHEST GUST SPEED    26   HIGHEST GUST DIRECTION     W (280)
  AVERAGE WIND SPEED     4.3


SKY COVER
  POSSIBLE SUNSHINE  MM
  AVERAGE SKY COVER 0.1


WEATHER CONDITIONS
 THE FOLLOWING WEATHER WAS RECORDED YESTERDAY.
  THUNDERSTORM
  LIGHT RAIN


RELATIVE HUMIDITY (PERCENT)
 HIGHEST    87           600 AM
 LOWEST     45           200 PM
 AVERAGE    66

..........................................................


THE WILLIAMSPORT PA CLIMATE NORMALS FOR TODAY
                         NORMAL    RECORD    YEAR
 MAXIMUM TEMPERATURE (F)   76        94      2011
 MINIMUM TEMPERATURE (F)   53        35      1907


SUNRISE AND SUNSET
MAY 31 2016...........SUNRISE   537 AM EDT   SUNSET   834 PM EDT
JUNE  1 2016..........SUNRISE   537 AM EDT   SUNSET   835 PM EDT


-  INDICATES NEGATIVE NUMBERS.
R  INDICATES RECORD WAS SET OR TIED.
MM INDICATES DATA IS MISSING.
T  INDICATES TRACE AMOUNT.




$$
