000
CDUS41 KCTP 272239
CLIIPT


CLIMATE REPORT
NATIONAL WEATHER SERVICE STATE COLLEGE PA
539 PM EST FRI FEB 27 2015


...................................

...THE WILLIAMSPORT PA CLIMATE SUMMARY FOR FEBRUARY 27 2015...
VALID TODAY AS OF 0500 PM LOCAL TIME.

CLIMATE NORMAL PERIOD 1981 TO 2010
CLIMATE RECORD PERIOD 1895 TO 2015


WEATHER ITEM   OBSERVED TIME   RECORD YEAR NORMAL DEPARTURE LAST
                VALUE   (LST)  VALUE       VALUE  FROM      YEAR
                                                  NORMAL
..................................................................
TEMPERATURE (F)
 TODAY
  MAXIMUM         28    340 PM  69    1997  42    -14       25
  MINIMUM          9    714 AM  -5    1963  24    -15        6
  AVERAGE         19                        32    -13       16

PRECIPITATION (IN)
  TODAY            T             1.20 1958   0.08  -0.08      T
  MONTH TO DATE    1.08                      2.25  -1.17     2.55
  SINCE DEC 1      5.39                      7.88  -2.49     7.44
  SINCE JAN 1      2.79                      4.95  -2.16     3.80

SNOWFALL (IN)
  TODAY            T             6.0  1934   0.3   -0.3       T
  MONTH TO DATE    9.2                       8.5    0.7     21.6
  SINCE DEC 1     27.9                      25.9    2.0     43.6
  SINCE JUL 1     33.0                      27.7    5.3     45.8
  SNOW DEPTH       4

DEGREE DAYS
 HEATING
  TODAY           46                        33     13       49
  MONTH TO DATE 1259                       956    303     1108
  SINCE DEC 1   3419                      3190    229     3535
  SINCE JUL 1   4589                      4435    154     4778

 COOLING
  TODAY            0                         0      0        0
  MONTH TO DATE    0                         0      0        0
  SINCE DEC 1      0                         0      0        0
  SINCE JAN 1      0                         0      0        0
..................................................................


WIND (MPH)
  HIGHEST WIND SPEED    16   HIGHEST WIND DIRECTION    SW (240)
  HIGHEST GUST SPEED    19   HIGHEST GUST DIRECTION     W (250)
  AVERAGE WIND SPEED     6.2


SKY COVER
  POSSIBLE SUNSHINE  MM
  AVERAGE SKY COVER 0.4


WEATHER CONDITIONS
 THE FOLLOWING WEATHER WAS RECORDED TODAY.
  LIGHT SNOW


RELATIVE HUMIDITY (PERCENT)
 HIGHEST    64           300 AM
 LOWEST     29           200 PM
 AVERAGE    47

..........................................................


THE WILLIAMSPORT PA CLIMATE NORMALS FOR TOMORROW
                         NORMAL    RECORD    YEAR
 MAXIMUM TEMPERATURE (F)   42        63      1954
 MINIMUM TEMPERATURE (F)   24       -18      1934


SUNRISE AND SUNSET
FEBRUARY 27 2015......SUNRISE   646 AM EST   SUNSET   556 PM EST
FEBRUARY 28 2015......SUNRISE   644 AM EST   SUNSET   557 PM EST


-  INDICATES NEGATIVE NUMBERS.
R  INDICATES RECORD WAS SET OR TIED.
MM INDICATES DATA IS MISSING.
T  INDICATES TRACE AMOUNT.




$$
