000
CDUS43 KEAX 270653
CLIIRK


CLIMATE REPORT
NATIONAL WEATHER SERVICE KANSAS CITY/PLEASANT HILL MO
152 AM CDT THU AUG 27 2015


...................................

...THE KIRKSVILLE MO CLIMATE SUMMARY FOR AUGUST 26 2015...

CLIMATE NORMAL PERIOD 1981 TO 2010
CLIMATE RECORD PERIOD 9999 TO 9999


WEATHER ITEM   OBSERVED TIME   NORMAL DEPARTURE LAST
                VALUE   (LST)  VALUE  FROM      YEAR
                                      NORMAL
......................................................
TEMPERATURE (F)
 YESTERDAY
  MAXIMUM         79    345 PM  83     -4       87
  MINIMUM         48    600 AM  61    -13       71
  AVERAGE         64            72     -8       79

PRECIPITATION (IN)
  YESTERDAY        0.00          0.13  -0.13     0.00
  MONTH TO DATE    2.42          3.05  -0.63     8.10
  SINCE JUN 1     20.46         12.49   7.97    18.33
  SINCE JAN 1     31.22         26.64   4.58    27.43

DEGREE DAYS
 HEATING
  YESTERDAY        1             0      1        0
  MONTH TO DATE    8             0      8        0
  SINCE JUN 1     28            17     11       12
  SINCE JUL 1     13             1     12        6

 COOLING
  YESTERDAY        0             7     -7       14
  MONTH TO DATE  202           242    -40      250
  SINCE JUN 1    776           747     29      688
  SINCE JAN 1    844           809     35      810
......................................................


WIND (MPH)
  HIGHEST WIND SPEED     8   HIGHEST WIND DIRECTION    NW (330)
  HIGHEST GUST SPEED    11   HIGHEST GUST DIRECTION    NE (60)
  AVERAGE WIND SPEED     1.7


SKY COVER
  AVERAGE SKY COVER 0.0


WEATHER CONDITIONS
 THE FOLLOWING WEATHER WAS RECORDED YESTERDAY.
  FOG


RELATIVE HUMIDITY (PERCENT)
 HIGHEST    96          1200 AM
 LOWEST     35           200 PM
 AVERAGE    66

..........................................................


THE KIRKSVILLE MO CLIMATE NORMALS FOR TODAY
                         NORMAL
 MAXIMUM TEMPERATURE (F)   83
 MINIMUM TEMPERATURE (F)   61


SUNRISE AND SUNSET
AUGUST 27 2015........SUNRISE   633 AM CDT   SUNSET   750 PM CDT
AUGUST 28 2015........SUNRISE   634 AM CDT   SUNSET   748 PM CDT


-  INDICATES NEGATIVE NUMBERS.
R  INDICATES RECORD WAS SET OR TIED.
MM INDICATES DATA IS MISSING.
T  INDICATES TRACE AMOUNT.




$$
