000
CDUS43 KEAX 290642
CLIIRK


CLIMATE REPORT
NATIONAL WEATHER SERVICE KANSAS CITY/PLEASANT HILL MO
140 AM CDT SAT APR 29 2017


...................................

...THE KIRKSVILLE MO CLIMATE SUMMARY FOR APRIL 28 2017...

CLIMATE NORMAL PERIOD 1981 TO 2010
CLIMATE RECORD PERIOD 9999 TO 9999


WEATHER ITEM   OBSERVED TIME   NORMAL DEPARTURE LAST
                VALUE   (LST)  VALUE  FROM      YEAR
                                      NORMAL
......................................................
TEMPERATURE (F)
 YESTERDAY
  MAXIMUM         51    118 PM  67    -16       60
  MINIMUM         44   1058 PM  45     -1       45
  AVERAGE         48            56     -8       53

PRECIPITATION (IN)
  YESTERDAY        0.13          0.17  -0.04     0.00
  MONTH TO DATE    3.60          3.47   0.13     2.72
  SINCE MAR 1      7.24          6.02   1.22     4.71
  SINCE JAN 1      9.10          8.82   0.28     7.30

DEGREE DAYS
 HEATING
  YESTERDAY       17             9      8       12
  MONTH TO DATE  249           384   -135      313
  SINCE MAR 1    891          1138   -247      839
  SINCE JUL 1   4420          5671  -1251     4546

 COOLING
  YESTERDAY        0             0      0        0
  MONTH TO DATE   24             0     24        8
  SINCE MAR 1     24             0     24        8
  SINCE JAN 1     24             0     24        8
......................................................


WIND (MPH)
  HIGHEST WIND SPEED    16   HIGHEST WIND DIRECTION     N (20)
  HIGHEST GUST SPEED    21   HIGHEST GUST DIRECTION     N (20)
  AVERAGE WIND SPEED    10.6


SKY COVER
  AVERAGE SKY COVER 0.8


WEATHER CONDITIONS
 THE FOLLOWING WEATHER WAS RECORDED YESTERDAY.
  LIGHT RAIN
  FOG
  HAZE


RELATIVE HUMIDITY (PERCENT)
 HIGHEST   100           600 AM
 LOWEST     46           100 PM
 AVERAGE    73

..........................................................


THE KIRKSVILLE MO CLIMATE NORMALS FOR TODAY
                         NORMAL
 MAXIMUM TEMPERATURE (F)   67
 MINIMUM TEMPERATURE (F)   46


SUNRISE AND SUNSET
APRIL 29 2017.........SUNRISE   612 AM CDT   SUNSET   803 PM CDT
APRIL 30 2017.........SUNRISE   611 AM CDT   SUNSET   804 PM CDT


-  INDICATES NEGATIVE NUMBERS.
R  INDICATES RECORD WAS SET OR TIED.
MM INDICATES DATA IS MISSING.
T  INDICATES TRACE AMOUNT.




$$
