000
CDUS43 KEAX 190637
CLIIRK


CLIMATE REPORT
NATIONAL WEATHER SERVICE KANSAS CITY/PLEASANT HILL MO
133 AM CDT THU OCT 19 2017


...................................

...THE KIRKSVILLE MO CLIMATE SUMMARY FOR OCTOBER 18 2017...

CLIMATE NORMAL PERIOD 1981 TO 2010
CLIMATE RECORD PERIOD 9999 TO 9999


WEATHER ITEM   OBSERVED TIME   NORMAL DEPARTURE LAST
                VALUE   (LST)  VALUE  FROM      YEAR
                                      NORMAL
......................................................
TEMPERATURE (F)
 YESTERDAY
  MAXIMUM         73    358 PM  63     10       76
  MINIMUM         45    552 AM  42      3       53
  AVERAGE         59            52      7       65

PRECIPITATION (IN)
  YESTERDAY        0.00          0.12  -0.12     0.00
  MONTH TO DATE    5.10          2.00   3.10     1.95
  SINCE SEP 1      5.33          6.11  -0.78     4.07
  SINCE JAN 1     29.60         33.52  -3.92    27.21

DEGREE DAYS
 HEATING
  YESTERDAY        6            13     -7        0
  MONTH TO DATE   76           184   -108       81
  SINCE SEP 1    113           284   -171      110
  SINCE JUL 1    114           291   -177      116

 COOLING
  YESTERDAY        0             0      0        0
  MONTH TO DATE   34            10     24       44
  SINCE SEP 1    190            93     97      220
  SINCE JAN 1   1115           937    178     1298
......................................................


WIND (MPH)
  HIGHEST WIND SPEED    20   HIGHEST WIND DIRECTION     S (170)
  HIGHEST GUST SPEED    24   HIGHEST GUST DIRECTION     S (170)
  AVERAGE WIND SPEED     8.7


SKY COVER
  AVERAGE SKY COVER 0.0


WEATHER CONDITIONS
 THE FOLLOWING WEATHER WAS RECORDED YESTERDAY.
  NO SIGNIFICANT WEATHER WAS OBSERVED.


RELATIVE HUMIDITY (PERCENT)
 HIGHEST    93           600 AM
 LOWEST     41           300 PM
 AVERAGE    67

..........................................................


THE KIRKSVILLE MO CLIMATE NORMALS FOR TODAY
                         NORMAL
 MAXIMUM TEMPERATURE (F)   63
 MINIMUM TEMPERATURE (F)   41


SUNRISE AND SUNSET
OCTOBER 19 2017.......SUNRISE   725 AM CDT   SUNSET   624 PM CDT
OCTOBER 20 2017.......SUNRISE   726 AM CDT   SUNSET   623 PM CDT


-  INDICATES NEGATIVE NUMBERS.
R  INDICATES RECORD WAS SET OR TIED.
MM INDICATES DATA IS MISSING.
T  INDICATES TRACE AMOUNT.




$$
