000
CDUS43 KEAX 260032
CLIIRK


CLIMATE REPORT
NATIONAL WEATHER SERVICE KANSAS CITY/PLEASANT HILL MO
732 PM CDT WED MAY 25 2016


...................................

...THE KIRKSVILLE MO CLIMATE SUMMARY FOR MAY 25 2016...
VALID TODAY AS OF 0700 PM LOCAL TIME.

CLIMATE NORMAL PERIOD 1981 TO 2010
CLIMATE RECORD PERIOD 9999 TO 9999


WEATHER ITEM   OBSERVED TIME   NORMAL DEPARTURE LAST
                VALUE   (LST)  VALUE  FROM      YEAR
                                      NORMAL
......................................................
TEMPERATURE (F)
 TODAY
  MAXIMUM         83    411 PM  75      8       79
  MINIMUM         62    103 AM  55      7       61
  AVERAGE         73            65      8       70

PRECIPITATION (IN)
  TODAY            T             0.16  -0.16     0.12
  MONTH TO DATE    3.04          3.98  -0.94     3.63
  SINCE MAR 1      8.02         10.37  -2.35     8.16
  SINCE JAN 1     10.61         13.17  -2.56    10.21

DEGREE DAYS
 HEATING
  TODAY            0             3     -3        0
  MONTH TO DATE  170           139     31      106
  SINCE MAR 1   1031          1296   -265     1074
  SINCE JUL 1   4738          5829  -1091     5753

 COOLING
  TODAY            8             3      5        5
  MONTH TO DATE   22            37    -15       48
  SINCE MAR 1     30            44    -14       51
  SINCE JAN 1     30            44    -14       51
......................................................


WIND (MPH)
  HIGHEST WIND SPEED    16   HIGHEST WIND DIRECTION    SE (150)
  HIGHEST GUST SPEED    19   HIGHEST GUST DIRECTION     S (160)
  AVERAGE WIND SPEED     8.7


SKY COVER
  AVERAGE SKY COVER 0.2


WEATHER CONDITIONS
 THE FOLLOWING WEATHER WAS RECORDED TODAY.
  LIGHT RAIN


RELATIVE HUMIDITY (PERCENT)
 HIGHEST   100           200 AM
 LOWEST     51           500 PM
 AVERAGE    76

..........................................................


THE KIRKSVILLE MO CLIMATE NORMALS FOR TOMORROW
                         NORMAL
 MAXIMUM TEMPERATURE (F)   76
 MINIMUM TEMPERATURE (F)   55


SUNRISE AND SUNSET
MAY 25 2016...........SUNRISE   547 AM CDT   SUNSET   828 PM CDT
MAY 26 2016...........SUNRISE   546 AM CDT   SUNSET   829 PM CDT


-  INDICATES NEGATIVE NUMBERS.
R  INDICATES RECORD WAS SET OR TIED.
MM INDICATES DATA IS MISSING.
T  INDICATES TRACE AMOUNT.




$$
