000
CDUS43 KEAX 201232
CLIIRK


CLIMATE REPORT
NATIONAL WEATHER SERVICE KANSAS CITY/PLEASANT HILL MO
731 AM CDT WED AUG 20 2014


...................................

...THE KIRKSVILLE MO CLIMATE SUMMARY FOR AUGUST 20 2014...
VALID AS OF 0700 AM LOCAL TIME.

CLIMATE NORMAL PERIOD 1981 TO 2010
CLIMATE RECORD PERIOD 9999 TO 9999


WEATHER ITEM   OBSERVED TIME   NORMAL DEPARTURE LAST
                VALUE   (LST)  VALUE  FROM      YEAR
                                      NORMAL
......................................................
TEMPERATURE (F)
 TODAY
  MAXIMUM         73    559 AM  84    -11       92
  MINIMUM         69    225 AM  63      6       59
  AVERAGE         71            73     -2       76

PRECIPITATION (IN)
  TODAY            0.00          0.12  -0.12     0.00
  MONTH TO DATE    7.54          2.29   5.25      T
  SINCE JUN 1     17.77         11.73   6.04     5.42
  SINCE JAN 1     26.87         25.88   0.99    29.89

DEGREE DAYS
 HEATING
  TODAY            0             0      0        0
  MONTH TO DATE    0             0      0        5
  SINCE JUN 1     12            17     -5       49
  SINCE JUL 1      6             1      5       13

 COOLING
  TODAY            6             9     -3       11
  MONTH TO DATE  143           195    -52      119
  SINCE JUN 1    581           700   -119      583
  SINCE JAN 1    703           762    -59      651
......................................................


WIND (MPH)
  HIGHEST WIND SPEED     8   HIGHEST WIND DIRECTION     E (100)
  HIGHEST GUST SPEED    10   HIGHEST GUST DIRECTION     E (100)
  AVERAGE WIND SPEED     3.5


SKY COVER
  AVERAGE SKY COVER 0.2


WEATHER CONDITIONS
 THE FOLLOWING WEATHER WAS RECORDED TODAY.
  FOG


RELATIVE HUMIDITY (PERCENT)
 HIGHEST    97          1200 AM
 LOWEST     87           400 AM
 AVERAGE    92

..........................................................


THE KIRKSVILLE MO CLIMATE NORMALS FOR TOMORROW
                         NORMAL
 MAXIMUM TEMPERATURE (F)   84
 MINIMUM TEMPERATURE (F)   63


SUNRISE AND SUNSET
AUGUST 20 2014........SUNRISE   626 AM CDT   SUNSET   800 PM CDT
AUGUST 21 2014........SUNRISE   627 AM CDT   SUNSET   758 PM CDT


-  INDICATES NEGATIVE NUMBERS.
R  INDICATES RECORD WAS SET OR TIED.
MM INDICATES DATA IS MISSING.
T  INDICATES TRACE AMOUNT.




$$
