000
CDUS43 KBIS 270745
CLIISN


CLIMATE REPORT
NATIONAL WEATHER SERVICE BISMARCK ND
144 AM CST MON FEB 27 2017


...................................

...THE WILLISTON ND CLIMATE SUMMARY FOR FEBRUARY 26 2017...

CLIMATE NORMAL PERIOD 1981 TO 2010
CLIMATE RECORD PERIOD 1894 TO 2017


WEATHER ITEM   OBSERVED TIME   RECORD YEAR NORMAL DEPARTURE LAST
                VALUE   (LST)  VALUE       VALUE  FROM      YEAR
                                                  NORMAL
..................................................................
TEMPERATURE (F)
 YESTERDAY
  MAXIMUM         24    622 PM  59    2016  31     -7       59
                                      1988
  MINIMUM          0   1219 AM -27    1962  11    -11       22
                                      1904
  AVERAGE         12                        21     -9       41

PRECIPITATION (IN)
  YESTERDAY        0.01          0.62 1958   0.02  -0.01     0.00
  MONTH TO DATE    0.59                      0.36   0.23     0.71
  SINCE DEC 1      1.99                      1.57   0.42     1.64
  SINCE JAN 1      1.03                      0.95   0.08     1.09

SNOWFALL (IN)
  YESTERDAY       MM
  SNOW DEPTH      MM

DEGREE DAYS
 HEATING
  YESTERDAY       53                        44      9       24
  MONTH TO DATE 1152                      1259   -107      939
  SINCE DEC 1   4338                      4518   -180     3768
  SINCE JUL 1   5917                      6680   -763     5518

 COOLING
  YESTERDAY        0                         0      0        0
  MONTH TO DATE    0                         0      0        0
  SINCE DEC 1      0                         0      0        0
  SINCE JAN 1      0                         0      0        0
..................................................................


WIND (MPH)
  HIGHEST WIND SPEED    12   HIGHEST WIND DIRECTION     W (290)
  HIGHEST GUST SPEED    13   HIGHEST GUST DIRECTION    NW (310)
  AVERAGE WIND SPEED     4.0


SKY COVER
  POSSIBLE SUNSHINE  MM
  AVERAGE SKY COVER 0.8


WEATHER CONDITIONS
 THE FOLLOWING WEATHER WAS RECORDED YESTERDAY.
  LIGHT SNOW
  FOG
  HAZE


RELATIVE HUMIDITY (PERCENT)
 HIGHEST    92           500 AM
 LOWEST     68           300 PM
 AVERAGE    80

..........................................................


THE WILLISTON ND CLIMATE NORMALS FOR TODAY
                         NORMAL    RECORD    YEAR
 MAXIMUM TEMPERATURE (F)   32        66      1992
                                             1932
 MINIMUM TEMPERATURE (F)   11       -35      1962


SUNRISE AND SUNSET
FEBRUARY 27 2017......SUNRISE   739 AM CST   SUNSET   636 PM CST
FEBRUARY 28 2017......SUNRISE   737 AM CST   SUNSET   638 PM CST


-  INDICATES NEGATIVE NUMBERS.
R  INDICATES RECORD WAS SET OR TIED.
MM INDICATES DATA IS MISSING.
T  INDICATES TRACE AMOUNT.




$$
