000
CDUS43 KBIS 162234
CLIISN


CLIMATE REPORT
NATIONAL WEATHER SERVICE BISMARCK ND
534 PM CDT TUE SEP 16 2014


...................................

...THE WILLISTON ND CLIMATE SUMMARY FOR SEPTEMBER 16 2014...
VALID TODAY AS OF 0500 PM LOCAL TIME.

CLIMATE NORMAL PERIOD 1981 TO 2010
CLIMATE RECORD PERIOD 1894 TO 2014


WEATHER ITEM   OBSERVED TIME   RECORD YEAR NORMAL DEPARTURE LAST
                VALUE   (LST)  VALUE       VALUE  FROM      YEAR
                                                  NORMAL
..................................................................
TEMPERATURE (F)
 TODAY
  MAXIMUM         76    359 PM  96    1998  71      5       79
  MINIMUM         31    441 AM  23    1973  42    -11       50
  AVERAGE         54                        56     -2       65

PRECIPITATION (IN)
  TODAY            0.00          0.44 1934   0.03  -0.03     0.00
  MONTH TO DATE    0.39                      0.58  -0.19     1.32
  SINCE SEP 1      0.39                      0.58  -0.19     1.32
  SINCE JAN 1      8.82                     11.70  -2.88    17.21

SNOWFALL (IN)
  TODAY            0.0

DEGREE DAYS
 HEATING
  TODAY           11                         9      2        0
  MONTH TO DATE  181                       102     79       17
  SINCE SEP 1    181                       102     79       17
  SINCE JUL 1    238                       173     65       63

 COOLING
  TODAY            0                         1     -1        0
  MONTH TO DATE    0                        23    -23       68
  SINCE SEP 1      0                        23    -23       68
  SINCE JAN 1    391                       452    -61      395
..................................................................


WIND (MPH)
  HIGHEST WIND SPEED     7   HIGHEST WIND DIRECTION     N (350)
  HIGHEST GUST SPEED    10   HIGHEST GUST DIRECTION    SW (210)
  AVERAGE WIND SPEED     1.6


SKY COVER
  POSSIBLE SUNSHINE  MM
  AVERAGE SKY COVER 0.0


WEATHER CONDITIONS
 THE FOLLOWING WEATHER WAS RECORDED TODAY.
  FOG
  HAZE


RELATIVE HUMIDITY (PERCENT)
 HIGHEST    92           200 AM
 LOWEST     21           400 PM
 AVERAGE    57

..........................................................


THE WILLISTON ND CLIMATE NORMALS FOR TOMORROW
                         NORMAL    RECORD    YEAR
 MAXIMUM TEMPERATURE (F)   71        96      2000
                                             1920
 MINIMUM TEMPERATURE (F)   41        18      1902


SUNRISE AND SUNSET
SEPTEMBER 16 2014.....SUNRISE   733 AM CDT   SUNSET   805 PM CDT
SEPTEMBER 17 2014.....SUNRISE   734 AM CDT   SUNSET   803 PM CDT


-  INDICATES NEGATIVE NUMBERS.
R  INDICATES RECORD WAS SET OR TIED.
MM INDICATES DATA IS MISSING.
T  INDICATES TRACE AMOUNT.




$$
