000
CDUS43 KBIS 220040
CLIISN


CLIMATE REPORT
NATIONAL WEATHER SERVICE BISMARCK ND
640 PM CST SUN DEC 21 2014


...................................

...THE WILLISTON ND CLIMATE SUMMARY FOR DECEMBER 21 2014...
VALID TODAY AS OF 0600 PM LOCAL TIME.

CLIMATE NORMAL PERIOD 1981 TO 2010
CLIMATE RECORD PERIOD 1894 TO 2014


WEATHER ITEM   OBSERVED TIME   RECORD YEAR NORMAL DEPARTURE LAST
                VALUE   (LST)  VALUE       VALUE  FROM      YEAR
                                                  NORMAL
..................................................................
TEMPERATURE (F)
 TODAY
  MAXIMUM         37    409 PM  49    1957  23     14        0
                                      1954
  MINIMUM         11    828 AM -37    1989   2      9      -12
  AVERAGE         24                        12     12       -6

PRECIPITATION (IN)
  TODAY            0.00          0.15 1964   0.02  -0.02     0.12
  MONTH TO DATE    0.01                      0.41  -0.40     0.79
  SINCE DEC 1      0.01                      0.41  -0.40     0.79
  SINCE JAN 1     10.66                     14.16  -3.50    21.00

SNOWFALL (IN)
  TODAY           MM

DEGREE DAYS
 HEATING
  TODAY           41                        53    -12       71
  MONTH TO DATE  899                      1048   -149     1233
  SINCE DEC 1    899                      1048   -149     1233
  SINCE JUL 1   3092                      3210   -118     3307

 COOLING
  TODAY            0                         0      0        0
  MONTH TO DATE    0                         0      0        0
  SINCE DEC 1      0                         0      0        0
  SINCE JAN 1    425                       456    -31      405
..................................................................


WIND (MPH)
  HIGHEST WIND SPEED     7   HIGHEST WIND DIRECTION     S (170)
  HIGHEST GUST SPEED     9   HIGHEST GUST DIRECTION     S (160)
  AVERAGE WIND SPEED     0.9


SKY COVER
  POSSIBLE SUNSHINE  MM
  AVERAGE SKY COVER 0.5


WEATHER CONDITIONS
 THE FOLLOWING WEATHER WAS RECORDED TODAY.
  NO SIGNIFICANT WEATHER WAS OBSERVED.


RELATIVE HUMIDITY (PERCENT)
 HIGHEST    96           700 AM
 LOWEST     64           400 PM
 AVERAGE    80

..........................................................


THE WILLISTON ND CLIMATE NORMALS FOR TOMORROW
                         NORMAL    RECORD    YEAR
 MAXIMUM TEMPERATURE (F)   23        55      1954
 MINIMUM TEMPERATURE (F)    1       -38      1983


SUNRISE AND SUNSET
DECEMBER 21 2014......SUNRISE   842 AM CST   SUNSET   503 PM CST
DECEMBER 22 2014......SUNRISE   843 AM CST   SUNSET   504 PM CST


-  INDICATES NEGATIVE NUMBERS.
R  INDICATES RECORD WAS SET OR TIED.
MM INDICATES DATA IS MISSING.
T  INDICATES TRACE AMOUNT.




$$
