000
CDUS43 KBIS 240751
CLIISN


CLIMATE REPORT
NATIONAL WEATHER SERVICE BISMARCK ND
150 AM CST SAT FEB 24 2018


...................................

...THE WILLISTON ND CLIMATE SUMMARY FOR FEBRUARY 23 2018...

CLIMATE NORMAL PERIOD 1981 TO 2010
CLIMATE RECORD PERIOD 1894 TO 2018


WEATHER ITEM   OBSERVED TIME   RECORD YEAR NORMAL DEPARTURE LAST
                VALUE   (LST)  VALUE       VALUE  FROM      YEAR
                                                  NORMAL
..................................................................
TEMPERATURE (F)
 YESTERDAY
  MAXIMUM         13    436 PM  58    1958  30    -17       30
  MINIMUM        -11    258 AM -28    2003   9    -20       10
  AVERAGE          1                        20    -19       20

PRECIPITATION (IN)
  YESTERDAY        T             0.33 1948   0.02  -0.02      T
  MONTH TO DATE    0.38                      0.31   0.07     0.55
  SINCE DEC 1      1.11                      1.52  -0.41     1.95
  SINCE JAN 1      0.57                      0.90  -0.33     0.99

DEGREE DAYS
 HEATING
  YESTERDAY       64                        45     19       45
  MONTH TO DATE 1478                      1126    352     1001
  SINCE DEC 1   4601                      4385    216     4187
  SINCE JUL 1   6615                      6547     68     5766

 COOLING
  YESTERDAY        0                         0      0        0
  MONTH TO DATE    0                         0      0        0
  SINCE DEC 1      0                         0      0        0
  SINCE JAN 1      0                         0      0        0
..................................................................


WIND (MPH)
  HIGHEST WIND SPEED    13   HIGHEST WIND DIRECTION     S (190)
  HIGHEST GUST SPEED    17   HIGHEST GUST DIRECTION     S (200)
  AVERAGE WIND SPEED     7.6


SKY COVER
  POSSIBLE SUNSHINE  MM
  AVERAGE SKY COVER 0.3


WEATHER CONDITIONS
 THE FOLLOWING WEATHER WAS RECORDED YESTERDAY.
  LIGHT SNOW
  FOG
  HAZE


RELATIVE HUMIDITY (PERCENT)
 HIGHEST    91           100 PM
 LOWEST     61           400 PM
 AVERAGE    76

..........................................................


THE WILLISTON ND CLIMATE NORMALS FOR TODAY
                         NORMAL    RECORD    YEAR
 MAXIMUM TEMPERATURE (F)   31        58      1958
 MINIMUM TEMPERATURE (F)   10       -35      2003


SUNRISE AND SUNSET
FEBRUARY 24 2018......SUNRISE   745 AM CST   SUNSET   631 PM CST
FEBRUARY 25 2018......SUNRISE   743 AM CST   SUNSET   633 PM CST


-  INDICATES NEGATIVE NUMBERS.
R  INDICATES RECORD WAS SET OR TIED.
MM INDICATES DATA IS MISSING.
T  INDICATES TRACE AMOUNT.




$$
