000
CDUS43 KBIS 302240
CLIISN


CLIMATE REPORT
NATIONAL WEATHER SERVICE BISMARCK ND
540 PM CDT SAT MAY 30 2015


...................................

...THE WILLISTON ND CLIMATE SUMMARY FOR MAY 30 2015...
VALID TODAY AS OF 0500 PM LOCAL TIME.

CLIMATE NORMAL PERIOD 1981 TO 2010
CLIMATE RECORD PERIOD 1894 TO 2015


WEATHER ITEM   OBSERVED TIME   RECORD YEAR NORMAL DEPARTURE LAST
                VALUE   (LST)  VALUE       VALUE  FROM      YEAR
                                                  NORMAL
..................................................................
TEMPERATURE (F)
 TODAY
  MAXIMUM         64    253 PM  98    1984  72     -8       81
  MINIMUM         40    440 AM  30    1907  45     -5       44
  AVERAGE         52                        58     -6       63

PRECIPITATION (IN)
  TODAY            0.00          1.21 1965   0.08  -0.08     0.00
  MONTH TO DATE    1.82                      1.84  -0.02     1.61
  SINCE MAR 1      2.56                      3.55  -0.99     3.64
  SINCE JAN 1      3.50                      4.53  -1.03     4.08

SNOWFALL (IN)
  TODAY           MM

DEGREE DAYS
 HEATING
  TODAY           13                         7      6        2
  MONTH TO DATE  365                       342     23      347
  SINCE MAR 1   1837                      2099   -262     2276
  SINCE JUL 1   8353                      8867   -514     9225

 COOLING
  TODAY            0                         1     -1        0
  MONTH TO DATE    1                         6     -5       21
  SINCE MAR 1      1                         7     -6       21
  SINCE JAN 1      1                         7     -6       21
..................................................................


WIND (MPH)
  HIGHEST WIND SPEED    23   HIGHEST WIND DIRECTION    SE (150)
  HIGHEST GUST SPEED    29   HIGHEST GUST DIRECTION    SE (130)
  AVERAGE WIND SPEED    12.0


SKY COVER
  POSSIBLE SUNSHINE  MM
  AVERAGE SKY COVER 0.1


WEATHER CONDITIONS
 THE FOLLOWING WEATHER WAS RECORDED TODAY.
  NO SIGNIFICANT WEATHER WAS OBSERVED.


RELATIVE HUMIDITY (PERCENT)
 HIGHEST    76           600 AM
 LOWEST     34           300 PM
 AVERAGE    55

..........................................................


THE WILLISTON ND CLIMATE NORMALS FOR TOMORROW
                         NORMAL    RECORD    YEAR
 MAXIMUM TEMPERATURE (F)   72        93      1986
                                             1933
 MINIMUM TEMPERATURE (F)   45        31      2012
                                             1998


SUNRISE AND SUNSET
MAY 30 2015...........SUNRISE   600 AM CDT   SUNSET   945 PM CDT
MAY 31 2015...........SUNRISE   559 AM CDT   SUNSET   946 PM CDT


-  INDICATES NEGATIVE NUMBERS.
R  INDICATES RECORD WAS SET OR TIED.
MM INDICATES DATA IS MISSING.
T  INDICATES TRACE AMOUNT.




$$
