000
CDUS43 KBIS 280744
CLIISN


CLIMATE REPORT
NATIONAL WEATHER SERVICE BISMARCK ND
243 AM CDT TUE JUL 28 2015


...................................

...THE WILLISTON ND CLIMATE SUMMARY FOR JULY 27 2015...

CLIMATE NORMAL PERIOD 1981 TO 2010
CLIMATE RECORD PERIOD 1894 TO 2015


WEATHER ITEM   OBSERVED TIME   RECORD YEAR NORMAL DEPARTURE LAST
                VALUE   (LST)  VALUE       VALUE  FROM      YEAR
                                                  NORMAL
..................................................................
TEMPERATURE (F)
 YESTERDAY
  MAXIMUM         92    504 PM 108    1988  86      6       75
  MINIMUM         63   1159 PM  40    1908  57      6       54
  AVERAGE         78                        72      6       65

PRECIPITATION (IN)
  YESTERDAY        0.33          0.94 2001   0.06   0.27     0.00
  MONTH TO DATE    1.33                      2.29  -0.96     0.56
  SINCE JUN 1      3.23                      4.81  -1.58     2.00
  SINCE JAN 1      6.73                      9.42  -2.69     6.09

SNOWFALL (IN)
  YESTERDAY        0.0           0.0  2002   0.0    0.0     MM
                                      2001
  MONTH TO DATE    0.0                       0.0    0.0     MM
  SINCE JUN 1      0.0                       0.0    0.0     MM
  SINCE JUL 1      0.0                       0.0    0.0     MM
  SNOW DEPTH       0

DEGREE DAYS
 HEATING
  YESTERDAY        0                         0      0        0
  MONTH TO DATE    3                        21    -18       17
  SINCE JUN 1     57                       141    -84      127
  SINCE JUL 1      3                        21    -18       17

 COOLING
  YESTERDAY       13                         7      6        0
  MONTH TO DATE  230                       154     76      141
  SINCE JUN 1    333                       222    111      169
  SINCE JAN 1    334                       235     99      190
..................................................................


WIND (MPH)
  HIGHEST WIND SPEED    32   HIGHEST WIND DIRECTION    SW (240)
  HIGHEST GUST SPEED    47   HIGHEST GUST DIRECTION    SW (230)
  AVERAGE WIND SPEED    11.5


SKY COVER
  POSSIBLE SUNSHINE  MM
  AVERAGE SKY COVER 0.2


WEATHER CONDITIONS
 THE FOLLOWING WEATHER WAS RECORDED YESTERDAY.
  THUNDERSTORM
  HEAVY RAIN
  RAIN
  LIGHT RAIN
  FOG
  HAZE


RELATIVE HUMIDITY (PERCENT)
 HIGHEST    87          1100 PM
 LOWEST     30           200 PM
 AVERAGE    59

..........................................................


THE WILLISTON ND CLIMATE NORMALS FOR TODAY
                         NORMAL    RECORD    YEAR
 MAXIMUM TEMPERATURE (F)   86       104      1975
 MINIMUM TEMPERATURE (F)   57        43      1971


SUNRISE AND SUNSET
JULY 28 2015..........SUNRISE   625 AM CDT   SUNSET   937 PM CDT
JULY 29 2015..........SUNRISE   626 AM CDT   SUNSET   935 PM CDT


-  INDICATES NEGATIVE NUMBERS.
R  INDICATES RECORD WAS SET OR TIED.
MM INDICATES DATA IS MISSING.
T  INDICATES TRACE AMOUNT.




$$
