646
CDUS43 KBIS 250801
CLIISN


CLIMATE REPORT
NATIONAL WEATHER SERVICE BISMARCK ND
301 AM CDT TUE APR 25 2017


...................................

...THE WILLISTON ND CLIMATE SUMMARY FOR APRIL 24 2017...

CLIMATE NORMAL PERIOD 1981 TO 2010
CLIMATE RECORD PERIOD 1894 TO 2017


WEATHER ITEM   OBSERVED TIME   RECORD YEAR NORMAL DEPARTURE LAST
                VALUE   (LST)  VALUE       VALUE  FROM      YEAR
                                                  NORMAL
..................................................................
TEMPERATURE (F)
 YESTERDAY
  MAXIMUM         38    336 PM  90    2012  61    -23       45
                                      1962
  MINIMUM         30    641 AM  17    1907  33     -3       37
  AVERAGE         34                        47    -13       41

PRECIPITATION (IN)
  YESTERDAY        0.12          0.92 2016   0.04   0.08     0.92
  MONTH TO DATE    0.50                      0.74  -0.24     1.61
  SINCE MAR 1      1.35                      1.45  -0.10     1.79
  SINCE JAN 1      2.49                      2.43   0.06     2.92

SNOWFALL (IN)
  YESTERDAY       MM
  SNOW DEPTH      MM

DEGREE DAYS
 HEATING
  YESTERDAY       31                        18     13       24
  MONTH TO DATE  479                       549    -70      476
  SINCE MAR 1   1519                      1656   -137     1346
  SINCE JUL 1   7541                      8424   -883     6956

 COOLING
  YESTERDAY        0                         0      0        0
  MONTH TO DATE    0                         0      0        0
  SINCE MAR 1      0                         0      0        0
  SINCE JAN 1      0                         0      0        0
..................................................................


WIND (MPH)
  HIGHEST WIND SPEED    17   HIGHEST WIND DIRECTION    NE (60)
  HIGHEST GUST SPEED    21   HIGHEST GUST DIRECTION     E (70)
  AVERAGE WIND SPEED    10.5


SKY COVER
  POSSIBLE SUNSHINE  MM
  AVERAGE SKY COVER 1.0


WEATHER CONDITIONS
 THE FOLLOWING WEATHER WAS RECORDED YESTERDAY.
  LIGHT SNOW
  FOG


RELATIVE HUMIDITY (PERCENT)
 HIGHEST    92           100 AM
 LOWEST     70           200 PM
 AVERAGE    81

..........................................................


THE WILLISTON ND CLIMATE NORMALS FOR TODAY
                         NORMAL    RECORD    YEAR
 MAXIMUM TEMPERATURE (F)   61        84      1977
 MINIMUM TEMPERATURE (F)   33        15      1907


SUNRISE AND SUNSET
APRIL 25 2017.........SUNRISE   646 AM CDT   SUNSET   900 PM CDT
APRIL 26 2017.........SUNRISE   644 AM CDT   SUNSET   902 PM CDT


-  INDICATES NEGATIVE NUMBERS.
R  INDICATES RECORD WAS SET OR TIED.
MM INDICATES DATA IS MISSING.
T  INDICATES TRACE AMOUNT.




$$
