000
CDUS41 KOKX 020706
CLIISP


CLIMATE REPORT
NATIONAL WEATHER SERVICE NEW YORK NY
306 AM EDT THU JUL 2 2015


...................................

...THE ISLIP NY CLIMATE SUMMARY FOR JULY 1 2015...

CLIMATE NORMAL PERIOD 1981 TO 2010
CLIMATE RECORD PERIOD 1986 TO 2015


WEATHER ITEM   OBSERVED TIME   RECORD YEAR NORMAL DEPARTURE LAST
                VALUE   (LST)  VALUE       VALUE  FROM      YEAR
                                                  NORMAL
..................................................................
TEMPERATURE (F)
 YESTERDAY
  MAXIMUM         80    338 PM  89    2012  81     -1       85
  MINIMUM         70    620 AM  50    1988  65      5       72
  AVERAGE         75                        72      3       79

PRECIPITATION (IN)
  YESTERDAY        0.05          0.92 1984   0.10  -0.05     0.00
  MONTH TO DATE    0.05                      0.10  -0.05     0.00
  SINCE JUN 1      4.10                      4.37  -0.27     1.79
  SINCE JAN 1     19.19                     23.83  -4.64    23.53

SNOWFALL (IN)
  YESTERDAY        0.0          MM      MM   0.0    0.0      0.0
  MONTH TO DATE    0.0                       0.0    0.0      0.0
  SINCE OCT 1     63.7                      24.8   38.9     63.7
  SINCE JUL 1      0.0                       0.0    0.0      0.0
  SNOW DEPTH       0

DEGREE DAYS
 HEATING
  YESTERDAY        0                         0      0        0
  MONTH TO DATE    0                         0      0        0
  SINCE JUN 1     46                        38      8        2
  SINCE JUL 1      0                         0      0        0

 COOLING
  YESTERDAY       10                         8      2       14
  MONTH TO DATE   10                         8      2       14
  SINCE JUN 1    162                       148     14      185
  SINCE JAN 1    212                       172     40      214
..................................................................


WIND (MPH)
  HIGHEST WIND SPEED    22   HIGHEST WIND DIRECTION    SW (210)
  HIGHEST GUST SPEED    29   HIGHEST GUST DIRECTION    SW (240)
  AVERAGE WIND SPEED    10.7


SKY COVER
  AVERAGE SKY COVER 0.5


WEATHER CONDITIONS
 THE FOLLOWING WEATHER WAS RECORDED YESTERDAY.
  THUNDERSTORM
  RAIN
  LIGHT RAIN
  FOG


RELATIVE HUMIDITY (PERCENT)
 HIGHEST    93           200 AM
 LOWEST     61          1000 PM
 AVERAGE    77

..........................................................


THE ISLIP NY CLIMATE NORMALS FOR TODAY
                         NORMAL    RECORD    YEAR
 MAXIMUM TEMPERATURE (F)   81        90      2002
 MINIMUM TEMPERATURE (F)   65        54      1988


SUNRISE AND SUNSET
JULY  2 2015..........SUNRISE   525 AM EDT   SUNSET   828 PM EDT
JULY  3 2015..........SUNRISE   526 AM EDT   SUNSET   827 PM EDT


-  INDICATES NEGATIVE NUMBERS.
R  INDICATES RECORD WAS SET OR TIED.
MM INDICATES DATA IS MISSING.
T  INDICATES TRACE AMOUNT.




$$
