000
CDCA42 TJSJ 310452
CLIIST


CLIMATE REPORT
NATIONAL WEATHER SERVICE SAN JUAN, PR
1251 AM AST FRI OCT 31 2014


...................................

...THE CYRIL E. KING AIRPORT/USVI CLIMATE SUMMARY FOR OCTOBER 30 2014...

CLIMATE NORMAL PERIOD 1981 TO 2010
CLIMATE RECORD PERIOD 1953 TO 2014


WEATHER ITEM   OBSERVED TIME   RECORD YEAR NORMAL DEPARTURE LAST
                VALUE   (LST)  VALUE       VALUE  FROM      YEAR
                                                  NORMAL
..................................................................
TEMPERATURE (F)
 YESTERDAY
  MAXIMUM         86    146 PM  95    1992  88     -2       90
  MINIMUM         78    809 PM  70    1988  76      2       78
  AVERAGE         82                        82      0       84

PRECIPITATION (IN)
  YESTERDAY        0.09          1.29 1976   0.19  -0.10      T
  MONTH TO DATE    1.35                      5.22  -3.87     1.87
  SINCE SEP 1      3.10                     10.80  -7.70    11.69
  SINCE JAN 1     24.64                     30.95  -6.31    36.50

SNOWFALL (IN)
  YESTERDAY        0.0
  MONTH TO DATE    0.0
  SINCE SEP 1      0.0
  SINCE JUL 1      0.0

DEGREE DAYS
 HEATING
  YESTERDAY        0                         0      0        0
  MONTH TO DATE    0                         0      0        0
  SINCE SEP 1      0                         0      0        0
  SINCE JUL 1      0                         0      0        0

 COOLING
  YESTERDAY       17                        17      0       19
  MONTH TO DATE  536                       532      4      584
  SINCE SEP 1   1073                      1100    -27     1161
  SINCE JAN 1   5063                      5091    -28     5061
..................................................................


WIND (MPH)
  RESULTANT WIND SPEED   1   RESULTANT WIND DIRECTION   S (180)
  HIGHEST WIND SPEED    21   HIGHEST WIND DIRECTION    SW (230)
  AVERAGE WIND SPEED     3.1


SKY COVER
  AVERAGE SKY COVER 0.6


WEATHER CONDITIONS
 THE FOLLOWING WEATHER WAS RECORDED YESTERDAY.
  LIGHT RAIN


RELATIVE HUMIDITY (PERCENT)
 HIGHEST    91
 LOWEST     74
 AVERAGE    83

..........................................................


THE CYRIL E. KING AIRPORT/USVI CLIMATE NORMALS FOR TODAY
                         NORMAL    RECORD    YEAR
 MAXIMUM TEMPERATURE (F)   88        95      1992
 MINIMUM TEMPERATURE (F)   76        71      1963


SUNRISE AND SUNSET
OCTOBER 31 2014.......SUNRISE   619 AM AST   SUNSET   548 PM AST
NOVEMBER  1 2014......SUNRISE   619 AM AST   SUNSET   547 PM AST


-  INDICATES NEGATIVE NUMBERS.
R  INDICATES RECORD WAS SET OR TIED.
MM INDICATES DATA IS MISSING.
T  INDICATES TRACE AMOUNT.




$$
