000
CDCA42 TJSJ 270427
CLIIST


CLIMATE REPORT
NATIONAL WEATHER SERVICE SAN JUAN, PR
1226 AM AST WED AUG 27 2014


...................................

...THE CYRIL E. KING AIRPORT/USVI CLIMATE SUMMARY FOR AUGUST 26 2014...

CLIMATE NORMAL PERIOD 1981 TO 2010
CLIMATE RECORD PERIOD 1956 TO 2014


WEATHER ITEM   OBSERVED TIME   RECORD YEAR NORMAL DEPARTURE LAST
                VALUE   (LST)  VALUE       VALUE  FROM      YEAR
                                                  NORMAL
..................................................................
TEMPERATURE (F)
 YESTERDAY
  MAXIMUM         87    241 PM  96    1995  90     -3       88
  MINIMUM         80    726 AM  73    1989  78      2       79
  AVERAGE         84                        84      0       84

PRECIPITATION (IN)
  YESTERDAY        0.07          0.75 2006   0.15  -0.08     0.07
  MONTH TO DATE    6.71                      3.03   3.68     7.44
  SINCE JUN 1      7.66                      8.41  -0.75    16.10
  SINCE JAN 1     20.90                     19.44   1.46    24.72

SNOWFALL (IN)
  YESTERDAY        0.0
  MONTH TO DATE    0.0
  SINCE JUN 1      0.0
  SINCE JUL 1      0.0

DEGREE DAYS
 HEATING
  YESTERDAY        0                         0      0        0
  MONTH TO DATE    0                         0      0        0
  SINCE JUN 1      0                         0      0        0
  SINCE JUL 1      0                         0      0        0

 COOLING
  YESTERDAY       19                        19      0       19
  MONTH TO DATE  493                       494     -1      496
  SINCE JUN 1   1675                      1638     37     1609
  SINCE JAN 1   3898                      3890      8     3803
..................................................................


WIND (MPH)
  RESULTANT WIND SPEED  15   RESULTANT WIND DIRECTION  SE (130)
  HIGHEST WIND SPEED    23   HIGHEST WIND DIRECTION    SE (150)
  HIGHEST GUST SPEED    33   HIGHEST GUST DIRECTION    SE (130)
  AVERAGE WIND SPEED    15.3


SKY COVER
  POSSIBLE SUNSHINE  MM
  AVERAGE SKY COVER 0.4


WEATHER CONDITIONS
 THE FOLLOWING WEATHER WAS RECORDED YESTERDAY.
  NO SIGNIFICANT WEATHER WAS OBSERVED.


RELATIVE HUMIDITY (PERCENT)
 HIGHEST    79
 LOWEST     63
 AVERAGE    71

..........................................................


THE CYRIL E. KING AIRPORT/USVI CLIMATE NORMALS FOR TODAY
                         NORMAL    RECORD    YEAR
 MAXIMUM TEMPERATURE (F)   90        98      1993
 MINIMUM TEMPERATURE (F)   78        73      1985


SUNRISE AND SUNSET
AUGUST 27 2014........SUNRISE   604 AM AST   SUNSET   638 PM AST
AUGUST 28 2014........SUNRISE   605 AM AST   SUNSET   637 PM AST


-  INDICATES NEGATIVE NUMBERS.
R  INDICATES RECORD WAS SET OR TIED.
MM INDICATES DATA IS MISSING.
T  INDICATES TRACE AMOUNT.




$$
