000
CDHW43 PHFO 210240
CLIITO


CLIMATE REPORT
NATIONAL WEATHER SERVICE HONOLULU HI
440 PM HST MON OCT 20 2014


...................................

...THE HILO HI CLIMATE SUMMARY FOR OCTOBER 20 2014...
VALID TODAY AS OF 0400 PM LOCAL TIME.

CLIMATE NORMAL PERIOD 1981 TO 2010
CLIMATE RECORD PERIOD 1946 TO 2014


WEATHER ITEM   OBSERVED TIME   RECORD YEAR NORMAL DEPARTURE LAST
                VALUE   (LST)  VALUE       VALUE  FROM      YEAR
                                                  NORMAL
..................................................................
TEMPERATURE (F)
 TODAY
  MAXIMUM         86    110 PM  88    1992  83      3       85
  MINIMUM         71    627 AM  64    1969  68      3       71
  AVERAGE         79                        76      3       78

PRECIPITATION (IN)
  TODAY            T             1.11 1986   0.31  -0.31      T
  MONTH TO DATE    9.71                      5.88   3.83     4.47
  SINCE SEP 1     13.75                     15.82  -2.07     8.11
  SINCE JAN 1     94.86                     95.76  -0.90    72.99

SNOWFALL (IN)
  TODAY            0.0
  MONTH TO DATE    0.0
  SINCE SEP 1      0.0
  SINCE JUL 1      0.0
  SNOW DEPTH       0

DEGREE DAYS
 HEATING
  TODAY            0                         0      0        0
  MONTH TO DATE    0                         0      0        0
  SINCE SEP 1      0                         0      0        0
  SINCE JUL 1      0                         0      0        0

 COOLING
  TODAY           14                        10      4       13
  MONTH TO DATE  266                       218     48      242
  SINCE SEP 1    710                       554    156      625
  SINCE JAN 1   2987                      2626    361     2838
..................................................................


WIND (MPH)
  HIGHEST WIND SPEED    17   HIGHEST WIND DIRECTION     E (110)
  HIGHEST GUST SPEED    22   HIGHEST GUST DIRECTION    SE (120)
  AVERAGE WIND SPEED     7.8


SKY COVER
  POSSIBLE SUNSHINE  MM
  AVERAGE SKY COVER 0.5


WEATHER CONDITIONS
 THE FOLLOWING WEATHER WAS RECORDED TODAY.
  FOG


RELATIVE HUMIDITY (PERCENT)
 HIGHEST    93           600 AM
 LOWEST     61          1100 AM
 AVERAGE    77

..........................................................


THE HILO HI CLIMATE NORMALS FOR TOMORROW
                         NORMAL    RECORD    YEAR
 MAXIMUM TEMPERATURE (F)   82        88      1992
 MINIMUM TEMPERATURE (F)   68        63      2012


SUNRISE AND SUNSET
OCTOBER 20 2014.......SUNRISE   617 AM HST   SUNSET   553 PM HST
OCTOBER 21 2014.......SUNRISE   617 AM HST   SUNSET   552 PM HST


-  INDICATES NEGATIVE NUMBERS.
R  INDICATES RECORD WAS SET OR TIED.
MM INDICATES DATA IS MISSING.
T  INDICATES TRACE AMOUNT.




$$
