000
CDHW43 PHFO 101245
CLIITO


CLIMATE REPORT
NATIONAL WEATHER SERVICE HONOLULU HI
245 AM HST SAT DEC 10 2016


...................................

...THE HILO HI CLIMATE SUMMARY FOR DECEMBER 9 2016...

CLIMATE NORMAL PERIOD 1981 TO 2010
CLIMATE RECORD PERIOD 1946 TO 2016


WEATHER ITEM   OBSERVED TIME   RECORD YEAR NORMAL DEPARTURE LAST
                VALUE   (LST)  VALUE       VALUE  FROM      YEAR
                                                  NORMAL
..................................................................
TEMPERATURE (F)
 YESTERDAY
  MAXIMUM         80    142 PM  88    1977  80      0       84
  MINIMUM         67    513 AM  58    1960  66      1       70
  AVERAGE         74                        73      1       77

PRECIPITATION (IN)
  YESTERDAY        T             8.65 1954   0.40  -0.40     0.26
  MONTH TO DATE   11.94                      3.64   8.30     0.65
  SINCE DEC 1     11.94                      3.64   8.30     0.65
  SINCE JAN 1    119.94                    118.79   1.15   131.68

SNOWFALL (IN)
  YESTERDAY        0.0
  MONTH TO DATE    0.0
  SINCE DEC 1      0.0
  SINCE JUL 1      0.0
  SNOW DEPTH       0

DEGREE DAYS
 HEATING
  YESTERDAY        0                         0      0        0
  MONTH TO DATE    0                         0      0        0
  SINCE DEC 1      0                         0      0        0
  SINCE JUL 1      0                         0      0        0

 COOLING
  YESTERDAY        9                         8      1       12
  MONTH TO DATE   69                        72     -3       98
  SINCE DEC 1     69                        72     -3       98
  SINCE JAN 1   3830                      3079    751     3768
..................................................................


WIND (MPH)
  HIGHEST WIND SPEED    10   HIGHEST WIND DIRECTION    SE (120)
  HIGHEST GUST SPEED    13   HIGHEST GUST DIRECTION    SE (130)
  AVERAGE WIND SPEED     3.7


SKY COVER
  POSSIBLE SUNSHINE  MM
  AVERAGE SKY COVER 0.7


WEATHER CONDITIONS
 THE FOLLOWING WEATHER WAS RECORDED YESTERDAY.
  NO SIGNIFICANT WEATHER WAS OBSERVED.


RELATIVE HUMIDITY (PERCENT)
 HIGHEST    87           700 PM
 LOWEST     68           200 AM
 AVERAGE    78

..........................................................


THE HILO HI CLIMATE NORMALS FOR TODAY
                         NORMAL    RECORD    YEAR
 MAXIMUM TEMPERATURE (F)   80        85      1977
                                             1962
 MINIMUM TEMPERATURE (F)   65        60      1989
                                             1982
                                             1973


SUNRISE AND SUNSET
DECEMBER 10 2016......SUNRISE   644 AM HST   SUNSET   542 PM HST
DECEMBER 11 2016......SUNRISE   645 AM HST   SUNSET   543 PM HST


-  INDICATES NEGATIVE NUMBERS.
R  INDICATES RECORD WAS SET OR TIED.
MM INDICATES DATA IS MISSING.
T  INDICATES TRACE AMOUNT.




$$
