000
CDHW43 PHFO 291245
CLIITO


CLIMATE REPORT
NATIONAL WEATHER SERVICE HONOLULU HI
245 AM HST MON AUG 29 2016


...................................

...THE HILO HI CLIMATE SUMMARY FOR AUGUST 28 2016...

CLIMATE NORMAL PERIOD 1981 TO 2010
CLIMATE RECORD PERIOD 1946 TO 2016


WEATHER ITEM   OBSERVED TIME   RECORD YEAR NORMAL DEPARTURE LAST
                VALUE   (LST)  VALUE       VALUE  FROM      YEAR
                                                  NORMAL
..................................................................
TEMPERATURE (F)
 YESTERDAY
  MAXIMUM         82   1035 AM  89    1971  83     -1       MM
  MINIMUM         70    547 AM  65    1979  70      0       MM
                                      1955
  AVERAGE         76                        76      0       MM

PRECIPITATION (IN)
  YESTERDAY        0.60          2.74 1958   0.29   0.31    MM
  MONTH TO DATE   19.61                      8.99  10.62    14.91
  SINCE JUN 1     38.16                     27.17  10.99    28.18
  SINCE JAN 1     63.02                     79.08 -16.06    67.10

SNOWFALL (IN)
  YESTERDAY        0.0
  MONTH TO DATE    0.0
  SINCE JUN 1      0.0
  SINCE JUL 1      0.0
  SNOW DEPTH       0

DEGREE DAYS
 HEATING
  YESTERDAY        0                         0      0       MM
  MONTH TO DATE    0                         0      0        0
  SINCE JUN 1      0                         0      0        0
  SINCE JUL 1      0                         0      0        0

 COOLING
  YESTERDAY       11                        11      0       MM
  MONTH TO DATE  374                       308     66      323
  SINCE JUN 1   1169                       957    212     1107
  SINCE JAN 1   2715                      2025    690     2425
..................................................................


WIND (MPH)
  HIGHEST WIND SPEED    16   HIGHEST WIND DIRECTION     E (70)
  HIGHEST GUST SPEED    20   HIGHEST GUST DIRECTION     E (70)
  AVERAGE WIND SPEED     4.3


SKY COVER
  POSSIBLE SUNSHINE  MM
  AVERAGE SKY COVER 0.9


WEATHER CONDITIONS
 THE FOLLOWING WEATHER WAS RECORDED YESTERDAY.
  HEAVY RAIN
  RAIN
  LIGHT RAIN
  FOG
  HAZE


RELATIVE HUMIDITY (PERCENT)
 HIGHEST   100           100 AM
 LOWEST     74           400 PM
 AVERAGE    87

..........................................................


THE HILO HI CLIMATE NORMALS FOR TODAY
                         NORMAL    RECORD    YEAR
 MAXIMUM TEMPERATURE (F)   83        88      2007
                                             1964
 MINIMUM TEMPERATURE (F)   70        64      1974
                                             1971


SUNRISE AND SUNSET
AUGUST 29 2016........SUNRISE   604 AM HST   SUNSET   637 PM HST
AUGUST 30 2016........SUNRISE   605 AM HST   SUNSET   636 PM HST


-  INDICATES NEGATIVE NUMBERS.
R  INDICATES RECORD WAS SET OR TIED.
MM INDICATES DATA IS MISSING.
T  INDICATES TRACE AMOUNT.




$$
