000
CDHW43 PHFO 251245
CLIITO


CLIMATE REPORT
NATIONAL WEATHER SERVICE HONOLULU HI
245 AM HST TUE APR 25 2017


...................................

...THE HILO HI CLIMATE SUMMARY FOR APRIL 24 2017...

CLIMATE NORMAL PERIOD 1981 TO 2010
CLIMATE RECORD PERIOD 1946 TO 2017


WEATHER ITEM   OBSERVED TIME   RECORD YEAR NORMAL DEPARTURE LAST
                VALUE   (LST)  VALUE       VALUE  FROM      YEAR
                                                  NORMAL
..................................................................
TEMPERATURE (F)
 YESTERDAY
  MAXIMUM         83   1222 PM  85    1980  79      4       82
                                      1965
  MINIMUM         65    512 AM  63    2010  66     -1       70
                                      2002
                                      1979
  AVERAGE         74                        72      2       76

PRECIPITATION (IN)
  YESTERDAY        0.00          3.57 1967   0.36  -0.36     0.41
  MONTH TO DATE    4.15                      9.57  -5.42     8.36
  SINCE MAR 1      7.55                     23.00 -15.45    13.25
  SINCE JAN 1     26.04                     41.82 -15.78    17.82

SNOWFALL (IN)
  YESTERDAY        0.0
  MONTH TO DATE    0.0
  SINCE MAR 1      0.0
  SINCE JUL 1      0.0
  SNOW DEPTH      MM

DEGREE DAYS
 HEATING
  YESTERDAY        0                         0      0        0
  MONTH TO DATE    0                         0      0        0
  SINCE MAR 1      0                         0      0        0
  SINCE JUL 1      0                         0      0        0

 COOLING
  YESTERDAY        9                         7      2       11
  MONTH TO DATE  223                       168     55      250
  SINCE MAR 1    525                       379    146      559
  SINCE JAN 1    934                       749    185     1123
..................................................................


WIND (MPH)
  HIGHEST WIND SPEED    13   HIGHEST WIND DIRECTION    SE (120)
  HIGHEST GUST SPEED    17   HIGHEST GUST DIRECTION     E (100)
  AVERAGE WIND SPEED     7.0


SKY COVER
  POSSIBLE SUNSHINE  MM
  AVERAGE SKY COVER  MM


WEATHER CONDITIONS
 THE FOLLOWING WEATHER WAS RECORDED YESTERDAY.
  NO SIGNIFICANT WEATHER WAS OBSERVED.


RELATIVE HUMIDITY (PERCENT)
 HIGHEST    MM
 LOWEST     MM
 AVERAGE    MM

..........................................................


THE HILO HI CLIMATE NORMALS FOR TODAY
                         NORMAL    RECORD    YEAR
 MAXIMUM TEMPERATURE (F)   79        85      1980
                                             1977
 MINIMUM TEMPERATURE (F)   66        62      2007
                                             1982
                                             1974


SUNRISE AND SUNSET
APRIL 25 2017.........SUNRISE   555 AM HST   SUNSET   642 PM HST
APRIL 26 2017.........SUNRISE   554 AM HST   SUNSET   642 PM HST


-  INDICATES NEGATIVE NUMBERS.
R  INDICATES RECORD WAS SET OR TIED.
MM INDICATES DATA IS MISSING.
T  INDICATES TRACE AMOUNT.




$$
