000
CDHW43 PHFO 301245
CLIITO


CLIMATE REPORT
NATIONAL WEATHER SERVICE HONOLULU HI
245 AM HST SAT APR 30 2016


...................................

...THE HILO HI CLIMATE SUMMARY FOR APRIL 29 2016...

CLIMATE NORMAL PERIOD 1981 TO 2010
CLIMATE RECORD PERIOD 1946 TO 2016


WEATHER ITEM   OBSERVED TIME   RECORD YEAR NORMAL DEPARTURE LAST
                VALUE   (LST)  VALUE       VALUE  FROM      YEAR
                                                  NORMAL
..................................................................
TEMPERATURE (F)
 YESTERDAY
  MAXIMUM         83    208 PM  86    2010  79      4       81
                                      1954
  MINIMUM         68    605 AM  63    2003  66      2       68
                                      1985
                                      1976
  AVERAGE         76                        73      3       75

PRECIPITATION (IN)
  YESTERDAY        0.28          5.11 1989   0.32  -0.04     0.34
  MONTH TO DATE    9.47                     11.22  -1.75    13.86
  SINCE MAR 1     14.36                     24.65 -10.29    22.78
  SINCE JAN 1     18.93                     43.47 -24.54    30.87

SNOWFALL (IN)
  YESTERDAY        0.0
  MONTH TO DATE    0.0
  SINCE MAR 1      0.0
  SINCE JUL 1      0.0
  SNOW DEPTH       0

DEGREE DAYS
 HEATING
  YESTERDAY        0                         0      0        0
  MONTH TO DATE    0                         0      0        0
  SINCE MAR 1      0                         0      0        0
  SINCE JUL 1      0                         0      0        0

 COOLING
  YESTERDAY       11                         8      3       10
  MONTH TO DATE  305                       206     99      277
  SINCE MAR 1    614                       417    197      518
  SINCE JAN 1   1178                       787    391     1044
..................................................................


WIND (MPH)
  HIGHEST WIND SPEED    16   HIGHEST WIND DIRECTION     E (80)
  HIGHEST GUST SPEED    20   HIGHEST GUST DIRECTION     E (90)
  AVERAGE WIND SPEED     7.2


SKY COVER
  POSSIBLE SUNSHINE  MM
  AVERAGE SKY COVER 0.5


WEATHER CONDITIONS
 THE FOLLOWING WEATHER WAS RECORDED YESTERDAY.
  HEAVY RAIN
  RAIN
  LIGHT RAIN
  FOG


RELATIVE HUMIDITY (PERCENT)
 HIGHEST    87           600 AM
 LOWEST     58          1200 PM
 AVERAGE    73

..........................................................


THE HILO HI CLIMATE NORMALS FOR TODAY
                         NORMAL    RECORD    YEAR
 MAXIMUM TEMPERATURE (F)   79        86      2010
 MINIMUM TEMPERATURE (F)   66        62      1985


SUNRISE AND SUNSET
APRIL 30 2016.........SUNRISE   552 AM HST   SUNSET   643 PM HST
MAY  1 2016...........SUNRISE   551 AM HST   SUNSET   644 PM HST


-  INDICATES NEGATIVE NUMBERS.
R  INDICATES RECORD WAS SET OR TIED.
MM INDICATES DATA IS MISSING.
T  INDICATES TRACE AMOUNT.




$$
