152
CDHW43 PHFO 101245
CLIITO


CLIMATE REPORT
NATIONAL WEATHER SERVICE HONOLULU HI
245 AM HST WED FEB 10 2016


...................................

...THE HILO HI CLIMATE SUMMARY FOR FEBRUARY 9 2016...

CLIMATE NORMAL PERIOD 1981 TO 2010
CLIMATE RECORD PERIOD 1946 TO 2016


WEATHER ITEM   OBSERVED TIME   RECORD YEAR NORMAL DEPARTURE LAST
                VALUE   (LST)  VALUE       VALUE  FROM      YEAR
                                                  NORMAL
..................................................................
TEMPERATURE (F)
 YESTERDAY
  MAXIMUM         82    231 PM  87    1986  79      3       82
  MINIMUM         61    710 AM  56    1951  63     -2       65
  AVERAGE         72                        71      1       74

PRECIPITATION (IN)
  YESTERDAY        0.00          2.30 1972   0.32  -0.32      T
  MONTH TO DATE    1.05                      3.00  -1.95      T
  SINCE DEC 1     16.44                     23.83  -7.39     8.90
  SINCE JAN 1      2.34                     12.26  -9.92     2.80

SNOWFALL (IN)
  YESTERDAY        0.0
  MONTH TO DATE    0.0
  SINCE DEC 1      0.0
  SINCE JUL 1      0.0
  SNOW DEPTH       0

DEGREE DAYS
 HEATING
  YESTERDAY        0                         0      0        0
  MONTH TO DATE    0                         0      0        0
  SINCE DEC 1      0                         0      0        0
  SINCE JUL 1      0                         0      0        0

 COOLING
  YESTERDAY        7                         6      1        9
  MONTH TO DATE   79                        54     25       85
  SINCE DEC 1    672                       477    195      584
  SINCE JAN 1    366                       252    114      343
..................................................................


WIND (MPH)
  HIGHEST WIND SPEED    15   HIGHEST WIND DIRECTION     E (80)
  HIGHEST GUST SPEED    20   HIGHEST GUST DIRECTION    NE (60)
  AVERAGE WIND SPEED     5.9


SKY COVER
  POSSIBLE SUNSHINE  MM
  AVERAGE SKY COVER 0.4


WEATHER CONDITIONS
 THE FOLLOWING WEATHER WAS RECORDED YESTERDAY.
  NO SIGNIFICANT WEATHER WAS OBSERVED.


RELATIVE HUMIDITY (PERCENT)
 HIGHEST    87          1100 PM
 LOWEST     51           100 PM
 AVERAGE    69

..........................................................


THE HILO HI CLIMATE NORMALS FOR TODAY
                         NORMAL    RECORD    YEAR
 MAXIMUM TEMPERATURE (F)   79        85      2014
                                             2011
 MINIMUM TEMPERATURE (F)   63        57      1953


SUNRISE AND SUNSET
FEBRUARY 10 2016......SUNRISE   652 AM HST   SUNSET   617 PM HST
FEBRUARY 11 2016......SUNRISE   651 AM HST   SUNSET   618 PM HST


-  INDICATES NEGATIVE NUMBERS.
R  INDICATES RECORD WAS SET OR TIED.
MM INDICATES DATA IS MISSING.
T  INDICATES TRACE AMOUNT.




$$
