000
CDHW43 PHFO 231245
CLIITO


CLIMATE REPORT
NATIONAL WEATHER SERVICE HONOLULU HI
245 AM HST MON JAN 23 2017


...................................

...THE HILO HI CLIMATE SUMMARY FOR JANUARY 22 2017...

CLIMATE NORMAL PERIOD 1981 TO 2010
CLIMATE RECORD PERIOD 1946 TO 2017


WEATHER ITEM   OBSERVED TIME   RECORD YEAR NORMAL DEPARTURE LAST
                VALUE   (LST)  VALUE       VALUE  FROM      YEAR
                                                  NORMAL
..................................................................
TEMPERATURE (F)
 YESTERDAY
  MAXIMUM         74    428 PM  86    1998  79     -5       84
  MINIMUM         68   1159 PM  58    2013  64      4       64
  AVERAGE         71                        71      0       74

PRECIPITATION (IN)
  YESTERDAY        0.06          3.52 1999   0.33  -0.27     0.07
  MONTH TO DATE    1.87                      6.26  -4.39     0.89
  SINCE DEC 1     22.27                     17.83   4.44    14.99
  SINCE JAN 1      1.87                      6.26  -4.39     0.89

SNOWFALL (IN)
  YESTERDAY        0.0
  MONTH TO DATE    0.0
  SINCE DEC 1      0.0
  SINCE JUL 1      0.0
  SNOW DEPTH       0

DEGREE DAYS
 HEATING
  YESTERDAY        0                         0      0        0
  MONTH TO DATE    0                         0      0        0
  SINCE DEC 1      0                         0      0        0
  SINCE JUL 1      0                         0      0        0

 COOLING
  YESTERDAY        6                         6      0        9
  MONTH TO DATE  150                       143      7      193
  SINCE DEC 1    380                       368     12      499
  SINCE JAN 1    150                       143      7      193
..................................................................


WIND (MPH)
  HIGHEST WIND SPEED    21   HIGHEST WIND DIRECTION    NE (60)
  HIGHEST GUST SPEED    29   HIGHEST GUST DIRECTION    NE (50)
  AVERAGE WIND SPEED     9.9


SKY COVER
  POSSIBLE SUNSHINE  MM
  AVERAGE SKY COVER 0.8


WEATHER CONDITIONS
 THE FOLLOWING WEATHER WAS RECORDED YESTERDAY.
  RAIN
  LIGHT RAIN
  FOG
  HAZE


RELATIVE HUMIDITY (PERCENT)
 HIGHEST    87           800 PM
 LOWEST     64           900 AM
 AVERAGE    76

..........................................................


THE HILO HI CLIMATE NORMALS FOR TODAY
                         NORMAL    RECORD    YEAR
 MAXIMUM TEMPERATURE (F)   79        87      1983
 MINIMUM TEMPERATURE (F)   64        54      1969
                                             1963


SUNRISE AND SUNSET
JANUARY 23 2017.......SUNRISE   657 AM HST   SUNSET   607 PM HST
JANUARY 24 2017.......SUNRISE   657 AM HST   SUNSET   608 PM HST


-  INDICATES NEGATIVE NUMBERS.
R  INDICATES RECORD WAS SET OR TIED.
MM INDICATES DATA IS MISSING.
T  INDICATES TRACE AMOUNT.




$$
