000
CDUS43 KGLD 010752
CLIITR

CLIMATE REPORT
NATIONAL WEATHER SERVICE GOODLAND
148 AM MDT TUE SEP 1 2015
...................................

...THE BURLINGTON CO CLIMATE SUMMARY FOR AUGUST 31 2015...

CLIMATE NORMAL PERIOD 1981 TO 2010
CLIMATE RECORD PERIOD 1896 TO 2015

WEATHER ITEM   OBSERVED TIME   RECORD YEAR NORMAL DEPARTURE LAST
                VALUE   (LST)  VALUE       VALUE  FROM      YEAR
                                                  NORMAL
..................................................................
TEMPERATURE (F)
 YESTERDAY
  MAXIMUM         93    124 PM  99    1985  83     10       81
  MINIMUM         56    546 AM  41    1956  54      2       55
  AVERAGE         75                        69      6       68

PRECIPITATION (IN)
  YESTERDAY        0.07                      0.07   0.00     0.05
  MONTH TO DATE    0.88                      2.41  -1.53     1.94
  SINCE JUN 1      8.44                      8.42   0.02     6.98
  SINCE JAN 1     19.46                     14.15   5.31     9.90

..................................................................

THE BURLINGTON CO CLIMATE NORMALS FOR TODAY
                         NORMAL    RECORD    YEAR
 MAXIMUM TEMPERATURE (F)   83       100      1960
 MINIMUM TEMPERATURE (F)   54        37      1956

-  INDICATES NEGATIVE NUMBERS.
R  INDICATES RECORD WAS SET OR TIED.
MM INDICATES DATA IS MISSING.
T  INDICATES TRACE AMOUNT.

$$
