000
CDUS43 KGLD 200751 RRA
CLIITR

CLIMATE REPORT
NATIONAL WEATHER SERVICE GOODLAND
149 AM MDT WED AUG 20 2014


...................................

...THE BURLINGTON CO CLIMATE SUMMARY FOR AUGUST 19 2014...

CLIMATE NORMAL PERIOD 1981 TO 2010
CLIMATE RECORD PERIOD 1896 TO 2014


WEATHER ITEM   OBSERVED TIME   RECORD YEAR NORMAL DEPARTURE LAST
                VALUE   (LST)  VALUE       VALUE  FROM      YEAR
                                                  NORMAL
..................................................................
TEMPERATURE (F)
 YESTERDAY
  MAXIMUM         96    330 PM  99    1994  86     10       90
  MINIMUM         58    603 AM  42    1956  58      0       60
  AVERAGE         77                        72      5       75

PRECIPITATION (IN)
  YESTERDAY        0.00                      0.09  -0.09     0.00
  MONTH TO DATE    1.01                      1.54  -0.53     1.86
  SINCE JUN 1      6.05                      7.55  -1.50     4.79
  SINCE JAN 1      8.97                     13.28  -4.31    10.39

..................................................................


THE BURLINGTON CO CLIMATE NORMALS FOR TODAY
                         NORMAL    RECORD    YEAR
 MAXIMUM TEMPERATURE (F)   85       101      2001
                                             1987
 MINIMUM TEMPERATURE (F)   58        45      2004
                                             1964



-  INDICATES NEGATIVE NUMBERS.
R  INDICATES RECORD WAS SET OR TIED.
MM INDICATES DATA IS MISSING.
T  INDICATES TRACE AMOUNT.

$$
