000
CDUS44 KJAN 230807
CLIJAN


CLIMATE REPORT
NATIONAL WEATHER SERVICE JACKSON MS
302 AM CDT SAT AUG 23 2014


...................................

...THE JACKSON CLIMATE SUMMARY FOR AUGUST 22 2014...

CLIMATE NORMAL PERIOD 1981 TO 2010
CLIMATE RECORD PERIOD 1896 TO 2014


WEATHER ITEM   OBSERVED TIME   RECORD YEAR NORMAL DEPARTURE LAST
                VALUE   (LST)  VALUE       VALUE  FROM      YEAR
                                                  NORMAL
..................................................................
TEMPERATURE (F)
 YESTERDAY
  MAXIMUM         94    418 PM 101    2007  92      2       93
                                      1990
                                      1924
  MINIMUM         72    546 AM  55    1956  71      1       70
  AVERAGE         83                        81      2       82

PRECIPITATION (IN)
  YESTERDAY        0.00          3.11 1960   0.13  -0.13     0.68
  MONTH TO DATE    3.15                      3.22  -0.07     2.49
  SINCE JUN 1     11.72                     12.15  -0.43    10.13
  SINCE JAN 1     43.32                     36.26   7.06    43.19

SNOWFALL (IN)
  YESTERDAY        0.0           0.0  2002   0.0    0.0      0.0
                                      2001
  MONTH TO DATE    0.0                       0.0    0.0      0.0
  SINCE JUN 1      0.0                       0.0    0.0      0.0
  SINCE JUL 1      0.0                       0.0    0.0      0.0

DEGREE DAYS
 HEATING
  YESTERDAY        0                         0      0        0
  MONTH TO DATE    0                         0      0        0
  SINCE JUN 1      0                         0      0        0
  SINCE JUL 1      0                         0      0        0

 COOLING
  YESTERDAY       18                        16      2       17
  MONTH TO DATE  360                       367     -7      389
  SINCE JUN 1   1243                      1304    -61     1312
  SINCE JAN 1   1574                      1662    -88     1630
..................................................................


WIND (MPH)
  HIGHEST WIND SPEED     8   HIGHEST WIND DIRECTION    SW (230)
  HIGHEST GUST SPEED    12   HIGHEST GUST DIRECTION    SW (240)
  AVERAGE WIND SPEED     2.7


SKY COVER
  POSSIBLE SUNSHINE  MM
  AVERAGE SKY COVER 0.1


WEATHER CONDITIONS
 THE FOLLOWING WEATHER WAS RECORDED YESTERDAY.
  NO SIGNIFICANT WEATHER WAS OBSERVED.


RELATIVE HUMIDITY (PERCENT)
 HIGHEST   100           500 AM
 LOWEST     46           400 PM
 AVERAGE    73

..........................................................


THE JACKSON CLIMATE NORMALS FOR TODAY
                         NORMAL    RECORD    YEAR
 MAXIMUM TEMPERATURE (F)   92       103      1924
 MINIMUM TEMPERATURE (F)   71        54      1956


SUNRISE AND SUNSET
AUGUST 23 2014........SUNRISE   630 AM CDT   SUNSET   736 PM CDT
AUGUST 24 2014........SUNRISE   630 AM CDT   SUNSET   734 PM CDT


-  INDICATES NEGATIVE NUMBERS.
R  INDICATES RECORD WAS SET OR TIED.
MM INDICATES DATA IS MISSING.
T  INDICATES TRACE AMOUNT.

&&

AT 3 AM:

THE PEARL RIVER STAGE AT JACKSON WAS 3.8 FEET. THE RIVER HAS FALLEN 0.4
FEET OVER THE LAST 24 HOURS.

THE MISSISSIPPI RIVER STAGE AT VICKSBURG WAS 12.6 FEET. THE RIVER
HAS RISEN 0.3 FEET OVER THE LAST 24 HOURS.

$$
