000
CDUS44 KJAN 100658 CCA
CLIJAN

CLIMATE REPORT
NATIONAL WEATHER SERVICE JACKSON MS
1251 AM CST SAT DEC 10 2016


...................................

...THE JACKSON CLIMATE SUMMARY FOR DECEMBER 9 2016...

CLIMATE NORMAL PERIOD 1981 TO 2010
CLIMATE RECORD PERIOD 1896 TO 2016


WEATHER ITEM   OBSERVED TIME   RECORD YEAR NORMAL DEPARTURE LAST
                VALUE   (LST)  VALUE       VALUE  FROM      YEAR
                                                  NORMAL
..................................................................
TEMPERATURE (F)
 YESTERDAY
  MAXIMUM         45    346 PM  80    2007  60    -15       73
                                      1972
  MINIMUM         28   1139 PM  14    1917  38    -10       49
  AVERAGE         37                        49    -12       61

PRECIPITATION (IN)
  YESTERDAY        0.00          2.45 1931   0.17  -0.17     0.00
  MONTH TO DATE    2.99                      1.60   1.39     0.45
  SINCE DEC 1      2.99                      1.60   1.39     0.45
  SINCE JAN 1     60.64                     50.59  10.05    53.86

SNOWFALL (IN)
  YESTERDAY        0.0           0.5  1898   0.0    0.0      0.0
  MONTH TO DATE    0.0                       0.1   -0.1      0.0
  SINCE DEC 1      0.0                       0.1   -0.1      0.0
  SINCE JUL 1      0.0                       0.1   -0.1      0.0

DEGREE DAYS
 HEATING
  YESTERDAY       28                        16     12        4
  MONTH TO DATE  145                       138      7      111
  SINCE DEC 1    145                       138      7      111
  SINCE JUL 1    349                       546   -197      303

 COOLING
  YESTERDAY        0                         0      0        0
  MONTH TO DATE    0                         0      0        0
  SINCE DEC 1      0                         0      0        0
  SINCE JAN 1   2799                      2253    546     2746
..................................................................


WIND (MPH)
  HIGHEST WIND SPEED    16   HIGHEST WIND DIRECTION     N (360)
  HIGHEST GUST SPEED    23   HIGHEST GUST DIRECTION     N (360)
  AVERAGE WIND SPEED     8.3


SKY COVER
  POSSIBLE SUNSHINE  MM
  AVERAGE SKY COVER 0.0


WEATHER CONDITIONS
 THE FOLLOWING WEATHER WAS RECORDED YESTERDAY.
  NO SIGNIFICANT WEATHER WAS OBSERVED.


RELATIVE HUMIDITY (PERCENT)
 HIGHEST    78          1000 PM
 LOWEST     33           200 PM
 AVERAGE    56

..........................................................


THE JACKSON CLIMATE NORMALS FOR TODAY
                         NORMAL    RECORD    YEAR
 MAXIMUM TEMPERATURE (F)   59        80      1943
 MINIMUM TEMPERATURE (F)   38        16      1937


SUNRISE AND SUNSET
DECEMBER 10 2016......SUNRISE   651 AM CST   SUNSET   456 PM CST
DECEMBER 11 2016......SUNRISE   652 AM CST   SUNSET   456 PM CST


-  INDICATES NEGATIVE NUMBERS.
R  INDICATES RECORD WAS SET OR TIED.
MM INDICATES DATA IS MISSING.
T  INDICATES TRACE AMOUNT.

&&

AT MIDNIGHT:

THE PEARL RIVER STAGE AT JACKSON WAS 3.7 FEET. THE RIVER FELL 0.1 FEET
OVER THE PAST 24 HOURS.

THE MISSISSIPPI RIVER STAGE AT VICKSBURG WAS 12.9 FEET. THE RIVER ROSE
1.1 FOOT OVER THE PAST 24 HOURS.

$$
