000
CDUS44 KJAN 222209
CLIJAN


CLIMATE REPORT
NATIONAL WEATHER SERVICE JACKSON MS
407 PM CST SUN JAN 22 2017


...................................

...THE JACKSON CLIMATE SUMMARY FOR JANUARY 22 2017...
VALID TODAY AS OF 0400 PM LOCAL TIME.

CLIMATE NORMAL PERIOD 1981 TO 2010
CLIMATE RECORD PERIOD 1896 TO 2017


WEATHER ITEM   OBSERVED TIME   RECORD YEAR NORMAL DEPARTURE LAST
                VALUE   (LST)  VALUE       VALUE  FROM      YEAR
                                                  NORMAL
..................................................................
TEMPERATURE (F)
 TODAY
  MAXIMUM         65    222 PM  81    1937  56      9       51
  MINIMUM         54   1045 AM  12    1984  35     19       33
  AVERAGE         60                        46     14       42

PRECIPITATION (IN)
  TODAY            0.23          2.09 1980   0.16   0.07     0.18
  MONTH TO DATE    7.55                      3.39   4.16     2.15
  SINCE DEC 1     13.29                      8.54   4.75     8.02
  SINCE JAN 1      7.55                      3.39   4.16     2.15

SNOWFALL (IN)
  TODAY            0.0           7.0  1940   0.0    0.0       T
  MONTH TO DATE    0.8                       0.2    0.6       T
  SINCE DEC 1      0.8                       0.5    0.3       T
  SINCE JUL 1      0.8                       0.5    0.3       T

DEGREE DAYS
 HEATING
  TODAY            5                        19    -14       23
  MONTH TO DATE  201                       437   -236      418
  SINCE DEC 1    605                       979   -374      688
  SINCE JUL 1    809                      1387   -578      880

 COOLING
  TODAY            0                         0      0        0
  MONTH TO DATE   23                         0     23        0
  SINCE DEC 1     53                         8     45       69
  SINCE JAN 1     23                         0     23        0
..................................................................


WIND (MPH)
  HIGHEST WIND SPEED    25   HIGHEST WIND DIRECTION    NW (310)
  HIGHEST GUST SPEED    34   HIGHEST GUST DIRECTION    NW (310)
  AVERAGE WIND SPEED     9.0


SKY COVER
  POSSIBLE SUNSHINE  MM
  AVERAGE SKY COVER 0.6


WEATHER CONDITIONS
 THE FOLLOWING WEATHER WAS RECORDED TODAY.
  HEAVY RAIN
  RAIN
  LIGHT RAIN
  FOG


RELATIVE HUMIDITY (PERCENT)
 HIGHEST   100           200 AM
 LOWEST     48           200 PM
 AVERAGE    74

..........................................................


THE JACKSON CLIMATE NORMALS FOR TOMORROW
                         NORMAL    RECORD    YEAR
 MAXIMUM TEMPERATURE (F)   56        82      1943
 MINIMUM TEMPERATURE (F)   35         9      1940


SUNRISE AND SUNSET
JANUARY 22 2017.......SUNRISE   700 AM CST   SUNSET   525 PM CST
JANUARY 23 2017.......SUNRISE   659 AM CST   SUNSET   526 PM CST


-  INDICATES NEGATIVE NUMBERS.
R  INDICATES RECORD WAS SET OR TIED.
MM INDICATES DATA IS MISSING.
T  INDICATES TRACE AMOUNT.

&&

AT 4 PM:

THE PEARL RIVER STAGE AT JACKSON WAS 19.0 FEET. THE RIVER HAS
RISEN 2.0 FEET OVER THE PAST 24 HOURS.

THE MISSISSIPPI RIVER STAGE AT VICKSBURG WAS 24.6 FEET. THE RIVER
HAS RISEN 1.8 FEET OVER THE PAST 24 HOURS.

THE AIR QUALITY AT JACKSON WAS 38...WHICH IS GOOD.


$$
