000
CDUS44 KJAN 290639
CLIJAN


CLIMATE REPORT
NATIONAL WEATHER SERVICE JACKSON MS
136 AM CDT FRI JUL 29 2016


...................................

...THE JACKSON CLIMATE SUMMARY FOR JULY 28 2016...

CLIMATE NORMAL PERIOD 1981 TO 2010
CLIMATE RECORD PERIOD 1896 TO 2016


WEATHER ITEM   OBSERVED TIME   RECORD YEAR NORMAL DEPARTURE LAST
                VALUE   (LST)  VALUE       VALUE  FROM      YEAR
                                                  NORMAL
..................................................................
TEMPERATURE (F)
 YESTERDAY
  MAXIMUM         84    343 PM 102    1930  92     -8       99
  MINIMUM         74   1159 PM  60    1911  72      2       74
  AVERAGE         79                        82     -3       87

PRECIPITATION (IN)
  YESTERDAY        0.02          2.00 1898   0.15  -0.13      T
  MONTH TO DATE    7.00                      4.35   2.65     1.39
  SINCE JUN 1     10.03                      8.47   1.56     7.83
  SINCE JAN 1     42.48                     32.58   9.90    36.11

SNOWFALL (IN)
  YESTERDAY        0.0           0.0  2002   0.0    0.0      0.0
                                      2001
  MONTH TO DATE    0.0                       0.0    0.0      0.0
  SINCE JUN 1      0.0                       0.0    0.0      0.0
  SINCE JUL 1      0.0                       0.0    0.0      0.0

DEGREE DAYS
 HEATING
  YESTERDAY        0                         0      0        0
  MONTH TO DATE    0                         0      0        0
  SINCE JUN 1      0                         0      0        0
  SINCE JUL 1      0                         0      0        0

 COOLING
  YESTERDAY       14                        17     -3       22
  MONTH TO DATE  543                       469     74      550
  SINCE JUN 1   1059                       891    168     1032
  SINCE JAN 1   1447                      1249    198     1485
..................................................................


WIND (MPH)
  HIGHEST WIND SPEED    15   HIGHEST WIND DIRECTION     W (280)
  HIGHEST GUST SPEED    19   HIGHEST GUST DIRECTION     W (250)
  AVERAGE WIND SPEED     6.4


SKY COVER
  POSSIBLE SUNSHINE  MM
  AVERAGE SKY COVER 0.6


WEATHER CONDITIONS
 THE FOLLOWING WEATHER WAS RECORDED YESTERDAY.
  LIGHT RAIN
  FOG


RELATIVE HUMIDITY (PERCENT)
 HIGHEST    94           900 PM
 LOWEST     69           200 PM
 AVERAGE    82

..........................................................


THE JACKSON CLIMATE NORMALS FOR TODAY
                         NORMAL    RECORD    YEAR
 MAXIMUM TEMPERATURE (F)   92       107      1930
 MINIMUM TEMPERATURE (F)   72        61      1994


SUNRISE AND SUNSET
JULY 29 2016..........SUNRISE   613 AM CDT   SUNSET   800 PM CDT
JULY 30 2016..........SUNRISE   614 AM CDT   SUNSET   759 PM CDT


-  INDICATES NEGATIVE NUMBERS.
R  INDICATES RECORD WAS SET OR TIED.
MM INDICATES DATA IS MISSING.
T  INDICATES TRACE AMOUNT.

&&

AT 1 AM:

THE PEARL RIVER STAGE AT JACKSON WAS 4.0 FEET. THE RIVER FELL 0.2
FEET OVER THE PAST 24 HOURS.

THE MISSISSIPPI RIVER STAGE AT VICKSBURG WAS 17.9 FEET. THE RIVER
FELL 0.1 FEET OVER THE PAST 24 HOURS.


$$
