137
CDUS44 KJAN 222108
CLIJAN


CLIMATE REPORT
NATIONAL WEATHER SERVICE JACKSON MS
407 PM CDT SAT JUL 22 2017


...................................

...THE JACKSON CLIMATE SUMMARY FOR JULY 22 2017...
VALID TODAY AS OF 0400 PM LOCAL TIME.

CLIMATE NORMAL PERIOD 1981 TO 2010
CLIMATE RECORD PERIOD 1896 TO 2017


WEATHER ITEM   OBSERVED TIME   RECORD YEAR NORMAL DEPARTURE LAST
                VALUE   (LST)  VALUE       VALUE  FROM      YEAR
                                                  NORMAL
..................................................................
TEMPERATURE (F)
 TODAY
  MAXIMUM         95    251 PM 103    1924  92      3       98
  MINIMUM         73    534 AM  59    1947  72      1       75
  AVERAGE         84                        82      2       87

PRECIPITATION (IN)
  TODAY            0.00          1.92 1953   0.16  -0.16      T
  MONTH TO DATE    4.67                      3.41   1.26     3.22
  SINCE JUN 1     13.09                      7.53   5.56     6.25
  SINCE JAN 1     44.58                     31.64  12.94    38.70

SNOWFALL (IN)
  TODAY            0.0           0.0  2002   0.0    0.0      0.0
                                      2001
  MONTH TO DATE    0.0                       0.0    0.0      0.0
  SINCE JUN 1      0.0                       0.0    0.0      0.0
  SINCE JUL 1      0.0                       0.0    0.0      0.0

DEGREE DAYS
 HEATING
  TODAY            0                         0      0        0
  MONTH TO DATE    0                         0      0        0
  SINCE JUN 1      0                         0      0        0
  SINCE JUL 1      0                         0      0        0

 COOLING
  TODAY           19                        17      2       22
  MONTH TO DATE  404                       367     37      437
  SINCE JUN 1    785                       789     -4      953
  SINCE JAN 1   1281                      1147    134     1341
..................................................................


WIND (MPH)
  HIGHEST WIND SPEED    10   HIGHEST WIND DIRECTION    SE (120)
  HIGHEST GUST SPEED    16   HIGHEST GUST DIRECTION    SE (120)
  AVERAGE WIND SPEED     4.1


SKY COVER
  POSSIBLE SUNSHINE  MM
  AVERAGE SKY COVER 0.2


WEATHER CONDITIONS
 THE FOLLOWING WEATHER WAS RECORDED TODAY.
  NO SIGNIFICANT WEATHER WAS OBSERVED.


RELATIVE HUMIDITY (PERCENT)
 HIGHEST   100           100 AM
 LOWEST     52           200 PM
 AVERAGE    76

..........................................................


THE JACKSON CLIMATE NORMALS FOR TOMORROW
                         NORMAL    RECORD    YEAR
 MAXIMUM TEMPERATURE (F)   92       103      1934
                                             1924
 MINIMUM TEMPERATURE (F)   72        57      1947


SUNRISE AND SUNSET
JULY 22 2017..........SUNRISE   609 AM CDT   SUNSET   805 PM CDT
JULY 23 2017..........SUNRISE   609 AM CDT   SUNSET   804 PM CDT


-  INDICATES NEGATIVE NUMBERS.
R  INDICATES RECORD WAS SET OR TIED.
MM INDICATES DATA IS MISSING.
T  INDICATES TRACE AMOUNT.

&&

AT 4 PM:

THE PEARL RIVER STAGE AT JACKSON WAS 5.9 FEET. THE RIVER HAS
FALLEN 0.7 FEET OVER THE PAST 24 HOURS.

THE MISSISSIPPI RIVER STAGE AT VICKSBURG WAS 23.5 FEET. THE RIVER
HAS FALLEN 0.6 FEET IN THE PAST 24 HOURS.

THE AIR QUALITY INDEX IN JACKSON IS 53...WHICH IS MODERATE.


$$
