017
CDUS44 KJAN 180747
CLIJAN


CLIMATE REPORT
NATIONAL WEATHER SERVICE JACKSON MS
144 AM CST THU JAN 18 2018


...................................

...THE JACKSON CLIMATE SUMMARY FOR JANUARY 17 2018...

CLIMATE NORMAL PERIOD 1981 TO 2010
CLIMATE RECORD PERIOD 1896 TO 2018


WEATHER ITEM   OBSERVED TIME   RECORD YEAR NORMAL DEPARTURE LAST
                VALUE   (LST)  VALUE       VALUE  FROM      YEAR
                                                  NORMAL
..................................................................
TEMPERATURE (F)
 YESTERDAY
  MAXIMUM         29    350 PM  81    1943  56    -27       80
  MINIMUM         10R   656 AM  10    1977  35    -25       60
  AVERAGE         20                        46    -26       70

PRECIPITATION (IN)
  YESTERDAY        0.00          3.16 1926   0.16  -0.16     0.00
  MONTH TO DATE    1.69                      2.56  -0.87     3.56
  SINCE DEC 1      5.36                      7.71  -2.35     9.30
  SINCE JAN 1      1.69                      2.56  -0.87     3.56

SNOWFALL (IN)
  YESTERDAY        0.0           1.7  2013   0.0    0.0      0.0
  MONTH TO DATE    0.8                       0.2    0.6      0.8
  SINCE DEC 1      5.9                       0.5    5.4      0.8
  SINCE JUL 1      5.9                       0.5    5.4      0.8

DEGREE DAYS
 HEATING
  YESTERDAY       45                        20     25        0
  MONTH TO DATE  468                       340    128      189
  SINCE DEC 1    944                       882     62      593
  SINCE JUL 1   1203                      1290    -87      797

 COOLING
  YESTERDAY        0                         0      0        5
  MONTH TO DATE    0                         0      0       21
  SINCE DEC 1     11                         8      3       51
  SINCE JAN 1      0                         0      0       21
..................................................................


WIND (MPH)
  HIGHEST WIND SPEED    18   HIGHEST WIND DIRECTION     N (10)
  HIGHEST GUST SPEED    25   HIGHEST GUST DIRECTION     N (350)
  AVERAGE WIND SPEED    10.4


SKY COVER
  POSSIBLE SUNSHINE  MM
  AVERAGE SKY COVER 0.0


WEATHER CONDITIONS
 THE FOLLOWING WEATHER WAS RECORDED YESTERDAY.
  NO SIGNIFICANT WEATHER WAS OBSERVED.


RELATIVE HUMIDITY (PERCENT)
 HIGHEST    80           900 PM
 LOWEST     46           400 PM
 AVERAGE    63

..........................................................


THE JACKSON CLIMATE NORMALS FOR TODAY
                         NORMAL    RECORD    YEAR
 MAXIMUM TEMPERATURE (F)   56        78      1974
                                             1950
                                             1907
 MINIMUM TEMPERATURE (F)   35        10      1948


SUNRISE AND SUNSET
JANUARY 18 2018.......SUNRISE   701 AM CST   SUNSET   521 PM CST
JANUARY 19 2018.......SUNRISE   701 AM CST   SUNSET   522 PM CST


-  INDICATES NEGATIVE NUMBERS.
R  INDICATES RECORD WAS SET OR TIED.
MM INDICATES DATA IS MISSING.
T  INDICATES TRACE AMOUNT.

&&

AT 2 AM:

THE PEARL RIVER STAGE AT JACKSON WAS 3.6 FEET. THE RIVER HAS REMAINED STEADY
OVER THE PAST 24 HOURS.

THE MISSISSIPPI RIVER STAGE AT VICKSBURG WAS 9.2 FEET. THE RIVER
HAS RISEN 0.2 FEET OVER THE PAST 24 HOURS.

$$
