000
CDUS42 KJAX 022143
CLIJAX


CLIMATE REPORT
NATIONAL WEATHER SERVICE JACKSONVILLE FL
542 PM EDT TUE JUN 2 2015


...................................

...THE JACKSONVILLE CLIMATE SUMMARY FOR JUNE 2 2015...
VALID TODAY AS OF 0500 PM LOCAL TIME.

CLIMATE NORMAL PERIOD 1981 TO 2010
CLIMATE RECORD PERIOD 1871 TO 2015


WEATHER ITEM   OBSERVED TIME   RECORD YEAR NORMAL DEPARTURE LAST
                VALUE   (LST)  VALUE       VALUE  FROM      YEAR
                                                  NORMAL
..................................................................
TEMPERATURE (F)
 TODAY
  MAXIMUM         85    208 PM 100    1985  88     -3       82
  MINIMUM         64    519 AM  53    1984  68     -4       67
  AVERAGE         75                        78     -3       75

PRECIPITATION (IN)
  TODAY            0.00          3.13 2007   0.17  -0.17     0.00
  MONTH TO DATE    0.72                      0.33   0.39     1.07
  SINCE JUN 1      0.72                      0.33   0.39     1.07
  SINCE JAN 1     13.16                     15.89  -2.73    26.90

SNOWFALL (IN)
  TODAY            0.0           0.0  2002   0.0    0.0      0.0
                                      2001
  MONTH TO DATE    0.0                       0.0    0.0      0.0
  SINCE JUN 1      0.0                       0.0    0.0      0.0
  SINCE JUL 1      T                         T      0.0      0.0
  SNOW DEPTH       0

DEGREE DAYS
 HEATING
  TODAY            0                         0      0        0
  MONTH TO DATE    0                         0      0        0
  SINCE JUN 1      0                         0      0        0
  SINCE JUL 1   1337                      1349    -12     1309

 COOLING
  TODAY           10                        13     -3       10
  MONTH TO DATE   23                        26     -3       20
  SINCE JUN 1     23                        26     -3       20
  SINCE JAN 1    668                       510    158      504
..................................................................


WIND (MPH)
  HIGHEST WIND SPEED    14   HIGHEST WIND DIRECTION    SE (130)
  HIGHEST GUST SPEED    16   HIGHEST GUST DIRECTION    SE (130)
  AVERAGE WIND SPEED     1.5


SKY COVER
  POSSIBLE SUNSHINE  MM
  AVERAGE SKY COVER 0.8


WEATHER CONDITIONS
 THE FOLLOWING WEATHER WAS RECORDED TODAY.
  THUNDERSTORM
  FOG


RELATIVE HUMIDITY (PERCENT)
 HIGHEST   100          1200 AM
 LOWEST     63          1100 AM
 AVERAGE    82

..........................................................


THE JACKSONVILLE CLIMATE NORMALS FOR TOMORROW
                         NORMAL    RECORD    YEAR
 MAXIMUM TEMPERATURE (F)   89       100      1985
 MINIMUM TEMPERATURE (F)   68        57      1966


SUNRISE AND SUNSET
JUNE  2 2015..........SUNRISE   625 AM EDT   SUNSET   825 PM EDT
JUNE  3 2015..........SUNRISE   625 AM EDT   SUNSET   825 PM EDT


-  INDICATES NEGATIVE NUMBERS.
R  INDICATES RECORD WAS SET OR TIED.
MM INDICATES DATA IS MISSING.
T  INDICATES TRACE AMOUNT.




$$
