000
CDUS42 KJAX 272127
CLIJAX


CLIMATE REPORT
NATIONAL WEATHER SERVICE JACKSONVILLE FL
527 PM EDT SAT MAY 27 2017


...................................

...THE JACKSONVILLE CLIMATE SUMMARY FOR MAY 27 2017...
VALID TODAY AS OF 0500 PM LOCAL TIME.

CLIMATE NORMAL PERIOD 1981 TO 2010
CLIMATE RECORD PERIOD 1871 TO 2017


WEATHER ITEM   OBSERVED TIME   RECORD YEAR NORMAL DEPARTURE LAST
                VALUE   (LST)  VALUE       VALUE  FROM      YEAR
                                                  NORMAL
..................................................................
TEMPERATURE (F)
 TODAY
  MAXIMUM         93    421 PM  98    1989  88      5       83
                                      1962
                                      1874
  MINIMUM         59    602 AM  49    1979  66     -7       59
  AVERAGE         76                        77     -1       71

PRECIPITATION (IN)
  TODAY            0.00          5.40 1975   0.11  -0.11     0.00
  MONTH TO DATE    6.92                      2.02   4.90     2.26
  SINCE MAR 1      8.73                      8.61   0.12     6.78
  SINCE JAN 1     14.13                     15.10  -0.97    14.43

SNOWFALL (IN)
  TODAY            0.0           0.0  2002   0.0    0.0      0.0
                                      2001
  MONTH TO DATE    0.0                       0.0    0.0      0.0
  SINCE MAR 1      0.0                       T      0.0      0.0
  SINCE JUL 1      0.0                       T      0.0      0.0
  SNOW DEPTH       0

DEGREE DAYS
 HEATING
  TODAY            0                         0      0        0
  MONTH TO DATE    0                         3     -3        6
  SINCE MAR 1    179                       214    -35      101
  SINCE JUL 1    782                      1347   -565      949

 COOLING
  TODAY           11                        12     -1        6
  MONTH TO DATE  261                       239     22      250
  SINCE MAR 1    516                       406    110      502
  SINCE JAN 1    588                       435    153      526
..................................................................


WIND (MPH)
  HIGHEST WIND SPEED    13   HIGHEST WIND DIRECTION    SW (240)
  HIGHEST GUST SPEED    18   HIGHEST GUST DIRECTION    SW (220)
  AVERAGE WIND SPEED     3.5


SKY COVER
  POSSIBLE SUNSHINE  MM
  AVERAGE SKY COVER 0.1


WEATHER CONDITIONS
 THE FOLLOWING WEATHER WAS RECORDED TODAY.
  NO SIGNIFICANT WEATHER WAS OBSERVED.


RELATIVE HUMIDITY (PERCENT)
 HIGHEST   100           500 AM
 LOWEST     32           300 PM
 AVERAGE    66

..........................................................


THE JACKSONVILLE CLIMATE NORMALS FOR TOMORROW
                         NORMAL    RECORD    YEAR
 MAXIMUM TEMPERATURE (F)   88        99      1967
 MINIMUM TEMPERATURE (F)   66        52      1988


SUNRISE AND SUNSET
MAY 27 2017...........SUNRISE   626 AM EDT   SUNSET   822 PM EDT
MAY 28 2017...........SUNRISE   626 AM EDT   SUNSET   822 PM EDT


-  INDICATES NEGATIVE NUMBERS.
R  INDICATES RECORD WAS SET OR TIED.
MM INDICATES DATA IS MISSING.
T  INDICATES TRACE AMOUNT.




$$
