000
CDUS42 KJAX 220555
CLIJAX


CLIMATE REPORT
NATIONAL WEATHER SERVICE JACKSONVILLE FL
1255 AM EST MON DEC 22 2014


...................................

...THE JACKSONVILLE CLIMATE SUMMARY FOR DECEMBER 21 2014...

CLIMATE NORMAL PERIOD 1981 TO 2010
CLIMATE RECORD PERIOD 1871 TO 2014


WEATHER ITEM   OBSERVED TIME   RECORD YEAR NORMAL DEPARTURE LAST
                VALUE   (LST)  VALUE       VALUE  FROM      YEAR
                                                  NORMAL
..................................................................
TEMPERATURE (F)
 YESTERDAY
  MAXIMUM         58    159 PM  83    2013  66     -8       83
  MINIMUM         56   1159 PM  20    1901  43     13       55
  AVERAGE         57                        54      3       69

PRECIPITATION (IN)
  YESTERDAY        0.16          4.69 1916   0.10   0.06     0.00
  MONTH TO DATE    0.17                      1.89  -1.72     0.68
  SINCE DEC 1      0.17                      1.89  -1.72     0.68
  SINCE JAN 1     51.89                     51.48   0.41    45.04

SNOWFALL (IN)
  YESTERDAY        0.0           0.0  2001   0.0    0.0      0.0
  MONTH TO DATE    0.0                       0.0    0.0      0.0
  SINCE DEC 1      0.0                       0.0    0.0      0.0
  SINCE JUL 1      0.0                       0.0    0.0      0.0
  SNOW DEPTH       0

DEGREE DAYS
 HEATING
  YESTERDAY        8                        11     -3        0
  MONTH TO DATE  186                       202    -16      124
  SINCE DEC 1    186                       202    -16      124
  SINCE JUL 1    470                       375     95      280

 COOLING
  YESTERDAY        0                         1     -1        4
  MONTH TO DATE    7                        21    -14       33
  SINCE DEC 1      7                        21    -14       33
  SINCE JAN 1   2586                      2665    -79     2632
..................................................................


WIND (MPH)
  HIGHEST WIND SPEED    15   HIGHEST WIND DIRECTION    NE (50)
  HIGHEST GUST SPEED    19   HIGHEST GUST DIRECTION    NE (30)
  AVERAGE WIND SPEED     8.4


SKY COVER
  POSSIBLE SUNSHINE  MM
  AVERAGE SKY COVER 1.0


WEATHER CONDITIONS
 THE FOLLOWING WEATHER WAS RECORDED YESTERDAY.
  RAIN
  LIGHT RAIN
  FOG


RELATIVE HUMIDITY (PERCENT)
 HIGHEST   100          1200 AM
 LOWEST    100          1200 AM
 AVERAGE   100

..........................................................


THE JACKSONVILLE CLIMATE NORMALS FOR TODAY
                         NORMAL    RECORD    YEAR
 MAXIMUM TEMPERATURE (F)   65        84      2013
 MINIMUM TEMPERATURE (F)   43        25      1975
                                             1973


SUNRISE AND SUNSET
DECEMBER 22 2014......SUNRISE   720 AM EST   SUNSET   531 PM EST
DECEMBER 23 2014......SUNRISE   721 AM EST   SUNSET   531 PM EST


-  INDICATES NEGATIVE NUMBERS.
R  INDICATES RECORD WAS SET OR TIED.
MM INDICATES DATA IS MISSING.
T  INDICATES TRACE AMOUNT.




$$
