000
CDUS42 KJAX 282229
CLIJAX


CLIMATE REPORT
NATIONAL WEATHER SERVICE JACKSONVILLE FL
529 PM EST FRI NOV 28 2014


...................................

...THE JACKSONVILLE CLIMATE SUMMARY FOR NOVEMBER 28 2014...
VALID TODAY AS OF 0500 PM LOCAL TIME.

CLIMATE NORMAL PERIOD 1981 TO 2010
CLIMATE RECORD PERIOD 1871 TO 2014


WEATHER ITEM   OBSERVED TIME   RECORD YEAR NORMAL DEPARTURE LAST
                VALUE   (LST)  VALUE       VALUE  FROM      YEAR
                                                  NORMAL
..................................................................
TEMPERATURE (F)
 TODAY
  MAXIMUM         53    316 PM  85    1948  70    -17       56
  MINIMUM         35    733 AM  26    1903  48    -13       30
  AVERAGE         44                        59    -15       43

PRECIPITATION (IN)
  TODAY            0.00          3.61 1884   0.08  -0.08     0.00
  MONTH TO DATE    3.96                      1.95   2.01     2.84
  SINCE SEP 1     15.63                     14.07   1.56     8.00
  SINCE JAN 1     51.72                     49.43   2.29    44.36

SNOWFALL (IN)
  TODAY            0.0           T    1911   0.0    0.0      0.0
  MONTH TO DATE    0.0                       0.0    0.0      0.0
  SINCE SEP 1      0.0                       0.0    0.0      0.0
  SINCE JUL 1      0.0                       0.0    0.0      0.0
  SNOW DEPTH       0

DEGREE DAYS
 HEATING
  TODAY           21                         7     14       22
  MONTH TO DATE  242                       131    111      112
  SINCE SEP 1    263                       159    104      133
  SINCE JUL 1    263                       159    104      133

 COOLING
  TODAY            0                         1     -1        0
  MONTH TO DATE   31                        57    -26       61
  SINCE SEP 1    591                       650    -59      670
  SINCE JAN 1   2579                      2640    -61     2599
..................................................................


WIND (MPH)
  HIGHEST WIND SPEED    15   HIGHEST WIND DIRECTION     N (350)
  HIGHEST GUST SPEED    18   HIGHEST GUST DIRECTION     N (360)
  AVERAGE WIND SPEED     8.7


SKY COVER
  POSSIBLE SUNSHINE  MM
  AVERAGE SKY COVER 0.1


WEATHER CONDITIONS
 THE FOLLOWING WEATHER WAS RECORDED TODAY.
  NO SIGNIFICANT WEATHER WAS OBSERVED.


RELATIVE HUMIDITY (PERCENT)
 HIGHEST    89           500 AM
 LOWEST     45           100 PM
 AVERAGE    67

..........................................................


THE JACKSONVILLE CLIMATE NORMALS FOR TOMORROW
                         NORMAL    RECORD    YEAR
 MAXIMUM TEMPERATURE (F)   70        85      1978
 MINIMUM TEMPERATURE (F)   47        30      1959


SUNRISE AND SUNSET
NOVEMBER 28 2014......SUNRISE   704 AM EST   SUNSET   526 PM EST
NOVEMBER 29 2014......SUNRISE   704 AM EST   SUNSET   526 PM EST


-  INDICATES NEGATIVE NUMBERS.
R  INDICATES RECORD WAS SET OR TIED.
MM INDICATES DATA IS MISSING.
T  INDICATES TRACE AMOUNT.




$$
