000
CDUS42 KJAX 230530
CLIJAX


CLIMATE REPORT
NATIONAL WEATHER SERVICE JACKSONVILLE FL
130 AM EDT THU MAR 23 2017


...................................

...THE JACKSONVILLE CLIMATE SUMMARY FOR MARCH 22 2017...

CLIMATE NORMAL PERIOD 1981 TO 2010
CLIMATE RECORD PERIOD 1871 TO 2017


WEATHER ITEM   OBSERVED TIME   RECORD YEAR NORMAL DEPARTURE LAST
                VALUE   (LST)  VALUE       VALUE  FROM      YEAR
                                                  NORMAL
..................................................................
TEMPERATURE (F)
 YESTERDAY
  MAXIMUM         87    325 PM  90    1935  75     12       72
                                      1907
  MINIMUM         58    538 AM  31    1876  51      7       37
  AVERAGE         73                        63     10       55

PRECIPITATION (IN)
  YESTERDAY        0.00          1.77 1885   0.11  -0.11     0.00
  MONTH TO DATE    1.06                      2.88  -1.82     0.57
  SINCE MAR 1      1.06                      2.88  -1.82     0.57
  SINCE JAN 1      6.46                      9.37  -2.91     8.22

SNOWFALL (IN)
  YESTERDAY        0.0           0.0  2002   0.0    0.0      0.0
                                      2001
  MONTH TO DATE    0.0                       0.0    0.0      0.0
  SINCE MAR 1      0.0                       0.0    0.0      0.0
  SINCE JUL 1      0.0                       T      0.0      0.0
  SNOW DEPTH       0

DEGREE DAYS
 HEATING
  YESTERDAY        0                         4     -4       10
  MONTH TO DATE  154                       124     30       69
  SINCE MAR 1    154                       124     30       69
  SINCE JUL 1    757                      1257   -500      917

 COOLING
  YESTERDAY        8                         2      6        0
  MONTH TO DATE   31                        36     -5       76
  SINCE MAR 1     31                        36     -5       76
  SINCE JAN 1    103                        65     38      100
..................................................................


WIND (MPH)
  HIGHEST WIND SPEED    25   HIGHEST WIND DIRECTION     E (70)
  HIGHEST GUST SPEED    30   HIGHEST GUST DIRECTION    NE (50)
  AVERAGE WIND SPEED    11.5


SKY COVER
  POSSIBLE SUNSHINE  MM
  AVERAGE SKY COVER 0.2


WEATHER CONDITIONS
 THE FOLLOWING WEATHER WAS RECORDED YESTERDAY.
  FOG


RELATIVE HUMIDITY (PERCENT)
 HIGHEST   100           600 AM
 LOWEST     34           300 PM
 AVERAGE    67

..........................................................


THE JACKSONVILLE CLIMATE NORMALS FOR TODAY
                         NORMAL    RECORD    YEAR
 MAXIMUM TEMPERATURE (F)   75        91      1935
 MINIMUM TEMPERATURE (F)   51        33      1986


SUNRISE AND SUNSET
MARCH 23 2017.........SUNRISE   727 AM EDT   SUNSET   740 PM EDT
MARCH 24 2017.........SUNRISE   725 AM EDT   SUNSET   741 PM EDT


-  INDICATES NEGATIVE NUMBERS.
R  INDICATES RECORD WAS SET OR TIED.
MM INDICATES DATA IS MISSING.
T  INDICATES TRACE AMOUNT.




$$
