000
CDUS42 KJAX 210532
CLIJAX


CLIMATE REPORT
NATIONAL WEATHER SERVICE JACKSONVILLE FL
132 AM EDT SUN SEP 21 2014


...................................

...THE JACKSONVILLE CLIMATE SUMMARY FOR SEPTEMBER 20 2014...

CLIMATE NORMAL PERIOD 1981 TO 2010
CLIMATE RECORD PERIOD 1871 TO 2014


WEATHER ITEM   OBSERVED TIME   RECORD YEAR NORMAL DEPARTURE LAST
                VALUE   (LST)  VALUE       VALUE  FROM      YEAR
                                                  NORMAL
..................................................................
TEMPERATURE (F)
 YESTERDAY
  MAXIMUM         78   1258 PM  95    1955  86     -8       86
                                      1925
  MINIMUM         68   1159 PM  48    1981  69     -1       68
  AVERAGE         73                        78     -5       77

PRECIPITATION (IN)
  YESTERDAY        0.23          4.68 1994   0.28  -0.05     0.00
  MONTH TO DATE    6.69                      5.66   1.03     1.69
  SINCE SEP 1      6.69                      5.66   1.03     1.69
  SINCE JAN 1     42.78                     41.02   1.76    38.05

SNOWFALL (IN)
  YESTERDAY        0.0           0.0  2002   0.0    0.0      0.0
                                      2001
  MONTH TO DATE    0.0                       0.0    0.0      0.0
  SINCE SEP 1      0.0                       0.0    0.0      0.0
  SINCE JUL 1      0.0                       0.0    0.0      0.0
  SNOW DEPTH       0

DEGREE DAYS
 HEATING
  YESTERDAY        0                         0      0        0
  MONTH TO DATE    0                         0      0        0
  SINCE SEP 1      0                         0      0        0
  SINCE JUL 1      0                         0      0        0

 COOLING
  YESTERDAY        8                        13     -5       12
  MONTH TO DATE  296                       285     11      307
  SINCE SEP 1    296                       285     11      307
  SINCE JAN 1   2284                      2275      9     2236
..................................................................


WIND (MPH)
  HIGHEST WIND SPEED    18   HIGHEST WIND DIRECTION     N (20)
  HIGHEST GUST SPEED    24   HIGHEST GUST DIRECTION     N (20)
  AVERAGE WIND SPEED     7.3


SKY COVER
  POSSIBLE SUNSHINE  MM
  AVERAGE SKY COVER 0.8


WEATHER CONDITIONS
 THE FOLLOWING WEATHER WAS RECORDED YESTERDAY.
  RAIN
  LIGHT RAIN
  FOG


RELATIVE HUMIDITY (PERCENT)
 HIGHEST   100          1200 AM
 LOWEST     85          1100 AM
 AVERAGE    93

..........................................................


THE JACKSONVILLE CLIMATE NORMALS FOR TODAY
                         NORMAL    RECORD    YEAR
 MAXIMUM TEMPERATURE (F)   86        97      1990
 MINIMUM TEMPERATURE (F)   69        49      1897


SUNRISE AND SUNSET
SEPTEMBER 21 2014.....SUNRISE   715 AM EDT   SUNSET   725 PM EDT
SEPTEMBER 22 2014.....SUNRISE   715 AM EDT   SUNSET   723 PM EDT


-  INDICATES NEGATIVE NUMBERS.
R  INDICATES RECORD WAS SET OR TIED.
MM INDICATES DATA IS MISSING.
T  INDICATES TRACE AMOUNT.




$$
