000
CDUS42 KJAX 270535
CLIJAX


CLIMATE REPORT
NATIONAL WEATHER SERVICE JACKSONVILLE FL
1235 AM EST MON FEB 27 2017


...................................

...THE JACKSONVILLE CLIMATE SUMMARY FOR FEBRUARY 26 2017...

CLIMATE NORMAL PERIOD 1981 TO 2010
CLIMATE RECORD PERIOD 1871 TO 2017


WEATHER ITEM   OBSERVED TIME   RECORD YEAR NORMAL DEPARTURE LAST
                VALUE   (LST)  VALUE       VALUE  FROM      YEAR
                                                  NORMAL
..................................................................
TEMPERATURE (F)
 YESTERDAY
  MAXIMUM         71    301 PM  88    1962  70      1       59
  MINIMUM         44    701 AM  22    1967  47     -3       38
  AVERAGE         58                        58      0       49

PRECIPITATION (IN)
  YESTERDAY        0.00          1.19 1958   0.12  -0.12     0.00
  MONTH TO DATE    1.35                      2.95  -1.60     4.82
  SINCE DEC 1      7.69                      9.05  -1.36     8.21
  SINCE JAN 1      5.40                      6.25  -0.85     7.65

SNOWFALL (IN)
  YESTERDAY        0.0           0.0  2002   0.0    0.0      0.0
  MONTH TO DATE    0.0                       0.0    0.0      0.0
  SINCE DEC 1      0.0                       T      0.0      0.0
  SINCE JUL 1      0.0                       T      0.0      0.0
  SNOW DEPTH       0

DEGREE DAYS
 HEATING
  YESTERDAY        7                         7      0       16
  MONTH TO DATE  102                       242   -140      248
  SINCE DEC 1    469                       945   -476      758
  SINCE JUL 1    599                      1118   -519      812

 COOLING
  YESTERDAY        0                         1     -1        0
  MONTH TO DATE   28                        21      7       24
  SINCE DEC 1    107                        53     54      165
  SINCE JAN 1     64                        32     32       24
..................................................................


WIND (MPH)
  HIGHEST WIND SPEED    14   HIGHEST WIND DIRECTION     E (100)
  HIGHEST GUST SPEED    22   HIGHEST GUST DIRECTION    SE (150)
  AVERAGE WIND SPEED     6.6


SKY COVER
  POSSIBLE SUNSHINE  MM
  AVERAGE SKY COVER 0.0


WEATHER CONDITIONS
 THE FOLLOWING WEATHER WAS RECORDED YESTERDAY.
  NO SIGNIFICANT WEATHER WAS OBSERVED.


RELATIVE HUMIDITY (PERCENT)
 HIGHEST    76          1100 PM
 LOWEST     16           200 PM
 AVERAGE    46

..........................................................


THE JACKSONVILLE CLIMATE NORMALS FOR TODAY
                         NORMAL    RECORD    YEAR
 MAXIMUM TEMPERATURE (F)   70        86      1962
 MINIMUM TEMPERATURE (F)   47        25      1974


SUNRISE AND SUNSET
FEBRUARY 27 2017......SUNRISE   655 AM EST   SUNSET   624 PM EST
FEBRUARY 28 2017......SUNRISE   654 AM EST   SUNSET   625 PM EST


-  INDICATES NEGATIVE NUMBERS.
R  INDICATES RECORD WAS SET OR TIED.
MM INDICATES DATA IS MISSING.
T  INDICATES TRACE AMOUNT.




$$
