000
CDUS44 KMEG 230650
CLIJBR


CLIMATE REPORT
NATIONAL WEATHER SERVICE MEMPHIS TN
149 AM CDT THU MAR 23 2017


...................................

...THE JONESBORO CLIMATE SUMMARY FOR MARCH 22 2017...

CLIMATE NORMAL PERIOD 1981 TO 2010
CLIMATE RECORD PERIOD 1897 TO 2017


WEATHER ITEM   OBSERVED TIME   RECORD YEAR NORMAL DEPARTURE LAST
                VALUE   (LST)  VALUE       VALUE  FROM      YEAR
                                                  NORMAL
..................................................................
TEMPERATURE (F)
 YESTERDAY
  MAXIMUM         57    409 PM  88    1907  62     -5       65
  MINIMUM         47   1159 PM  23    1974  42      5       41
  AVERAGE         52                        52      0       53

PRECIPITATION (IN)
  YESTERDAY        0.43          2.19 1948   0.15   0.28     0.00
  MONTH TO DATE    4.19                      3.11   1.08     7.13
  SINCE MAR 1      4.19                      3.11   1.08     7.13
  SINCE JAN 1      9.80                     10.26  -0.46    11.06

DEGREE DAYS
 HEATING
  YESTERDAY       13                        13      0       12
  MONTH TO DATE  338                       359    -21      263
  SINCE MAR 1    338                       359    -21      263
  SINCE JUL 1   2471                      3315   -844     2752

 COOLING
  YESTERDAY        0                         0      0        0
  MONTH TO DATE    0                         0      0        3
  SINCE MAR 1      0                         0      0        3
  SINCE JAN 1      4                         0      4        3
..................................................................


WIND (MPH)
  HIGHEST WIND SPEED    25   HIGHEST WIND DIRECTION    NE (60)
  HIGHEST GUST SPEED    31   HIGHEST GUST DIRECTION    NE (50)
  AVERAGE WIND SPEED    12.8


SKY COVER
  POSSIBLE SUNSHINE  MM
  AVERAGE SKY COVER 0.7


WEATHER CONDITIONS
 THE FOLLOWING WEATHER WAS RECORDED YESTERDAY.
  THUNDERSTORM
  RAIN
  LIGHT RAIN
  FOG


RELATIVE HUMIDITY (PERCENT)
 HIGHEST    86           400 AM
 LOWEST     47           300 PM
 AVERAGE    67

..........................................................


THE JONESBORO CLIMATE NORMALS FOR TODAY
                         NORMAL    RECORD    YEAR
 MAXIMUM TEMPERATURE (F)   63        91      1910
 MINIMUM TEMPERATURE (F)   42        23      1912


SUNRISE AND SUNSET
MARCH 23 2017.........SUNRISE   701 AM CDT   SUNSET   717 PM CDT
MARCH 24 2017.........SUNRISE   700 AM CDT   SUNSET   718 PM CDT


-  INDICATES NEGATIVE NUMBERS.
R  INDICATES RECORD WAS SET OR TIED.
MM INDICATES DATA IS MISSING.
T  INDICATES TRACE AMOUNT.




$$
