000
CDUS44 KMEG 302157
CLIJBR


CLIMATE REPORT
NATIONAL WEATHER SERVICE MEMPHIS TN
457 PM CDT TUE JUN 30 2015


...................................

...THE JONESBORO CLIMATE SUMMARY FOR JUNE 30 2015...
VALID TODAY AS OF 0400 PM LOCAL TIME.

CLIMATE NORMAL PERIOD 1981 TO 2010
CLIMATE RECORD PERIOD 1897 TO 2015


WEATHER ITEM   OBSERVED TIME   RECORD YEAR NORMAL DEPARTURE LAST
                VALUE   (LST)  VALUE       VALUE  FROM      YEAR
                                                  NORMAL
..................................................................
TEMPERATURE (F)
 TODAY
  MAXIMUM         91    217 PM 105    1901  91      0       88
  MINIMUM         70    428 AM  52    1923  70      0       76
  AVERAGE         81                        80      1       82

PRECIPITATION (IN)
  TODAY            0.00          2.32 1967   0.17  -0.17     0.00
  MONTH TO DATE    2.09                      3.75  -1.66     8.84
  SINCE JUN 1      2.09                      3.75  -1.66     8.84
  SINCE JAN 1     27.87                     25.03   2.84    30.12

SNOWFALL (IN)
  TODAY            0.0

DEGREE DAYS
 HEATING
  TODAY            0                         0      0        0
  MONTH TO DATE    0                         0      0        0
  SINCE JUN 1      0                         1     -1        0
  SINCE JUL 1   4014                      3653    361     4150

 COOLING
  TODAY           16                        15      1       17
  MONTH TO DATE  430                       383     47      393
  SINCE JUN 1    430                       383     47      393
  SINCE JAN 1    605                       596      9      640
..................................................................


WIND (MPH)
  HIGHEST WIND SPEED    14   HIGHEST WIND DIRECTION     W (260)
  HIGHEST GUST SPEED    18   HIGHEST GUST DIRECTION     W (290)
  AVERAGE WIND SPEED     5.5


SKY COVER
  POSSIBLE SUNSHINE  MM
  AVERAGE SKY COVER 0.1


WEATHER CONDITIONS
 THE FOLLOWING WEATHER WAS RECORDED TODAY.
  NO SIGNIFICANT WEATHER WAS OBSERVED.


RELATIVE HUMIDITY (PERCENT)
 HIGHEST    93           100 AM
 LOWEST     44           200 PM
 AVERAGE    69

..........................................................


THE JONESBORO CLIMATE NORMALS FOR TOMORROW
                         NORMAL    RECORD    YEAR
 MAXIMUM TEMPERATURE (F)   91       103      1931
                                             1901
 MINIMUM TEMPERATURE (F)   70        52      1918


SUNRISE AND SUNSET
JUNE 30 2015..........SUNRISE   549 AM CDT   SUNSET   823 PM CDT
JULY  1 2015..........SUNRISE   550 AM CDT   SUNSET   823 PM CDT


-  INDICATES NEGATIVE NUMBERS.
R  INDICATES RECORD WAS SET OR TIED.
MM INDICATES DATA IS MISSING.
T  INDICATES TRACE AMOUNT.




$$
