000
CDUS44 KMEG 170634
CLIJBR


CLIMATE REPORT
NATIONAL WEATHER SERVICE MEMPHIS TN
1234 AM CST FRI NOV 17 2017


...................................

...THE JONESBORO CLIMATE SUMMARY FOR NOVEMBER 16 2017...

CLIMATE NORMAL PERIOD 1981 TO 2010
CLIMATE RECORD PERIOD 1897 TO 2017


WEATHER ITEM   OBSERVED TIME   RECORD YEAR NORMAL DEPARTURE LAST
                VALUE   (LST)  VALUE       VALUE  FROM      YEAR
                                                  NORMAL
..................................................................
TEMPERATURE (F)
 YESTERDAY
  MAXIMUM         58    313 PM  81    1952  59     -1       80
  MINIMUM         41   1152 PM  19    1916  40      1       44
  AVERAGE         50                        49      1       62

PRECIPITATION (IN)
  YESTERDAY        0.00          2.52 1987   0.19  -0.19     0.00
  MONTH TO DATE    0.98                      2.35  -1.37     0.07
  SINCE SEP 1      2.41                      9.67  -7.26     3.65
  SINCE JAN 1     42.03                     40.78   1.25    44.67

DEGREE DAYS
 HEATING
  YESTERDAY       15                        16     -1        3
  MONTH TO DATE  169                       200    -31      100
  SINCE SEP 1    322                       387    -65      131
  SINCE JUL 1    322                       387    -65      131

 COOLING
  YESTERDAY        0                         0      0        0
  MONTH TO DATE   18                         1     17       17
  SINCE SEP 1    425                       279    146      532
  SINCE JAN 1   1958                      1825    133     2285
..................................................................


WIND (MPH)
  HIGHEST WIND SPEED    14   HIGHEST WIND DIRECTION    NE (40)
  HIGHEST GUST SPEED    17   HIGHEST GUST DIRECTION    NE (40)
  AVERAGE WIND SPEED     6.4


SKY COVER
  POSSIBLE SUNSHINE  MM
  AVERAGE SKY COVER 0.0


WEATHER CONDITIONS
 THE FOLLOWING WEATHER WAS RECORDED YESTERDAY.
  NO SIGNIFICANT WEATHER WAS OBSERVED.


RELATIVE HUMIDITY (PERCENT)
 HIGHEST    93          1200 AM
 LOWEST     57           200 PM
 AVERAGE    75

..........................................................


THE JONESBORO CLIMATE NORMALS FOR TODAY
                         NORMAL    RECORD    YEAR
 MAXIMUM TEMPERATURE (F)   59        81      1958
 MINIMUM TEMPERATURE (F)   39        16      1959


SUNRISE AND SUNSET
NOVEMBER 17 2017......SUNRISE   641 AM CST   SUNSET   454 PM CST
NOVEMBER 18 2017......SUNRISE   642 AM CST   SUNSET   453 PM CST


-  INDICATES NEGATIVE NUMBERS.
R  INDICATES RECORD WAS SET OR TIED.
MM INDICATES DATA IS MISSING.
T  INDICATES TRACE AMOUNT.




$$
