000
CDUS44 KMEG 182258
CLIJBR


CLIMATE REPORT
NATIONAL WEATHER SERVICE MEMPHIS TN
458 PM CST THU JAN 18 2018


...................................

...THE JONESBORO CLIMATE SUMMARY FOR JANUARY 18 2018...
VALID TODAY AS OF 0400 PM LOCAL TIME.

CLIMATE NORMAL PERIOD 1981 TO 2010
CLIMATE RECORD PERIOD 1897 TO 2018


WEATHER ITEM   OBSERVED TIME   RECORD YEAR NORMAL DEPARTURE LAST
                VALUE   (LST)  VALUE       VALUE  FROM      YEAR
                                                  NORMAL
..................................................................
TEMPERATURE (F)
 TODAY
  MAXIMUM         34    259 PM  74    1907  46    -12       47
  MINIMUM         15    504 AM  -9    1930  29    -14       38
  AVERAGE         25                        37    -12       43

PRECIPITATION (IN)
  TODAY            0.00          2.30 1937   0.11  -0.11     0.01
  MONTH TO DATE    1.33                      1.98  -0.65     2.96
  SINCE DEC 1      6.45                      6.75  -0.30     7.42
  SINCE JAN 1      1.33                      1.98  -0.65     2.96

DEGREE DAYS
 HEATING
  TODAY           40                        28     12       22
  MONTH TO DATE  661                       504    157      432
  SINCE DEC 1   1417                      1296    121     1167
  SINCE JUL 1   1961                      1946     15     1516

 COOLING
  TODAY            0                         0      0        0
  MONTH TO DATE    0                         0      0        0
  SINCE DEC 1      0                         0      0        0
  SINCE JAN 1      0                         0      0        0
..................................................................


WIND (MPH)
  HIGHEST WIND SPEED    17   HIGHEST WIND DIRECTION    SW (210)
  HIGHEST GUST SPEED    20   HIGHEST GUST DIRECTION     S (200)
  AVERAGE WIND SPEED     8.4


SKY COVER
  POSSIBLE SUNSHINE  MM
  AVERAGE SKY COVER 0.0


WEATHER CONDITIONS
 THE FOLLOWING WEATHER WAS RECORDED TODAY.
  NO SIGNIFICANT WEATHER WAS OBSERVED.


RELATIVE HUMIDITY (PERCENT)
 HIGHEST    88           500 AM
 LOWEST     56           100 PM
 AVERAGE    72

..........................................................


THE JONESBORO CLIMATE NORMALS FOR TOMORROW
                         NORMAL    RECORD    YEAR
 MAXIMUM TEMPERATURE (F)   46        72      1914
                                             1907
 MINIMUM TEMPERATURE (F)   29        -5      1940


SUNRISE AND SUNSET
JANUARY 18 2018.......SUNRISE   711 AM CST   SUNSET   515 PM CST
JANUARY 19 2018.......SUNRISE   711 AM CST   SUNSET   516 PM CST


-  INDICATES NEGATIVE NUMBERS.
R  INDICATES RECORD WAS SET OR TIED.
MM INDICATES DATA IS MISSING.
T  INDICATES TRACE AMOUNT.




$$
