000
CDUS44 KMEG 242152
CLIJBR


CLIMATE REPORT
NATIONAL WEATHER SERVICE MEMPHIS TN
452 PM CDT MON APR 24 2017


...................................

...THE JONESBORO CLIMATE SUMMARY FOR APRIL 24 2017...
VALID TODAY AS OF 0400 PM LOCAL TIME.

CLIMATE NORMAL PERIOD 1981 TO 2010
CLIMATE RECORD PERIOD 1897 TO 2017


WEATHER ITEM   OBSERVED TIME   RECORD YEAR NORMAL DEPARTURE LAST
                VALUE   (LST)  VALUE       VALUE  FROM      YEAR
                                                  NORMAL
..................................................................
TEMPERATURE (F)
 TODAY
  MAXIMUM         75    347 PM  90    1965  73      2       83
  MINIMUM         49    529 AM  30    1910  52     -3       53
  AVERAGE         62                        62      0       68

PRECIPITATION (IN)
  TODAY            0.00          2.60 1908   0.18  -0.18     0.00
  MONTH TO DATE    1.72                      3.89  -2.17     0.89
  SINCE MAR 1      7.99                      8.39  -0.40    14.11
  SINCE JAN 1     13.60                     15.54  -1.94    18.04

DEGREE DAYS
 HEATING
  TODAY            3                         4     -1        0
  MONTH TO DATE   87                       176    -89      115
  SINCE MAR 1    451                       640   -189      461
  SINCE JUL 1   2584                      3596  -1012     2950

 COOLING
  TODAY            0                         2     -2        3
  MONTH TO DATE   49                        29     20       19
  SINCE MAR 1     55                        35     20       23
  SINCE JAN 1     59                        35     24       23
..................................................................


WIND (MPH)
  HIGHEST WIND SPEED    10   HIGHEST WIND DIRECTION     N (10)
  HIGHEST GUST SPEED    15   HIGHEST GUST DIRECTION     N (340)
  AVERAGE WIND SPEED     6.0


SKY COVER
  POSSIBLE SUNSHINE  MM
  AVERAGE SKY COVER 0.0


WEATHER CONDITIONS
 THE FOLLOWING WEATHER WAS RECORDED TODAY.
  NO SIGNIFICANT WEATHER WAS OBSERVED.


RELATIVE HUMIDITY (PERCENT)
 HIGHEST    66           500 AM
 LOWEST     38           200 PM
 AVERAGE    52

..........................................................


THE JONESBORO CLIMATE NORMALS FOR TOMORROW
                         NORMAL    RECORD    YEAR
 MAXIMUM TEMPERATURE (F)   73        95      1901
 MINIMUM TEMPERATURE (F)   52        30      1910


SUNRISE AND SUNSET
APRIL 24 2017.........SUNRISE   618 AM CDT   SUNSET   744 PM CDT
APRIL 25 2017.........SUNRISE   617 AM CDT   SUNSET   745 PM CDT


-  INDICATES NEGATIVE NUMBERS.
R  INDICATES RECORD WAS SET OR TIED.
MM INDICATES DATA IS MISSING.
T  INDICATES TRACE AMOUNT.




$$
