000
CDUS44 KMEG 210805
CLIJBR


CLIMATE REPORT
NATIONAL WEATHER SERVICE MEMPHIS TN
204 AM CST FRI NOV 21 2014


...................................

...THE JONESBORO CLIMATE SUMMARY FOR NOVEMBER 20 2014...

CLIMATE NORMAL PERIOD 1981 TO 2010
CLIMATE RECORD PERIOD 1897 TO 2014


WEATHER ITEM   OBSERVED TIME   RECORD YEAR NORMAL DEPARTURE LAST
                VALUE   (LST)  VALUE       VALUE  FROM      YEAR
                                                  NORMAL
..................................................................
TEMPERATURE (F)
 YESTERDAY
  MAXIMUM         49    314 PM  78    1979  57     -8       58
  MINIMUM         27    656 AM  11    1914  38    -11       34
  AVERAGE         38                        48    -10       46

PRECIPITATION (IN)
  YESTERDAY        0.00          2.50 1900   0.18  -0.18     0.00
  MONTH TO DATE    1.09                      3.07  -1.98     1.04
  SINCE SEP 1      6.88                     10.39  -3.51     7.18
  SINCE JAN 1     40.56                     41.50  -0.94    44.63

SNOWFALL (IN)
  YESTERDAY        0.0           T    1937   0.0    0.0      0.0
  MONTH TO DATE    0.5                       0.0    0.5      0.0
  SINCE SEP 1      0.5                       0.0    0.5      0.0
  SINCE JUL 1      0.5                       0.0    0.5      0.0
  SNOW DEPTH       0

DEGREE DAYS
 HEATING
  YESTERDAY       27                        17     10       19
  MONTH TO DATE  451                       266    185      294
  SINCE SEP 1    592                       453    139      463
  SINCE JUL 1    592                       453    139      463

 COOLING
  YESTERDAY        0                         0      0        0
  MONTH TO DATE    0                         1     -1        5
  SINCE SEP 1    338                       279     59      444
  SINCE JAN 1   1798                      1825    -27     2044
..................................................................


WIND (MPH)
  HIGHEST WIND SPEED    12   HIGHEST WIND DIRECTION    NE (60)
  HIGHEST GUST SPEED    15   HIGHEST GUST DIRECTION    NE (60)
  AVERAGE WIND SPEED     4.9


SKY COVER
  POSSIBLE SUNSHINE  MM
  AVERAGE SKY COVER 0.3


WEATHER CONDITIONS
 THE FOLLOWING WEATHER WAS RECORDED YESTERDAY.
  NO SIGNIFICANT WEATHER WAS OBSERVED.


RELATIVE HUMIDITY (PERCENT)
 HIGHEST    85           200 AM
 LOWEST     34           200 PM
 AVERAGE    60

..........................................................


THE JONESBORO CLIMATE NORMALS FOR TODAY
                         NORMAL    RECORD    YEAR
 MAXIMUM TEMPERATURE (F)   57        77      1943
 MINIMUM TEMPERATURE (F)   38        15      1937


SUNRISE AND SUNSET
NOVEMBER 21 2014......SUNRISE   645 AM CST   SUNSET   452 PM CST
NOVEMBER 22 2014......SUNRISE   646 AM CST   SUNSET   452 PM CST


-  INDICATES NEGATIVE NUMBERS.
R  INDICATES RECORD WAS SET OR TIED.
MM INDICATES DATA IS MISSING.
T  INDICATES TRACE AMOUNT.




$$
