000
CDUS44 KMEG 022325
CLIJBR


CLIMATE REPORT
NATIONAL WEATHER SERVICE MEMPHIS TN
525 PM CST FRI DEC 2 2016


...................................

...THE JONESBORO CLIMATE SUMMARY FOR DECEMBER 2 2016...
VALID TODAY AS OF 0500 PM LOCAL TIME.

CLIMATE NORMAL PERIOD 1981 TO 2010
CLIMATE RECORD PERIOD 1897 TO 2016


WEATHER ITEM   OBSERVED TIME   RECORD YEAR NORMAL DEPARTURE LAST
                VALUE   (LST)  VALUE       VALUE  FROM      YEAR
                                                  NORMAL
..................................................................
TEMPERATURE (F)
 TODAY
  MAXIMUM         56    259 PM  81    1982  52      4       47
  MINIMUM         31    714 AM  18    1985  34     -3       36
  AVERAGE         44                        43      1       42

PRECIPITATION (IN)
  TODAY            0.00          2.21 1983   0.18  -0.18     0.00
  MONTH TO DATE    0.00                      0.34  -0.34     0.00
  SINCE DEC 1      0.00                      0.34  -0.34     0.00
  SINCE JAN 1     48.10                     43.67   4.43    58.16

SNOWFALL (IN)
  TODAY            0.0

DEGREE DAYS
 HEATING
  TODAY           21                        22     -1       23
  MONTH TO DATE   42                        44     -2       43
  SINCE DEC 1     42                        44     -2       43
  SINCE JUL 1    391                       694   -303      552

 COOLING
  TODAY            0                         0      0        0
  MONTH TO DATE    0                         0      0        0
  SINCE DEC 1      0                         0      0        0
  SINCE JAN 1   2285                      1827    458     1748
..................................................................


WIND (MPH)
  HIGHEST WIND SPEED     9   HIGHEST WIND DIRECTION     E (80)
  HIGHEST GUST SPEED    13   HIGHEST GUST DIRECTION     E (70)
  AVERAGE WIND SPEED     3.2


SKY COVER
  POSSIBLE SUNSHINE  MM
  AVERAGE SKY COVER 0.0


WEATHER CONDITIONS
 THE FOLLOWING WEATHER WAS RECORDED TODAY.
  NO SIGNIFICANT WEATHER WAS OBSERVED.


RELATIVE HUMIDITY (PERCENT)
 HIGHEST   100           600 AM
 LOWEST     47           300 PM
 AVERAGE    74

..........................................................


THE JONESBORO CLIMATE NORMALS FOR TOMORROW
                         NORMAL    RECORD    YEAR
 MAXIMUM TEMPERATURE (F)   51        75      2012
                                             1982
                                             1970
 MINIMUM TEMPERATURE (F)   34         8      1929


SUNRISE AND SUNSET
DECEMBER  2 2016......SUNRISE   656 AM CST   SUNSET   449 PM CST
DECEMBER  3 2016......SUNRISE   656 AM CST   SUNSET   449 PM CST


-  INDICATES NEGATIVE NUMBERS.
R  INDICATES RECORD WAS SET OR TIED.
MM INDICATES DATA IS MISSING.
T  INDICATES TRACE AMOUNT.




$$
