000
CDUS45 KGGW 281230
CLIJDN


CLIMATE REPORT
NATIONAL WEATHER SERVICE GLASGOW MT
630 AM MDT FRI AUG 28 2015


...................................

...THE JORDAN  ASOS MT CLIMATE SUMMARY FOR AUGUST 28 2015...
VALID AS OF 0600 AM LOCAL TIME.

CLIMATE NORMAL PERIOD 1981 TO 2010
CLIMATE RECORD PERIOD 9999 TO 9999


WEATHER ITEM   OBSERVED TIME   RECORD YEAR NORMAL DEPARTURE LAST
                VALUE   (LST)  VALUE       VALUE  FROM      YEAR
                                                  NORMAL
..................................................................
TEMPERATURE (F)
 TODAY
  MAXIMUM         64   1200 AM  MM      MM  82    -18       88
  MINIMUM         54    300 AM  MM      MM  49      5       53
  AVERAGE         59                        66     -7       71

PRECIPITATION (IN)
  TODAY            0.00         MM      MM   0.01  -0.01     0.00
  MONTH TO DATE    1.60                      1.10   0.50     6.24
  SINCE OCT 1     11.75                     11.37   0.38    14.01
  SINCE JAN 1     10.56                      9.83   0.73    11.60

SNOWFALL (IN)
  TODAY            0.0          MM      MM  MM     MM        0.0
  MONTH TO DATE    0.0                      MM     MM        0.0
  SINCE JUN 1      0.0                      MM     MM        0.0
  SINCE JUL 1      0.0                      MM     MM        0.0
  SNOW DEPTH      MM

DEGREE DAYS
 HEATING
  TODAY            6                         3      3        0
  MONTH TO DATE   57                        32     25       41
  SINCE JUN 1    103                       182    -79      176
  SINCE JUL 1     59                        57      2       46

 COOLING
  TODAY            0                         3     -3        6
  MONTH TO DATE  172                       154     18      177
  SINCE JUN 1    476                       379     97      425
  SINCE JAN 1    476                       385     91      450
..................................................................


WIND (MPH)
  HIGHEST WIND SPEED     6   HIGHEST WIND DIRECTION     W (280)
  HIGHEST GUST SPEED    MM   HIGHEST GUST DIRECTION    MM
  AVERAGE WIND SPEED     5.2


SKY COVER
  POSSIBLE SUNSHINE  MM
  AVERAGE SKY COVER 0.0


WEATHER CONDITIONS
 THE FOLLOWING WEATHER WAS RECORDED TODAY.
  NO SIGNIFICANT WEATHER WAS OBSERVED.


RELATIVE HUMIDITY (PERCENT)
 HIGHEST    71           300 AM
 LOWEST     44          1200 AM
 AVERAGE    58

..........................................................


THE JORDAN  ASOS MT CLIMATE NORMALS FOR TOMORROW
                         NORMAL    RECORD    YEAR
 MAXIMUM TEMPERATURE (F)   82        MM        MM
 MINIMUM TEMPERATURE (F)   48        MM        MM


SUNRISE AND SUNSET
AUGUST 28 2015........SUNRISE   621 AM MDT   SUNSET   755 PM MDT
AUGUST 29 2015........SUNRISE   622 AM MDT   SUNSET   754 PM MDT


-  INDICATES NEGATIVE NUMBERS.
R  INDICATES RECORD WAS SET OR TIED.
MM INDICATES DATA IS MISSING.
T  INDICATES TRACE AMOUNT.




$$
