000
CDUS45 KGGW 221231
CLIJDN


CLIMATE REPORT
NATIONAL WEATHER SERVICE GLASGOW MT
631 AM MDT SUN OCT 22 2017


...................................

...THE JORDAN  ASOS MT CLIMATE SUMMARY FOR OCTOBER 22 2017...
VALID AS OF 0600 AM LOCAL TIME.

CLIMATE NORMAL PERIOD 1981 TO 2010
CLIMATE RECORD PERIOD 9999 TO 9999


WEATHER ITEM   OBSERVED TIME   RECORD YEAR NORMAL DEPARTURE LAST
                VALUE   (LST)  VALUE       VALUE  FROM      YEAR
                                                  NORMAL
..................................................................
TEMPERATURE (F)
 TODAY
  MAXIMUM         39    500 AM  MM      MM  56    -17       MM
  MINIMUM         30   1200 AM  MM      MM  27      3       MM
  AVERAGE         35                        42     -7       MM

PRECIPITATION (IN)
  TODAY            0.00         MM      MM   0.02  -0.02    MM
  MONTH TO DATE    0.56                      0.66  -0.10     2.64
  SINCE OCT 1      0.56                      0.66  -0.10     2.64
  SINCE JAN 1      5.80                     11.79  -5.99    14.36

SNOWFALL (IN)
  TODAY            0.0          MM      MM  MM     MM       MM
  MONTH TO DATE    0.0                      MM     MM        0.0
  SINCE SEP 1      0.0                      MM     MM        0.0
  SINCE JUL 1      0.0                      MM     MM        0.0
  SNOW DEPTH      MM

DEGREE DAYS
 HEATING
  TODAY           30                        23      7       MM
  MONTH TO DATE  414                       418     -4      395
  SINCE SEP 1    671                       679     -8      621
  SINCE JUL 1    689                       744    -55      667

 COOLING
  TODAY            0                         0      0       MM
  MONTH TO DATE    0                         0      0        0
  SINCE SEP 1     39                        27     12       34
  SINCE JAN 1    641                       420    221      473
..................................................................


WIND (MPH)
  HIGHEST WIND SPEED     8   HIGHEST WIND DIRECTION    SW (230)
  HIGHEST GUST SPEED    MM   HIGHEST GUST DIRECTION    MM
  AVERAGE WIND SPEED     3.3


SKY COVER
  POSSIBLE SUNSHINE  MM
  AVERAGE SKY COVER 0.0


WEATHER CONDITIONS
 THE FOLLOWING WEATHER WAS RECORDED TODAY.
  NO SIGNIFICANT WEATHER WAS OBSERVED.


RELATIVE HUMIDITY (PERCENT)
 HIGHEST    69          1200 AM
 LOWEST     54           500 AM
 AVERAGE    62

..........................................................


THE JORDAN  ASOS MT CLIMATE NORMALS FOR TOMORROW
                         NORMAL    RECORD    YEAR
 MAXIMUM TEMPERATURE (F)   56        MM        MM
 MINIMUM TEMPERATURE (F)   27        MM        MM


SUNRISE AND SUNSET
OCTOBER 22 2017.......SUNRISE   736 AM MDT   SUNSET   606 PM MDT
OCTOBER 23 2017.......SUNRISE   738 AM MDT   SUNSET   605 PM MDT


-  INDICATES NEGATIVE NUMBERS.
R  INDICATES RECORD WAS SET OR TIED.
MM INDICATES DATA IS MISSING.
T  INDICATES TRACE AMOUNT.




$$
