000
CDUS45 KGGW 260741
CLIJDN


CLIMATE REPORT
NATIONAL WEATHER SERVICE GLASGOW MT
140 AM MDT MON JUN 26 2017


...................................

...THE JORDAN  ASOS MT CLIMATE SUMMARY FOR JUNE 25 2017...

CLIMATE NORMAL PERIOD 1981 TO 2010
CLIMATE RECORD PERIOD 9999 TO 9999


WEATHER ITEM   OBSERVED TIME   RECORD YEAR NORMAL DEPARTURE LAST
                VALUE   (LST)  VALUE       VALUE  FROM      YEAR
                                                  NORMAL
..................................................................
TEMPERATURE (F)
 YESTERDAY
  MAXIMUM         81    522 PM  MM      MM  80      1       75
  MINIMUM         39    435 AM  MM      MM  50    -11       48
  AVERAGE         60                        65     -5       62

PRECIPITATION (IN)
  YESTERDAY        0.00         MM      MM   0.07  -0.07     0.00
  MONTH TO DATE    0.21                      2.19  -1.98     0.84
  SINCE OCT 1      5.93                      8.10  -2.17    10.92
  SINCE JAN 1      2.72                      6.56  -3.84     7.23

SNOWFALL (IN)
  YESTERDAY        0.0          MM      MM  MM     MM        0.0
  MONTH TO DATE    0.0                      MM     MM        0.0
  SINCE JUN 1      0.0                      MM     MM        0.0
  SINCE JUL 1      0.0                      MM     MM        0.0
  SNOW DEPTH       0

DEGREE DAYS
 HEATING
  YESTERDAY        5                         2      3        3
  MONTH TO DATE   58                       115    -57       35
  SINCE JUN 1     58                       115    -57       35
  SINCE JUL 1   7558                      8236   -678     7072

 COOLING
  YESTERDAY        0                         3     -3        0
  MONTH TO DATE   60                        35     25       65
  SINCE JUN 1     60                        35     25       65
  SINCE JAN 1     74                        41     33       68
..................................................................


WIND (MPH)
  HIGHEST WIND SPEED    15   HIGHEST WIND DIRECTION     N (340)
  HIGHEST GUST SPEED    20   HIGHEST GUST DIRECTION    NW (330)
  AVERAGE WIND SPEED     6.2


SKY COVER
  POSSIBLE SUNSHINE  MM
  AVERAGE SKY COVER 0.0


WEATHER CONDITIONS
 THE FOLLOWING WEATHER WAS RECORDED YESTERDAY.
  NO SIGNIFICANT WEATHER WAS OBSERVED.


RELATIVE HUMIDITY (PERCENT)
 HIGHEST    59           400 AM
 LOWEST     16           200 PM
 AVERAGE    38

..........................................................


THE JORDAN  ASOS MT CLIMATE NORMALS FOR TODAY
                         NORMAL    RECORD    YEAR
 MAXIMUM TEMPERATURE (F)   81        MM        MM
 MINIMUM TEMPERATURE (F)   51        MM        MM


SUNRISE AND SUNSET
JUNE 26 2017..........SUNRISE   512 AM MDT   SUNSET   908 PM MDT
JUNE 27 2017..........SUNRISE   513 AM MDT   SUNSET   908 PM MDT


-  INDICATES NEGATIVE NUMBERS.
R  INDICATES RECORD WAS SET OR TIED.
MM INDICATES DATA IS MISSING.
T  INDICATES TRACE AMOUNT.




$$
