000
CDUS45 KGGW 280743
CLIJDN


CLIMATE REPORT
NATIONAL WEATHER SERVICE GLASGOW MT
143 AM MDT THU MAY 28 2015


...................................

...THE JORDAN  ASOS MT CLIMATE SUMMARY FOR MAY 27 2015...

CLIMATE NORMAL PERIOD 1981 TO 2010
CLIMATE RECORD PERIOD 9999 TO 9999


WEATHER ITEM   OBSERVED TIME   RECORD YEAR NORMAL DEPARTURE LAST
                VALUE   (LST)  VALUE       VALUE  FROM      YEAR
                                                  NORMAL
..................................................................
TEMPERATURE (F)
 YESTERDAY
  MAXIMUM         72   1236 PM  MM      MM  70      2       78
  MINIMUM         51   1130 PM  MM      MM  43      8       56
  AVERAGE         62                        56      6       67

PRECIPITATION (IN)
  YESTERDAY        0.04         MM      MM   0.10  -0.06     0.00
  MONTH TO DATE    0.93                      1.78  -0.85     1.62
  SINCE OCT 1      4.28                      5.40  -1.12     5.63
  SINCE JAN 1      3.09                      3.86  -0.77     3.22

SNOWFALL (IN)
  YESTERDAY        0.0          MM      MM  MM     MM        0.0
  MONTH TO DATE    0.0                      MM     MM        0.0
  SINCE MAR 1      0.0                      MM     MM        0.0
  SINCE JUL 1      0.0                      MM     MM        0.0
  SNOW DEPTH       0

DEGREE DAYS
 HEATING
  YESTERDAY        3                         9     -6        0
  MONTH TO DATE  361                       353      8      350
  SINCE MAR 1   1677                      1969   -292     2098
  SINCE JUL 1   7470                      8087   -617     8411

 COOLING
  YESTERDAY        0                         0      0        2
  MONTH TO DATE    0                         0      0       18
  SINCE MAR 1      0                         0      0       18
  SINCE JAN 1      0                         0      0       18
..................................................................


WIND (MPH)
  HIGHEST WIND SPEED    18   HIGHEST WIND DIRECTION     N (20)
  HIGHEST GUST SPEED    23   HIGHEST GUST DIRECTION    NW (330)
  AVERAGE WIND SPEED     4.1


SKY COVER
  POSSIBLE SUNSHINE  MM
  AVERAGE SKY COVER 0.0


WEATHER CONDITIONS
 THE FOLLOWING WEATHER WAS RECORDED YESTERDAY.
  NO SIGNIFICANT WEATHER WAS OBSERVED.


RELATIVE HUMIDITY (PERCENT)
 HIGHEST    93          1200 AM
 LOWEST     53           100 PM
 AVERAGE    73

..........................................................


THE JORDAN  ASOS MT CLIMATE NORMALS FOR TODAY
                         NORMAL    RECORD    YEAR
 MAXIMUM TEMPERATURE (F)   70        MM        MM
 MINIMUM TEMPERATURE (F)   43        MM        MM


SUNRISE AND SUNSET
MAY 28 2015...........SUNRISE   518 AM MDT   SUNSET   852 PM MDT
MAY 29 2015...........SUNRISE   517 AM MDT   SUNSET   853 PM MDT


-  INDICATES NEGATIVE NUMBERS.
R  INDICATES RECORD WAS SET OR TIED.
MM INDICATES DATA IS MISSING.
T  INDICATES TRACE AMOUNT.




$$
