000
CDUS45 KBOI 040930
CLIJER


CLIMATE REPORT
NATIONAL WEATHER SERVICE BOISE ID
330 AM MDT TUE AUG 4 2015


...................................

...THE JEROME ID CLIMATE SUMMARY FOR AUGUST 3 2015...

CLIMATE NORMAL PERIOD 1981 TO 2010
CLIMATE RECORD PERIOD 1919 TO 2015


WEATHER ITEM   OBSERVED TIME   RECORD YEAR NORMAL DEPARTURE LAST
                VALUE   (LST)  VALUE       VALUE  FROM      YEAR
                                                  NORMAL
..................................................................
TEMPERATURE (F)
 YESTERDAY
  MAXIMUM         83    500 PM 104    1961  88     -5       98
  MINIMUM         66   1159 PM  40    1956  57      9       63
  AVERAGE         75                        72      3       81

PRECIPITATION (IN)
  YESTERDAY        T             0.24 1965   0.01  -0.01      T
  MONTH TO DATE    T                         0.03  -0.03      T
  SINCE OCT 1      8.67                     10.15  -1.48     5.65
  SINCE JAN 1      5.77                      6.63  -0.86     5.05

DEGREE DAYS
 HEATING
  YESTERDAY        0                         0      0        0
  MONTH TO DATE    0                         0      0        0
  SINCE JUN 1     27                       119    -92       74
  SINCE JUL 1     12                        12      0        0

 COOLING
  YESTERDAY       10                         8      2       16
  MONTH TO DATE   32                        24      8       39
  SINCE JUN 1    447                       294    153      456
  SINCE JAN 1    457                       307    150      466
..................................................................


WIND (MPH)
  HIGHEST WIND SPEED    16   HIGHEST WIND DIRECTION    SW (240)
  HIGHEST GUST SPEED    21   HIGHEST GUST DIRECTION    SW (240)
  AVERAGE WIND SPEED     8.3


SKY COVER
  AVERAGE SKY COVER 0.1


WEATHER CONDITIONS
 THE FOLLOWING WEATHER WAS RECORDED YESTERDAY.
  NO SIGNIFICANT WEATHER WAS OBSERVED.


RELATIVE HUMIDITY (PERCENT)
 HIGHEST    55          1100 PM
 LOWEST     25          1200 AM
 AVERAGE    40

..........................................................


THE JEROME ID CLIMATE NORMALS FOR TODAY
                         NORMAL    RECORD    YEAR
 MAXIMUM TEMPERATURE (F)   88       103      1987
 MINIMUM TEMPERATURE (F)   56        43      1919


SUNRISE AND SUNSET
AUGUST  4 2015........SUNRISE   632 AM MDT   SUNSET   855 PM MDT
AUGUST  5 2015........SUNRISE   633 AM MDT   SUNSET   854 PM MDT


-  INDICATES NEGATIVE NUMBERS.
R  INDICATES RECORD WAS SET OR TIED.
MM INDICATES DATA IS MISSING.
T  INDICATES TRACE AMOUNT.




$$
