000
CDUS45 KBOI 060932
CLIJER


CLIMATE REPORT
NATIONAL WEATHER SERVICE BOISE ID
332 AM MDT FRI MAY 6 2016


...................................

...THE JEROME ID CLIMATE SUMMARY FOR MAY 5 2016...

CLIMATE NORMAL PERIOD 1981 TO 2010
CLIMATE RECORD PERIOD 1915 TO 2016


WEATHER ITEM   OBSERVED TIME   RECORD YEAR NORMAL DEPARTURE LAST
                VALUE   (LST)  VALUE       VALUE  FROM      YEAR
                                                  NORMAL
..................................................................
TEMPERATURE (F)
 YESTERDAY
  MAXIMUM         81    350 PM  92    1966  64     17       73
  MINIMUM         50    621 AM  27    1982  39     11       48
                                      1948
  AVERAGE         66                        52     14       61

PRECIPITATION (IN)
  YESTERDAY        0.00          0.32 1995   0.05  -0.05     0.00
  MONTH TO DATE    0.01                      0.28  -0.27     0.00
  SINCE OCT 1      8.56                      8.16   0.40     4.91
  SINCE JAN 1      3.97                      4.64  -0.67     2.01

DEGREE DAYS
 HEATING
  YESTERDAY        0                        13    -13        4
  MONTH TO DATE   33                        70    -37       19
  SINCE MAR 1   1094                      1386   -292     1081
  SINCE JUL 1   5633                      6273   -640     5123

 COOLING
  YESTERDAY        1                         0      1        0
  MONTH TO DATE    1                         0      1        0
  SINCE MAR 1      2                         0      2        0
  SINCE JAN 1      2                         0      2        0
..................................................................


WIND (MPH)
  HIGHEST WIND SPEED    23   HIGHEST WIND DIRECTION    SE (130)
  HIGHEST GUST SPEED    28   HIGHEST GUST DIRECTION    SE (120)
  AVERAGE WIND SPEED     9.7


SKY COVER
  AVERAGE SKY COVER 0.0


WEATHER CONDITIONS
 THE FOLLOWING WEATHER WAS RECORDED YESTERDAY.
  NO SIGNIFICANT WEATHER WAS OBSERVED.


RELATIVE HUMIDITY (PERCENT)
 HIGHEST    68           400 AM
 LOWEST     21           500 PM
 AVERAGE    45

..........................................................


THE JEROME ID CLIMATE NORMALS FOR TODAY
                         NORMAL    RECORD    YEAR
 MAXIMUM TEMPERATURE (F)   64        90      1992
 MINIMUM TEMPERATURE (F)   39        24      2007
                                             1924


SUNRISE AND SUNSET
MAY  6 2016...........SUNRISE   625 AM MDT   SUNSET   844 PM MDT
MAY  7 2016...........SUNRISE   624 AM MDT   SUNSET   846 PM MDT


-  INDICATES NEGATIVE NUMBERS.
R  INDICATES RECORD WAS SET OR TIED.
MM INDICATES DATA IS MISSING.
T  INDICATES TRACE AMOUNT.




$$
