000
CDUS45 KBOI 210931
CLIJER


CLIMATE REPORT
NATIONAL WEATHER SERVICE BOISE ID
231 AM MST TUE NOV 21 2017


...................................

...THE JEROME ID CLIMATE SUMMARY FOR NOVEMBER 20 2017...

CLIMATE NORMAL PERIOD 1981 TO 2010
CLIMATE RECORD PERIOD 1915 TO 2017


WEATHER ITEM   OBSERVED TIME   RECORD YEAR NORMAL DEPARTURE LAST
                VALUE   (LST)  VALUE       VALUE  FROM      YEAR
                                                  NORMAL
..................................................................
TEMPERATURE (F)
 YESTERDAY
  MAXIMUM         46    154 PM  69    1966  43      3       59
  MINIMUM         33    446 AM  10    1985  26      7       38
  AVERAGE         40                        34      6       49

PRECIPITATION (IN)
  YESTERDAY        0.08          0.45 1983   0.04   0.04     0.00
  MONTH TO DATE    1.16                      0.69   0.47      T
  SINCE OCT 1      1.76                      1.50   0.26     2.66
  SINCE JAN 1      9.29                      8.79   0.50     9.67

DEGREE DAYS
 HEATING
  YESTERDAY       25                        30     -5       16
  MONTH TO DATE  497                       523    -26      338
  SINCE SEP 1   1250                      1189     61      911
  SINCE JUL 1   1251                      1222     29      933

 COOLING
  YESTERDAY        0                         0      0        0
  MONTH TO DATE    0                         0      0        0
  SINCE SEP 1    121                        45     76       30
  SINCE JAN 1    929                       510    419      612
..................................................................


WIND (MPH)
  HIGHEST WIND SPEED    17   HIGHEST WIND DIRECTION    NE (40)
  HIGHEST GUST SPEED    21   HIGHEST GUST DIRECTION    NE (40)
  AVERAGE WIND SPEED     6.0


SKY COVER
  AVERAGE SKY COVER 1.0


WEATHER CONDITIONS
 THE FOLLOWING WEATHER WAS RECORDED YESTERDAY.
  LIGHT RAIN


RELATIVE HUMIDITY (PERCENT)
 HIGHEST    93           700 PM
 LOWEST     57           900 AM
 AVERAGE    75

..........................................................


THE JEROME ID CLIMATE NORMALS FOR TODAY
                         NORMAL    RECORD    YEAR
 MAXIMUM TEMPERATURE (F)   42        62      1986
 MINIMUM TEMPERATURE (F)   26         0      1994


SUNRISE AND SUNSET
NOVEMBER 21 2017......SUNRISE   737 AM MST   SUNSET   510 PM MST
NOVEMBER 22 2017......SUNRISE   739 AM MST   SUNSET   509 PM MST


-  INDICATES NEGATIVE NUMBERS.
R  INDICATES RECORD WAS SET OR TIED.
MM INDICATES DATA IS MISSING.
T  INDICATES TRACE AMOUNT.




$$
