000
CDUS45 KBOI 200931
CLIJER


CLIMATE REPORT
NATIONAL WEATHER SERVICE BOISE ID
330 AM MDT WED AUG 20 2014


...................................

...THE JEROME ID CLIMATE SUMMARY FOR AUGUST 19 2014...

CLIMATE NORMAL PERIOD 1981 TO 2010
CLIMATE RECORD PERIOD 1919 TO 2014


WEATHER ITEM   OBSERVED TIME   RECORD YEAR NORMAL DEPARTURE LAST
                VALUE   (LST)  VALUE       VALUE  FROM      YEAR
                                                  NORMAL
..................................................................
TEMPERATURE (F)
 YESTERDAY
  MAXIMUM         88    205 PM 102    1999  86      2       88
  MINIMUM         60    705 AM  38    1920  54      6       63
  AVERAGE         74                        70      4       76

PRECIPITATION (IN)
  YESTERDAY        0.00          0.45 1968   0.01  -0.01     0.00
  MONTH TO DATE    2.86                      0.15   2.71      T
  SINCE OCT 1      8.51                     10.27  -1.76     5.82
  SINCE JAN 1      7.91                      6.75   1.16     2.52

DEGREE DAYS
 HEATING
  YESTERDAY        0                         1     -1        0
  MONTH TO DATE    5                         1      4        0
  SINCE JUN 1     79                       120    -41       78
  SINCE JUL 1      5                        13     -8        0

 COOLING
  YESTERDAY        9                         5      4       11
  MONTH TO DATE  147                       129     18      184
  SINCE JUN 1    564                       399    165      690
  SINCE JAN 1    574                       412    162      705
..................................................................


WIND (MPH)
  HIGHEST WIND SPEED    20   HIGHEST WIND DIRECTION    SE (150)
  HIGHEST GUST SPEED    28   HIGHEST GUST DIRECTION    SE (150)
  AVERAGE WIND SPEED    11.2


SKY COVER
  AVERAGE SKY COVER 0.0


WEATHER CONDITIONS
 THE FOLLOWING WEATHER WAS RECORDED YESTERDAY.
  NO SIGNIFICANT WEATHER WAS OBSERVED.


RELATIVE HUMIDITY (PERCENT)
 HIGHEST    72           700 AM
 LOWEST     29           200 PM
 AVERAGE    51

..........................................................


THE JEROME ID CLIMATE NORMALS FOR TODAY
                         NORMAL    RECORD    YEAR
 MAXIMUM TEMPERATURE (F)   86       100      2003
 MINIMUM TEMPERATURE (F)   54        38      1964


SUNRISE AND SUNSET
AUGUST 20 2014........SUNRISE   650 AM MDT   SUNSET   832 PM MDT
AUGUST 21 2014........SUNRISE   651 AM MDT   SUNSET   830 PM MDT


-  INDICATES NEGATIVE NUMBERS.
R  INDICATES RECORD WAS SET OR TIED.
MM INDICATES DATA IS MISSING.
T  INDICATES TRACE AMOUNT.




$$
