000
CDUS45 KBOI 280931
CLIJER


CLIMATE REPORT
NATIONAL WEATHER SERVICE BOISE ID
331 AM MDT SUN AUG 28 2016


...................................

...THE JEROME ID CLIMATE SUMMARY FOR AUGUST 27 2016...

CLIMATE NORMAL PERIOD 1981 TO 2010
CLIMATE RECORD PERIOD 1915 TO 2016


WEATHER ITEM   OBSERVED TIME   RECORD YEAR NORMAL DEPARTURE LAST
                VALUE   (LST)  VALUE       VALUE  FROM      YEAR
                                                  NORMAL
..................................................................
TEMPERATURE (F)
 YESTERDAY
  MAXIMUM         85    329 PM 103    1924  84      1       88
  MINIMUM         48    457 AM  37    1992  52     -4       57
  AVERAGE         67                        68     -1       73

PRECIPITATION (IN)
  YESTERDAY        0.00          0.12 2003   0.00   0.00     0.00
  MONTH TO DATE    T                         0.21  -0.21     0.95
  SINCE OCT 1      9.99                     10.33  -0.34     9.62
  SINCE JAN 1      5.40                      6.81  -1.41     6.72

DEGREE DAYS
 HEATING
  YESTERDAY        0                         2     -2        0
  MONTH TO DATE    7                        10     -3        3
  SINCE JUN 1     64                       129    -65       30
  SINCE JUL 1     22                        22      0       15

 COOLING
  YESTERDAY        2                         4     -2        8
  MONTH TO DATE  148                       166    -18      193
  SINCE JUN 1    540                       436    104      608
  SINCE JAN 1    544                       449     95      618
..................................................................


WIND (MPH)
  HIGHEST WIND SPEED    14   HIGHEST WIND DIRECTION     W (250)
  HIGHEST GUST SPEED    19   HIGHEST GUST DIRECTION    SW (240)
  AVERAGE WIND SPEED     5.4


SKY COVER
  AVERAGE SKY COVER 0.0


WEATHER CONDITIONS
 THE FOLLOWING WEATHER WAS RECORDED YESTERDAY.
  NO SIGNIFICANT WEATHER WAS OBSERVED.


RELATIVE HUMIDITY (PERCENT)
 HIGHEST    61           500 AM
 LOWEST     15           300 PM
 AVERAGE    38

..........................................................


THE JEROME ID CLIMATE NORMALS FOR TODAY
                         NORMAL    RECORD    YEAR
 MAXIMUM TEMPERATURE (F)   83       101      1924
 MINIMUM TEMPERATURE (F)   52        35      1960


SUNRISE AND SUNSET
AUGUST 28 2016........SUNRISE   659 AM MDT   SUNSET   818 PM MDT
AUGUST 29 2016........SUNRISE   700 AM MDT   SUNSET   816 PM MDT


-  INDICATES NEGATIVE NUMBERS.
R  INDICATES RECORD WAS SET OR TIED.
MM INDICATES DATA IS MISSING.
T  INDICATES TRACE AMOUNT.




$$
