000
CDUS45 KBOI 180932
CLIJER


CLIMATE REPORT
NATIONAL WEATHER SERVICE BOISE ID
232 AM MST THU DEC 18 2014


...................................

...THE JEROME ID CLIMATE SUMMARY FOR DECEMBER 17 2014...

CLIMATE NORMAL PERIOD 1981 TO 2010
CLIMATE RECORD PERIOD 1919 TO 2014


WEATHER ITEM   OBSERVED TIME   RECORD YEAR NORMAL DEPARTURE LAST
                VALUE   (LST)  VALUE       VALUE  FROM      YEAR
                                                  NORMAL
..................................................................
TEMPERATURE (F)
 YESTERDAY
  MAXIMUM         41    354 PM  55    1962  34      7       38
  MINIMUM         25    744 AM  -8    1964  19      6       19
  AVERAGE         33                        26      7       29

PRECIPITATION (IN)
  YESTERDAY        0.00          0.35 1972   0.06  -0.06     0.00
  MONTH TO DATE    0.30                      0.86  -0.56     0.14
  SINCE OCT 1      1.54                      2.89  -1.35     0.47
  SINCE JAN 1     10.61                     10.18   0.43     3.49

DEGREE DAYS
 HEATING
  YESTERDAY       32                        39     -7       36
  MONTH TO DATE  425                       632   -207      780
  SINCE DEC 1    425                       632   -207      780
  SINCE JUL 1   1761                      2183   -422     2263

 COOLING
  YESTERDAY        0                         0      0        0
  MONTH TO DATE    0                         0      0        0
  SINCE DEC 1      0                         0      0        0
  SINCE JAN 1    652                       510    142      904
..................................................................


WIND (MPH)
  HIGHEST WIND SPEED    16   HIGHEST WIND DIRECTION    NE (30)
  HIGHEST GUST SPEED    20   HIGHEST GUST DIRECTION    NE (40)
  AVERAGE WIND SPEED    11.5


SKY COVER
  AVERAGE SKY COVER 0.2


WEATHER CONDITIONS
 THE FOLLOWING WEATHER WAS RECORDED YESTERDAY.
  NO SIGNIFICANT WEATHER WAS OBSERVED.


RELATIVE HUMIDITY (PERCENT)
 HIGHEST    92          1200 AM
 LOWEST     65           400 PM
 AVERAGE    79

..........................................................


THE JEROME ID CLIMATE NORMALS FOR TODAY
                         NORMAL    RECORD    YEAR
 MAXIMUM TEMPERATURE (F)   33        54      1962
 MINIMUM TEMPERATURE (F)   19        -3      1984


SUNRISE AND SUNSET
DECEMBER 18 2014......SUNRISE   803 AM MST   SUNSET   506 PM MST
DECEMBER 19 2014......SUNRISE   804 AM MST   SUNSET   506 PM MST


-  INDICATES NEGATIVE NUMBERS.
R  INDICATES RECORD WAS SET OR TIED.
MM INDICATES DATA IS MISSING.
T  INDICATES TRACE AMOUNT.




$$
