000
CDUS45 KBOI 180933
CLIJER


CLIMATE REPORT
NATIONAL WEATHER SERVICE BOISE ID
233 AM MST SUN FEB 18 2018


...................................

...THE JEROME ID CLIMATE SUMMARY FOR FEBRUARY 17 2018...

CLIMATE NORMAL PERIOD 1981 TO 2010
CLIMATE RECORD PERIOD 1915 TO 2018


WEATHER ITEM   OBSERVED TIME   RECORD YEAR NORMAL DEPARTURE LAST
                VALUE   (LST)  VALUE       VALUE  FROM      YEAR
                                                  NORMAL
..................................................................
TEMPERATURE (F)
 YESTERDAY
  MAXIMUM         51   1018 PM  64    1930  40     11       39
  MINIMUM         29    648 AM  -5    1942  23      6       30
  AVERAGE         40                        31      9       35

PRECIPITATION (IN)
  YESTERDAY        T             0.70 1976   0.03  -0.03     0.07
  MONTH TO DATE    0.05                      0.51  -0.46     1.18
  SINCE OCT 1      3.90                      5.09  -1.19     6.99
  SINCE JAN 1      1.35                      1.57  -0.22     2.47

DEGREE DAYS
 HEATING
  YESTERDAY       25                        34     -9       30
  MONTH TO DATE  443                       610   -167      532
  SINCE DEC 1   2509                      2984   -475     3096
  SINCE JUL 1   3965                      4535   -570     4322

 COOLING
  YESTERDAY        0                         0      0        0
  MONTH TO DATE    0                         0      0        0
  SINCE DEC 1      0                         0      0        0
  SINCE JAN 1      0                         0      0        0
..................................................................


WIND (MPH)
  HIGHEST WIND SPEED    24   HIGHEST WIND DIRECTION    SW (210)
  HIGHEST GUST SPEED    32   HIGHEST GUST DIRECTION    SW (210)
  AVERAGE WIND SPEED     8.8


SKY COVER
  AVERAGE SKY COVER 0.6


WEATHER CONDITIONS
 THE FOLLOWING WEATHER WAS RECORDED YESTERDAY.
  LIGHT RAIN


RELATIVE HUMIDITY (PERCENT)
 HIGHEST    75           600 AM
 LOWEST     36           200 PM
 AVERAGE    56

..........................................................


THE JEROME ID CLIMATE NORMALS FOR TODAY
                         NORMAL    RECORD    YEAR
 MAXIMUM TEMPERATURE (F)   40        63      1930
 MINIMUM TEMPERATURE (F)   23        -4      1942


SUNRISE AND SUNSET
FEBRUARY 18 2018......SUNRISE   730 AM MST   SUNSET   614 PM MST
FEBRUARY 19 2018......SUNRISE   729 AM MST   SUNSET   615 PM MST


-  INDICATES NEGATIVE NUMBERS.
R  INDICATES RECORD WAS SET OR TIED.
MM INDICATES DATA IS MISSING.
T  INDICATES TRACE AMOUNT.




$$
