000
CDUS45 KBOI 250931
CLIJER


CLIMATE REPORT
NATIONAL WEATHER SERVICE BOISE ID
331 AM MDT MON SEP 25 2017


...................................

...THE JEROME ID CLIMATE SUMMARY FOR SEPTEMBER 24 2017...

CLIMATE NORMAL PERIOD 1981 TO 2010
CLIMATE RECORD PERIOD 1915 TO 2017


WEATHER ITEM   OBSERVED TIME   RECORD YEAR NORMAL DEPARTURE LAST
                VALUE   (LST)  VALUE       VALUE  FROM      YEAR
                                                  NORMAL
..................................................................
TEMPERATURE (F)
 YESTERDAY
  MAXIMUM         59    359 PM  94    2001  71    -12       62
  MINIMUM         35    717 AM  23    1926  44     -9       46
  AVERAGE         47                        58    -11       54

PRECIPITATION (IN)
  YESTERDAY        0.00          0.22 1920   0.02  -0.02     0.00
  MONTH TO DATE    0.62                      0.30   0.32     1.55
  SINCE OCT 1     11.94                     10.68   1.26    11.58
  SINCE JAN 1      7.42                      7.16   0.26     6.99

DEGREE DAYS
 HEATING
  YESTERDAY       18                         8     10       11
  MONTH TO DATE  150                       115     35      160
  SINCE SEP 1    150                       115     35      160
  SINCE JUL 1    151                       148      3      182

 COOLING
  YESTERDAY        0                         1     -1        0
  MONTH TO DATE  121                        44     77       18
  SINCE SEP 1    121                        44     77       18
  SINCE JAN 1    929                       509    420      600
..................................................................


WIND (MPH)
  HIGHEST WIND SPEED    18   HIGHEST WIND DIRECTION     W (250)
  HIGHEST GUST SPEED    24   HIGHEST GUST DIRECTION    SW (220)
  AVERAGE WIND SPEED     7.8


SKY COVER
  AVERAGE SKY COVER 0.1


WEATHER CONDITIONS
 THE FOLLOWING WEATHER WAS RECORDED YESTERDAY.
  NO SIGNIFICANT WEATHER WAS OBSERVED.


RELATIVE HUMIDITY (PERCENT)
 HIGHEST    92           600 AM
 LOWEST     31           300 PM
 AVERAGE    62

..........................................................


THE JEROME ID CLIMATE NORMALS FOR TODAY
                         NORMAL    RECORD    YEAR
 MAXIMUM TEMPERATURE (F)   71        96      2001
 MINIMUM TEMPERATURE (F)   43        21      1926


SUNRISE AND SUNSET
SEPTEMBER 25 2017.....SUNRISE   729 AM MDT   SUNSET   729 PM MDT
SEPTEMBER 26 2017.....SUNRISE   730 AM MDT   SUNSET   727 PM MDT


-  INDICATES NEGATIVE NUMBERS.
R  INDICATES RECORD WAS SET OR TIED.
MM INDICATES DATA IS MISSING.
T  INDICATES TRACE AMOUNT.




$$
