000
CDUS45 KBOI 240937
CLIJER


CLIMATE REPORT
NATIONAL WEATHER SERVICE BOISE ID
336 AM MDT TUE MAY 24 2016


...................................

...THE JEROME ID CLIMATE SUMMARY FOR MAY 23 2016...

CLIMATE NORMAL PERIOD 1981 TO 2010
CLIMATE RECORD PERIOD 1915 TO 2016


WEATHER ITEM   OBSERVED TIME   RECORD YEAR NORMAL DEPARTURE LAST
                VALUE   (LST)  VALUE       VALUE  FROM      YEAR
                                                  NORMAL
..................................................................
TEMPERATURE (F)
 YESTERDAY
  MAXIMUM         65    509 PM  95    1934  70     -5       68
  MINIMUM         37    517 AM  28    1966  44     -7       48
  AVERAGE         51                        57     -6       58

PRECIPITATION (IN)
  YESTERDAY        0.00          0.27 1965   0.04  -0.04     0.06
  MONTH TO DATE    1.29                      1.02   0.27     2.10
  SINCE OCT 1      9.84                      8.90   0.94     7.01
  SINCE JAN 1      5.25                      5.38  -0.13     4.11

DEGREE DAYS
 HEATING
  YESTERDAY       14                         9      5        7
  MONTH TO DATE  209                       264    -55      199
  SINCE MAR 1   1270                      1580   -310     1261
  SINCE JUL 1   5809                      6467   -658     5303

 COOLING
  YESTERDAY        0                         1     -1        0
  MONTH TO DATE    3                         2      1        0
  SINCE MAR 1      4                         2      2        0
  SINCE JAN 1      4                         2      2        0
..................................................................


WIND (MPH)
  HIGHEST WIND SPEED    17   HIGHEST WIND DIRECTION    SE (150)
  HIGHEST GUST SPEED    22   HIGHEST GUST DIRECTION    SE (150)
  AVERAGE WIND SPEED     5.2


SKY COVER
  AVERAGE SKY COVER 0.1


WEATHER CONDITIONS
 THE FOLLOWING WEATHER WAS RECORDED YESTERDAY.
  NO SIGNIFICANT WEATHER WAS OBSERVED.


RELATIVE HUMIDITY (PERCENT)
 HIGHEST    92           100 AM
 LOWEST     28           500 PM
 AVERAGE    60

..........................................................


THE JEROME ID CLIMATE NORMALS FOR TODAY
                         NORMAL    RECORD    YEAR
 MAXIMUM TEMPERATURE (F)   70        94      2001
                                             1934
 MINIMUM TEMPERATURE (F)   45        31      1950


SUNRISE AND SUNSET
MAY 24 2016...........SUNRISE   607 AM MDT   SUNSET   903 PM MDT
MAY 25 2016...........SUNRISE   606 AM MDT   SUNSET   904 PM MDT


-  INDICATES NEGATIVE NUMBERS.
R  INDICATES RECORD WAS SET OR TIED.
MM INDICATES DATA IS MISSING.
T  INDICATES TRACE AMOUNT.




$$
