000
CDUS45 KBOI 250931
CLIJER


CLIMATE REPORT
NATIONAL WEATHER SERVICE BOISE ID
231 AM MST TUE NOV 25 2014


...................................

...THE JEROME ID CLIMATE SUMMARY FOR NOVEMBER 24 2014...

CLIMATE NORMAL PERIOD 1981 TO 2010
CLIMATE RECORD PERIOD 1919 TO 2014


WEATHER ITEM   OBSERVED TIME   RECORD YEAR NORMAL DEPARTURE LAST
                VALUE   (LST)  VALUE       VALUE  FROM      YEAR
                                                  NORMAL
..................................................................
TEMPERATURE (F)
 YESTERDAY
  MAXIMUM         41    407 PM  61    1959  41      0       39
  MINIMUM         29    828 AM   1    2010  25      4       15
  AVERAGE         35                        33      2       27

PRECIPITATION (IN)
  YESTERDAY        0.00          0.65 1981   0.05  -0.05     0.00
  MONTH TO DATE    0.80                      0.88  -0.08     0.25
  SINCE OCT 1      1.14                      1.69  -0.55     0.33
  SINCE JAN 1     10.21                      8.98   1.23     3.35

DEGREE DAYS
 HEATING
  YESTERDAY       30                        32     -2       38
  MONTH TO DATE  750                       649    101      625
  SINCE SEP 1   1176                      1315   -139     1316
  SINCE JUL 1   1203                      1348   -145     1316

 COOLING
  YESTERDAY        0                         0      0        0
  MONTH TO DATE    0                         0      0        0
  SINCE SEP 1     60                        45     15       86
  SINCE JAN 1    652                       510    142      904
..................................................................


WIND (MPH)
  HIGHEST WIND SPEED    28   HIGHEST WIND DIRECTION     W (250)
  HIGHEST GUST SPEED    35   HIGHEST GUST DIRECTION    SW (240)
  AVERAGE WIND SPEED    14.0


SKY COVER
  AVERAGE SKY COVER 0.1


WEATHER CONDITIONS
 THE FOLLOWING WEATHER WAS RECORDED YESTERDAY.
  NO SIGNIFICANT WEATHER WAS OBSERVED.


RELATIVE HUMIDITY (PERCENT)
 HIGHEST    92           800 AM
 LOWEST     54           100 PM
 AVERAGE    73

..........................................................


THE JEROME ID CLIMATE NORMALS FOR TODAY
                         NORMAL    RECORD    YEAR
 MAXIMUM TEMPERATURE (F)   40        66      1995
 MINIMUM TEMPERATURE (F)   24        -4      2010
                                             1993


SUNRISE AND SUNSET
NOVEMBER 25 2014......SUNRISE   742 AM MST   SUNSET   508 PM MST
NOVEMBER 26 2014......SUNRISE   743 AM MST   SUNSET   507 PM MST


-  INDICATES NEGATIVE NUMBERS.
R  INDICATES RECORD WAS SET OR TIED.
MM INDICATES DATA IS MISSING.
T  INDICATES TRACE AMOUNT.




$$
