000
CDUS45 KBOI 260931
CLIJER


CLIMATE REPORT
NATIONAL WEATHER SERVICE BOISE ID
330 AM MDT MON SEP 26 2016


...................................

...THE JEROME ID CLIMATE SUMMARY FOR SEPTEMBER 25 2016...

CLIMATE NORMAL PERIOD 1981 TO 2010
CLIMATE RECORD PERIOD 1915 TO 2016


WEATHER ITEM   OBSERVED TIME   RECORD YEAR NORMAL DEPARTURE LAST
                VALUE   (LST)  VALUE       VALUE  FROM      YEAR
                                                  NORMAL
..................................................................
TEMPERATURE (F)
 YESTERDAY
  MAXIMUM         67    451 PM  96    2001  71     -4       93
  MINIMUM         37    600 AM  21    1926  43     -6       57
  AVERAGE         52                        57     -5       75

PRECIPITATION (IN)
  YESTERDAY        0.00          0.47 1915   0.02  -0.02     0.00
  MONTH TO DATE    1.55                      0.32   1.23     0.57
  SINCE OCT 1     11.58                     10.70   0.88    10.20
  SINCE JAN 1      6.99                      7.18  -0.19     7.30

DEGREE DAYS
 HEATING
  YESTERDAY       13                         8      5        0
  MONTH TO DATE  173                       123     50       94
  SINCE SEP 1    173                       123     50       94
  SINCE JUL 1    195                       156     39      109

 COOLING
  YESTERDAY        0                         0      0       10
  MONTH TO DATE   18                        44    -26       50
  SINCE SEP 1     18                        44    -26       50
  SINCE JAN 1    600                       509     91      693
..................................................................


WIND (MPH)
  HIGHEST WIND SPEED     9   HIGHEST WIND DIRECTION     E (100)
  HIGHEST GUST SPEED    11   HIGHEST GUST DIRECTION    SW (210)
  AVERAGE WIND SPEED     3.7


SKY COVER
  AVERAGE SKY COVER 0.0


WEATHER CONDITIONS
 THE FOLLOWING WEATHER WAS RECORDED YESTERDAY.
  HAZE


RELATIVE HUMIDITY (PERCENT)
 HIGHEST    85           600 AM
 LOWEST     32           500 PM
 AVERAGE    59

..........................................................


THE JEROME ID CLIMATE NORMALS FOR TODAY
                         NORMAL    RECORD    YEAR
 MAXIMUM TEMPERATURE (F)   70        91      1952
 MINIMUM TEMPERATURE (F)   43        23      1926


SUNRISE AND SUNSET
SEPTEMBER 26 2016.....SUNRISE   730 AM MDT   SUNSET   727 PM MDT
SEPTEMBER 27 2016.....SUNRISE   731 AM MDT   SUNSET   725 PM MDT


-  INDICATES NEGATIVE NUMBERS.
R  INDICATES RECORD WAS SET OR TIED.
MM INDICATES DATA IS MISSING.
T  INDICATES TRACE AMOUNT.




$$
