000
CDUS45 KBOI 161155
CLIJER


CLIMATE REPORT
NATIONAL WEATHER SERVICE BOISE ID
455 AM MST MON JAN 16 2017


...................................

...THE JEROME ID CLIMATE SUMMARY FOR JANUARY 15 2017...

CLIMATE NORMAL PERIOD 1981 TO 2010
CLIMATE RECORD PERIOD 1915 TO 2017


WEATHER ITEM   OBSERVED TIME   RECORD YEAR NORMAL DEPARTURE LAST
                VALUE   (LST)  VALUE       VALUE  FROM      YEAR
                                                  NORMAL
..................................................................
TEMPERATURE (F)
 YESTERDAY
  MAXIMUM         14    338 PM  56    1961  33    -19       32
  MINIMUM          2    427 AM  -9    1917  20    -18       26
  AVERAGE          8                        26    -18       29

PRECIPITATION (IN)
  YESTERDAY        T             1.07 1936   0.02  -0.02     0.03
  MONTH TO DATE    0.86                      0.69   0.17     0.13
  SINCE OCT 1      5.38                      4.21   1.17     4.72
  SINCE JAN 1      0.86                      0.69   0.17     0.13

DEGREE DAYS
 HEATING
  YESTERDAY       57                        39     18       36
  MONTH TO DATE  583                       585     -2      593
  SINCE DEC 1   1872                      1764    108     1765
  SINCE JUL 1   3098                      3315   -217     3098

 COOLING
  YESTERDAY        0                         0      0        0
  MONTH TO DATE    0                         0      0        0
  SINCE DEC 1      0                         0      0        0
  SINCE JAN 1      0                         0      0        0
..................................................................


WIND (MPH)
  HIGHEST WIND SPEED     8   HIGHEST WIND DIRECTION     W (260)
  HIGHEST GUST SPEED     9   HIGHEST GUST DIRECTION     W (280)
  AVERAGE WIND SPEED     3.2


SKY COVER
  AVERAGE SKY COVER 0.6


WEATHER CONDITIONS
 THE FOLLOWING WEATHER WAS RECORDED YESTERDAY.
  SNOW
  LIGHT SNOW
  FOG
  FOG W/VISIBILITY <= 1/4 MILE
  HAZE


RELATIVE HUMIDITY (PERCENT)
 HIGHEST    96           100 AM
 LOWEST     73          1200 PM
 AVERAGE    85

..........................................................


THE JEROME ID CLIMATE NORMALS FOR TODAY
                         NORMAL    RECORD    YEAR
 MAXIMUM TEMPERATURE (F)   33        52      1974
 MINIMUM TEMPERATURE (F)   20       -19      1917


SUNRISE AND SUNSET
JANUARY 16 2017.......SUNRISE   805 AM MST   SUNSET   531 PM MST
JANUARY 17 2017.......SUNRISE   804 AM MST   SUNSET   532 PM MST


-  INDICATES NEGATIVE NUMBERS.
R  INDICATES RECORD WAS SET OR TIED.
MM INDICATES DATA IS MISSING.
T  INDICATES TRACE AMOUNT.




$$
