000
CDUS41 KOKX 310652
CLIJFK


CLIMATE REPORT
NATIONAL WEATHER SERVICE NEW YORK NY
252 AM EDT FRI JUL 31 2015


...................................

...THE KENNEDY NY CLIMATE SUMMARY FOR JULY 30 2015...

CLIMATE NORMAL PERIOD 1981 TO 2010
CLIMATE RECORD PERIOD 1949 TO 2015


WEATHER ITEM   OBSERVED TIME   RECORD YEAR NORMAL DEPARTURE LAST
                VALUE   (LST)  VALUE       VALUE  FROM      YEAR
                                                  NORMAL
..................................................................
TEMPERATURE (F)
 YESTERDAY
  MAXIMUM         85   1125 AM  96    2002  83      2       80
  MINIMUM         76    936 PM  59    1968  69      7       64
                                      1965
  AVERAGE         81                        76      5       72

PRECIPITATION (IN)
  YESTERDAY        0.97          2.81 1960   0.14   0.83     0.00
  MONTH TO DATE    2.31                      3.94  -1.63     4.83
  SINCE JUN 1      7.30                      7.80  -0.50     7.44
  SINCE JAN 1     21.91                     25.14  -3.23    29.88

SNOWFALL (IN)
  YESTERDAY        0.0          MM      MM   0.0    0.0      0.0
  MONTH TO DATE    0.0                       0.0    0.0      0.0
  SINCE OCT 1     44.2                      23.8   20.4     45.6
  SINCE JUL 1      0.0                       0.0    0.0      0.0
  SNOW DEPTH       0

DEGREE DAYS
 HEATING
  YESTERDAY        0                         0      0        0
  MONTH TO DATE    0                         0      0        0
  SINCE JUN 1     29                        21      8        0
  SINCE JUL 1      0                         0      0        0

 COOLING
  YESTERDAY       16                        11      5        7
  MONTH TO DATE  405                       323     82      324
  SINCE JUN 1    630                       506    124      532
  SINCE JAN 1    690                       541    149      564
..................................................................


WIND (MPH)
  HIGHEST WIND SPEED    25   HIGHEST WIND DIRECTION     S (180)
  HIGHEST GUST SPEED    32   HIGHEST GUST DIRECTION     S (180)
  AVERAGE WIND SPEED    11.5


SKY COVER
  POSSIBLE SUNSHINE  MM
  AVERAGE SKY COVER 0.7


WEATHER CONDITIONS
 THE FOLLOWING WEATHER WAS RECORDED YESTERDAY.
  THUNDERSTORM
  HEAVY RAIN
  RAIN
  LIGHT RAIN
  FOG
  HAZE


RELATIVE HUMIDITY (PERCENT)
 HIGHEST    94           800 PM
 LOWEST     79          1200 AM
 AVERAGE    87

..........................................................


THE KENNEDY NY CLIMATE NORMALS FOR TODAY
                         NORMAL    RECORD    YEAR
 MAXIMUM TEMPERATURE (F)   83        95      2002
 MINIMUM TEMPERATURE (F)   69        58      1964


SUNRISE AND SUNSET
JULY 31 2015..........SUNRISE   551 AM EDT   SUNSET   812 PM EDT
AUGUST  1 2015........SUNRISE   552 AM EDT   SUNSET   811 PM EDT


-  INDICATES NEGATIVE NUMBERS.
R  INDICATES RECORD WAS SET OR TIED.
MM INDICATES DATA IS MISSING.
T  INDICATES TRACE AMOUNT.




$$
