000
CDUS41 KOKX 302034
CLIJFK


CLIMATE REPORT
NATIONAL WEATHER SERVICE NEW YORK NY
434 PM EDT SAT JUL 30 2016


...................................

...THE KENNEDY NY CLIMATE SUMMARY FOR JULY 30 2016...
VALID TODAY AS OF 0400 PM LOCAL TIME.

CLIMATE NORMAL PERIOD 1981 TO 2010
CLIMATE RECORD PERIOD 1948 TO 2016


WEATHER ITEM   OBSERVED TIME   RECORD YEAR NORMAL DEPARTURE LAST
                VALUE   (LST)  VALUE       VALUE  FROM      YEAR
                                                  NORMAL
..................................................................
TEMPERATURE (F)
 TODAY
  MAXIMUM         85    959 AM  96    2002  83      2       85
  MINIMUM         73    526 AM  59    1968  69      4       76
                                      1965
  AVERAGE         79                        76      3       81

PRECIPITATION (IN)
  TODAY            0.02          2.81 1960   0.14  -0.12     0.97
  MONTH TO DATE    5.45                      3.94   1.51     2.31
  SINCE JUN 1      7.06                      7.80  -0.74     7.30
  SINCE JAN 1     22.04                     25.14  -3.10    21.91

SNOWFALL (IN)
  TODAY            0.0          MM      MM   0.0    0.0      0.0
  MONTH TO DATE    0.0                       0.0    0.0      0.0
  SINCE OCT 1     41.4                      23.8   17.6     44.2
  SINCE JUL 1      0.0                       0.0    0.0      0.0
  SNOW DEPTH       0

DEGREE DAYS
 HEATING
  TODAY            0                         0      0        0
  MONTH TO DATE    0                         0      0        0
  SINCE JUN 1      3                        21    -18       29
  SINCE JUL 1      0                         0      0        0

 COOLING
  TODAY           14                        11      3       16
  MONTH TO DATE  416                       323     93      405
  SINCE JUN 1    634                       506    128      630
  SINCE JAN 1    685                       541    144      690
..................................................................


WIND (MPH)
  HIGHEST WIND SPEED    16   HIGHEST WIND DIRECTION    SE (140)
  HIGHEST GUST SPEED    20   HIGHEST GUST DIRECTION    SE (140)
  AVERAGE WIND SPEED     7.9


SKY COVER
  AVERAGE SKY COVER 0.6


WEATHER CONDITIONS
 THE FOLLOWING WEATHER WAS RECORDED TODAY.
  LIGHT RAIN
  FOG


RELATIVE HUMIDITY (PERCENT)
 HIGHEST    91           300 PM
 LOWEST     65          1000 AM
 AVERAGE    78

..........................................................


THE KENNEDY NY CLIMATE NORMALS FOR TOMORROW
                         NORMAL    RECORD    YEAR
 MAXIMUM TEMPERATURE (F)   83        95      2002
 MINIMUM TEMPERATURE (F)   69        58      1964


SUNRISE AND SUNSET
JULY 30 2016..........SUNRISE   551 AM EDT   SUNSET   812 PM EDT
JULY 31 2016..........SUNRISE   551 AM EDT   SUNSET   811 PM EDT


-  INDICATES NEGATIVE NUMBERS.
R  INDICATES RECORD WAS SET OR TIED.
MM INDICATES DATA IS MISSING.
T  INDICATES TRACE AMOUNT.




$$
