000
CDUS41 KOKX 170841
CLIJFK


CLIMATE REPORT
NATIONAL WEATHER SERVICE NEW YORK NY
340 AM EST WED JAN 17 2018


...................................

...THE KENNEDY NY CLIMATE SUMMARY FOR JANUARY 16 2018...

CLIMATE NORMAL PERIOD 1981 TO 2010
CLIMATE RECORD PERIOD 1948 TO 2018


WEATHER ITEM   OBSERVED TIME   RECORD YEAR NORMAL DEPARTURE LAST
                VALUE   (LST)  VALUE       VALUE  FROM      YEAR
                                                  NORMAL
..................................................................
TEMPERATURE (F)
 YESTERDAY
  MAXIMUM         39    256 PM  56    2007  39      0       42
                                      1995
  MINIMUM         21   1231 AM   1    2004  26     -5       28
  AVERAGE         30                        32     -2       35

PRECIPITATION (IN)
  YESTERDAY        0.00          0.82 2013   0.11  -0.11     0.00
  MONTH TO DATE    1.04                      1.71  -0.67     1.73
  SINCE DEC 1      2.69                      5.10  -2.41     4.79
  SINCE JAN 1      1.04                      1.71  -0.67     1.73

SNOWFALL (IN)
  YESTERDAY        0.0           6.1  1965   0.2   -0.2      0.0
  MONTH TO DATE    8.0                       3.2    4.8     11.1
  SINCE OCT 1     14.7                       8.1    6.6     14.4
  SINCE JUL 1     14.7                       8.1    6.6     14.4
  SNOW DEPTH       0

DEGREE DAYS
 HEATING
  YESTERDAY       35                        33      2       30
  MONTH TO DATE  635                       514    121      458
  SINCE DEC 1   1559                      1359    200     1240
  SINCE JUL 1   2244                      2183     61     1880

 COOLING
  YESTERDAY        0                         0      0        0
  MONTH TO DATE    0                         0      0        0
  SINCE DEC 1      0                         0      0        0
  SINCE JAN 1      0                         0      0        0
..................................................................


WIND (MPH)
  HIGHEST WIND SPEED    10   HIGHEST WIND DIRECTION    NE (30)
  HIGHEST GUST SPEED    12   HIGHEST GUST DIRECTION     E (90)
  AVERAGE WIND SPEED     6.3


SKY COVER
  POSSIBLE SUNSHINE  MM
  AVERAGE SKY COVER 0.9


WEATHER CONDITIONS
 THE FOLLOWING WEATHER WAS RECORDED YESTERDAY.
  NO SIGNIFICANT WEATHER WAS OBSERVED.


RELATIVE HUMIDITY (PERCENT)
 HIGHEST    89           600 PM
 LOWEST     75           100 PM
 AVERAGE    82

..........................................................


THE KENNEDY NY CLIMATE NORMALS FOR TODAY
                         NORMAL    RECORD    YEAR
 MAXIMUM TEMPERATURE (F)   39        55      1973
 MINIMUM TEMPERATURE (F)   26        -1      1982
                                             1977


SUNRISE AND SUNSET
JANUARY 17 2018.......SUNRISE   716 AM EST   SUNSET   455 PM EST
JANUARY 18 2018.......SUNRISE   715 AM EST   SUNSET   456 PM EST


-  INDICATES NEGATIVE NUMBERS.
R  INDICATES RECORD WAS SET OR TIED.
MM INDICATES DATA IS MISSING.
T  INDICATES TRACE AMOUNT.




$$
