000
CDUS41 KOKX 270618
CLIJFK


CLIMATE REPORT
NATIONAL WEATHER SERVICE NEW YORK NY
218 AM EDT SAT AUG 27 2016


...................................

...THE KENNEDY NY CLIMATE SUMMARY FOR AUGUST 26 2016...

CLIMATE NORMAL PERIOD 1981 TO 2010
CLIMATE RECORD PERIOD 1948 TO 2016


WEATHER ITEM   OBSERVED TIME   RECORD YEAR NORMAL DEPARTURE LAST
                VALUE   (LST)  VALUE       VALUE  FROM      YEAR
                                                  NORMAL
..................................................................
TEMPERATURE (F)
 YESTERDAY
  MAXIMUM         92    400 PM 100    1948  81     11       84
  MINIMUM         73    400 AM  53    1963  67      6       68
  AVERAGE         83                        74      9       76

PRECIPITATION (IN)
  YESTERDAY        0.00          1.42 1969   0.11  -0.11     0.00
  MONTH TO DATE    0.62                      3.17  -2.55     3.63
  SINCE JUN 1      8.29                     11.11  -2.82    10.93
  SINCE JAN 1     23.27                     28.45  -5.18    25.54

SNOWFALL (IN)
  YESTERDAY        0.0          MM      MM   0.0    0.0      0.0
  MONTH TO DATE    0.0                       0.0    0.0      0.0
  SINCE OCT 1     41.4                      23.8   17.6     44.2
  SINCE JUL 1      0.0                       0.0    0.0      0.0
  SNOW DEPTH       0

DEGREE DAYS
 HEATING
  YESTERDAY        0                         0      0        0
  MONTH TO DATE    0                         0      0        0
  SINCE JUN 1      3                        21    -18       29
  SINCE JUL 1      0                         0      0        0

 COOLING
  YESTERDAY       18                         9      9       11
  MONTH TO DATE  367                       266    101      365
  SINCE JUN 1   1013                       786    227     1013
  SINCE JAN 1   1064                       821    243     1073
..................................................................


WIND (MPH)
  HIGHEST WIND SPEED    17   HIGHEST WIND DIRECTION     N (340)
  HIGHEST GUST SPEED    24   HIGHEST GUST DIRECTION     N (340)
  AVERAGE WIND SPEED    10.5


SKY COVER
  POSSIBLE SUNSHINE  MM
  AVERAGE SKY COVER 0.5


WEATHER CONDITIONS
 THE FOLLOWING WEATHER WAS RECORDED YESTERDAY.
  NO SIGNIFICANT WEATHER WAS OBSERVED.


RELATIVE HUMIDITY (PERCENT)
 HIGHEST    93           200 AM
 LOWEST     49           200 PM
 AVERAGE    71

..........................................................


THE KENNEDY NY CLIMATE NORMALS FOR TODAY
                         NORMAL    RECORD    YEAR
 MAXIMUM TEMPERATURE (F)   81       101      1948
 MINIMUM TEMPERATURE (F)   67        59      1989
                                             1969


SUNRISE AND SUNSET
AUGUST 27 2016........SUNRISE   618 AM EDT   SUNSET   734 PM EDT
AUGUST 28 2016........SUNRISE   619 AM EDT   SUNSET   733 PM EDT


-  INDICATES NEGATIVE NUMBERS.
R  INDICATES RECORD WAS SET OR TIED.
MM INDICATES DATA IS MISSING.
T  INDICATES TRACE AMOUNT.




$$
