000
CDUS41 KOKX 300621
CLIJFK


CLIMATE REPORT
NATIONAL WEATHER SERVICE NEW YORK NY
121 AM EST FRI JAN 30 2015


...................................

...THE KENNEDY NY CLIMATE SUMMARY FOR JANUARY 29 2015...

CLIMATE NORMAL PERIOD 1981 TO 2010
CLIMATE RECORD PERIOD 1949 TO 2015


WEATHER ITEM   OBSERVED TIME   RECORD YEAR NORMAL DEPARTURE LAST
                VALUE   (LST)  VALUE       VALUE  FROM      YEAR
                                                  NORMAL
..................................................................
TEMPERATURE (F)
 YESTERDAY
  MAXIMUM         37    855 PM  69    2002  39     -2       24
  MINIMUM         17    716 AM   3    1977  26     -9       16
  AVERAGE         27                        33     -6       20

PRECIPITATION (IN)
  YESTERDAY        0.01          0.69 1973   0.10  -0.09     0.05
  MONTH TO DATE    5.27                      2.97   2.30     3.01
  SINCE DEC 1     12.31                      6.36   5.95     7.51
  SINCE JAN 1      5.27                      2.97   2.30     3.01

SNOWFALL (IN)
  YESTERDAY        T             1.0  2014   0.2   -0.2      1.0
  MONTH TO DATE   16.5                       5.8   10.7     17.0
  SINCE OCT 1     16.9                      10.7    6.2     23.9
  SINCE JUL 1     16.9                      10.7    6.2     23.9
  SNOW DEPTH       9

DEGREE DAYS
 HEATING
  YESTERDAY       38                        32      6       45
  MONTH TO DATE  978                       939     39     1049
  SINCE DEC 1   1700                      1784    -84     1877
  SINCE JUL 1   2484                      2608   -124     2691

 COOLING
  YESTERDAY        0                         0      0        0
  MONTH TO DATE    0                         0      0        0
  SINCE DEC 1      0                         0      0        0
  SINCE JAN 1      0                         0      0        0
..................................................................


WIND (MPH)
  HIGHEST WIND SPEED    20   HIGHEST WIND DIRECTION     S (200)
  HIGHEST GUST SPEED    28   HIGHEST GUST DIRECTION    SW (240)
  AVERAGE WIND SPEED     8.3


SKY COVER
  POSSIBLE SUNSHINE  MM
  AVERAGE SKY COVER 0.5


WEATHER CONDITIONS
 THE FOLLOWING WEATHER WAS RECORDED YESTERDAY.
  LIGHT SNOW


RELATIVE HUMIDITY (PERCENT)
 HIGHEST    75           800 PM
 LOWEST     39          1100 AM
 AVERAGE    57

..........................................................


THE KENNEDY NY CLIMATE NORMALS FOR TODAY
                         NORMAL    RECORD    YEAR
 MAXIMUM TEMPERATURE (F)   39        62      2006
                                             2002
 MINIMUM TEMPERATURE (F)   26        10      1977
                                             1965


SUNRISE AND SUNSET
JANUARY 30 2015.......SUNRISE   707 AM EST   SUNSET   510 PM EST
JANUARY 31 2015.......SUNRISE   706 AM EST   SUNSET   511 PM EST


-  INDICATES NEGATIVE NUMBERS.
R  INDICATES RECORD WAS SET OR TIED.
MM INDICATES DATA IS MISSING.
T  INDICATES TRACE AMOUNT.




$$
