000
CDUS43 KJKL 272121
CLIJKL

CLIMATE REPORT
NATIONAL WEATHER SERVICE JACKSON KY
421 PM EST SAT DEC 27 2014

...................................

...THE JACKSON KY CLIMATE SUMMARY FOR DECEMBER 27 2014...
VALID TODAY AS OF 0400 PM LOCAL TIME.

CLIMATE NORMAL PERIOD 1981 TO 2010
CLIMATE RECORD PERIOD 1981 TO 2014

WEATHER ITEM   OBSERVED TIME   RECORD YEAR NORMAL DEPARTURE LAST
                VALUE   (LST)  VALUE       VALUE  FROM      YEAR
                                                  NORMAL
..................................................................
TEMPERATURE (F)
 TODAY
  MAXIMUM         61    234 PM  71    2008  44     17       51
  MINIMUM         44    518 AM  15    2004  28     16       23
  AVERAGE         53                        36     17       37

PRECIPITATION (IN)
  TODAY            T             1.47 1990   0.13  -0.13     0.00
  MONTH TO DATE    2.06                      3.69  -1.63     6.09
  SINCE DEC 1      2.06                      3.69  -1.63     6.09
  SINCE JAN 1     53.45                     47.85   5.60    55.72

SNOWFALL (IN)
  TODAY            0.0                       0.2   -0.2      0.0
  MONTH TO DATE    T                         4.1   -4.1      1.3
  SINCE DEC 1      T                         4.1   -4.1      1.3
  SINCE JUL 1      1.2                       4.7   -3.5      4.2
  SNOW DEPTH       0

DEGREE DAYS
 HEATING
  TODAY           12                        29    -17       28
  MONTH TO DATE  631                       716    -85      646
  SINCE DEC 1    631                       716    -85      646
  SINCE JUL 1   1621                      1516    105     1533

 COOLING
  TODAY            0                         0      0        0
  MONTH TO DATE    0                         0      0        0
  SINCE DEC 1      0                         0      0        0
  SINCE JAN 1   1165                      1154     11     1069
..................................................................

WIND (MPH)
  HIGHEST WIND SPEED     7   HIGHEST WIND DIRECTION    SW (220)
  HIGHEST GUST SPEED    12   HIGHEST GUST DIRECTION     S (200)
  AVERAGE WIND SPEED     2.1

SKY COVER
  POSSIBLE SUNSHINE  MM
  AVERAGE SKY COVER 0.6

WEATHER CONDITIONS
 THE FOLLOWING WEATHER WAS RECORDED TODAY.
  LIGHT RAIN

RELATIVE HUMIDITY (PERCENT)
 HIGHEST    49           400 AM
 LOWEST     29           300 PM
 AVERAGE    39
..........................................................

THE JACKSON KY CLIMATE NORMALS FOR TOMORROW
                         NORMAL    RECORD    YEAR
 MAXIMUM TEMPERATURE (F)   43        71      1984
 MINIMUM TEMPERATURE (F)   28        13      1995

SUNRISE AND SUNSET
DECEMBER 27 2014......SUNRISE   747 AM EST   SUNSET   522 PM EST
DECEMBER 28 2014......SUNRISE   747 AM EST   SUNSET   523 PM EST

-  INDICATES NEGATIVE NUMBERS.
R  INDICATES RECORD WAS SET OR TIED.
MM INDICATES DATA IS MISSING.
T  INDICATES TRACE AMOUNT.

$$

TAB
