000
CDUS43 KSGF 182326
CLIJLN


CLIMATE REPORT
NATIONAL WEATHER SERVICE SPRINGFIELD MO
525 PM CST WED JAN 18 2017


...................................

...THE JOPLIN MO CLIMATE SUMMARY FOR JANUARY 18 2017...
VALID TODAY AS OF 0500 PM LOCAL TIME.

CLIMATE NORMAL PERIOD 1981 TO 2010
CLIMATE RECORD PERIOD 1902 TO 2017


WEATHER ITEM   OBSERVED TIME   RECORD YEAR NORMAL DEPARTURE LAST
                VALUE   (LST)  VALUE       VALUE  FROM      YEAR
                                                  NORMAL
..................................................................
TEMPERATURE (F)
 TODAY
  MAXIMUM         54    354 PM  66    1951  45      9       29
  MINIMUM         34    805 AM  -8    1984  25      9        6
  AVERAGE         44                        35      9       18

PRECIPITATION (IN)
  TODAY            0.00          0.94 1996   0.07  -0.07     0.00
  MONTH TO DATE    2.47                      1.20   1.27     0.30
  SINCE DEC 1      3.06                      4.02  -0.96    10.07
  SINCE JAN 1      2.47                      1.20   1.27     0.30

DEGREE DAYS
 HEATING
  TODAY           21                        30     -9       47
  MONTH TO DATE  511                       540    -29      536
  SINCE DEC 1   1388                      1400    -12     1173
  SINCE JUL 1   1843                      2157   -314     1791

 COOLING
  TODAY            0                         0      0        0
  MONTH TO DATE    0                         0      0        0
  SINCE DEC 1      0                         0      0        3
  SINCE JAN 1      0                         0      0        0
..................................................................


WIND (MPH)
  HIGHEST WIND SPEED     9   HIGHEST WIND DIRECTION    SE (120)
  HIGHEST GUST SPEED    14   HIGHEST GUST DIRECTION     W (250)


SKY COVER
  AVERAGE SKY COVER 1.0


WEATHER CONDITIONS
 THE FOLLOWING WEATHER WAS RECORDED TODAY.
  FOG
  FOG W/VISIBILITY <= 1/4 MILE


RELATIVE HUMIDITY (PERCENT)
 HIGHEST   100           100 AM
 LOWEST     59           300 PM
 AVERAGE    80

..........................................................


THE JOPLIN MO CLIMATE NORMALS FOR TOMORROW
                         NORMAL    RECORD    YEAR
 MAXIMUM TEMPERATURE (F)   45        70      1952
                                             1972
 MINIMUM TEMPERATURE (F)   25        -8      1984


SUNRISE AND SUNSET
JANUARY 18 2017.......SUNRISE   729 AM CST   SUNSET   528 PM CST
JANUARY 19 2017.......SUNRISE   729 AM CST   SUNSET   529 PM CST


-  INDICATES NEGATIVE NUMBERS.
R  INDICATES RECORD WAS SET OR TIED.
MM INDICATES DATA IS MISSING.
T  INDICATES TRACE AMOUNT.




$$
