000
CDUS43 KSGF 130629
CLIJLN


CLIMATE REPORT
NATIONAL WEATHER SERVICE SPRINGFIELD MO
127 AM CDT SUN JUL 13 2014


...................................

...THE JOPLIN MO CLIMATE SUMMARY FOR JULY 12 2014...

CLIMATE NORMAL PERIOD 1981 TO 2010
CLIMATE RECORD PERIOD 1902 TO 2014


WEATHER ITEM   OBSERVED TIME   RECORD YEAR NORMAL DEPARTURE LAST
                VALUE   (LST)  VALUE       VALUE  FROM      YEAR
                                                  NORMAL
..................................................................
TEMPERATURE (F)
 YESTERDAY
  MAXIMUM         94    327 PM 112    1954  90      4       94
  MINIMUM         74    528 AM  55    1975  70      4       69
  AVERAGE         84                        80      4       82

PRECIPITATION (IN)
  YESTERDAY        0.00          0.98 1949   0.14  -0.14     0.00
  MONTH TO DATE    0.46                      1.68  -1.22     0.09
  SINCE JUN 1      4.39                      7.54  -3.15     5.48
  SINCE JAN 1     13.14                     25.49 -12.35    27.87

DEGREE DAYS
 HEATING
  YESTERDAY        0                         0      0        0
  MONTH TO DATE    0                         0      0        0
  SINCE JUN 1      2                         5     -3       12
  SINCE JUL 1      0                         0      0        0

 COOLING
  YESTERDAY       19                        15      4       17
  MONTH TO DATE  134                       176    -42      160
  SINCE JUN 1    437                       494    -57      483
  SINCE JAN 1    650                       674    -24      627
..................................................................


WIND (MPH)
  HIGHEST WIND SPEED    21   HIGHEST WIND DIRECTION    SW (210)
  HIGHEST GUST SPEED    26   HIGHEST GUST DIRECTION    SW (230)
  AVERAGE WIND SPEED    12.0


SKY COVER
  AVERAGE SKY COVER 0.0


WEATHER CONDITIONS
 THE FOLLOWING WEATHER WAS RECORDED YESTERDAY.
  NO SIGNIFICANT WEATHER WAS OBSERVED.


RELATIVE HUMIDITY (PERCENT)
 HIGHEST    82          1200 AM
 LOWEST     38          1200 PM
 AVERAGE    60

..........................................................


THE JOPLIN MO CLIMATE NORMALS FOR TODAY
                         NORMAL    RECORD    YEAR
 MAXIMUM TEMPERATURE (F)   91       113      1954
 MINIMUM TEMPERATURE (F)   70        50      1975


SUNRISE AND SUNSET
JULY 13 2014..........SUNRISE   608 AM CDT   SUNSET   839 PM CDT
JULY 14 2014..........SUNRISE   609 AM CDT   SUNSET   838 PM CDT


-  INDICATES NEGATIVE NUMBERS.
R  INDICATES RECORD WAS SET OR TIED.
MM INDICATES DATA IS MISSING.
T  INDICATES TRACE AMOUNT.




$$
