000
CDUS43 KSGF 062226
CLIJLN


CLIMATE REPORT
NATIONAL WEATHER SERVICE SPRINGFIELD MO
526 PM CDT FRI MAY 6 2016


...................................

...THE JOPLIN MO CLIMATE SUMMARY FOR MAY 6 2016...
VALID TODAY AS OF 0500 PM LOCAL TIME.

CLIMATE NORMAL PERIOD 1981 TO 2010
CLIMATE RECORD PERIOD 1902 TO 2016


WEATHER ITEM   OBSERVED TIME   RECORD YEAR NORMAL DEPARTURE LAST
                VALUE   (LST)  VALUE       VALUE  FROM      YEAR
                                                  NORMAL
..................................................................
TEMPERATURE (F)
 TODAY
  MAXIMUM         79    359 PM  90    2007  75      4       81
                                      1956
                                      1952
  MINIMUM         45    543 AM  33    1992  53     -8       61
  AVERAGE         62                        64     -2       71

PRECIPITATION (IN)
  TODAY            0.00          3.02 1973   0.20  -0.20     0.28
  MONTH TO DATE    T                         1.17  -1.17     0.28
  SINCE MAR 1      7.12                      9.06  -1.94     6.06
  SINCE JAN 1      7.79                     13.41  -5.62     7.58

DEGREE DAYS
 HEATING
  TODAY            3                         3      0        0
  MONTH TO DATE   51                        22     29        6
  SINCE MAR 1    567                       771   -204      693
  SINCE JUL 1   3317                      4025   -708     4229

 COOLING
  TODAY            0                         3     -3        6
  MONTH TO DATE    0                        14    -14       25
  SINCE MAR 1     22                        67    -45       60
  SINCE JAN 1     23                        68    -45       60
..................................................................


WIND (MPH)
  HIGHEST WIND SPEED    12   HIGHEST WIND DIRECTION     W (250)
  HIGHEST GUST SPEED    16   HIGHEST GUST DIRECTION     W (250)


SKY COVER
  AVERAGE SKY COVER 0.0


WEATHER CONDITIONS
 THE FOLLOWING WEATHER WAS RECORDED TODAY.
  HAZE


RELATIVE HUMIDITY (PERCENT)
 HIGHEST    86           300 AM
 LOWEST     32           300 PM
 AVERAGE    59

..........................................................


THE JOPLIN MO CLIMATE NORMALS FOR TOMORROW
                         NORMAL    RECORD    YEAR
 MAXIMUM TEMPERATURE (F)   76        88      1962
                                             1979
 MINIMUM TEMPERATURE (F)   54        36      1976


SUNRISE AND SUNSET
MAY  6 2016...........SUNRISE   617 AM CDT   SUNSET   812 PM CDT
MAY  7 2016...........SUNRISE   616 AM CDT   SUNSET   813 PM CDT


-  INDICATES NEGATIVE NUMBERS.
R  INDICATES RECORD WAS SET OR TIED.
MM INDICATES DATA IS MISSING.
T  INDICATES TRACE AMOUNT.




$$
