000
CDUS43 KBIS 050753
CLIJMS


CLIMATE REPORT
NATIONAL WEATHER SERVICE BISMARCK ND
252 AM CDT SAT SEP 5 2015


...................................

...THE JAMESTOWN ND CLIMATE SUMMARY FOR SEPTEMBER 4 2015...

CLIMATE NORMAL PERIOD 1981 TO 2010
CLIMATE RECORD PERIOD 1891 TO 2015


WEATHER ITEM   OBSERVED TIME   RECORD YEAR NORMAL DEPARTURE LAST
                VALUE   (LST)  VALUE       VALUE  FROM      YEAR
                                                  NORMAL
..................................................................
TEMPERATURE (F)
 YESTERDAY
  MAXIMUM         82    505 PM  98    1948  76      6       69
  MINIMUM         63   1140 PM  30    1902  50     13       54
  AVERAGE         73                        63     10       62

PRECIPITATION (IN)
  YESTERDAY        0.14          1.13 2014   0.08   0.06     1.13
  MONTH TO DATE    0.14                      0.30  -0.16     1.13
  SINCE SEP 1      0.14                      0.30  -0.16     1.13
  SINCE JAN 1     20.13                     14.49   5.64    19.81

DEGREE DAYS
 HEATING
  YESTERDAY        0                         4     -4        3
  MONTH TO DATE    0                        16    -16        6
  SINCE SEP 1      0                        16    -16        6
  SINCE JUL 1     56                        82    -26       61

 COOLING
  YESTERDAY        8                         2      6        0
  MONTH TO DATE   44                         8     36        0
  SINCE SEP 1     44                         8     36        0
  SINCE JAN 1    476                       423     53      338
..................................................................


WIND (MPH)
  HIGHEST WIND SPEED    21   HIGHEST WIND DIRECTION    SW (230)
  HIGHEST GUST SPEED    25   HIGHEST GUST DIRECTION    SW (230)
  AVERAGE WIND SPEED     8.2


SKY COVER
  POSSIBLE SUNSHINE  MM
  AVERAGE SKY COVER 0.2


WEATHER CONDITIONS
 THE FOLLOWING WEATHER WAS RECORDED YESTERDAY.
  THUNDERSTORM
  HEAVY RAIN
  RAIN
  LIGHT RAIN
  FOG
  FOG W/VISIBILITY <= 1/4 MILE


RELATIVE HUMIDITY (PERCENT)
 HIGHEST    97           900 PM
 LOWEST     62           400 PM
 AVERAGE    80

..........................................................


THE JAMESTOWN ND CLIMATE NORMALS FOR TODAY
                         NORMAL    RECORD    YEAR
 MAXIMUM TEMPERATURE (F)   75       105      1978
 MINIMUM TEMPERATURE (F)   49        28      1924


SUNRISE AND SUNSET
SEPTEMBER  5 2015.....SUNRISE   659 AM CDT   SUNSET   807 PM CDT
SEPTEMBER  6 2015.....SUNRISE   700 AM CDT   SUNSET   805 PM CDT


-  INDICATES NEGATIVE NUMBERS.
R  INDICATES RECORD WAS SET OR TIED.
MM INDICATES DATA IS MISSING.
T  INDICATES TRACE AMOUNT.




$$
