000
CDUS43 KBIS 230846
CLIJMS


CLIMATE REPORT
NATIONAL WEATHER SERVICE BISMARCK ND
245 AM CST FRI FEB 23 2018


...................................

...THE JAMESTOWN ND CLIMATE SUMMARY FOR FEBRUARY 22 2018...

CLIMATE NORMAL PERIOD 1981 TO 2010
CLIMATE RECORD PERIOD 1891 TO 2018


WEATHER ITEM   OBSERVED TIME   RECORD YEAR NORMAL DEPARTURE LAST
                VALUE   (LST)  VALUE       VALUE  FROM      YEAR
                                                  NORMAL
..................................................................
TEMPERATURE (F)
 YESTERDAY
  MAXIMUM         24    421 PM  51    1958  27     -3       35
  MINIMUM         -5    423 AM -29    1918   8    -13       25
  AVERAGE         10                        18     -8       30

PRECIPITATION (IN)
  YESTERDAY        0.05          0.68 1930   0.02   0.03     0.11
  MONTH TO DATE    0.05                      0.28  -0.23     0.20
  SINCE DEC 1      0.18                      1.13  -0.95     1.71
  SINCE JAN 1      0.06                      0.73  -0.67     0.42

DEGREE DAYS
 HEATING
  YESTERDAY       55                        47      8       35
  MONTH TO DATE 1308                      1121    187      937
  SINCE DEC 1   4454                      4399     55     4188
  SINCE JUL 1   6424                      6483    -59     5749

 COOLING
  YESTERDAY        0                         0      0        0
  MONTH TO DATE    0                         0      0        0
  SINCE DEC 1      0                         0      0        0
  SINCE JAN 1      0                         0      0        0
..................................................................


WIND (MPH)
  HIGHEST WIND SPEED    13   HIGHEST WIND DIRECTION     S (170)
  HIGHEST GUST SPEED    15   HIGHEST GUST DIRECTION     S (170)
  AVERAGE WIND SPEED     6.9


SKY COVER
  POSSIBLE SUNSHINE  MM
  AVERAGE SKY COVER 0.3


WEATHER CONDITIONS
 THE FOLLOWING WEATHER WAS RECORDED YESTERDAY.
  LIGHT SNOW
  FOG


RELATIVE HUMIDITY (PERCENT)
 HIGHEST    91          1100 PM
 LOWEST     67           100 PM
 AVERAGE    79

..........................................................


THE JAMESTOWN ND CLIMATE NORMALS FOR TODAY
                         NORMAL    RECORD    YEAR
 MAXIMUM TEMPERATURE (F)   27        60      1905
 MINIMUM TEMPERATURE (F)    9       -26      1910


SUNRISE AND SUNSET
FEBRUARY 23 2018......SUNRISE   725 AM CST   SUNSET   611 PM CST
FEBRUARY 24 2018......SUNRISE   723 AM CST   SUNSET   613 PM CST


-  INDICATES NEGATIVE NUMBERS.
R  INDICATES RECORD WAS SET OR TIED.
MM INDICATES DATA IS MISSING.
T  INDICATES TRACE AMOUNT.




$$
