000
CDUS43 KBIS 280907
CLIJMS


CLIMATE REPORT
NATIONAL WEATHER SERVICE BISMARCK ND
307 AM CST SUN DEC 28 2014


...................................

...THE JAMESTOWN ND CLIMATE SUMMARY FOR DECEMBER 27 2014...

CLIMATE NORMAL PERIOD 1981 TO 2010
CLIMATE RECORD PERIOD 1891 TO 2014


WEATHER ITEM   OBSERVED TIME   RECORD YEAR NORMAL DEPARTURE LAST
                VALUE   (LST)  VALUE       VALUE  FROM      YEAR
                                                  NORMAL
..................................................................
TEMPERATURE (F)
 YESTERDAY
  MAXIMUM         24    638 PM  47    1980  21      3       40
  MINIMUM          0    103 AM -29    1960   2     -2       19
  AVERAGE         12                        11      1       30

PRECIPITATION (IN)
  YESTERDAY        T             0.09 2003   0.01  -0.01     0.00
  MONTH TO DATE    0.03                      0.34  -0.31     0.24
  SINCE DEC 1      0.03                      0.34  -0.31     0.24
  SINCE JAN 1     21.03                     18.71   2.32    16.11

DEGREE DAYS
 HEATING
  YESTERDAY       53                        54     -1       35
  MONTH TO DATE 1209                      1360   -151     1592
  SINCE DEC 1   1209                      1360   -151     1592
  SINCE JUL 1   3372                      3444    -72     3600

 COOLING
  YESTERDAY        0                         0      0        0
  MONTH TO DATE    0                         0      0        0
  SINCE DEC 1      0                         0      0        0
  SINCE JAN 1    367                       446    -79      521
..................................................................


WIND (MPH)
  HIGHEST WIND SPEED    18   HIGHEST WIND DIRECTION    NW (320)
  HIGHEST GUST SPEED    22   HIGHEST GUST DIRECTION    NW (320)
  AVERAGE WIND SPEED     7.8


SKY COVER
  POSSIBLE SUNSHINE  MM
  AVERAGE SKY COVER 0.7


WEATHER CONDITIONS
 THE FOLLOWING WEATHER WAS RECORDED YESTERDAY.
  LIGHT SNOW
  FOG


RELATIVE HUMIDITY (PERCENT)
 HIGHEST    91           100 AM
 LOWEST     74           400 PM
 AVERAGE    83

..........................................................


THE JAMESTOWN ND CLIMATE NORMALS FOR TODAY
                         NORMAL    RECORD    YEAR
 MAXIMUM TEMPERATURE (F)   20        52      1898
 MINIMUM TEMPERATURE (F)    2       -30      1904


SUNRISE AND SUNSET
DECEMBER 28 2014......SUNRISE   820 AM CST   SUNSET   453 PM CST
DECEMBER 29 2014......SUNRISE   820 AM CST   SUNSET   454 PM CST


-  INDICATES NEGATIVE NUMBERS.
R  INDICATES RECORD WAS SET OR TIED.
MM INDICATES DATA IS MISSING.
T  INDICATES TRACE AMOUNT.




$$
