000
CDUS43 KBIS 270725
CLIJMS


CLIMATE REPORT
NATIONAL WEATHER SERVICE BISMARCK ND
125 AM CST FRI FEB 27 2015


...................................

...THE JAMESTOWN ND CLIMATE SUMMARY FOR FEBRUARY 26 2015...

CLIMATE NORMAL PERIOD 1981 TO 2010
CLIMATE RECORD PERIOD 1891 TO 2015


WEATHER ITEM   OBSERVED TIME   RECORD YEAR NORMAL DEPARTURE LAST
                VALUE   (LST)  VALUE       VALUE  FROM      YEAR
                                                  NORMAL
..................................................................
TEMPERATURE (F)
 YESTERDAY
  MAXIMUM          3    509 PM  56    1896  29    -26       17
  MINIMUM        -15    756 AM -24    1897  10    -25       -8
  AVERAGE         -6                        19    -25        5

PRECIPITATION (IN)
  YESTERDAY        0.00          0.34 1958   0.02  -0.02      T
  MONTH TO DATE    0.15                      0.36  -0.21     0.10
  SINCE DEC 1      0.45                      1.21  -0.76     0.65
  SINCE JAN 1      0.42                      0.81  -0.39     0.39

DEGREE DAYS
 HEATING
  YESTERDAY       71                        46     25       60
  MONTH TO DATE 1496                      1307    189     1519
  SINCE DEC 1   4458                      4585   -127     5126
  SINCE JUL 1   6621                      6669    -48     7134

 COOLING
  YESTERDAY        0                         0      0        0
  MONTH TO DATE    0                         0      0        0
  SINCE DEC 1      0                         0      0        0
  SINCE JAN 1      0                         0      0        0
..................................................................


WIND (MPH)
  HIGHEST WIND SPEED    20   HIGHEST WIND DIRECTION    NW (320)
  HIGHEST GUST SPEED    24   HIGHEST GUST DIRECTION    NW (330)
  AVERAGE WIND SPEED    11.1


SKY COVER
  POSSIBLE SUNSHINE  MM
  AVERAGE SKY COVER 0.0


WEATHER CONDITIONS
 THE FOLLOWING WEATHER WAS RECORDED YESTERDAY.
  NO SIGNIFICANT WEATHER WAS OBSERVED.


RELATIVE HUMIDITY (PERCENT)
 HIGHEST    81           700 AM
 LOWEST     56           300 PM
 AVERAGE    69

..........................................................


THE JAMESTOWN ND CLIMATE NORMALS FOR TODAY
                         NORMAL    RECORD    YEAR
 MAXIMUM TEMPERATURE (F)   29        60      1924
 MINIMUM TEMPERATURE (F)   11       -25      1925


SUNRISE AND SUNSET
FEBRUARY 27 2015......SUNRISE   719 AM CST   SUNSET   617 PM CST
FEBRUARY 28 2015......SUNRISE   717 AM CST   SUNSET   618 PM CST


-  INDICATES NEGATIVE NUMBERS.
R  INDICATES RECORD WAS SET OR TIED.
MM INDICATES DATA IS MISSING.
T  INDICATES TRACE AMOUNT.




$$
