000
CDUS43 KBIS 190728
CLIJMS


CLIMATE REPORT
NATIONAL WEATHER SERVICE BISMARCK ND
226 AM CDT SAT AUG 19 2017


...................................

...THE JAMESTOWN ND CLIMATE SUMMARY FOR AUGUST 18 2017...

CLIMATE NORMAL PERIOD 1981 TO 2010
CLIMATE RECORD PERIOD 1891 TO 2017


WEATHER ITEM   OBSERVED TIME   RECORD YEAR NORMAL DEPARTURE LAST
                VALUE   (LST)  VALUE       VALUE  FROM      YEAR
                                                  NORMAL
..................................................................
TEMPERATURE (F)
 YESTERDAY
  MAXIMUM         78    359 PM 104    1959  82     -4       76
  MINIMUM         58   1113 PM  38    2002  55      3       58
  AVERAGE         68                        68      0       67

PRECIPITATION (IN)
  YESTERDAY        0.45          1.93 1989   0.06   0.39     0.98
  MONTH TO DATE    3.80                      1.14   2.66     4.56
  SINCE JUN 1      6.47                      7.68  -1.21    12.89
  SINCE JAN 1      9.26                     13.23  -3.97    18.72

DEGREE DAYS
 HEATING
  YESTERDAY        0                         1     -1        0
  MONTH TO DATE   18                        17      1        0
  SINCE JUN 1     71                       136    -65       56
  SINCE JUL 1     21                        39    -18        7

 COOLING
  YESTERDAY        3                         5     -2        2
  MONTH TO DATE   25                        99    -74       85
  SINCE JUN 1    341                       351    -10      355
  SINCE JAN 1    341                       371    -30      369
..................................................................


WIND (MPH)
  HIGHEST WIND SPEED    21   HIGHEST WIND DIRECTION    NW (320)
  HIGHEST GUST SPEED    31   HIGHEST GUST DIRECTION    NW (320)
  AVERAGE WIND SPEED     5.2


SKY COVER
  POSSIBLE SUNSHINE  MM
  AVERAGE SKY COVER 0.3


WEATHER CONDITIONS
 THE FOLLOWING WEATHER WAS RECORDED YESTERDAY.
  THUNDERSTORM
  HEAVY RAIN
  RAIN
  LIGHT RAIN
  FOG


RELATIVE HUMIDITY (PERCENT)
 HIGHEST    93          1200 AM
 LOWEST     50           400 PM
 AVERAGE    72

..........................................................


THE JAMESTOWN ND CLIMATE NORMALS FOR TODAY
                         NORMAL    RECORD    YEAR
 MAXIMUM TEMPERATURE (F)   81       101      1959
 MINIMUM TEMPERATURE (F)   55        38      1956
                                             1901


SUNRISE AND SUNSET
AUGUST 19 2017........SUNRISE   638 AM CDT   SUNSET   838 PM CDT
AUGUST 20 2017........SUNRISE   639 AM CDT   SUNSET   836 PM CDT


-  INDICATES NEGATIVE NUMBERS.
R  INDICATES RECORD WAS SET OR TIED.
MM INDICATES DATA IS MISSING.
T  INDICATES TRACE AMOUNT.




$$
