000
CDUS43 KBIS 260735
CLIJMS


CLIMATE REPORT
NATIONAL WEATHER SERVICE BISMARCK ND
234 AM CDT FRI AUG 26 2016


...................................

...THE JAMESTOWN ND CLIMATE SUMMARY FOR AUGUST 25 2016...

CLIMATE NORMAL PERIOD 1981 TO 2010
CLIMATE RECORD PERIOD 1891 TO 2016


WEATHER ITEM   OBSERVED TIME   RECORD YEAR NORMAL DEPARTURE LAST
                VALUE   (LST)  VALUE       VALUE  FROM      YEAR
                                                  NORMAL
..................................................................
TEMPERATURE (F)
 YESTERDAY
  MAXIMUM         67    450 PM 100    1937  80    -13       73
  MINIMUM         55   1156 PM  35    1934  53      2       41
  AVERAGE         61                        66     -5       57

PRECIPITATION (IN)
  YESTERDAY        T             3.59 1944   0.07  -0.07     0.00
  MONTH TO DATE    4.58                      1.65   2.93     1.21
  SINCE JUN 1     12.91                      8.19   4.72     9.83
  SINCE JAN 1     18.74                     13.74   5.00    19.99

DEGREE DAYS
 HEATING
  YESTERDAY        4                         2      2        8
  MONTH TO DATE   19                        29    -10       44
  SINCE JUN 1     75                       148    -73       95
  SINCE JUL 1     26                        51    -25       53

 COOLING
  YESTERDAY        0                         4     -4        0
  MONTH TO DATE   93                       127    -34      100
  SINCE JUN 1    363                       379    -16      396
  SINCE JAN 1    377                       399    -22      404
..................................................................


WIND (MPH)
  HIGHEST WIND SPEED    22   HIGHEST WIND DIRECTION    NW (300)
  HIGHEST GUST SPEED    27   HIGHEST GUST DIRECTION     W (290)
  AVERAGE WIND SPEED    11.1


SKY COVER
  POSSIBLE SUNSHINE  MM
  AVERAGE SKY COVER 0.7


WEATHER CONDITIONS
 THE FOLLOWING WEATHER WAS RECORDED YESTERDAY.
  LIGHT RAIN


RELATIVE HUMIDITY (PERCENT)
 HIGHEST    86           100 AM
 LOWEST     58           100 PM
 AVERAGE    72

..........................................................


THE JAMESTOWN ND CLIMATE NORMALS FOR TODAY
                         NORMAL    RECORD    YEAR
 MAXIMUM TEMPERATURE (F)   79       100      1976
                                             1905
 MINIMUM TEMPERATURE (F)   53        36      1915
                                             1914


SUNRISE AND SUNSET
AUGUST 26 2016........SUNRISE   647 AM CDT   SUNSET   825 PM CDT
AUGUST 27 2016........SUNRISE   648 AM CDT   SUNSET   823 PM CDT


-  INDICATES NEGATIVE NUMBERS.
R  INDICATES RECORD WAS SET OR TIED.
MM INDICATES DATA IS MISSING.
T  INDICATES TRACE AMOUNT.




$$
