000
CDUS43 KBIS 302232
CLIJMS


CLIMATE REPORT
NATIONAL WEATHER SERVICE BISMARCK ND
532 PM CDT SAT AUG 30 2014


...................................

...THE JAMESTOWN ND CLIMATE SUMMARY FOR AUGUST 30 2014...
VALID TODAY AS OF 0500 PM LOCAL TIME.

CLIMATE NORMAL PERIOD 1981 TO 2010
CLIMATE RECORD PERIOD 1891 TO 2014


WEATHER ITEM   OBSERVED TIME   RECORD YEAR NORMAL DEPARTURE LAST
                VALUE   (LST)  VALUE       VALUE  FROM      YEAR
                                                  NORMAL
..................................................................
TEMPERATURE (F)
 TODAY
  MAXIMUM         72    359 PM  97    1929  78     -6       89
  MINIMUM         48    614 AM  34    1931  52     -4       60
  AVERAGE         60                        65     -5       75

PRECIPITATION (IN)
  TODAY            0.00          0.76 1957   0.08  -0.08     0.01
  MONTH TO DATE    2.72                      2.03   0.69     1.21
  SINCE JUN 1      9.90                      8.57   1.33     3.61
  SINCE JAN 1     18.34                     14.12   4.22     9.20

DEGREE DAYS
 HEATING
  TODAY            5                         3      2        0
  MONTH TO DATE   27                        43    -16       21
  SINCE JUN 1    114                       162    -48      129
  SINCE JUL 1     55                        65    -10       44

 COOLING
  TODAY            0                         3     -3       10
  MONTH TO DATE  111                       142    -31      165
  SINCE JUN 1    284                       394   -110      447
  SINCE JAN 1    338                       414    -76      458
..................................................................


WIND (MPH)
  RESULTANT WIND SPEED   2   RESULTANT WIND DIRECTION  NE (50)
  HIGHEST WIND SPEED    13   HIGHEST WIND DIRECTION    SE (120)
  HIGHEST GUST SPEED    17   HIGHEST GUST DIRECTION     S (170)
  AVERAGE WIND SPEED     5.4


SKY COVER
  POSSIBLE SUNSHINE  MM
  AVERAGE SKY COVER 0.2


WEATHER CONDITIONS
 THE FOLLOWING WEATHER WAS RECORDED TODAY.
  NO SIGNIFICANT WEATHER WAS OBSERVED.


RELATIVE HUMIDITY (PERCENT)
 HIGHEST   100           500 AM
 LOWEST     57           100 PM
 AVERAGE    79

..........................................................


THE JAMESTOWN ND CLIMATE NORMALS FOR TOMORROW
                         NORMAL    RECORD    YEAR
 MAXIMUM TEMPERATURE (F)   77       100      1953
 MINIMUM TEMPERATURE (F)   51        36      1909


SUNRISE AND SUNSET
AUGUST 30 2014........SUNRISE   652 AM CDT   SUNSET   818 PM CDT
AUGUST 31 2014........SUNRISE   653 AM CDT   SUNSET   816 PM CDT


-  INDICATES NEGATIVE NUMBERS.
R  INDICATES RECORD WAS SET OR TIED.
MM INDICATES DATA IS MISSING.
T  INDICATES TRACE AMOUNT.




$$
