000
CDAK47 PAJK 021139
CLIJNU
AKZ025-022300-
CLIMATE REPORT
NATIONAL WEATHER SERVICE JUNEAU, AK
337 AM AKDT TUE JUN 2 2015

...................................

...THE JUNEAU CLIMATE SUMMARY FOR JUNE 1 2015...

CLIMATE NORMAL PERIOD 1981 TO 2010
CLIMATE RECORD PERIOD 1943 TO 2015


WEATHER ITEM   OBSERVED TIME   RECORD YEAR NORMAL DEPARTURE LAST
                VALUE   (LST)  VALUE       VALUE  FROM      YEAR
                                                  NORMAL
..................................................................
TEMPERATURE (F)
 YESTERDAY
  MAXIMUM         71    427 PM  78    1958  60     11       58
  MINIMUM         47    240 AM  33    1956  45      2       43
  AVERAGE         59                        52      7       51

PRECIPITATION (IN)
  YESTERDAY        0.00          0.75 1984   0.10  -0.10     0.00
  MONTH TO DATE    0.00                      0.10  -0.10     0.00
  SINCE JUN 1      0.00                      0.10  -0.10     0.00
  SINCE JAN 1     27.82                     19.70   8.12    19.92

DEGREE DAYS
 HEATING
  YESTERDAY        6                        12     -6       14
  MONTH TO DATE    6                        12     -6       14
  SINCE JUN 1      6                        12     -6       14
  SINCE JUL 1   7103                      8048   -945     7786

 COOLING
  YESTERDAY        0                         0      0        0
  MONTH TO DATE    0                         0      0        0
  SINCE JUN 1      0                         0      0        0
  SINCE JAN 1      0                         0      0        0
..................................................................

WIND (MPH)
  HIGHEST WIND SPEED    15   HIGHEST WIND DIRECTION     W (280)
  HIGHEST GUST SPEED    17   HIGHEST GUST DIRECTION     W (280)
  AVERAGE WIND SPEED     6.4


SKY COVER
  POSSIBLE SUNSHINE  MM
  AVERAGE SKY COVER 0.6


WEATHER CONDITIONS
 THE FOLLOWING WEATHER WAS RECORDED YESTERDAY.
  NO SIGNIFICANT WEATHER WAS OBSERVED.


RELATIVE HUMIDITY (PERCENT)
 HIGHEST    93           200 AM
 LOWEST     44           400 PM
 AVERAGE    69

..........................................................


THE JUNEAU CLIMATE NORMALS FOR TODAY
                         NORMAL    RECORD    YEAR
 MAXIMUM TEMPERATURE (F)   61        82      1946
 MINIMUM TEMPERATURE (F)   45        34      1944


SUNRISE AND SUNSET
JUNE  2 2015..........SUNRISE   401 AM AKDT  SUNSET   952 PM AKDT
JUNE  3 2015..........SUNRISE   400 AM AKDT  SUNSET   954 PM AKDT


-  INDICATES NEGATIVE NUMBERS.
R  INDICATES RECORD WAS SET OR TIED.
MM INDICATES DATA IS MISSING.
T  INDICATES TRACE AMOUNT.


$$


&&
----------------------------
AMOUNT OF DAYLIGHT TODAY  (HOUR:MIN)........17:51
GAIN/LOSS SINCE YESTERDAY (HOUR:MIN:SEC)....+0:02:45
