000
CDAK47 PAJK 221127
CLIJNU
AKZ025-222300-
CLIMATE REPORT
NATIONAL WEATHER SERVICE JUNEAU, AK
326 AM AKDT FRI AUG 22 2014

...................................

...THE JUNEAU CLIMATE SUMMARY FOR AUGUST 21 2014...

CLIMATE NORMAL PERIOD 1981 TO 2010
CLIMATE RECORD PERIOD 1943 TO 2014

WEATHER ITEM   OBSERVED TIME   RECORD YEAR NORMAL DEPARTURE LAST
                VALUE   (LST)  VALUE       VALUE  FROM      YEAR
                                                  NORMAL
..................................................................
TEMPERATURE (F)
 YESTERDAY
  MAXIMUM         71    419 PM  78    1977  62      9       59
  MINIMUM         44    538 AM  38    1960  48     -4       51
  AVERAGE         58                        55      3       55

PRECIPITATION (IN)
  YESTERDAY        0.00          1.37 2000   0.19  -0.19     0.07
  MONTH TO DATE    6.69                      3.57   3.12     3.24
  SINCE JUN 1     22.34                     11.41  10.93    10.88
  SINCE JAN 1     42.26                     31.01  11.25    39.25

DEGREE DAYS
 HEATING
  YESTERDAY        7                        10     -3       10
  MONTH TO DATE  144                       176    -32      118
  SINCE JUN 1    724                       742    -18      554
  SINCE JUL 1    374                       427    -53      340

 COOLING
  YESTERDAY        0                         0      0        0
  MONTH TO DATE    0                         0      0        0
  SINCE JUN 1      0                         2     -2        9
  SINCE JAN 1      0                         2     -2        9
..................................................................

WIND (MPH)
  HIGHEST WIND SPEED    13   HIGHEST WIND DIRECTION     W (250)
  HIGHEST GUST SPEED    14   HIGHEST GUST DIRECTION    SW (240)
  AVERAGE WIND SPEED     4.0

SKY COVER
  POSSIBLE SUNSHINE  MM
  AVERAGE SKY COVER 0.2

WEATHER CONDITIONS
 THE FOLLOWING WEATHER WAS RECORDED YESTERDAY.
  FOG

RELATIVE HUMIDITY (PERCENT)
 HIGHEST   100           400 AM
 LOWEST     47           200 PM
 AVERAGE    74
..........................................................

THE JUNEAU CLIMATE NORMALS FOR TODAY
                         NORMAL    RECORD    YEAR
 MAXIMUM TEMPERATURE (F)   62        79      1979
 MINIMUM TEMPERATURE (F)   48        38      1954

SUNRISE AND SUNSET
AUGUST 22 2014........SUNRISE   536 AM AKDT  SUNSET   825 PM AKDT
AUGUST 23 2014........SUNRISE   538 AM AKDT  SUNSET   822 PM AKDT

-  INDICATES NEGATIVE NUMBERS.
R  INDICATES RECORD WAS SET OR TIED.
MM INDICATES DATA IS MISSING.
T  INDICATES TRACE AMOUNT.

$$
&&
----------------------------
AMOUNT OF DAYLIGHT TODAY  (HOUR:MIN)........14:49
GAIN/LOSS SINCE YESTERDAY (HOUR:MIN:SEC)....-0:04:54
