000
CDUS41 KCTP 012118
CLIJST


CLIMATE REPORT
NATIONAL WEATHER SERVICE STATE COLLEGE PA
518 PM EDT MON JUN 1 2015


...................................

...THE JOHNSTOWN CLIMATE SUMMARY FOR JUNE 1 2015...
VALID TODAY AS OF 0500 PM LOCAL TIME.

CLIMATE NORMAL PERIOD 1981 TO 2010
CLIMATE RECORD PERIOD 2000 TO 2015


WEATHER ITEM   OBSERVED TIME   RECORD YEAR NORMAL DEPARTURE LAST
                VALUE   (LST)  VALUE       VALUE  FROM      YEAR
                                                  NORMAL
..................................................................
TEMPERATURE (F)
 TODAY
  MAXIMUM         66   1224 AM  96    1895  70     -4       73
  MINIMUM         53   1219 PM  35    1930  52      1       50
  AVERAGE         60                        61     -1       62

PRECIPITATION (IN)
  TODAY            0.01          0.98 1942   0.15  -0.14     0.00
  MONTH TO DATE    0.01                      0.15  -0.14     0.00
  SINCE JUN 1      0.01                      0.15  -0.14     0.00
  SINCE JAN 1     14.41                     16.79  -2.38    13.56

DEGREE DAYS
 HEATING
  TODAY            5                         5      0        3
  MONTH TO DATE    5                         5      0        3
  SINCE JUN 1      5                         5      0        3
  SINCE JUL 1   6782                      6614    168     7216

 COOLING
  TODAY            0                         1     -1        0
  MONTH TO DATE    0                         1     -1        0
  SINCE JUN 1      0                         1     -1        0
  SINCE JAN 1     84                        25     59       26
..................................................................


WIND (MPH)
  HIGHEST WIND SPEED    12   HIGHEST WIND DIRECTION    NW (320)
  HIGHEST GUST SPEED    15   HIGHEST GUST DIRECTION     W (260)
  AVERAGE WIND SPEED     7.2


SKY COVER
  POSSIBLE SUNSHINE  MM
  AVERAGE SKY COVER 1.0


WEATHER CONDITIONS
 THE FOLLOWING WEATHER WAS RECORDED TODAY.
  LIGHT RAIN
  FOG
  FOG W/VISIBILITY <= 1/4 MILE


RELATIVE HUMIDITY (PERCENT)
 HIGHEST    97           500 AM
 LOWEST     86          1000 AM
 AVERAGE    92

..........................................................


THE JOHNSTOWN CLIMATE NORMALS FOR TOMORROW
                         NORMAL    RECORD    YEAR
 MAXIMUM TEMPERATURE (F)   70        97      1895
 MINIMUM TEMPERATURE (F)   52        36      1966


SUNRISE AND SUNSET
JUNE  1 2015..........SUNRISE   548 AM EDT   SUNSET   839 PM EDT
JUNE  2 2015..........SUNRISE   547 AM EDT   SUNSET   840 PM EDT


-  INDICATES NEGATIVE NUMBERS.
R  INDICATES RECORD WAS SET OR TIED.
MM INDICATES DATA IS MISSING.
T  INDICATES TRACE AMOUNT.




$$
