000
CDUS41 KCTP 280641
CLIJST


CLIMATE REPORT
NATIONAL WEATHER SERVICE STATE COLLEGE PA
241 AM EDT THU AUG 28 2014


...................................

...THE JOHNSTOWN CLIMATE SUMMARY FOR AUGUST 27 2014...

CLIMATE NORMAL PERIOD 1981 TO 2010
CLIMATE RECORD PERIOD 2000 TO 2014


WEATHER ITEM   OBSERVED TIME   RECORD YEAR NORMAL DEPARTURE LAST
                VALUE   (LST)  VALUE       VALUE  FROM      YEAR
                                                  NORMAL
..................................................................
TEMPERATURE (F)
 YESTERDAY
  MAXIMUM         82    212 PM 101    1948  74      8       76
  MINIMUM         60    515 AM  41    1944  58      2       67
  AVERAGE         71                        66      5       72

PRECIPITATION (IN)
  YESTERDAY        0.80          1.60 1899   0.11   0.69     0.10
  MONTH TO DATE    3.40                      3.36   0.04     5.00
  SINCE JUN 1     11.73                      7.21   4.52    13.47
  SINCE JAN 1     25.29                     23.85   1.44    24.39

DEGREE DAYS
 HEATING
  YESTERDAY        0                         1     -1        0
  MONTH TO DATE   27                        23      4       48
  SINCE JUN 1    116                       110      6      134
  SINCE JUL 1     76                        36     40       71

 COOLING
  YESTERDAY        6                         3      3        7
  MONTH TO DATE   67                       108    -41       50
  SINCE JUN 1    259                       333    -74      280
  SINCE JAN 1    285                       351    -66      321
..................................................................


WIND (MPH)
  HIGHEST WIND SPEED    20   HIGHEST WIND DIRECTION    NW (310)
  HIGHEST GUST SPEED    25   HIGHEST GUST DIRECTION     N (350)
  AVERAGE WIND SPEED     8.1


SKY COVER
  POSSIBLE SUNSHINE  MM
  AVERAGE SKY COVER 0.2


WEATHER CONDITIONS
 THE FOLLOWING WEATHER WAS RECORDED YESTERDAY.
  THUNDERSTORM
  HEAVY RAIN
  RAIN
  LIGHT RAIN
  FOG


RELATIVE HUMIDITY (PERCENT)
 HIGHEST    90           900 PM
 LOWEST     58           300 PM
 AVERAGE    74

..........................................................


THE JOHNSTOWN CLIMATE NORMALS FOR TODAY
                         NORMAL    RECORD    YEAR
 MAXIMUM TEMPERATURE (F)   74       100      1948
 MINIMUM TEMPERATURE (F)   58        41      1941


SUNRISE AND SUNSET
AUGUST 28 2014........SUNRISE   639 AM EDT   SUNSET   753 PM EDT
AUGUST 29 2014........SUNRISE   640 AM EDT   SUNSET   752 PM EDT


-  INDICATES NEGATIVE NUMBERS.
R  INDICATES RECORD WAS SET OR TIED.
MM INDICATES DATA IS MISSING.
T  INDICATES TRACE AMOUNT.




$$
