000
CDUS41 KCTP 292117
CLIJST


CLIMATE REPORT
NATIONAL WEATHER SERVICE STATE COLLEGE PA
517 PM EDT SAT AUG 29 2015


...................................

...THE JOHNSTOWN CLIMATE SUMMARY FOR AUGUST 29 2015...
VALID TODAY AS OF 0500 PM LOCAL TIME.

CLIMATE NORMAL PERIOD 1981 TO 2010
CLIMATE RECORD PERIOD 2000 TO 2015


WEATHER ITEM   OBSERVED TIME   RECORD YEAR NORMAL DEPARTURE LAST
                VALUE   (LST)  VALUE       VALUE  FROM      YEAR
                                                  NORMAL
..................................................................
TEMPERATURE (F)
 TODAY
  MAXIMUM         80    356 PM  99    1948  74      6       73
  MINIMUM         59    612 AM  35    1982  58      1       48
  AVERAGE         70                        66      4       61

PRECIPITATION (IN)
  TODAY            0.00          2.22 1988   0.11  -0.11     0.00
  MONTH TO DATE    2.70                      3.59  -0.89     3.40
  SINCE JUN 1     19.25                      7.44  11.81    11.73
  SINCE JAN 1     33.65                     24.08   9.57    25.29

DEGREE DAYS
 HEATING
  TODAY            0                         2     -2        4
  MONTH TO DATE   23                        26     -3       34
  SINCE JUN 1     91                       113    -22      123
  SINCE JUL 1     30                        39     -9       83

 COOLING
  TODAY            5                         2      3        0
  MONTH TO DATE  106                       113     -7       67
  SINCE JUN 1    352                       338     14      259
  SINCE JAN 1    436                       356     80      285
..................................................................


WIND (MPH)
  HIGHEST WIND SPEED    14   HIGHEST WIND DIRECTION    NW (310)
  HIGHEST GUST SPEED    19   HIGHEST GUST DIRECTION    SW (230)
  AVERAGE WIND SPEED     6.8


SKY COVER
  POSSIBLE SUNSHINE  MM
  AVERAGE SKY COVER 0.1


WEATHER CONDITIONS
 THE FOLLOWING WEATHER WAS RECORDED TODAY.
  NO SIGNIFICANT WEATHER WAS OBSERVED.


RELATIVE HUMIDITY (PERCENT)
 HIGHEST    84           400 AM
 LOWEST     42           300 PM
 AVERAGE    63

..........................................................


THE JOHNSTOWN CLIMATE NORMALS FOR TOMORROW
                         NORMAL    RECORD    YEAR
 MAXIMUM TEMPERATURE (F)   74        97      1924
 MINIMUM TEMPERATURE (F)   58        38      1986


SUNRISE AND SUNSET
AUGUST 29 2015........SUNRISE   640 AM EDT   SUNSET   752 PM EDT
AUGUST 30 2015........SUNRISE   641 AM EDT   SUNSET   751 PM EDT


-  INDICATES NEGATIVE NUMBERS.
R  INDICATES RECORD WAS SET OR TIED.
MM INDICATES DATA IS MISSING.
T  INDICATES TRACE AMOUNT.




$$
