000
CDUS41 KCTP 010610
CLIJST


CLIMATE REPORT
NATIONAL WEATHER SERVICE STATE COLLEGE PA
210 AM EDT MON MAY 1 2017


...................................

...THE JOHNSTOWN CLIMATE SUMMARY FOR APRIL 30 2017...

CLIMATE NORMAL PERIOD 1981 TO 2010
CLIMATE RECORD PERIOD 1892 TO 2017


WEATHER ITEM   OBSERVED TIME   RECORD YEAR NORMAL DEPARTURE LAST
                VALUE   (LST)  VALUE       VALUE  FROM      YEAR
                                                  NORMAL
..................................................................
TEMPERATURE (F)
 YESTERDAY
  MAXIMUM         79    435 PM  91    1899  62     17       52
  MINIMUM         56    401 AM  27    1925  43     13       45
  AVERAGE         68                        52     16       49

PRECIPITATION (IN)
  YESTERDAY        T             1.09 2015   0.11  -0.11     0.11
  MONTH TO DATE    3.62                      3.59   0.03     2.20
  SINCE MAR 1      7.68                      6.88   0.80     3.80
  SINCE JAN 1     13.34                     12.11   1.23     6.65

DEGREE DAYS
 HEATING
  YESTERDAY        0                        13    -13       16
  MONTH TO DATE  318                       539   -221      524
  SINCE MAR 1   1248                      1451   -203     1146
  SINCE JUL 1   5168                      6331  -1163     5209

 COOLING
  YESTERDAY        3                         0      3        0
  MONTH TO DATE    3                         5     -2        0
  SINCE MAR 1      3                         5     -2        0
  SINCE JAN 1      3                         5     -2        0
..................................................................


WIND (MPH)
  HIGHEST WIND SPEED    18   HIGHEST WIND DIRECTION    SE (150)
  HIGHEST GUST SPEED    27   HIGHEST GUST DIRECTION    SE (140)
  AVERAGE WIND SPEED     8.2


SKY COVER
  POSSIBLE SUNSHINE  MM
  AVERAGE SKY COVER 0.4


WEATHER CONDITIONS
 THE FOLLOWING WEATHER WAS RECORDED YESTERDAY.
  THUNDERSTORM
  LIGHT RAIN
  FOG
  FOG W/VISIBILITY <= 1/4 MILE


RELATIVE HUMIDITY (PERCENT)
 HIGHEST   100           100 AM
 LOWEST     58           400 PM
 AVERAGE    79

..........................................................


THE JOHNSTOWN CLIMATE NORMALS FOR TODAY
                         NORMAL    RECORD    YEAR
 MAXIMUM TEMPERATURE (F)   63        92      1899
 MINIMUM TEMPERATURE (F)   43        30      1963


SUNRISE AND SUNSET
MAY  1 2017...........SUNRISE   614 AM EDT   SUNSET   811 PM EDT
MAY  2 2017...........SUNRISE   613 AM EDT   SUNSET   812 PM EDT


-  INDICATES NEGATIVE NUMBERS.
R  INDICATES RECORD WAS SET OR TIED.
MM INDICATES DATA IS MISSING.
T  INDICATES TRACE AMOUNT.




$$
