000
CDUS41 KCTP 220625
CLIJST


CLIMATE REPORT
NATIONAL WEATHER SERVICE STATE COLLEGE PA
125 AM EST MON DEC 22 2014


...................................

...THE JOHNSTOWN CLIMATE SUMMARY FOR DECEMBER 21 2014...

CLIMATE NORMAL PERIOD 1981 TO 2010
CLIMATE RECORD PERIOD 2000 TO 2014


WEATHER ITEM   OBSERVED TIME   RECORD YEAR NORMAL DEPARTURE LAST
                VALUE   (LST)  VALUE       VALUE  FROM      YEAR
                                                  NORMAL
..................................................................
TEMPERATURE (F)
 YESTERDAY
  MAXIMUM         31    349 PM  62    1957  34     -3       59
  MINIMUM         23   1159 PM -10    1942  20      3       50
  AVERAGE         27                        27      0       55

PRECIPITATION (IN)
  YESTERDAY        0.00          1.58 1914   0.09  -0.09     0.52
  MONTH TO DATE    2.02                      1.72   0.30     2.07
  SINCE DEC 1      2.02                      1.72   0.30     2.07
  SINCE JAN 1     33.64                     32.77   0.87    36.06

DEGREE DAYS
 HEATING
  YESTERDAY       38                        38      0       10
  MONTH TO DATE  703                       742    -39      715
  SINCE DEC 1    703                       742    -39      715
  SINCE JUL 1   2214                      2199     15     2346

 COOLING
  YESTERDAY        0                         0      0        0
  MONTH TO DATE    0                         0      0        0
  SINCE DEC 1      0                         0      0        0
  SINCE JAN 1    341                       382    -41      393
..................................................................


WIND (MPH)
  HIGHEST WIND SPEED     9   HIGHEST WIND DIRECTION    NW (300)
  HIGHEST GUST SPEED    11   HIGHEST GUST DIRECTION     S (160)
  AVERAGE WIND SPEED     3.2


SKY COVER
  POSSIBLE SUNSHINE  MM
  AVERAGE SKY COVER 0.6


WEATHER CONDITIONS
 THE FOLLOWING WEATHER WAS RECORDED YESTERDAY.
  FOG
  HAZE


RELATIVE HUMIDITY (PERCENT)
 HIGHEST    88           200 AM
 LOWEST     69           200 PM
 AVERAGE    79

..........................................................


THE JOHNSTOWN CLIMATE NORMALS FOR TODAY
                         NORMAL    RECORD    YEAR
 MAXIMUM TEMPERATURE (F)   34        69      1949
 MINIMUM TEMPERATURE (F)   20        -6      1944


SUNRISE AND SUNSET
DECEMBER 22 2014......SUNRISE   735 AM EST   SUNSET   453 PM EST
DECEMBER 23 2014......SUNRISE   736 AM EST   SUNSET   453 PM EST


-  INDICATES NEGATIVE NUMBERS.
R  INDICATES RECORD WAS SET OR TIED.
MM INDICATES DATA IS MISSING.
T  INDICATES TRACE AMOUNT.




$$
