000
CDUS41 KCTP 260609
CLIJST


CLIMATE REPORT
NATIONAL WEATHER SERVICE STATE COLLEGE PA
208 AM EDT TUE JUL 26 2016


...................................

...THE JOHNSTOWN CLIMATE SUMMARY FOR JULY 25 2016...

CLIMATE NORMAL PERIOD 1981 TO 2010
CLIMATE RECORD PERIOD 1892 TO 2016


WEATHER ITEM   OBSERVED TIME   RECORD YEAR NORMAL DEPARTURE LAST
                VALUE   (LST)  VALUE       VALUE  FROM      YEAR
                                                  NORMAL
..................................................................
TEMPERATURE (F)
 YESTERDAY
  MAXIMUM         90    300 PM  99    1934  79     11       82
  MINIMUM         69   1159 PM  45    1957  60      9       58
  AVERAGE         80                        69     11       70

PRECIPITATION (IN)
  YESTERDAY        0.03          1.00 1968   0.13  -0.10     0.00
  MONTH TO DATE    1.83                      3.03  -1.20     4.48
  SINCE JUN 1      6.51                      3.03   3.48    16.44
  SINCE JAN 1     17.31                     19.67  -2.36    30.84

DEGREE DAYS
 HEATING
  YESTERDAY        0                         0      0        0
  MONTH TO DATE   11                         8      3        7
  SINCE JUN 1     54                        87    -33       68
  SINCE JUL 1     11                         8      3        7

 COOLING
  YESTERDAY       15                         5     10        5
  MONTH TO DATE  184                       120     64      103
  SINCE JUN 1    278                       195     83      193
  SINCE JAN 1    316                       213    103      277
..................................................................


WIND (MPH)
  HIGHEST WIND SPEED    24   HIGHEST WIND DIRECTION     N (340)
  HIGHEST GUST SPEED    33   HIGHEST GUST DIRECTION    NW (320)
  AVERAGE WIND SPEED     9.2


SKY COVER
  POSSIBLE SUNSHINE  MM
  AVERAGE SKY COVER 0.3


WEATHER CONDITIONS
 THE FOLLOWING WEATHER WAS RECORDED YESTERDAY.
  THUNDERSTORM
  HEAVY RAIN
  LIGHT RAIN
  HAZE


RELATIVE HUMIDITY (PERCENT)
 HIGHEST    84          1200 AM
 LOWEST     44           300 PM
 AVERAGE    64

..........................................................


THE JOHNSTOWN CLIMATE NORMALS FOR TODAY
                         NORMAL    RECORD    YEAR
 MAXIMUM TEMPERATURE (F)   79        99      1930
 MINIMUM TEMPERATURE (F)   60        44      1920


SUNRISE AND SUNSET
JULY 26 2016..........SUNRISE   608 AM EDT   SUNSET   835 PM EDT
JULY 27 2016..........SUNRISE   609 AM EDT   SUNSET   834 PM EDT


-  INDICATES NEGATIVE NUMBERS.
R  INDICATES RECORD WAS SET OR TIED.
MM INDICATES DATA IS MISSING.
T  INDICATES TRACE AMOUNT.




$$
