000
CDUS41 KCTP 260619
CLIJST


CLIMATE REPORT
NATIONAL WEATHER SERVICE STATE COLLEGE PA
119 AM EST SUN FEB 26 2017


...................................

...THE JOHNSTOWN CLIMATE SUMMARY FOR FEBRUARY 25 2017...

CLIMATE NORMAL PERIOD 1981 TO 2010
CLIMATE RECORD PERIOD 1892 TO 2017


WEATHER ITEM   OBSERVED TIME   RECORD YEAR NORMAL DEPARTURE LAST
                VALUE   (LST)  VALUE       VALUE  FROM      YEAR
                                                  NORMAL
..................................................................
TEMPERATURE (F)
 YESTERDAY
  MAXIMUM         59    103 AM  70    1930  37     22       44
  MINIMUM         24   1159 PM -10    1914  22      2       23
  AVERAGE         42                        29     13       34

PRECIPITATION (IN)
  YESTERDAY        0.43          1.50 1930   0.08   0.35     0.09
  MONTH TO DATE    2.33                      2.09   0.24     1.89
  SINCE DEC 1      9.70                      7.54   2.16     6.49
  SINCE JAN 1      5.52                      4.97   0.55     2.76

DEGREE DAYS
 HEATING
  YESTERDAY       23                        36    -13       31
  MONTH TO DATE  681                       956   -275      890
  SINCE DEC 1   2767                      3315   -548     2824
  SINCE JUL 1   3836                      4773   -937     3942

 COOLING
  YESTERDAY        0                         0      0        0
  MONTH TO DATE    0                         0      0        0
  SINCE DEC 1      0                         0      0        0
  SINCE JAN 1      0                         0      0        0
..................................................................


WIND (MPH)
  HIGHEST WIND SPEED    30   HIGHEST WIND DIRECTION     W (270)
  HIGHEST GUST SPEED    45   HIGHEST GUST DIRECTION     W (250)
  AVERAGE WIND SPEED    16.1


SKY COVER
  POSSIBLE SUNSHINE  MM
  AVERAGE SKY COVER 0.7


WEATHER CONDITIONS
 THE FOLLOWING WEATHER WAS RECORDED YESTERDAY.
  HEAVY RAIN
  RAIN
  LIGHT RAIN
  FOG
  HAZE


RELATIVE HUMIDITY (PERCENT)
 HIGHEST   100          1200 PM
 LOWEST     61           700 PM
 AVERAGE    81

..........................................................


THE JOHNSTOWN CLIMATE NORMALS FOR TODAY
                         NORMAL    RECORD    YEAR
 MAXIMUM TEMPERATURE (F)   37        67      1917
 MINIMUM TEMPERATURE (F)   22        -7      1900


SUNRISE AND SUNSET
FEBRUARY 26 2017......SUNRISE   653 AM EST   SUNSET   604 PM EST
FEBRUARY 27 2017......SUNRISE   651 AM EST   SUNSET   605 PM EST


-  INDICATES NEGATIVE NUMBERS.
R  INDICATES RECORD WAS SET OR TIED.
MM INDICATES DATA IS MISSING.
T  INDICATES TRACE AMOUNT.




$$
