669
CDUS41 KCTP 042119
CLIJST


CLIMATE REPORT
NATIONAL WEATHER SERVICE STATE COLLEGE PA
518 PM EDT WED MAY 4 2016


...................................

...THE JOHNSTOWN CLIMATE SUMMARY FOR MAY 4 2016...
VALID TODAY AS OF 0500 PM LOCAL TIME.

CLIMATE NORMAL PERIOD 1981 TO 2010
CLIMATE RECORD PERIOD 1892 TO 2016


WEATHER ITEM   OBSERVED TIME   RECORD YEAR NORMAL DEPARTURE LAST
                VALUE   (LST)  VALUE       VALUE  FROM      YEAR
                                                  NORMAL
..................................................................
TEMPERATURE (F)
 TODAY
  MAXIMUM         55    359 PM  91    1895  63     -8       77
  MINIMUM         46    614 AM  27    1957  44      2       55
  AVERAGE         51                        54     -3       66

PRECIPITATION (IN)
  TODAY            0.13          0.99 1921   0.13   0.00     0.00
  MONTH TO DATE    0.64                      0.47   0.17     0.06
  SINCE MAR 1      4.44                      7.35  -2.91     8.52
  SINCE JAN 1      7.29                     12.58  -5.29    11.92

DEGREE DAYS
 HEATING
  TODAY           14                        12      2        0
  MONTH TO DATE   35                        49    -14       23
  SINCE MAR 1   1181                      1500   -319     1479
  SINCE JUL 1   5244                      6380  -1136     6668

 COOLING
  TODAY            0                         0      0        1
  MONTH TO DATE    0                         0      0        1
  SINCE MAR 1      0                         5     -5        1
  SINCE JAN 1      0                         5     -5        1
..................................................................


WIND (MPH)
  HIGHEST WIND SPEED     8   HIGHEST WIND DIRECTION    NW (300)
  HIGHEST GUST SPEED    11   HIGHEST GUST DIRECTION    SW (210)
  AVERAGE WIND SPEED     4.0


SKY COVER
  POSSIBLE SUNSHINE  MM
  AVERAGE SKY COVER 0.8


WEATHER CONDITIONS
 THE FOLLOWING WEATHER WAS RECORDED TODAY.
  RAIN
  LIGHT RAIN
  FOG
  HAZE


RELATIVE HUMIDITY (PERCENT)
 HIGHEST    86           600 AM
 LOWEST     59           400 PM
 AVERAGE    73

..........................................................


THE JOHNSTOWN CLIMATE NORMALS FOR TOMORROW
                         NORMAL    RECORD    YEAR
 MAXIMUM TEMPERATURE (F)   64        93      1895
 MINIMUM TEMPERATURE (F)   44        27      1957


SUNRISE AND SUNSET
MAY  4 2016...........SUNRISE   610 AM EDT   SUNSET   814 PM EDT
MAY  5 2016...........SUNRISE   609 AM EDT   SUNSET   815 PM EDT


-  INDICATES NEGATIVE NUMBERS.
R  INDICATES RECORD WAS SET OR TIED.
MM INDICATES DATA IS MISSING.
T  INDICATES TRACE AMOUNT.




$$
