000
CDUS41 KCTP 230621
CLIJST


CLIMATE REPORT
NATIONAL WEATHER SERVICE STATE COLLEGE PA
221 AM EDT THU MAR 23 2017


...................................

...THE JOHNSTOWN CLIMATE SUMMARY FOR MARCH 22 2017...

CLIMATE NORMAL PERIOD 1981 TO 2010
CLIMATE RECORD PERIOD 1892 TO 2017


WEATHER ITEM   OBSERVED TIME   RECORD YEAR NORMAL DEPARTURE LAST
                VALUE   (LST)  VALUE       VALUE  FROM      YEAR
                                                  NORMAL
..................................................................
TEMPERATURE (F)
 YESTERDAY
  MAXIMUM         38   1209 AM  85    1938  46     -8       56
  MINIMUM         20   1159 PM   9    1965  30    -10       27
  AVERAGE         29                        38     -9       42

PRECIPITATION (IN)
  YESTERDAY        T             1.60 1916   0.11  -0.11     0.00
  MONTH TO DATE    2.36                      2.11   0.25     1.20
  SINCE MAR 1      2.36                      2.11   0.25     1.20
  SINCE JAN 1      8.02                      7.34   0.68     4.05

DEGREE DAYS
 HEATING
  YESTERDAY       36                        27      9       23
  MONTH TO DATE  771                       684     87      481
  SINCE MAR 1    771                       684     87      481
  SINCE JUL 1   4691                      5563   -872     4544

 COOLING
  YESTERDAY        0                         0      0        0
  MONTH TO DATE    0                         0      0        0
  SINCE MAR 1      0                         0      0        0
  SINCE JAN 1      0                         0      0        0
..................................................................


WIND (MPH)
  HIGHEST WIND SPEED    31   HIGHEST WIND DIRECTION    NW (320)
  HIGHEST GUST SPEED    37   HIGHEST GUST DIRECTION     N (340)
  AVERAGE WIND SPEED    16.7


SKY COVER
  POSSIBLE SUNSHINE  MM
  AVERAGE SKY COVER 0.3


WEATHER CONDITIONS
 THE FOLLOWING WEATHER WAS RECORDED YESTERDAY.
  LIGHT SNOW


RELATIVE HUMIDITY (PERCENT)
 HIGHEST    72           200 AM
 LOWEST     26           400 PM
 AVERAGE    49

..........................................................


THE JOHNSTOWN CLIMATE NORMALS FOR TODAY
                         NORMAL    RECORD    YEAR
 MAXIMUM TEMPERATURE (F)   46        86      1907
 MINIMUM TEMPERATURE (F)   30        13      1940


SUNRISE AND SUNSET
MARCH 23 2017.........SUNRISE   713 AM EDT   SUNSET   731 PM EDT
MARCH 24 2017.........SUNRISE   712 AM EDT   SUNSET   732 PM EDT


-  INDICATES NEGATIVE NUMBERS.
R  INDICATES RECORD WAS SET OR TIED.
MM INDICATES DATA IS MISSING.
T  INDICATES TRACE AMOUNT.




$$
