079
CDUS41 KCTP 190619
CLIJST


CLIMATE REPORT
NATIONAL WEATHER SERVICE STATE COLLEGE PA
219 AM EDT SAT AUG 19 2017


...................................

...THE JOHNSTOWN CLIMATE SUMMARY FOR AUGUST 18 2017...

CLIMATE NORMAL PERIOD 1981 TO 2010
CLIMATE RECORD PERIOD 1892 TO 2017


WEATHER ITEM   OBSERVED TIME   RECORD YEAR NORMAL DEPARTURE LAST
                VALUE   (LST)  VALUE       VALUE  FROM      YEAR
                                                  NORMAL
..................................................................
TEMPERATURE (F)
 YESTERDAY
  MAXIMUM         80    445 PM  99    1965  76      4       79
  MINIMUM         66   1157 PM  41    1957  60      6       65
  AVERAGE         73                        68      5       72

PRECIPITATION (IN)
  YESTERDAY        0.98          1.11 1932   0.13   0.85     0.00
  MONTH TO DATE    1.57                      2.30  -0.73     2.70
  SINCE JUN 1     13.67                      6.15   7.52    11.90
  SINCE JAN 1     33.56                     22.79  10.77    22.70

DEGREE DAYS
 HEATING
  YESTERDAY        0                         1     -1        0
  MONTH TO DATE   10                        14     -4        0
  SINCE JUN 1     73                       101    -28       54
  SINCE JUL 1     14                        27    -13       11

 COOLING
  YESTERDAY        8                         4      4        7
  MONTH TO DATE   69                        79    -10      158
  SINCE JUN 1    346                       304     42      484
  SINCE JAN 1    375                       322     53      522
..................................................................


WIND (MPH)
  HIGHEST WIND SPEED    20   HIGHEST WIND DIRECTION     W (250)
  HIGHEST GUST SPEED    26   HIGHEST GUST DIRECTION    SW (230)
  AVERAGE WIND SPEED     9.0


SKY COVER
  POSSIBLE SUNSHINE  MM
  AVERAGE SKY COVER 0.7


WEATHER CONDITIONS
 THE FOLLOWING WEATHER WAS RECORDED YESTERDAY.
  HEAVY RAIN
  RAIN
  LIGHT RAIN
  FOG


RELATIVE HUMIDITY (PERCENT)
 HIGHEST   100           300 AM
 LOWEST     62           400 PM
 AVERAGE    81

..........................................................


THE JOHNSTOWN CLIMATE NORMALS FOR TODAY
                         NORMAL    RECORD    YEAR
 MAXIMUM TEMPERATURE (F)   76        96      1914
 MINIMUM TEMPERATURE (F)   60        44      1915


SUNRISE AND SUNSET
AUGUST 19 2017........SUNRISE   630 AM EDT   SUNSET   807 PM EDT
AUGUST 20 2017........SUNRISE   631 AM EDT   SUNSET   805 PM EDT


-  INDICATES NEGATIVE NUMBERS.
R  INDICATES RECORD WAS SET OR TIED.
MM INDICATES DATA IS MISSING.
T  INDICATES TRACE AMOUNT.




$$
