000
CDUS43 KGRR 061334
CLIJXN


CLIMATE REPORT
NATIONAL WEATHER SERVICE GRAND RAPIDS, MI
933 AM EDT FRI MAY 6 2016


...................................

...THE JACKSON MI CLIMATE SUMMARY FOR MAY 6 2016...
VALID AS OF 0900 AM LOCAL TIME.

CLIMATE NORMAL PERIOD 1981 TO 2010
CLIMATE RECORD PERIOD 1944 TO 9999


WEATHER ITEM   OBSERVED TIME   NORMAL DEPARTURE LAST
                VALUE   (LST)  VALUE  FROM      YEAR
                                      NORMAL
......................................................
TEMPERATURE (F)
 TODAY
  MAXIMUM         51   1227 AM  66    -15       72
  MINIMUM         39    610 AM  43     -4       51
  AVERAGE         45            55    -10       62

PRECIPITATION (IN)
  TODAY            0.00          0.09  -0.09     0.08
  MONTH TO DATE    0.34          0.60  -0.26     2.02
  SINCE MAR 1      6.26          5.11   1.15     5.09
  SINCE JAN 1      8.13          7.89   0.24     7.17

DEGREE DAYS
 HEATING
  TODAY           20            11      9        3
  MONTH TO DATE   93            69     24       28
  SINCE MAR 1   1359          1501   -142     1532
  SINCE JUL 1   5481          6415   -934     7036

 COOLING
  TODAY            0             0      0        0
  MONTH TO DATE    0             0      0        1
  SINCE MAR 1      0             6     -6        1
  SINCE JAN 1      0             6     -6        1
......................................................


WIND (MPH)
  RESULTANT WIND SPEED   2   RESULTANT WIND DIRECTION   W (260)
  HIGHEST WIND SPEED     8   HIGHEST WIND DIRECTION    NW (310)
  HIGHEST GUST SPEED    11   HIGHEST GUST DIRECTION    NW (320)
  AVERAGE WIND SPEED     2.9


SKY COVER
  AVERAGE SKY COVER 0.0


WEATHER CONDITIONS
 THE FOLLOWING WEATHER WAS RECORDED TODAY.
  NO SIGNIFICANT WEATHER WAS OBSERVED.


RELATIVE HUMIDITY (PERCENT)
 HIGHEST    93           500 AM
 LOWEST     80          1200 AM
 AVERAGE    87

..........................................................


THE JACKSON MI CLIMATE NORMALS FOR TOMORROW
                         NORMAL
 MAXIMUM TEMPERATURE (F)   66
 MINIMUM TEMPERATURE (F)   44


SUNRISE AND SUNSET
MAY  6 2016...........SUNRISE   626 AM EDT   SUNSET   843 PM EDT
MAY  7 2016...........SUNRISE   625 AM EDT   SUNSET   844 PM EDT


-  INDICATES NEGATIVE NUMBERS.
R  INDICATES RECORD WAS SET OR TIED.
MM INDICATES DATA IS MISSING.
T  INDICATES TRACE AMOUNT.




$$

63
