000
CDUS43 KGRR 240537 CCA
CLIJXN

CLIMATE REPORT
NATIONAL WEATHER SERVICE GRAND RAPIDS, MI
1216 AM EST SAT FEB 24 2018


...................................

...THE JACKSON MI CLIMATE SUMMARY FOR FEBRUARY 23 2018...

CLIMATE NORMAL PERIOD 1981 TO 2010
CLIMATE RECORD PERIOD 1944 TO 9999


WEATHER ITEM   OBSERVED TIME   NORMAL DEPARTURE LAST
                VALUE   (LST)  VALUE  FROM      YEAR
                                      NORMAL
......................................................
TEMPERATURE (F)
 YESTERDAY
  MAXIMUM         47   1258 PM  37     10       64
  MINIMUM         34    612 AM  20     14       45
  AVERAGE         41            28     13       55

PRECIPITATION (IN)
  YESTERDAY        0.08          0.05   0.03     0.06
  MONTH TO DATE    4.31          1.02   3.29     1.45
  SINCE DEC 1      5.72          4.38   1.34     4.81
  SINCE JAN 1      5.04          2.51   2.53     3.93

DEGREE DAYS
 HEATING
  YESTERDAY       24            37    -13       10
  MONTH TO DATE  876           903    -27      675
  SINCE DEC 1   3357          3330     27     2921
  SINCE JUL 1   4599          4734   -135     3891

 COOLING
  YESTERDAY        0             0      0        0
  MONTH TO DATE    0             0      0        0
  SINCE DEC 1      0             0      0        0
  SINCE JAN 1      0             0      0        0
......................................................


WIND (MPH)
  RESULTANT WIND SPEED   4   RESULTANT WIND DIRECTION   S (200)
  HIGHEST WIND SPEED    20   HIGHEST WIND DIRECTION    SW (240)
  HIGHEST GUST SPEED    26   HIGHEST GUST DIRECTION    SW (230)
  AVERAGE WIND SPEED    10.8


SKY COVER
  AVERAGE SKY COVER 1.0


WEATHER CONDITIONS
 THE FOLLOWING WEATHER WAS RECORDED YESTERDAY.
  LIGHT RAIN
  FOG


RELATIVE HUMIDITY (PERCENT)
 HIGHEST   100           400 AM
 LOWEST     75          1200 AM
 AVERAGE    88

..........................................................


THE JACKSON MI CLIMATE NORMALS FOR TODAY
                         NORMAL
 MAXIMUM TEMPERATURE (F)   37
 MINIMUM TEMPERATURE (F)   20


SUNRISE AND SUNSET
FEBRUARY 24 2018......SUNRISE   721 AM EST   SUNSET   622 PM EST
FEBRUARY 25 2018......SUNRISE   719 AM EST   SUNSET   623 PM EST


-  INDICATES NEGATIVE NUMBERS.
R  INDICATES RECORD WAS SET OR TIED.
MM INDICATES DATA IS MISSING.
T  INDICATES TRACE AMOUNT.




$$
