645
CDUS43 KGRR 230550
CLIJXN


CLIMATE REPORT
NATIONAL WEATHER SERVICE GRAND RAPIDS, MI
149 AM EDT TUE MAY 23 2017


...................................

...THE JACKSON MI CLIMATE SUMMARY FOR MAY 22 2017...

CLIMATE NORMAL PERIOD 1981 TO 2010
CLIMATE RECORD PERIOD 1944 TO 9999


WEATHER ITEM   OBSERVED TIME   NORMAL DEPARTURE LAST
                VALUE   (LST)  VALUE  FROM      YEAR
                                      NORMAL
......................................................
TEMPERATURE (F)
 YESTERDAY
  MAXIMUM         69    424 PM  71     -2       71
  MINIMUM         50    651 AM  48      2       49
  AVERAGE         60            60      0       60

PRECIPITATION (IN)
  YESTERDAY        0.00          0.11  -0.11     0.00
  MONTH TO DATE    3.45          2.31   1.14     1.66
  SINCE MAR 1     12.27          6.82   5.45     7.58
  SINCE JAN 1     17.21          9.60   7.61     9.45

DEGREE DAYS
 HEATING
  YESTERDAY        5             7     -2        5
  MONTH TO DATE  228           208     20      245
  SINCE MAR 1   1498          1640   -142     1511
  SINCE JUL 1   5506          6554  -1048     5633

 COOLING
  YESTERDAY        0             1     -1        0
  MONTH TO DATE   25            15     10        1
  SINCE MAR 1     32            21     11        1
  SINCE JAN 1     32            21     11        1
......................................................


WIND (MPH)
  RESULTANT WIND SPEED  12   RESULTANT WIND DIRECTION   W (250)
  HIGHEST WIND SPEED    24   HIGHEST WIND DIRECTION    SW (240)
  HIGHEST GUST SPEED    31   HIGHEST GUST DIRECTION     W (250)
  AVERAGE WIND SPEED    12.5


SKY COVER
  AVERAGE SKY COVER 0.6


WEATHER CONDITIONS
 THE FOLLOWING WEATHER WAS RECORDED YESTERDAY.
  NO SIGNIFICANT WEATHER WAS OBSERVED.


RELATIVE HUMIDITY (PERCENT)
 HIGHEST    77           100 AM
 LOWEST     44           100 PM
 AVERAGE    61

..........................................................


THE JACKSON MI CLIMATE NORMALS FOR TODAY
                         NORMAL
 MAXIMUM TEMPERATURE (F)   71
 MINIMUM TEMPERATURE (F)   48


SUNRISE AND SUNSET
MAY 23 2017...........SUNRISE   609 AM EDT   SUNSET   900 PM EDT
MAY 24 2017...........SUNRISE   609 AM EDT   SUNSET   901 PM EDT


-  INDICATES NEGATIVE NUMBERS.
R  INDICATES RECORD WAS SET OR TIED.
MM INDICATES DATA IS MISSING.
T  INDICATES TRACE AMOUNT.




$$
