000
CDUS43 KGRR 150519
CLIJXN


CLIMATE REPORT
NATIONAL WEATHER SERVICE GRAND RAPIDS, MI
118 AM EDT MON SEP 15 2014


...................................

...THE JACKSON MI CLIMATE SUMMARY FOR SEPTEMBER 14 2014...

CLIMATE NORMAL PERIOD 1981 TO 2010
CLIMATE RECORD PERIOD 1944 TO 9999


WEATHER ITEM   OBSERVED TIME   NORMAL DEPARTURE LAST
                VALUE   (LST)  VALUE  FROM      YEAR
                                      NORMAL
......................................................
TEMPERATURE (F)
 YESTERDAY
  MAXIMUM         64    331 PM  74    -10       67
  MINIMUM         38    229 AM  52    -14       38
  AVERAGE         51            63    -12       53

PRECIPITATION (IN)
  YESTERDAY        0.00          0.11  -0.11     0.00
  MONTH TO DATE    1.39          1.58  -0.19     2.12
  SINCE SEP 1      1.39          1.58  -0.19     2.12
  SINCE JAN 1     24.40         22.50   1.90    26.67

DEGREE DAYS
 HEATING
  YESTERDAY       14             4     10       12
  MONTH TO DATE   53            39     14       35
  SINCE SEP 1     53            39     14       35
  SINCE JUL 1     95            74     21       83

 COOLING
  YESTERDAY        0             2     -2        0
  MONTH TO DATE   49            39     10       55
  SINCE SEP 1     49            39     10       55
  SINCE JAN 1    495           568    -73      595
......................................................


WIND (MPH)
  RESULTANT WIND SPEED   2   RESULTANT WIND DIRECTION   S (190)
  HIGHEST WIND SPEED    13   HIGHEST WIND DIRECTION    SW (220)
  HIGHEST GUST SPEED    18   HIGHEST GUST DIRECTION    SW (210)
  AVERAGE WIND SPEED     2.8


SKY COVER
  AVERAGE SKY COVER 0.6


WEATHER CONDITIONS
 THE FOLLOWING WEATHER WAS RECORDED YESTERDAY.
  FOG


RELATIVE HUMIDITY (PERCENT)
 HIGHEST   100           500 AM
 LOWEST     47          1100 AM
 AVERAGE    74

..........................................................


THE JACKSON MI CLIMATE NORMALS FOR TODAY
                         NORMAL
 MAXIMUM TEMPERATURE (F)   73
 MINIMUM TEMPERATURE (F)   51


SUNRISE AND SUNSET
SEPTEMBER 15 2014.....SUNRISE   718 AM EDT   SUNSET   747 PM EDT
SEPTEMBER 16 2014.....SUNRISE   719 AM EDT   SUNSET   746 PM EDT


-  INDICATES NEGATIVE NUMBERS.
R  INDICATES RECORD WAS SET OR TIED.
MM INDICATES DATA IS MISSING.
T  INDICATES TRACE AMOUNT.




$$
