000
CDUS43 KGRR 050513
CLIJXN


CLIMATE REPORT
NATIONAL WEATHER SERVICE GRAND RAPIDS, MI
112 AM EDT SUN JUL 5 2015


...................................

...THE JACKSON MI CLIMATE SUMMARY FOR JULY 4 2015...

CLIMATE NORMAL PERIOD 1981 TO 2010
CLIMATE RECORD PERIOD 1944 TO 9999


WEATHER ITEM   OBSERVED TIME   NORMAL DEPARTURE LAST
                VALUE   (LST)  VALUE  FROM      YEAR
                                      NORMAL
......................................................
TEMPERATURE (F)
 YESTERDAY
  MAXIMUM         78    453 PM  82     -4       75
  MINIMUM         51    418 AM  60     -9       49
  AVERAGE         65            71     -6       62

PRECIPITATION (IN)
  YESTERDAY        0.00          0.11  -0.11     0.00
  MONTH TO DATE    0.01          0.44  -0.43     0.82
  SINCE JUN 1      7.24          3.71   3.53     5.58
  SINCE JAN 1     17.87         14.31   3.56    17.91

DEGREE DAYS
 HEATING
  YESTERDAY        0             0      0        3
  MONTH TO DATE    6             1      5        5
  SINCE JUN 1     38            56    -18       36
  SINCE JUL 1      6             1      5        5

 COOLING
  YESTERDAY        0             7     -7        0
  MONTH TO DATE    0            26    -26       11
  SINCE JUN 1     86           152    -66      152
  SINCE JAN 1    141           189    -48      186
......................................................


WIND (MPH)
  RESULTANT WIND SPEED   1   RESULTANT WIND DIRECTION   W (260)
  HIGHEST WIND SPEED     8   HIGHEST WIND DIRECTION     W (250)
  HIGHEST GUST SPEED    11   HIGHEST GUST DIRECTION    NW (330)
  AVERAGE WIND SPEED     2.9


SKY COVER
  AVERAGE SKY COVER 0.0


WEATHER CONDITIONS
 THE FOLLOWING WEATHER WAS RECORDED YESTERDAY.
  FOG


RELATIVE HUMIDITY (PERCENT)
 HIGHEST   100           400 AM
 LOWEST     47           200 PM
 AVERAGE    74

..........................................................


THE JACKSON MI CLIMATE NORMALS FOR TODAY
                         NORMAL
 MAXIMUM TEMPERATURE (F)   82
 MINIMUM TEMPERATURE (F)   60


SUNRISE AND SUNSET
JULY  5 2015..........SUNRISE   607 AM EDT   SUNSET   917 PM EDT
JULY  6 2015..........SUNRISE   608 AM EDT   SUNSET   917 PM EDT


-  INDICATES NEGATIVE NUMBERS.
R  INDICATES RECORD WAS SET OR TIED.
MM INDICATES DATA IS MISSING.
T  INDICATES TRACE AMOUNT.




$$
