000
CDUS43 KGRR 280519
CLIJXN


CLIMATE REPORT
NATIONAL WEATHER SERVICE GRAND RAPIDS, MI
119 AM EDT SAT MAY 28 2016


...................................

...THE JACKSON MI CLIMATE SUMMARY FOR MAY 27 2016...

CLIMATE NORMAL PERIOD 1981 TO 2010
CLIMATE RECORD PERIOD 1944 TO 9999


WEATHER ITEM   OBSERVED TIME   NORMAL DEPARTURE LAST
                VALUE   (LST)  VALUE  FROM      YEAR
                                      NORMAL
......................................................
TEMPERATURE (F)
 YESTERDAY
  MAXIMUM         82    514 PM  73      9       79
  MINIMUM         61    515 AM  50     11       58
  AVERAGE         72            61     11       69

PRECIPITATION (IN)
  YESTERDAY        0.00          0.11  -0.11     0.28
  MONTH TO DATE    1.67          2.87  -1.20     3.06
  SINCE MAR 1      7.59          7.38   0.21     6.13
  SINCE JAN 1      9.46         10.16  -0.70     8.21

DEGREE DAYS
 HEATING
  YESTERDAY        0             5     -5        0
  MONTH TO DATE  252           238     14      138
  SINCE MAR 1   1518          1670   -152     1642
  SINCE JUL 1   5640          6584   -944     7146

 COOLING
  YESTERDAY        7             2      5        4
  MONTH TO DATE   26            24      2       49
  SINCE MAR 1     26            30     -4       49
  SINCE JAN 1     26            30     -4       49
......................................................


WIND (MPH)
  RESULTANT WIND SPEED   5   RESULTANT WIND DIRECTION   S (180)
  HIGHEST WIND SPEED    16   HIGHEST WIND DIRECTION     S (190)
  HIGHEST GUST SPEED    22   HIGHEST GUST DIRECTION     S (200)
  AVERAGE WIND SPEED     5.9


SKY COVER
  AVERAGE SKY COVER 0.0


WEATHER CONDITIONS
 THE FOLLOWING WEATHER WAS RECORDED YESTERDAY.
  NO SIGNIFICANT WEATHER WAS OBSERVED.


RELATIVE HUMIDITY (PERCENT)
 HIGHEST   100           500 AM
 LOWEST     51           300 PM
 AVERAGE    76

..........................................................


THE JACKSON MI CLIMATE NORMALS FOR TODAY
                         NORMAL
 MAXIMUM TEMPERATURE (F)   73
 MINIMUM TEMPERATURE (F)   50


SUNRISE AND SUNSET
MAY 28 2016...........SUNRISE   606 AM EDT   SUNSET   905 PM EDT
MAY 29 2016...........SUNRISE   605 AM EDT   SUNSET   906 PM EDT


-  INDICATES NEGATIVE NUMBERS.
R  INDICATES RECORD WAS SET OR TIED.
MM INDICATES DATA IS MISSING.
T  INDICATES TRACE AMOUNT.




$$
