000
CDUS43 KGRR 230516
CLIJXN


CLIMATE REPORT
NATIONAL WEATHER SERVICE GRAND RAPIDS, MI
116 AM EDT WED AUG 23 2017


...................................

...THE JACKSON MI CLIMATE SUMMARY FOR AUGUST 22 2017...

CLIMATE NORMAL PERIOD 1981 TO 2010
CLIMATE RECORD PERIOD 1944 TO 9999


WEATHER ITEM   OBSERVED TIME   NORMAL DEPARTURE LAST
                VALUE   (LST)  VALUE  FROM      YEAR
                                      NORMAL
......................................................
TEMPERATURE (F)
 YESTERDAY
  MAXIMUM         77    444 PM  80     -3       75
  MINIMUM         58   1154 PM  59     -1       54
  AVERAGE         68            69     -1       65

PRECIPITATION (IN)
  YESTERDAY        0.04          0.11  -0.07     0.00
  MONTH TO DATE    1.48          2.50  -1.02     8.25
  SINCE JUN 1      4.96          9.35  -4.39    15.55
  SINCE JAN 1     22.93         19.95   2.98    25.05

DEGREE DAYS
 HEATING
  YESTERDAY        0             1     -1        0
  MONTH TO DATE    2            18    -16        0
  SINCE JUN 1     33            84    -51       34
  SINCE JUL 1      2            29    -27        4

 COOLING
  YESTERDAY        3             5     -2        0
  MONTH TO DATE   95           125    -30      202
  SINCE JUN 1    481           453     28      611
  SINCE JAN 1    517           490     27      664
......................................................


WIND (MPH)
  RESULTANT WIND SPEED  10   RESULTANT WIND DIRECTION  SW (230)
  HIGHEST WIND SPEED    25   HIGHEST WIND DIRECTION    SW (210)
  HIGHEST GUST SPEED    40   HIGHEST GUST DIRECTION    SW (210)
  AVERAGE WIND SPEED    12.1


SKY COVER
  AVERAGE SKY COVER 0.4


WEATHER CONDITIONS
 THE FOLLOWING WEATHER WAS RECORDED YESTERDAY.
  LIGHT RAIN
  FOG


RELATIVE HUMIDITY (PERCENT)
 HIGHEST    90          1200 AM
 LOWEST     49           600 PM
 AVERAGE    70

..........................................................


THE JACKSON MI CLIMATE NORMALS FOR TODAY
                         NORMAL
 MAXIMUM TEMPERATURE (F)   80
 MINIMUM TEMPERATURE (F)   58


SUNRISE AND SUNSET
AUGUST 23 2017........SUNRISE   654 AM EDT   SUNSET   826 PM EDT
AUGUST 24 2017........SUNRISE   655 AM EDT   SUNSET   824 PM EDT


-  INDICATES NEGATIVE NUMBERS.
R  INDICATES RECORD WAS SET OR TIED.
MM INDICATES DATA IS MISSING.
T  INDICATES TRACE AMOUNT.




$$
