000
CDUS43 KGRR 030542
CLIJXN


CLIMATE REPORT
NATIONAL WEATHER SERVICE GRAND RAPIDS, MI
141 AM EDT WED JUN 3 2015


...................................

...THE JACKSON MI CLIMATE SUMMARY FOR JUNE 2 2015...

CLIMATE NORMAL PERIOD 1981 TO 2010
CLIMATE RECORD PERIOD 1944 TO 9999


WEATHER ITEM   OBSERVED TIME   NORMAL DEPARTURE LAST
                VALUE   (LST)  VALUE  FROM      YEAR
                                      NORMAL
......................................................
TEMPERATURE (F)
 YESTERDAY
  MAXIMUM         71    402 PM  75     -4       82
  MINIMUM         41    535 AM  52    -11       66
  AVERAGE         56            63     -7       74

PRECIPITATION (IN)
  YESTERDAY        0.00          0.10  -0.10     1.71
  MONTH TO DATE    0.00          0.20  -0.20     1.71
  SINCE JUN 1      0.00          0.20  -0.20     1.71
  SINCE JAN 1     10.63         10.80  -0.17    14.04

DEGREE DAYS
 HEATING
  YESTERDAY        9             4      5        0
  MONTH TO DATE   19             8     11        0
  SINCE JUN 1     19             8     11        0
  SINCE JUL 1   7183          6610    573     7502

 COOLING
  YESTERDAY        0             2     -2        9
  MONTH TO DATE    0             4     -4       13
  SINCE JUN 1      0             4     -4       13
  SINCE JAN 1     55            41     14       47
......................................................


WIND (MPH)
  RESULTANT WIND SPEED   3   RESULTANT WIND DIRECTION   E (110)
  HIGHEST WIND SPEED    14   HIGHEST WIND DIRECTION    SE (140)
  HIGHEST GUST SPEED    18   HIGHEST GUST DIRECTION    SE (120)
  AVERAGE WIND SPEED     4.6


SKY COVER
  AVERAGE SKY COVER 0.1


WEATHER CONDITIONS
 THE FOLLOWING WEATHER WAS RECORDED YESTERDAY.
  FOG


RELATIVE HUMIDITY (PERCENT)
 HIGHEST   100           600 AM
 LOWEST     47           200 PM
 AVERAGE    74

..........................................................


THE JACKSON MI CLIMATE NORMALS FOR TODAY
                         NORMAL
 MAXIMUM TEMPERATURE (F)   75
 MINIMUM TEMPERATURE (F)   52


SUNRISE AND SUNSET
JUNE  3 2015..........SUNRISE   603 AM EDT   SUNSET   909 PM EDT
JUNE  4 2015..........SUNRISE   603 AM EDT   SUNSET   910 PM EDT


-  INDICATES NEGATIVE NUMBERS.
R  INDICATES RECORD WAS SET OR TIED.
MM INDICATES DATA IS MISSING.
T  INDICATES TRACE AMOUNT.




$$

63
