000
CDUS43 KIND 230608
CLILAF


CLIMATE REPORT
NATIONAL WEATHER SERVICE INDIANAPOLIS IN
158 AM EDT FRI JUN 23 2017


...................................

...THE LAFAYETTE IN CLIMATE SUMMARY FOR JUNE 22 2017...

CLIMATE NORMAL PERIOD 1981 TO 2010
CLIMATE RECORD PERIOD 9999 TO 9999


WEATHER ITEM   OBSERVED TIME   NORMAL DEPARTURE LAST
                VALUE   (LST)  VALUE  FROM      YEAR
                                      NORMAL
......................................................
TEMPERATURE (F)
 YESTERDAY
  MAXIMUM         84    110 PM  84      0       82
  MINIMUM         72   1159 PM  62     10       61
  AVERAGE         78            73      5       72

PRECIPITATION (IN)
  YESTERDAY        T             0.13  -0.13     0.67
  MONTH TO DATE    2.55          3.01  -0.46     3.15
  SINCE JUN 1      2.55          3.01  -0.46     3.15
  SINCE JAN 1     22.96         17.03   5.93    15.26

DEGREE DAYS
 HEATING
  YESTERDAY        0             0      0        0
  MONTH TO DATE    6            22    -16        6
  SINCE JUN 1      6            22    -16        6
  SINCE JUL 1   4910          5672   -762     5025

 COOLING
  YESTERDAY       13             9      4        7
  MONTH TO DATE  167           143     24      172
  SINCE JUN 1    167           143     24      172
  SINCE JAN 1    224           220      4      240
......................................................


WIND (MPH)
  HIGHEST WIND SPEED    21   HIGHEST WIND DIRECTION     S (190)
  HIGHEST GUST SPEED    30   HIGHEST GUST DIRECTION     S (180)
  AVERAGE WIND SPEED     8.4


SKY COVER
  AVERAGE SKY COVER 0.5


WEATHER CONDITIONS
 THE FOLLOWING WEATHER WAS RECORDED YESTERDAY.
  LIGHT RAIN


RELATIVE HUMIDITY (PERCENT)
 HIGHEST    93          1200 AM
 LOWEST     69           600 PM
 AVERAGE    81

..........................................................


THE LAFAYETTE IN CLIMATE NORMALS FOR TODAY
                         NORMAL
 MAXIMUM TEMPERATURE (F)   84
 MINIMUM TEMPERATURE (F)   63


SUNRISE AND SUNSET
JUNE 23 2017..........SUNRISE   618 AM EDT   SUNSET   922 PM EDT
JUNE 24 2017..........SUNRISE   619 AM EDT   SUNSET   922 PM EDT


-  INDICATES NEGATIVE NUMBERS.
R  INDICATES RECORD WAS SET OR TIED.
MM INDICATES DATA IS MISSING.
T  INDICATES TRACE AMOUNT.




$$
