000
CDUS43 KIND 300533
CLILAF


CLIMATE REPORT
NATIONAL WEATHER SERVICE INDIANAPOLIS IN
133 AM EDT MON MAR 30 2015


...................................

...THE LAFAYETTE IN CLIMATE SUMMARY FOR MARCH 29 2015...

CLIMATE NORMAL PERIOD 1981 TO 2010
CLIMATE RECORD PERIOD 9999 TO 9999


WEATHER ITEM   OBSERVED TIME   NORMAL DEPARTURE LAST
                VALUE   (LST)  VALUE  FROM      YEAR
                                      NORMAL
......................................................
TEMPERATURE (F)
 YESTERDAY
  MAXIMUM         48   1050 PM  56     -8       39
  MINIMUM         25   1240 AM  36    -11       28
  AVERAGE         37            46     -9       34

PRECIPITATION (IN)
  YESTERDAY        0.02          0.10  -0.08     0.06
  MONTH TO DATE    0.78          2.46  -1.68     1.50
  SINCE MAR 1      0.78          2.46  -1.68     1.50
  SINCE JAN 1      2.51          6.08  -3.57     4.84

DEGREE DAYS
 HEATING
  YESTERDAY       28            19      9       31
  MONTH TO DATE  852           714    138      946
  SINCE MAR 1    852           714    138      946
  SINCE JUL 1   5930          5048    882     5908

 COOLING
  YESTERDAY        0             0      0        0
  MONTH TO DATE    0             0      0        0
  SINCE MAR 1      0             0      0        0
  SINCE JAN 1      0             0      0        0
......................................................


WIND (MPH)
  HIGHEST WIND SPEED    22   HIGHEST WIND DIRECTION     S (200)
  HIGHEST GUST SPEED    34   HIGHEST GUST DIRECTION     S (200)
  AVERAGE WIND SPEED    10.5


SKY COVER
  AVERAGE SKY COVER 0.4


WEATHER CONDITIONS
 THE FOLLOWING WEATHER WAS RECORDED YESTERDAY.
  LIGHT RAIN


RELATIVE HUMIDITY (PERCENT)
 HIGHEST    76           800 PM
 LOWEST     30          1200 PM
 AVERAGE    53

..........................................................


THE LAFAYETTE IN CLIMATE NORMALS FOR TODAY
                         NORMAL
 MAXIMUM TEMPERATURE (F)   57
 MINIMUM TEMPERATURE (F)   36


SUNRISE AND SUNSET
MARCH 30 2015.........SUNRISE   735 AM EDT   SUNSET   810 PM EDT
MARCH 31 2015.........SUNRISE   734 AM EDT   SUNSET   811 PM EDT


-  INDICATES NEGATIVE NUMBERS.
R  INDICATES RECORD WAS SET OR TIED.
MM INDICATES DATA IS MISSING.
T  INDICATES TRACE AMOUNT.




$$
