961
CDUS43 KIND 240532
CLILAF


CLIMATE REPORT
NATIONAL WEATHER SERVICE INDIANAPOLIS IN
132 AM EDT WED MAY 24 2017


...................................

...THE LAFAYETTE IN CLIMATE SUMMARY FOR MAY 23 2017...

CLIMATE NORMAL PERIOD 1981 TO 2010
CLIMATE RECORD PERIOD 9999 TO 9999


WEATHER ITEM   OBSERVED TIME   NORMAL DEPARTURE LAST
                VALUE   (LST)  VALUE  FROM      YEAR
                                      NORMAL
......................................................
TEMPERATURE (F)
 YESTERDAY
  MAXIMUM         70    544 PM  75     -5       79
  MINIMUM         55    541 AM  53      2       44
  AVERAGE         63            64     -1       62

PRECIPITATION (IN)
  YESTERDAY        0.00          0.14  -0.14     0.00
  MONTH TO DATE    6.61          3.07   3.54     1.76
  SINCE MAR 1     14.88          9.28   5.60     9.19
  SINCE JAN 1     19.78         12.90   6.88    11.92

DEGREE DAYS
 HEATING
  YESTERDAY        2             4     -2        3
  MONTH TO DATE  188           138     50      208
  SINCE MAR 1   1193          1294   -101     1211
  SINCE JUL 1   4881          5628   -747     5019

 COOLING
  YESTERDAY        0             3     -3        0
  MONTH TO DATE   36            38     -2        4
  SINCE MAR 1     50            51     -1        6
  SINCE JAN 1     50            51     -1        6
......................................................


WIND (MPH)
  HIGHEST WIND SPEED    12   HIGHEST WIND DIRECTION     N (340)
  HIGHEST GUST SPEED    15   HIGHEST GUST DIRECTION    NW (330)
  AVERAGE WIND SPEED     3.4


SKY COVER
  AVERAGE SKY COVER 0.7


WEATHER CONDITIONS
 THE FOLLOWING WEATHER WAS RECORDED YESTERDAY.
  FOG


RELATIVE HUMIDITY (PERCENT)
 HIGHEST    93           600 AM
 LOWEST     47           600 PM
 AVERAGE    70

..........................................................


THE LAFAYETTE IN CLIMATE NORMALS FOR TODAY
                         NORMAL
 MAXIMUM TEMPERATURE (F)   76
 MINIMUM TEMPERATURE (F)   53


SUNRISE AND SUNSET
MAY 24 2017...........SUNRISE   624 AM EDT   SUNSET   906 PM EDT
MAY 25 2017...........SUNRISE   623 AM EDT   SUNSET   907 PM EDT


-  INDICATES NEGATIVE NUMBERS.
R  INDICATES RECORD WAS SET OR TIED.
MM INDICATES DATA IS MISSING.
T  INDICATES TRACE AMOUNT.




$$
