000
CDUS43 KGRR 310515
CLILAN


CLIMATE REPORT
NATIONAL WEATHER SERVICE GRAND RAPIDS, MI
1214 AM EST SAT JAN 31 2015


...................................

...THE LANSING MI CLIMATE SUMMARY FOR JANUARY 30 2015...

CLIMATE NORMAL PERIOD 1981 TO 2010
CLIMATE RECORD PERIOD 1864 TO 2015


WEATHER ITEM   OBSERVED TIME   RECORD YEAR NORMAL DEPARTURE LAST
                VALUE   (LST)  VALUE       VALUE  FROM      YEAR
                                                  NORMAL
..................................................................
TEMPERATURE (F)
 YESTERDAY
  MAXIMUM         23   1250 AM  56    2013  30     -7       28
  MINIMUM         16    831 PM -22    1867  17     -1       12
  AVERAGE         20                        24     -4       20

PRECIPITATION (IN)
  YESTERDAY        T             1.10 1947   0.04  -0.04     0.03
  MONTH TO DATE    1.35                      1.60  -0.25     2.16
  SINCE DEC 1      2.91                      3.47  -0.56     4.04
  SINCE JAN 1      1.35                      1.60  -0.25     2.16

SNOWFALL (IN)
  YESTERDAY        T             6.1  1939   0.5   -0.5      0.3
  MONTH TO DATE   11.2                      13.4   -2.2     23.5
  SINCE DEC 1     12.7                      26.4  -13.7     39.3
  SINCE JUL 1     18.9                      30.2  -11.3     40.0
  SNOW DEPTH       3

DEGREE DAYS
 HEATING
  YESTERDAY       45                        42      3       45
  MONTH TO DATE 1338                      1251     87     1490
  SINCE DEC 1   2367                      2389    -22     2707
  SINCE JUL 1   3963                      3803    160     4153

 COOLING
  YESTERDAY        0                         0      0        0
  MONTH TO DATE    0                         0      0        0
  SINCE DEC 1      0                         0      0        0
  SINCE JAN 1      0                         0      0        0
..................................................................


WIND (MPH)
  RESULTANT WIND SPEED   8   RESULTANT WIND DIRECTION  NW (320)
  HIGHEST WIND SPEED    22   HIGHEST WIND DIRECTION    NW (310)
  HIGHEST GUST SPEED    30   HIGHEST GUST DIRECTION     N (340)
  AVERAGE WIND SPEED    10.5


SKY COVER
  AVERAGE SKY COVER 0.6


WEATHER CONDITIONS
 THE FOLLOWING WEATHER WAS RECORDED YESTERDAY.
  LIGHT SNOW


RELATIVE HUMIDITY (PERCENT)
 HIGHEST    74          1100 PM
 LOWEST     56           100 PM
 AVERAGE    65

..........................................................


THE LANSING MI CLIMATE NORMALS FOR TODAY
                         NORMAL    RECORD    YEAR
 MAXIMUM TEMPERATURE (F)   30        61      1989
 MINIMUM TEMPERATURE (F)   17       -14      1899


SUNRISE AND SUNSET
JANUARY 31 2015.......SUNRISE   754 AM EST   SUNSET   550 PM EST
FEBRUARY  1 2015......SUNRISE   753 AM EST   SUNSET   551 PM EST


-  INDICATES NEGATIVE NUMBERS.
R  INDICATES RECORD WAS SET OR TIED.
MM INDICATES DATA IS MISSING.
T  INDICATES TRACE AMOUNT.




$$

63
