000
CDUS43 KGRR 280532
CLILAN


CLIMATE REPORT
NATIONAL WEATHER SERVICE GRAND RAPIDS, MI
131 AM EDT SUN AUG 28 2016


...................................

...THE LANSING MI CLIMATE SUMMARY FOR AUGUST 27 2016...

CLIMATE NORMAL PERIOD 1981 TO 2010
CLIMATE RECORD PERIOD 1864 TO 2016


WEATHER ITEM   OBSERVED TIME   RECORD YEAR NORMAL DEPARTURE LAST
                VALUE   (LST)  VALUE       VALUE  FROM      YEAR
                                                  NORMAL
..................................................................
TEMPERATURE (F)
 YESTERDAY
  MAXIMUM         78    548 PM  98    1973  79     -1       68
                                      1948
  MINIMUM         62    110 AM  36    1888  58      4       49
  AVERAGE         70                        68      2       59

PRECIPITATION (IN)
  YESTERDAY        0.38          3.39 2013   0.11   0.27     0.00
  MONTH TO DATE    6.41                      2.81   3.60     6.60
  SINCE JUN 1     10.35                      9.10   1.25    18.06
  SINCE JAN 1     23.26                     20.67   2.59    26.11

SNOWFALL (IN)
  YESTERDAY        0.0           0.0    MM   0.0    0.0      0.0
  MONTH TO DATE    0.0                       0.0    0.0      0.0
  SINCE JUN 1      0.0                       0.0    0.0      0.0
  SINCE JUL 1      0.0                       0.0    0.0      0.0
  SNOW DEPTH       0

DEGREE DAYS
 HEATING
  YESTERDAY        0                         1     -1        6
  MONTH TO DATE    0                        23    -23       17
  SINCE JUN 1     37                        89    -52       65
  SINCE JUL 1      3                        34    -31       29

 COOLING
  YESTERDAY        5                         4      1        0
  MONTH TO DATE  248                       151     97      153
  SINCE JUN 1    670                       496    174      420
  SINCE JAN 1    732                       537    195      479
..................................................................


WIND (MPH)
  RESULTANT WIND SPEED   4   RESULTANT WIND DIRECTION  SE (130)
  HIGHEST WIND SPEED    22   HIGHEST WIND DIRECTION    NW (320)
  HIGHEST GUST SPEED    28   HIGHEST GUST DIRECTION    NW (310)
  AVERAGE WIND SPEED     6.4


SKY COVER
  AVERAGE SKY COVER 0.6


WEATHER CONDITIONS
 THE FOLLOWING WEATHER WAS RECORDED YESTERDAY.
  THUNDERSTORM
  RAIN
  LIGHT RAIN
  FOG


RELATIVE HUMIDITY (PERCENT)
 HIGHEST    93          1200 PM
 LOWEST     78           200 AM
 AVERAGE    86

..........................................................


THE LANSING MI CLIMATE NORMALS FOR TODAY
                         NORMAL    RECORD    YEAR
 MAXIMUM TEMPERATURE (F)   79        99      1973
 MINIMUM TEMPERATURE (F)   58        36      1986
                                             1982


SUNRISE AND SUNSET
AUGUST 28 2016........SUNRISE   659 AM EDT   SUNSET   819 PM EDT
AUGUST 29 2016........SUNRISE   700 AM EDT   SUNSET   817 PM EDT


-  INDICATES NEGATIVE NUMBERS.
R  INDICATES RECORD WAS SET OR TIED.
MM INDICATES DATA IS MISSING.
T  INDICATES TRACE AMOUNT.




$$
