000
CDUS43 KGRR 240521
CLILAN


CLIMATE REPORT
NATIONAL WEATHER SERVICE GRAND RAPIDS, MI
120 AM EDT SUN SEP 24 2017


...................................

...THE LANSING MI CLIMATE SUMMARY FOR SEPTEMBER 23 2017...

CLIMATE NORMAL PERIOD 1981 TO 2010
CLIMATE RECORD PERIOD 1864 TO 2017


WEATHER ITEM   OBSERVED TIME   RECORD YEAR NORMAL DEPARTURE LAST
                VALUE   (LST)  VALUE       VALUE  FROM      YEAR
                                                  NORMAL
..................................................................
TEMPERATURE (F)
 YESTERDAY
  MAXIMUM         93R   415 PM  90    1891  70     23       71
  MINIMUM         64    614 AM  26    1995  48     16       58
                                      1887
  AVERAGE         79                        59     20       65

PRECIPITATION (IN)
  YESTERDAY        0.00          2.33 1945   0.13  -0.13     0.00
  MONTH TO DATE    0.79                      2.70  -1.91     1.48
  SINCE SEP 1      0.79                      2.70  -1.91     1.48
  SINCE JAN 1     26.09                     23.79   2.30    24.96

SNOWFALL (IN)
  YESTERDAY        0.0           T    1989   0.0    0.0      0.0
                                      1928
  MONTH TO DATE    0.0                       0.0    0.0      0.0
  SINCE SEP 1      0.0                       0.0    0.0      0.0
  SINCE JUL 1      0.0                       0.0    0.0      0.0
  SNOW DEPTH       0

DEGREE DAYS
 HEATING
  YESTERDAY        0                         7     -7        0
  MONTH TO DATE   76                        93    -17       10
  SINCE SEP 1     76                        93    -17       10
  SINCE JUL 1    105                       128    -23       13

 COOLING
  YESTERDAY       14                         1     13        0
  MONTH TO DATE   91                        55     36       89
  SINCE SEP 1     91                        55     36       89
  SINCE JAN 1    725                       612    113      855
..................................................................


WIND (MPH)
  RESULTANT WIND SPEED   3   RESULTANT WIND DIRECTION   S (160)
  HIGHEST WIND SPEED    10   HIGHEST WIND DIRECTION     S (160)
  HIGHEST GUST SPEED    13   HIGHEST GUST DIRECTION     S (160)
  AVERAGE WIND SPEED     3.7


SKY COVER
  AVERAGE SKY COVER 0.0


WEATHER CONDITIONS
 THE FOLLOWING WEATHER WAS RECORDED YESTERDAY.
  NO SIGNIFICANT WEATHER WAS OBSERVED.


RELATIVE HUMIDITY (PERCENT)
 HIGHEST    87           200 AM
 LOWEST     32           400 PM
 AVERAGE    60

..........................................................


THE LANSING MI CLIMATE NORMALS FOR TODAY
                         NORMAL    RECORD    YEAR
 MAXIMUM TEMPERATURE (F)   69        90      1891
 MINIMUM TEMPERATURE (F)   48        26      1976


SUNRISE AND SUNSET
SEPTEMBER 24 2017.....SUNRISE   728 AM EDT   SUNSET   732 PM EDT
SEPTEMBER 25 2017.....SUNRISE   729 AM EDT   SUNSET   730 PM EDT


-  INDICATES NEGATIVE NUMBERS.
R  INDICATES RECORD WAS SET OR TIED.
MM INDICATES DATA IS MISSING.
T  INDICATES TRACE AMOUNT.




$$
