000
CDUS43 KGRR 060521
CLILAN


CLIMATE REPORT
NATIONAL WEATHER SERVICE GRAND RAPIDS, MI
1220 AM EST TUE DEC 6 2016


...................................

...THE LANSING MI CLIMATE SUMMARY FOR DECEMBER 5 2016...

CLIMATE NORMAL PERIOD 1981 TO 2010
CLIMATE RECORD PERIOD 1864 TO 2016


WEATHER ITEM   OBSERVED TIME   RECORD YEAR NORMAL DEPARTURE LAST
                VALUE   (LST)  VALUE       VALUE  FROM      YEAR
                                                  NORMAL
..................................................................
TEMPERATURE (F)
 YESTERDAY
  MAXIMUM         39    225 PM  69    2001  38      1       44
  MINIMUM         27   1129 PM -11    1886  26      1       28
  AVERAGE         33                        32      1       36

PRECIPITATION (IN)
  YESTERDAY        T             1.02 1999   0.07  -0.07     0.00
  MONTH TO DATE    0.37                      0.35   0.02     0.10
  SINCE DEC 1      0.37                      0.35   0.02     0.10
  SINCE JAN 1     33.56                     30.25   3.31    31.90

SNOWFALL (IN)
  YESTERDAY        T             5.3  1926   0.3   -0.3      0.0
  MONTH TO DATE    2.5                       1.6    0.9       T
  SINCE DEC 1      2.5                       1.6    0.9       T
  SINCE JUL 1      2.5                       5.4   -2.9      8.2
  SNOW DEPTH       T

DEGREE DAYS
 HEATING
  YESTERDAY       32                        33     -1       29
  MONTH TO DATE  145                       163    -18      137
  SINCE DEC 1    145                       163    -18      137
  SINCE JUL 1   1120                      1577   -457     1245

 COOLING
  YESTERDAY        0                         0      0        0
  MONTH TO DATE    0                         0      0        0
  SINCE DEC 1      0                         0      0        0
  SINCE JAN 1    869                       625    244      615
..................................................................


WIND (MPH)
  RESULTANT WIND SPEED   8   RESULTANT WIND DIRECTION  SW (230)
  HIGHEST WIND SPEED    16   HIGHEST WIND DIRECTION    SW (220)
  HIGHEST GUST SPEED    22   HIGHEST GUST DIRECTION     W (260)
  AVERAGE WIND SPEED     8.6


SKY COVER
  AVERAGE SKY COVER 0.8


WEATHER CONDITIONS
 THE FOLLOWING WEATHER WAS RECORDED YESTERDAY.
  LIGHT SNOW
  FOG


RELATIVE HUMIDITY (PERCENT)
 HIGHEST    92           100 AM
 LOWEST     70           200 PM
 AVERAGE    81

..........................................................


THE LANSING MI CLIMATE NORMALS FOR TODAY
                         NORMAL    RECORD    YEAR
 MAXIMUM TEMPERATURE (F)   37        65      1998
 MINIMUM TEMPERATURE (F)   25       -17      1964


SUNRISE AND SUNSET
DECEMBER  6 2016......SUNRISE   755 AM EST   SUNSET   504 PM EST
DECEMBER  7 2016......SUNRISE   756 AM EST   SUNSET   504 PM EST


-  INDICATES NEGATIVE NUMBERS.
R  INDICATES RECORD WAS SET OR TIED.
MM INDICATES DATA IS MISSING.
T  INDICATES TRACE AMOUNT.




$$
