000
CDUS43 KGRR 300522
CLILAN


CLIMATE REPORT
NATIONAL WEATHER SERVICE GRAND RAPIDS, MI
122 AM EDT FRI SEP 30 2016


...................................

...THE LANSING MI CLIMATE SUMMARY FOR SEPTEMBER 29 2016...

CLIMATE NORMAL PERIOD 1981 TO 2010
CLIMATE RECORD PERIOD 1864 TO 2016


WEATHER ITEM   OBSERVED TIME   RECORD YEAR NORMAL DEPARTURE LAST
                VALUE   (LST)  VALUE       VALUE  FROM      YEAR
                                                  NORMAL
..................................................................
TEMPERATURE (F)
 YESTERDAY
  MAXIMUM         61   1114 AM  91    1953  67     -6       70
  MINIMUM         55    120 AM  22    1867  46      9       49
  AVERAGE         58                        56      2       60

PRECIPITATION (IN)
  YESTERDAY        1.22          1.51 1896   0.10   1.12     0.01
  MONTH TO DATE    2.90                      3.39  -0.49     1.34
  SINCE SEP 1      2.90                      3.39  -0.49     1.34
  SINCE JAN 1     26.38                     24.48   1.90    27.67

SNOWFALL (IN)
  YESTERDAY        0.0           T    1967   0.0    0.0      0.0
  MONTH TO DATE    0.0                       0.0    0.0      0.0
  SINCE SEP 1      0.0                       0.0    0.0      0.0
  SINCE JUL 1      0.0                       0.0    0.0      0.0
  SNOW DEPTH       0

DEGREE DAYS
 HEATING
  YESTERDAY        7                         9     -2        5
  MONTH TO DATE   45                       143    -98       57
  SINCE SEP 1     45                       143    -98       57
  SINCE JUL 1     48                       178   -130       88

 COOLING
  YESTERDAY        0                         1     -1        0
  MONTH TO DATE   89                        61     28      122
  SINCE SEP 1     89                        61     28      122
  SINCE JAN 1    855                       618    237      615
..................................................................


WIND (MPH)
  RESULTANT WIND SPEED  12   RESULTANT WIND DIRECTION  NE (40)
  HIGHEST WIND SPEED    20   HIGHEST WIND DIRECTION    NE (50)
  HIGHEST GUST SPEED    27   HIGHEST GUST DIRECTION    NE (50)
  AVERAGE WIND SPEED    12.4


SKY COVER
  AVERAGE SKY COVER 1.0


WEATHER CONDITIONS
 THE FOLLOWING WEATHER WAS RECORDED YESTERDAY.
  HEAVY RAIN
  RAIN
  LIGHT RAIN
  FOG


RELATIVE HUMIDITY (PERCENT)
 HIGHEST    93           800 AM
 LOWEST     86          1200 AM
 AVERAGE    90

..........................................................


THE LANSING MI CLIMATE NORMALS FOR TODAY
                         NORMAL    RECORD    YEAR
 MAXIMUM TEMPERATURE (F)   67        89      1897
 MINIMUM TEMPERATURE (F)   46        21      1899


SUNRISE AND SUNSET
SEPTEMBER 30 2016.....SUNRISE   735 AM EDT   SUNSET   721 PM EDT
OCTOBER  1 2016.......SUNRISE   736 AM EDT   SUNSET   719 PM EDT


-  INDICATES NEGATIVE NUMBERS.
R  INDICATES RECORD WAS SET OR TIED.
MM INDICATES DATA IS MISSING.
T  INDICATES TRACE AMOUNT.




$$
