899
CDUS45 KCYS 300732
CLILAR


CLIMATE REPORT
NATIONAL WEATHER SERVICE CHEYENNE WY
130 AM MDT SAT JUL 30 2016


...................................

...THE LARAMIE WY AIRPORT CLIMATE SUMMARY FOR JULY 29 2016...

CLIMATE NORMAL PERIOD 1981 TO 2010
CLIMATE RECORD PERIOD 1948 TO 2016


WEATHER ITEM   OBSERVED TIME   RECORD YEAR NORMAL DEPARTURE LAST
                VALUE   (LST)  VALUE       VALUE  FROM      YEAR
                                                  NORMAL
..................................................................
TEMPERATURE (F)
 YESTERDAY
  MAXIMUM         84    324 PM  93    2006  80      4       79
  MINIMUM         50    619 AM  39    1967  49      1       44
  AVERAGE         67                        65      2       62

PRECIPITATION (IN)
  YESTERDAY        0.00          1.02 2014   0.05  -0.05     0.00
  MONTH TO DATE    0.40                      1.33  -0.93     2.37
  SINCE JAN 1      9.02                      6.82   2.20     8.54

DEGREE DAYS
 HEATING
  YESTERDAY        0                         2     -2        3
  MONTH TO DATE   39                        68    -29       72
  SINCE JUN 1    146                       309   -163      192
  SINCE JUL 1     39                        68    -29       72

 COOLING
  YESTERDAY        2                         1      1        0
  MONTH TO DATE   67                        35     32       20
  SINCE JUN 1     88                        42     46       34
  SINCE JAN 1     88                        42     46       34
..................................................................


WIND (MPH)
  HIGHEST WIND SPEED    29   HIGHEST WIND DIRECTION     E (90)
  HIGHEST GUST SPEED    40   HIGHEST GUST DIRECTION     E (70)
  AVERAGE WIND SPEED    10.4


SKY COVER
  AVERAGE SKY COVER 0.1


WEATHER CONDITIONS
 THE FOLLOWING WEATHER WAS RECORDED YESTERDAY.
  FOG
  FOG W/VISIBILITY <= 1/4 MILE


RELATIVE HUMIDITY (PERCENT)
 HIGHEST   100           400 AM
 LOWEST     16           100 PM
 AVERAGE    58

..........................................................


THE LARAMIE WY AIRPORT CLIMATE NORMALS FOR TODAY
                         NORMAL    RECORD    YEAR
 MAXIMUM TEMPERATURE (F)   80        92      2006
 MINIMUM TEMPERATURE (F)   49        35      1971


SUNRISE AND SUNSET
JULY 30 2016..........SUNRISE   556 AM MDT   SUNSET   821 PM MDT
JULY 31 2016..........SUNRISE   557 AM MDT   SUNSET   820 PM MDT


-  INDICATES NEGATIVE NUMBERS.
R  INDICATES RECORD WAS SET OR TIED.
MM INDICATES DATA IS MISSING.
T  INDICATES TRACE AMOUNT.




$$
