000
CDUS45 KCYS 290727
CLILAR


CLIMATE REPORT
NATIONAL WEATHER SERVICE CHEYENNE WY
127 AM MDT WED JUL 29 2015


...................................

...THE LARAMIE WY AIRPORT CLIMATE SUMMARY FOR JULY 28 2015...

CLIMATE NORMAL PERIOD 1981 TO 2010
CLIMATE RECORD PERIOD 1948 TO 2015


WEATHER ITEM   OBSERVED TIME   RECORD YEAR NORMAL DEPARTURE LAST
                VALUE   (LST)  VALUE       VALUE  FROM      YEAR
                                                  NORMAL
..................................................................
TEMPERATURE (F)
 YESTERDAY
  MAXIMUM         76    338 PM  91    2006  81     -5       82
                                      1978
  MINIMUM         43    413 AM  39    1972  49     -6       48
  AVERAGE         60                        65     -5       65

PRECIPITATION (IN)
  YESTERDAY        0.00          0.59 1950   0.05  -0.05     0.00
  MONTH TO DATE    2.36                      1.28   1.08     1.96
  SINCE JAN 1      8.53                      6.77   1.76     7.80

DEGREE DAYS
 HEATING
  YESTERDAY        5                         2      3        0
  MONTH TO DATE   69                        66      3       37
  SINCE JUN 1    189                       307   -118      279
  SINCE JUL 1     69                        66      3       37

 COOLING
  YESTERDAY        0                         1     -1        0
  MONTH TO DATE   20                        34    -14       62
  SINCE JUN 1     34                        41     -7       65
  SINCE JAN 1     34                        41     -7       65
..................................................................


WIND (MPH)
  HIGHEST WIND SPEED    28   HIGHEST WIND DIRECTION     W (270)
  HIGHEST GUST SPEED    37   HIGHEST GUST DIRECTION     W (250)
  AVERAGE WIND SPEED    10.5


SKY COVER
  AVERAGE SKY COVER 0.0


WEATHER CONDITIONS
 THE FOLLOWING WEATHER WAS RECORDED YESTERDAY.
  NO SIGNIFICANT WEATHER WAS OBSERVED.


RELATIVE HUMIDITY (PERCENT)
 HIGHEST    54           600 AM
 LOWEST     15           200 PM
 AVERAGE    35

..........................................................


THE LARAMIE WY AIRPORT CLIMATE NORMALS FOR TODAY
                         NORMAL    RECORD    YEAR
 MAXIMUM TEMPERATURE (F)   80        93      2006
 MINIMUM TEMPERATURE (F)   49        39      1967


SUNRISE AND SUNSET
JULY 29 2015..........SUNRISE   555 AM MDT   SUNSET   823 PM MDT
JULY 30 2015..........SUNRISE   556 AM MDT   SUNSET   822 PM MDT


-  INDICATES NEGATIVE NUMBERS.
R  INDICATES RECORD WAS SET OR TIED.
MM INDICATES DATA IS MISSING.
T  INDICATES TRACE AMOUNT.




$$
