723
CDUS45 KCYS 070734
CLILAR


CLIMATE REPORT
NATIONAL WEATHER SERVICE CHEYENNE WY
1233 AM MST SUN FEB 7 2016


...................................

...THE LARAMIE WY AIRPORT CLIMATE SUMMARY FOR FEBRUARY 6 2016...

CLIMATE NORMAL PERIOD 1981 TO 2010
CLIMATE RECORD PERIOD 1948 TO 2016


WEATHER ITEM   OBSERVED TIME   RECORD YEAR NORMAL DEPARTURE LAST
                VALUE   (LST)  VALUE       VALUE  FROM      YEAR
                                                  NORMAL
..................................................................
TEMPERATURE (F)
 YESTERDAY
  MAXIMUM         37    256 PM  57    2015  34      3       57
  MINIMUM         17    345 AM -37    1989  10      7       37
  AVERAGE         27                        22      5       47

PRECIPITATION (IN)
  YESTERDAY        0.00          0.18 1979   0.01  -0.01     0.00
  MONTH TO DATE    0.01                      0.07  -0.06     0.27
  SINCE JAN 1      0.32                      0.34  -0.02     0.39

DEGREE DAYS
 HEATING
  YESTERDAY       38                        43     -5       18
  MONTH TO DATE  240                       258    -18      181
  SINCE DEC 1   3087                      2961    126     2679
  SINCE JUL 1   5011                      5273   -262     4807

 COOLING
  YESTERDAY        0                         0      0        0
  MONTH TO DATE    0                         0      0        0
  SINCE DEC 1      0                         0      0        0
  SINCE JAN 1      0                         0      0        0
..................................................................


WIND (MPH)
  HIGHEST WIND SPEED    37   HIGHEST WIND DIRECTION     W (270)
  HIGHEST GUST SPEED    45   HIGHEST GUST DIRECTION     W (260)
  AVERAGE WIND SPEED    21.7


SKY COVER
  AVERAGE SKY COVER 0.0


WEATHER CONDITIONS
 THE FOLLOWING WEATHER WAS RECORDED YESTERDAY.
  NO SIGNIFICANT WEATHER WAS OBSERVED.


RELATIVE HUMIDITY (PERCENT)
 HIGHEST    67          1200 AM
 LOWEST     47           400 PM
 AVERAGE    57

..........................................................


THE LARAMIE WY AIRPORT CLIMATE NORMALS FOR TODAY
                         NORMAL    RECORD    YEAR
 MAXIMUM TEMPERATURE (F)   34        59      1987
 MINIMUM TEMPERATURE (F)   10       -27      2003


SUNRISE AND SUNSET
FEBRUARY  7 2016......SUNRISE   708 AM MST   SUNSET   526 PM MST
FEBRUARY  8 2016......SUNRISE   707 AM MST   SUNSET   527 PM MST


-  INDICATES NEGATIVE NUMBERS.
R  INDICATES RECORD WAS SET OR TIED.
MM INDICATES DATA IS MISSING.
T  INDICATES TRACE AMOUNT.




$$
