000
CDUS45 KCYS 300735
CLILAR


CLIMATE REPORT
NATIONAL WEATHER SERVICE CHEYENNE WY
135 AM MDT TUE AUG 30 2016


...................................

...THE LARAMIE WY AIRPORT CLIMATE SUMMARY FOR AUGUST 29 2016...

CLIMATE NORMAL PERIOD 1981 TO 2010
CLIMATE RECORD PERIOD 1948 TO 2016


WEATHER ITEM   OBSERVED TIME   RECORD YEAR NORMAL DEPARTURE LAST
                VALUE   (LST)  VALUE       VALUE  FROM      YEAR
                                                  NORMAL
..................................................................
TEMPERATURE (F)
 YESTERDAY
  MAXIMUM         79   1252 PM  88    1948  75      4       83
  MINIMUM         42    529 AM  31    1962  44     -2       42
  AVERAGE         61                        60      1       63

PRECIPITATION (IN)
  YESTERDAY        0.00          0.36 1951   0.04  -0.04     0.00
  MONTH TO DATE    1.03                      1.16  -0.13     1.12
  SINCE JAN 1     10.05                      8.08   1.97     9.68

DEGREE DAYS
 HEATING
  YESTERDAY        4                         5     -1        2
  MONTH TO DATE  114                        90     24       69
  SINCE JUN 1    260                       400   -140      267
  SINCE JUL 1    153                       159     -6      147

 COOLING
  YESTERDAY        0                         0      0        0
  MONTH TO DATE   20                        17      3       30
  SINCE JUN 1    115                        64     51       64
  SINCE JAN 1    115                        64     51       64
..................................................................


WIND (MPH)
  HIGHEST WIND SPEED    22   HIGHEST WIND DIRECTION     E (90)
  HIGHEST GUST SPEED    29   HIGHEST GUST DIRECTION     E (80)
  AVERAGE WIND SPEED     8.0


SKY COVER
  AVERAGE SKY COVER 0.0


WEATHER CONDITIONS
 THE FOLLOWING WEATHER WAS RECORDED YESTERDAY.
  NO SIGNIFICANT WEATHER WAS OBSERVED.


RELATIVE HUMIDITY (PERCENT)
 HIGHEST    76           200 AM
 LOWEST     17           100 PM
 AVERAGE    47

..........................................................


THE LARAMIE WY AIRPORT CLIMATE NORMALS FOR TODAY
                         NORMAL    RECORD    YEAR
 MAXIMUM TEMPERATURE (F)   75        89      1985
                                             1948
 MINIMUM TEMPERATURE (F)   44        32      1968
                                             1964


SUNRISE AND SUNSET
AUGUST 30 2016........SUNRISE   628 AM MDT   SUNSET   738 PM MDT
AUGUST 31 2016........SUNRISE   629 AM MDT   SUNSET   736 PM MDT


-  INDICATES NEGATIVE NUMBERS.
R  INDICATES RECORD WAS SET OR TIED.
MM INDICATES DATA IS MISSING.
T  INDICATES TRACE AMOUNT.




$$
