000
CDUS45 KCYS 280338
CLILAR


CLIMATE REPORT
NATIONAL WEATHER SERVICE CHEYENNE WY
938 PM MDT THU AUG 27 2015


...................................

...THE LARAMIE WY AIRPORT CLIMATE SUMMARY FOR AUGUST 27 2015...
VALID TODAY AS OF 0900 PM LOCAL TIME.

CLIMATE NORMAL PERIOD 1981 TO 2010
CLIMATE RECORD PERIOD 1948 TO 2015


WEATHER ITEM   OBSERVED TIME   RECORD YEAR NORMAL DEPARTURE LAST
                VALUE   (LST)  VALUE       VALUE  FROM      YEAR
                                                  NORMAL
..................................................................
TEMPERATURE (F)
 TODAY
  MAXIMUM         71    332 PM  88    1994  76     -5       66
  MINIMUM         54    537 AM  31    1992  45      9       45
  AVERAGE         63                        60      3       56

PRECIPITATION (IN)
  TODAY            0.04          0.33 1967   0.04   0.00     0.13
  MONTH TO DATE    1.07                      1.09  -0.02     0.87
  SINCE JAN 1      9.63                      8.01   1.62    10.03

DEGREE DAYS
 HEATING
  TODAY            2                         5     -3        9
  MONTH TO DATE   61                        80    -19       92
  SINCE JUN 1    259                       390   -131      389
  SINCE JUL 1    139                       149    -10      147

 COOLING
  TODAY            0                         0      0        0
  MONTH TO DATE   30                        17     13        2
  SINCE JUN 1     64                        64      0       67
  SINCE JAN 1     64                        64      0       67
..................................................................


WIND (MPH)
  HIGHEST WIND SPEED    20   HIGHEST WIND DIRECTION    NW (310)
  HIGHEST GUST SPEED    24   HIGHEST GUST DIRECTION    NW (320)
  AVERAGE WIND SPEED     7.2


SKY COVER
  AVERAGE SKY COVER 0.7


WEATHER CONDITIONS
 THE FOLLOWING WEATHER WAS RECORDED TODAY.
  LIGHT RAIN
  FOG


RELATIVE HUMIDITY (PERCENT)
 HIGHEST    93           900 AM
 LOWEST     47           400 PM
 AVERAGE    70

..........................................................


THE LARAMIE WY AIRPORT CLIMATE NORMALS FOR TOMORROW
                         NORMAL    RECORD    YEAR
 MAXIMUM TEMPERATURE (F)   76        86      1954
                                             1948
 MINIMUM TEMPERATURE (F)   44        34      2004


SUNRISE AND SUNSET
AUGUST 27 2015........SUNRISE   624 AM MDT   SUNSET   744 PM MDT
AUGUST 28 2015........SUNRISE   625 AM MDT   SUNSET   742 PM MDT


-  INDICATES NEGATIVE NUMBERS.
R  INDICATES RECORD WAS SET OR TIED.
MM INDICATES DATA IS MISSING.
T  INDICATES TRACE AMOUNT.




$$
