000
CDUS45 KCYS 272142
CLILAR


CLIMATE REPORT
NATIONAL WEATHER SERVICE CHEYENNE WY
341 PM MDT WED MAY 27 2015


...................................

...THE LARAMIE WY AIRPORT CLIMATE SUMMARY FOR MAY 27 2015...
VALID AS OF 0300 PM LOCAL TIME.

CLIMATE NORMAL PERIOD 1981 TO 2010
CLIMATE RECORD PERIOD 1948 TO 2015


WEATHER ITEM   OBSERVED TIME   RECORD YEAR NORMAL DEPARTURE LAST
                VALUE   (LST)  VALUE       VALUE  FROM      YEAR
                                                  NORMAL
..................................................................
TEMPERATURE (F)
 TODAY
  MAXIMUM         65    159 PM  85    1969  65      0       74
  MINIMUM         44    522 AM  26    1950  37      7       43
  AVERAGE         55                        51      4       59

PRECIPITATION (IN)
  TODAY            0.01          0.48 1999   0.07  -0.06     0.01
                                      1992
  MONTH TO DATE    2.70                      1.43   1.27     2.09
  SINCE JAN 1      5.39                      3.69   1.70     4.62

DEGREE DAYS
 HEATING
  TODAY           10                        14     -4        6
  MONTH TO DATE  547                       487     60      525
  SINCE MAR 1   2209                      2360   -151     2316
  SINCE JUL 1   7886                      8536   -650     8360

 COOLING
  TODAY            0                         0      0        0
  MONTH TO DATE    0                         0      0        0
  SINCE MAR 1      0                         0      0        0
  SINCE JAN 1      0                         0      0        0
..................................................................


WIND (MPH)
  HIGHEST WIND SPEED    21   HIGHEST WIND DIRECTION     W (270)
  HIGHEST GUST SPEED    28   HIGHEST GUST DIRECTION     W (270)
  AVERAGE WIND SPEED    10.8


SKY COVER
  AVERAGE SKY COVER 0.6


WEATHER CONDITIONS
 THE FOLLOWING WEATHER WAS RECORDED TODAY.
  LIGHT RAIN


RELATIVE HUMIDITY (PERCENT)
 HIGHEST    86           300 AM
 LOWEST     34           200 PM
 AVERAGE    60

..........................................................


THE LARAMIE WY AIRPORT CLIMATE NORMALS FOR TOMORROW
                         NORMAL    RECORD    YEAR
 MAXIMUM TEMPERATURE (F)   66        81      2010
 MINIMUM TEMPERATURE (F)   37        25      1954


SUNRISE AND SUNSET
MAY 27 2015...........SUNRISE   535 AM MDT   SUNSET   825 PM MDT
MAY 28 2015...........SUNRISE   534 AM MDT   SUNSET   826 PM MDT


-  INDICATES NEGATIVE NUMBERS.
R  INDICATES RECORD WAS SET OR TIED.
MM INDICATES DATA IS MISSING.
T  INDICATES TRACE AMOUNT.




$$
