000
CDUS45 KVEF 190828
CLILAS


CLIMATE REPORT
NATIONAL WEATHER SERVICE LAS VEGAS, NV
1228 AM PST SUN NOV 19 2017


...................................

...THE LAS VEGAS NV CLIMATE SUMMARY FOR NOVEMBER 18 2017...

CLIMATE NORMAL PERIOD 1981 TO 2010
CLIMATE RECORD PERIOD 1937 TO 2017


WEATHER ITEM   OBSERVED TIME   RECORD YEAR NORMAL DEPARTURE LAST
                VALUE   (LST)  VALUE       VALUE  FROM      YEAR
                                                  NORMAL
..................................................................
TEMPERATURE (F)
 YESTERDAY
  MAXIMUM         62    229 PM  79    1949  65     -3       61
  MINIMUM         45   1159 PM  23    1958  45      0       41
  AVERAGE         54                        55     -1       51

PRECIPITATION (IN)
  YESTERDAY        0.00          0.81 1986   0.01  -0.01     0.00
  MONTH TO DATE    0.00                      0.21  -0.21     0.00
  SINCE OCT 1      0.00                      0.48  -0.48     0.23
  SINCE JAN 1      2.38                      3.54  -1.16     3.94

SNOWFALL (IN)
  YESTERDAY        0.0           T    1994   0.0    0.0      0.0
  MONTH TO DATE    0.0                       0.0    0.0      0.0
  SINCE SEP 1      0.0                       0.0    0.0      0.0
  SINCE JUL 1      0.0                       0.0    0.0      0.0
  SNOW DEPTH       0

DEGREE DAYS
 HEATING
  YESTERDAY       11                        10      1       14
  MONTH TO DATE   38                       119    -81       25
  SINCE SEP 1     38                       158   -120       25
  SINCE JUL 1     38                       158   -120       25

 COOLING
  YESTERDAY        0                         0      0        0
  MONTH TO DATE   16                        10      6       45
  SINCE SEP 1    745                       717     28      856
  SINCE JAN 1   4037                      3566    471     4002
..................................................................


WIND (MPH)
  RESULTANT WIND SPEED   5   RESULTANT WIND DIRECTION   N (0)
  HIGHEST WIND SPEED    25   HIGHEST WIND DIRECTION    NW (330)
  HIGHEST GUST SPEED    34   HIGHEST GUST DIRECTION     N (340)
  AVERAGE WIND SPEED     6.9


SKY COVER
  POSSIBLE SUNSHINE  MM
  AVERAGE SKY COVER 0.1


WEATHER CONDITIONS
 THE FOLLOWING WEATHER WAS RECORDED YESTERDAY.
  NO SIGNIFICANT WEATHER WAS OBSERVED.


RELATIVE HUMIDITY (PERCENT)
 HIGHEST    29           700 AM
 LOWEST     12           400 PM
 AVERAGE    21

..........................................................


THE LAS VEGAS NV CLIMATE NORMALS FOR TODAY
                         NORMAL    RECORD    YEAR
 MAXIMUM TEMPERATURE (F)   65        78      1976
 MINIMUM TEMPERATURE (F)   45        24      1985
                                             1938


SUNRISE AND SUNSET
NOVEMBER 19 2017......SUNRISE   622 AM PST   SUNSET   430 PM PST
NOVEMBER 20 2017......SUNRISE   623 AM PST   SUNSET   430 PM PST


-  INDICATES NEGATIVE NUMBERS.
R  INDICATES RECORD WAS SET OR TIED.
MM INDICATES DATA IS MISSING.
T  INDICATES TRACE AMOUNT.




$$
