000
CDUS45 KVEF 270829
CLILAS


CLIMATE REPORT
NATIONAL WEATHER SERVICE LAS VEGAS, NV
129 AM PDT WED AUG 27 2014


...................................

...THE LAS VEGAS NV CLIMATE SUMMARY FOR AUGUST 26 2014...

CLIMATE NORMAL PERIOD 1981 TO 2010
CLIMATE RECORD PERIOD 1937 TO 2014


WEATHER ITEM   OBSERVED TIME   RECORD YEAR NORMAL DEPARTURE LAST
                VALUE   (LST)  VALUE       VALUE  FROM      YEAR
                                                  NORMAL
..................................................................
TEMPERATURE (F)
 YESTERDAY
  MAXIMUM         96    326 PM 109    2001 101     -5       76
                                      1944
  MINIMUM         78    449 AM  55    1943  78      0       71
  AVERAGE         87                        89     -2       74

PRECIPITATION (IN)
  YESTERDAY        0.00          0.14 2003   0.01  -0.01     0.06
  MONTH TO DATE    0.35                      0.28   0.07     0.23
  SINCE OCT 1      2.29                      3.89  -1.60     2.57
  SINCE JAN 1      0.87                      2.76  -1.89     1.14

SNOWFALL (IN)
  YESTERDAY        0.0           0.0    MM   0.0    0.0      0.0
  MONTH TO DATE    0.0                       0.0    0.0      0.0
  SINCE JUN 1      0.0                       0.0    0.0      0.0
  SINCE JUL 1      0.0                       0.0    0.0      0.0
  SNOW DEPTH       0

DEGREE DAYS
 HEATING
  YESTERDAY        0                         0      0        0
  MONTH TO DATE    0                         0      0        0
  SINCE JUN 1      0                         1     -1        0
  SINCE JUL 1      0                         0      0        0

 COOLING
  YESTERDAY       22                        24     -2        9
  MONTH TO DATE  601                       677    -76      656
  SINCE JUN 1   2240                      2181     59     2375
  SINCE JAN 1   2898                      2731    167     3065
..................................................................


WIND (MPH)
  RESULTANT WIND SPEED  13   RESULTANT WIND DIRECTION   S (190)
  HIGHEST WIND SPEED    24   HIGHEST WIND DIRECTION    SW (230)
  HIGHEST GUST SPEED    33   HIGHEST GUST DIRECTION    SW (230)
  AVERAGE WIND SPEED    13.5


SKY COVER
  POSSIBLE SUNSHINE  MM
  AVERAGE SKY COVER 0.5


WEATHER CONDITIONS
 THE FOLLOWING WEATHER WAS RECORDED YESTERDAY.
  NO SIGNIFICANT WEATHER WAS OBSERVED.


RELATIVE HUMIDITY (PERCENT)
 HIGHEST    33           700 AM
 LOWEST      8           300 PM
 AVERAGE    21

..........................................................


THE LAS VEGAS NV CLIMATE NORMALS FOR TODAY
                         NORMAL    RECORD    YEAR
 MAXIMUM TEMPERATURE (F)  100       109      2001
                                             1944
 MINIMUM TEMPERATURE (F)   78        60      1943


SUNRISE AND SUNSET
AUGUST 27 2014........SUNRISE   608 AM PDT   SUNSET   715 PM PDT
AUGUST 28 2014........SUNRISE   609 AM PDT   SUNSET   714 PM PDT


-  INDICATES NEGATIVE NUMBERS.
R  INDICATES RECORD WAS SET OR TIED.
MM INDICATES DATA IS MISSING.
T  INDICATES TRACE AMOUNT.




$$
