000
CDUS45 KVEF 010832
CLILAS


CLIMATE REPORT
NATIONAL WEATHER SERVICE LAS VEGAS, NV
1232 AM PST SUN MAR 1 2015


...................................

...THE LAS VEGAS NV CLIMATE SUMMARY FOR FEBRUARY 28 2015...

CLIMATE NORMAL PERIOD 1981 TO 2010
CLIMATE RECORD PERIOD 1937 TO 2015


WEATHER ITEM   OBSERVED TIME   RECORD YEAR NORMAL DEPARTURE LAST
                VALUE   (LST)  VALUE       VALUE  FROM      YEAR
                                                  NORMAL
..................................................................
TEMPERATURE (F)
 YESTERDAY
  MAXIMUM         62    405 PM  82    1986  66     -4       62
                                      1972
  MINIMUM         52   1159 PM  19    1962  46      6       48
  AVERAGE         57                        56      1       55

PRECIPITATION (IN)
  YESTERDAY        0.00          0.45 2001   0.03  -0.03     0.30
  MONTH TO DATE    0.54                      0.76  -0.22     0.30
  SINCE OCT 1      1.71                      2.43  -0.72     1.72
  SINCE JAN 1      1.41                      1.30   0.11     0.30

SNOWFALL (IN)
  YESTERDAY        0.0           T    2007   0.0    0.0      0.0
  MONTH TO DATE    0.0                       0.1   -0.1      0.0
  SINCE DEC 1      T                         0.3   -0.3      0.0
  SINCE JUL 1      T                         0.3   -0.3      0.0
  SNOW DEPTH       0

DEGREE DAYS
 HEATING
  YESTERDAY        8                         9     -1       10
  MONTH TO DATE  142                       339   -197      222
  SINCE DEC 1    934                      1382   -448     1123
  SINCE JUL 1   1107                      1691   -584     1386

 COOLING
  YESTERDAY        0                         0      0        0
  MONTH TO DATE   10                         1      9        3
  SINCE DEC 1     10                         1      9        3
  SINCE JAN 1     10                         1      9        3
..................................................................


WIND (MPH)
  RESULTANT WIND SPEED  16   RESULTANT WIND DIRECTION  SW (210)
  HIGHEST WIND SPEED    29   HIGHEST WIND DIRECTION    SW (210)
  HIGHEST GUST SPEED    36   HIGHEST GUST DIRECTION     S (190)
  AVERAGE WIND SPEED    15.5


SKY COVER
  POSSIBLE SUNSHINE  MM
  AVERAGE SKY COVER 0.4


WEATHER CONDITIONS
 THE FOLLOWING WEATHER WAS RECORDED YESTERDAY.
  NO SIGNIFICANT WEATHER WAS OBSERVED.


RELATIVE HUMIDITY (PERCENT)
 HIGHEST    50           200 AM
 LOWEST     23           600 PM
 AVERAGE    37

..........................................................


THE LAS VEGAS NV CLIMATE NORMALS FOR TODAY
                         NORMAL    RECORD    YEAR
 MAXIMUM TEMPERATURE (F)   66        82      1986
 MINIMUM TEMPERATURE (F)   47        23      1962


SUNRISE AND SUNSET
MARCH  1 2015.........SUNRISE   611 AM PST   SUNSET   535 PM PST
MARCH  2 2015.........SUNRISE   610 AM PST   SUNSET   536 PM PST


-  INDICATES NEGATIVE NUMBERS.
R  INDICATES RECORD WAS SET OR TIED.
MM INDICATES DATA IS MISSING.
T  INDICATES TRACE AMOUNT.




$$
