000
CDUS45 KVEF 240830
CLILAS


CLIMATE REPORT
NATIONAL WEATHER SERVICE LAS VEGAS, NV
127 AM PDT TUE MAY 24 2016


...................................

...THE LAS VEGAS NV CLIMATE SUMMARY FOR MAY 23 2016...

CLIMATE NORMAL PERIOD 1981 TO 2010
CLIMATE RECORD PERIOD 1937 TO 2016


WEATHER ITEM   OBSERVED TIME   RECORD YEAR NORMAL DEPARTURE LAST
                VALUE   (LST)  VALUE       VALUE  FROM      YEAR
                                                  NORMAL
..................................................................
TEMPERATURE (F)
 YESTERDAY
  MAXIMUM         85    146 PM 107    2000  91     -6       82
  MINIMUM         63    513 AM  48    1980  68     -5       59
  AVERAGE         74                        80     -6       71

PRECIPITATION (IN)
  YESTERDAY        0.00          0.36 1977   0.01  -0.01     0.00
  MONTH TO DATE    0.04                      0.09  -0.05     0.23
  SINCE OCT 1      4.26                      3.11   1.15     2.48
  SINCE JAN 1      2.85                      1.98   0.87     2.18

SNOWFALL (IN)
  YESTERDAY        0.0           0.0    MM   0.0    0.0      0.0
  MONTH TO DATE    0.0                       0.0    0.0      0.0
  SINCE MAR 1      0.0                       0.0    0.0      0.0
  SINCE JUL 1      T                         0.3   -0.3       T
  SNOW DEPTH       0

DEGREE DAYS
 HEATING
  YESTERDAY        0                         0      0        0
  MONTH TO DATE    3                         4     -1       12
  SINCE MAR 1    117                       256   -139      114
  SINCE JUL 1   1696                      1947   -251     1221

 COOLING
  YESTERDAY        9                        15     -6        6
  MONTH TO DATE  222                       262    -40      167
  SINCE MAR 1    419                       421     -2      452
  SINCE JAN 1    428                       422      6      462
..................................................................


WIND (MPH)
  RESULTANT WIND SPEED  10   RESULTANT WIND DIRECTION  SW (210)
  HIGHEST WIND SPEED    25   HIGHEST WIND DIRECTION    SW (230)
  HIGHEST GUST SPEED    34   HIGHEST GUST DIRECTION    SW (220)
  AVERAGE WIND SPEED    11.2


SKY COVER
  POSSIBLE SUNSHINE  MM
  AVERAGE SKY COVER 0.1


WEATHER CONDITIONS
 THE FOLLOWING WEATHER WAS RECORDED YESTERDAY.
  NO SIGNIFICANT WEATHER WAS OBSERVED.


RELATIVE HUMIDITY (PERCENT)
 HIGHEST    31           600 AM
 LOWEST     10           300 PM
 AVERAGE    21

..........................................................


THE LAS VEGAS NV CLIMATE NORMALS FOR TODAY
                         NORMAL    RECORD    YEAR
 MAXIMUM TEMPERATURE (F)   92       105      2001
 MINIMUM TEMPERATURE (F)   68        46      1939


SUNRISE AND SUNSET
MAY 24 2016...........SUNRISE   528 AM PDT   SUNSET   747 PM PDT
MAY 25 2016...........SUNRISE   528 AM PDT   SUNSET   748 PM PDT


-  INDICATES NEGATIVE NUMBERS.
R  INDICATES RECORD WAS SET OR TIED.
MM INDICATES DATA IS MISSING.
T  INDICATES TRACE AMOUNT.




$$
