000
CDUS45 KVEF 200827
CLILAS


CLIMATE REPORT
NATIONAL WEATHER SERVICE LAS VEGAS, NV
127 AM PDT MON OCT 20 2014


...................................

...THE LAS VEGAS NV CLIMATE SUMMARY FOR OCTOBER 19 2014...

CLIMATE NORMAL PERIOD 1981 TO 2010
CLIMATE RECORD PERIOD 1937 TO 2014


WEATHER ITEM   OBSERVED TIME   RECORD YEAR NORMAL DEPARTURE LAST
                VALUE   (LST)  VALUE       VALUE  FROM      YEAR
                                                  NORMAL
..................................................................
TEMPERATURE (F)
 YESTERDAY
  MAXIMUM         88    339 PM  96    1940  79      9       80
  MINIMUM         64    611 AM  35    1946  57      7       53
  AVERAGE         76                        68      8       67

PRECIPITATION (IN)
  YESTERDAY        0.00          0.17 1990   0.01  -0.01     0.00
  MONTH TO DATE    T                         0.14  -0.14      T
  SINCE OCT 1      T                         0.14  -0.14      T
  SINCE JAN 1      1.51                      3.20  -1.69     1.54

SNOWFALL (IN)
  YESTERDAY        0.0           0.0    MM   0.0    0.0      0.0
  MONTH TO DATE    0.0                       0.0    0.0      0.0
  SINCE SEP 1      0.0                       0.0    0.0      0.0
  SINCE JUL 1      0.0                       0.0    0.0      0.0
  SNOW DEPTH       0

DEGREE DAYS
 HEATING
  YESTERDAY        0                         1     -1        0
  MONTH TO DATE    0                         9     -9       19
  SINCE SEP 1      0                        10    -10       19
  SINCE JUL 1      0                        10    -10       19

 COOLING
  YESTERDAY       11                         4      7        2
  MONTH TO DATE  217                       143     74       59
  SINCE SEP 1    837                       671    166      545
  SINCE JAN 1   3862                      3520    342     3717
..................................................................


WIND (MPH)
  RESULTANT WIND SPEED   6   RESULTANT WIND DIRECTION   S (200)
  HIGHEST WIND SPEED    13   HIGHEST WIND DIRECTION     S (200)
  HIGHEST GUST SPEED    14   HIGHEST GUST DIRECTION     S (200)
  AVERAGE WIND SPEED     5.9


SKY COVER
  POSSIBLE SUNSHINE  MM
  AVERAGE SKY COVER 0.1


WEATHER CONDITIONS
 THE FOLLOWING WEATHER WAS RECORDED YESTERDAY.
  NO SIGNIFICANT WEATHER WAS OBSERVED.


RELATIVE HUMIDITY (PERCENT)
 HIGHEST    40           400 AM
 LOWEST     17           200 PM
 AVERAGE    29

..........................................................


THE LAS VEGAS NV CLIMATE NORMALS FOR TODAY
                         NORMAL    RECORD    YEAR
 MAXIMUM TEMPERATURE (F)   79        95      1940
 MINIMUM TEMPERATURE (F)   57        36      1943
                                             1937


SUNRISE AND SUNSET
OCTOBER 20 2014.......SUNRISE   652 AM PDT   SUNSET   558 PM PDT
OCTOBER 21 2014.......SUNRISE   653 AM PDT   SUNSET   557 PM PDT


-  INDICATES NEGATIVE NUMBERS.
R  INDICATES RECORD WAS SET OR TIED.
MM INDICATES DATA IS MISSING.
T  INDICATES TRACE AMOUNT.




$$
