000
CDUS46 KLOX 210903
CLILAX


CLIMATE REPORT
NATIONAL WEATHER SERVICE LOS ANGELES/OXNARD CA
202 AM PDT MON APR 21 2014


...................................

...THE LOS ANGELES INTL AIRPORT CA CLIMATE SUMMARY FOR APRIL 20 2014...

CLIMATE NORMAL PERIOD 1981 TO 2010
CLIMATE RECORD PERIOD 1944 TO 2014


WEATHER ITEM   OBSERVED TIME   RECORD YEAR NORMAL DEPARTURE LAST
                VALUE   (LST)  VALUE       VALUE  FROM      YEAR
                                                  NORMAL
..................................................................
TEMPERATURE (F)
 YESTERDAY
  MAXIMUM         69    118 PM  95    2009  67      2       78
  MINIMUM         57    442 AM  47    1972  54      3       55
  AVERAGE         63                        60      3       67

PRECIPITATION (IN)
  YESTERDAY        0.00          0.87 1953   0.02  -0.02     0.00
  MONTH TO DATE    0.17                      0.53  -0.36     0.06
  SINCE JUL 1      4.36                     12.35  -7.99     6.50
  SINCE JAN 1      3.32                      8.34  -5.02     2.22

SNOWFALL (IN)
  YESTERDAY        0.0
  MONTH TO DATE    0.0
  SINCE MAR 1      0.0
  SINCE JUL 1      0.0

DEGREE DAYS
 HEATING
  YESTERDAY        2                         5     -3        0
  MONTH TO DATE   74                       113    -39       62
  SINCE MAR 1    164                       334   -170      241
  SINCE JUL 1    719                      1263   -544     1109

 COOLING
  YESTERDAY        0                         0      0        2
  MONTH TO DATE    9                         0      9        4
  SINCE MAR 1     28                         6     22       12
  SINCE JAN 1     44                        15     29       20
..................................................................


WIND (MPH)
  HIGHEST WIND SPEED    17   HIGHEST WIND DIRECTION     W (260)
  HIGHEST GUST SPEED    20   HIGHEST GUST DIRECTION     W (260)
  AVERAGE WIND SPEED     6.0


SKY COVER
  POSSIBLE SUNSHINE  MM
  AVERAGE SKY COVER 0.2


WEATHER CONDITIONS
 THE FOLLOWING WEATHER WAS RECORDED YESTERDAY.
  FOG


RELATIVE HUMIDITY (PERCENT)
 HIGHEST    93           600 AM
 LOWEST     63          1000 AM
 AVERAGE    78

..........................................................


THE LOS ANGELES INTL AIRPORT CA CLIMATE NORMALS FOR TODAY
                         NORMAL    RECORD    YEAR
 MAXIMUM TEMPERATURE (F)   67        90      2009
 MINIMUM TEMPERATURE (F)   54        44      1963


SUNRISE AND SUNSET
APRIL 21 2014.........SUNRISE   615 AM PDT   SUNSET   730 PM PDT
APRIL 22 2014.........SUNRISE   614 AM PDT   SUNSET   730 PM PDT


-  INDICATES NEGATIVE NUMBERS.
R  INDICATES RECORD WAS SET OR TIED.
MM INDICATES DATA IS MISSING.
T  INDICATES TRACE AMOUNT.




$$
