000
CDUS46 KLOX 030915
CLILAX


CLIMATE REPORT
NATIONAL WEATHER SERVICE LOS ANGELES/OXNARD CA
115 AM PST SAT DEC 3 2016


...................................

...THE LOS ANGELES INTL AIRPORT CA CLIMATE SUMMARY FOR DECEMBER 2 2016...

CLIMATE NORMAL PERIOD 1981 TO 2010
CLIMATE RECORD PERIOD 1944 TO 2016


WEATHER ITEM   OBSERVED TIME   RECORD YEAR NORMAL DEPARTURE LAST
                VALUE   (LST)  VALUE       VALUE  FROM      YEAR
                                                  NORMAL
..................................................................
TEMPERATURE (F)
 YESTERDAY
  MAXIMUM         67    204 PM  86    1959  66      1       79
  MINIMUM         50    344 AM  38    1946  50      0       50
  AVERAGE         59                        58      1       65

PRECIPITATION (IN)
  YESTERDAY        0.00          1.12 2014   0.04  -0.04     0.00
  MONTH TO DATE    0.00                      0.09  -0.09     0.00
  SINCE OCT 1      1.47                      1.76  -0.29     0.16
  SINCE JAN 1      7.49                     10.86  -3.37     4.88

SNOWFALL (IN)
  YESTERDAY        0.0
  MONTH TO DATE    0.0
  SINCE DEC 1      0.0
  SINCE JUL 1      0.0

DEGREE DAYS
 HEATING
  YESTERDAY        6                         7     -1        0
  MONTH TO DATE   13                        14     -1        6
  SINCE DEC 1     13                        14     -1        6
  SINCE JUL 1     92                       196   -104      117

 COOLING
  YESTERDAY        0                         0      0        0
  MONTH TO DATE    0                         0      0        0
  SINCE DEC 1      0                         0      0        0
  SINCE JAN 1    962                       550    412     1215
..................................................................


WIND (MPH)
  HIGHEST WIND SPEED    26   HIGHEST WIND DIRECTION    NE (30)
  HIGHEST GUST SPEED    38   HIGHEST GUST DIRECTION     N (10)
  AVERAGE WIND SPEED     9.8


SKY COVER
  POSSIBLE SUNSHINE  MM
  AVERAGE SKY COVER 0.1


WEATHER CONDITIONS
 THE FOLLOWING WEATHER WAS RECORDED YESTERDAY.
  NO SIGNIFICANT WEATHER WAS OBSERVED.


RELATIVE HUMIDITY (PERCENT)
 HIGHEST    50           100 AM
 LOWEST     10           600 PM
 AVERAGE    30

..........................................................


THE LOS ANGELES INTL AIRPORT CA CLIMATE NORMALS FOR TODAY
                         NORMAL    RECORD    YEAR
 MAXIMUM TEMPERATURE (F)   66        94      1958
 MINIMUM TEMPERATURE (F)   50        42      1973


SUNRISE AND SUNSET
DECEMBER  3 2016......SUNRISE   643 AM PST   SUNSET   444 PM PST
DECEMBER  4 2016......SUNRISE   644 AM PST   SUNSET   444 PM PST


-  INDICATES NEGATIVE NUMBERS.
R  INDICATES RECORD WAS SET OR TIED.
MM INDICATES DATA IS MISSING.
T  INDICATES TRACE AMOUNT.




$$
