000
CDUS46 KLOX 230121
CLILAX


CLIMATE REPORT
NATIONAL WEATHER SERVICE LOS ANGELES/OXNARD CA
521 PM PST WED NOV 22 2017


...................................

...THE LOS ANGELES AIRPORT CLIMATE SUMMARY FOR NOVEMBER 22 2017...
VALID TODAY AS OF 0500 PM LOCAL TIME.

CLIMATE NORMAL PERIOD 1981 TO 2010
CLIMATE RECORD PERIOD 1944 TO 2017


WEATHER ITEM   OBSERVED TIME   RECORD YEAR NORMAL DEPARTURE LAST
                VALUE   (LST)  VALUE       VALUE  FROM      YEAR
                                                  NORMAL
..................................................................
TEMPERATURE (F)
 TODAY
  MAXIMUM         94R  1220 PM  89    1950  68     26       67
  MINIMUM         62    313 AM  42    1983  52     10       53
                                      1944
  AVERAGE         78                        60     18       60

PRECIPITATION (IN)
  TODAY            0.00          2.12 1965   0.04  -0.04     0.00
  MONTH TO DATE    0.09                      0.74  -0.65     0.79
  SINCE OCT 1      0.09                      1.30  -1.21     1.15
  SINCE JAN 1     12.24                     10.40   1.84     7.17

SNOWFALL (IN)
  TODAY            0.0
  MONTH TO DATE    0.0
  SINCE SEP 1      0.0
  SINCE JUL 1      0.0

DEGREE DAYS
 HEATING
  TODAY            0                         6     -6        5
  MONTH TO DATE   19                        87    -68       30
  SINCE SEP 1     20                       127   -107       33
  SINCE JUL 1     20                       131   -111       33

 COOLING
  TODAY           13                         0     13        0
  MONTH TO DATE   27                        18      9       78
  SINCE SEP 1    439                       203    236      379
  SINCE JAN 1   1003                       549    454      961
..................................................................


WIND (MPH)
  HIGHEST WIND SPEED    13   HIGHEST WIND DIRECTION     W (270)
  HIGHEST GUST SPEED    15   HIGHEST GUST DIRECTION     W (280)
  AVERAGE WIND SPEED     3.5


SKY COVER
  POSSIBLE SUNSHINE  MM
  AVERAGE SKY COVER 0.1


WEATHER CONDITIONS
 THE FOLLOWING WEATHER WAS RECORDED TODAY.
  NO SIGNIFICANT WEATHER WAS OBSERVED.


RELATIVE HUMIDITY (PERCENT)
 HIGHEST    65           300 AM
 LOWEST     13          1200 PM
 AVERAGE    39

..........................................................


THE LOS ANGELES AIRPORT CLIMATE NORMALS FOR TOMORROW
                         NORMAL    RECORD    YEAR
 MAXIMUM TEMPERATURE (F)   68        87      1950
 MINIMUM TEMPERATURE (F)   52        38      1947


SUNRISE AND SUNSET
NOVEMBER 22 2017......SUNRISE   633 AM PST   SUNSET   447 PM PST
NOVEMBER 23 2017......SUNRISE   634 AM PST   SUNSET   446 PM PST


-  INDICATES NEGATIVE NUMBERS.
R  INDICATES RECORD WAS SET OR TIED.
MM INDICATES DATA IS MISSING.
T  INDICATES TRACE AMOUNT.




$$
