000
CDUS46 KLOX 010915
CLILAX


CLIMATE REPORT
NATIONAL WEATHER SERVICE LOS ANGELES/OXNARD CA
115 AM PST WED MAR 1 2017


...................................

...THE LOS ANGELES INTL AIRPORT CA CLIMATE SUMMARY FOR FEBRUARY 28 2017...

CLIMATE NORMAL PERIOD 1981 TO 2010
CLIMATE RECORD PERIOD 1944 TO 2017


WEATHER ITEM   OBSERVED TIME   RECORD YEAR NORMAL DEPARTURE LAST
                VALUE   (LST)  VALUE       VALUE  FROM      YEAR
                                                  NORMAL
..................................................................
TEMPERATURE (F)
 YESTERDAY
  MAXIMUM         61    228 PM  84    1967  64     -3       67
  MINIMUM         49    642 AM  37    1962  51     -2       54
  AVERAGE         55                        58     -3       61

PRECIPITATION (IN)
  YESTERDAY        0.00          1.61 1978   0.10  -0.10     0.00
  MONTH TO DATE    4.04                      3.25   0.79     0.73
  SINCE OCT 1     15.73                      9.68   6.05     4.91
  SINCE JAN 1     11.48                      5.96   5.52     3.67

SNOWFALL (IN)
  YESTERDAY        0.0
  MONTH TO DATE    0.0
  SINCE DEC 1      0.0
  SINCE JUL 1      0.0

DEGREE DAYS
 HEATING
  YESTERDAY       10                         8      2        4
  MONTH TO DATE  211                       224    -13      102
  SINCE DEC 1    694                       747    -53      581
  SINCE JUL 1    773                       929   -156      692

 COOLING
  YESTERDAY        0                         0      0        0
  MONTH TO DATE    0                         5     -5       57
  SINCE DEC 1      2                        10     -8       63
  SINCE JAN 1      0                         9     -9       57
..................................................................


WIND (MPH)
  HIGHEST WIND SPEED    18   HIGHEST WIND DIRECTION     N (360)
  HIGHEST GUST SPEED    25   HIGHEST GUST DIRECTION     N (20)
  AVERAGE WIND SPEED     8.2


SKY COVER
  POSSIBLE SUNSHINE  MM
  AVERAGE SKY COVER 0.3


WEATHER CONDITIONS
 THE FOLLOWING WEATHER WAS RECORDED YESTERDAY.
  HAZE


RELATIVE HUMIDITY (PERCENT)
 HIGHEST    71          1200 AM
 LOWEST     33           900 AM
 AVERAGE    52

..........................................................


THE LOS ANGELES INTL AIRPORT CA CLIMATE NORMALS FOR TODAY
                         NORMAL    RECORD    YEAR
 MAXIMUM TEMPERATURE (F)   64        81      2013
 MINIMUM TEMPERATURE (F)   51        36      1945


SUNRISE AND SUNSET
MARCH  1 2017.........SUNRISE   622 AM PST   SUNSET   550 PM PST
MARCH  2 2017.........SUNRISE   621 AM PST   SUNSET   551 PM PST


-  INDICATES NEGATIVE NUMBERS.
R  INDICATES RECORD WAS SET OR TIED.
MM INDICATES DATA IS MISSING.
T  INDICATES TRACE AMOUNT.




$$
