000
CDUS46 KLOX 040900
CLILAX


CLIMATE REPORT
NATIONAL WEATHER SERVICE LOS ANGELES/OXNARD CA
200 AM PDT SAT JUL 4 2015


...................................

...THE LOS ANGELES INTL AIRPORT CA CLIMATE SUMMARY FOR JULY 3 2015...

CLIMATE NORMAL PERIOD 1981 TO 2010
CLIMATE RECORD PERIOD 1944 TO 2015


WEATHER ITEM   OBSERVED TIME   RECORD YEAR NORMAL DEPARTURE LAST
                VALUE   (LST)  VALUE       VALUE  FROM      YEAR
                                                  NORMAL
..................................................................
TEMPERATURE (F)
 YESTERDAY
  MAXIMUM         71   1135 AM  87    1981  73     -2       76
                                      1973
  MINIMUM         62   1159 PM  55    2005  63     -1       66
  AVERAGE         67                        68     -1       71

PRECIPITATION (IN)
  YESTERDAY        0.00          T    2005   0.00   0.00     0.00
                                      2001
                                      1996
  MONTH TO DATE    T                         0.00   0.00     0.00
  SINCE OCT 1      7.26                     12.53  -5.27     4.42
  SINCE JAN 1      2.56                      8.81  -6.25     3.41

SNOWFALL (IN)
  YESTERDAY        0.0
  MONTH TO DATE    0.0
  SINCE JUN 1      0.0
  SINCE JUL 1      0.0

DEGREE DAYS
 HEATING
  YESTERDAY        0                         0      0        0
  MONTH TO DATE    0                         0      0        0
  SINCE JUN 1     11                        25    -14        1
  SINCE JUL 1      0                         0      0        0

 COOLING
  YESTERDAY        2                         3     -1        6
  MONTH TO DATE   12                         9      3       17
  SINCE JUN 1     69                        51     18      104
  SINCE JAN 1    182                        91     91      315
..................................................................


WIND (MPH)
  HIGHEST WIND SPEED    21   HIGHEST WIND DIRECTION     W (260)
  HIGHEST GUST SPEED    23   HIGHEST GUST DIRECTION     W (260)
  AVERAGE WIND SPEED     9.4


SKY COVER
  POSSIBLE SUNSHINE  MM
  AVERAGE SKY COVER 0.8


WEATHER CONDITIONS
 THE FOLLOWING WEATHER WAS RECORDED YESTERDAY.
  NO SIGNIFICANT WEATHER WAS OBSERVED.


RELATIVE HUMIDITY (PERCENT)
 HIGHEST    93           100 AM
 LOWEST     73           100 PM
 AVERAGE    83

..........................................................


THE LOS ANGELES INTL AIRPORT CA CLIMATE NORMALS FOR TODAY
                         NORMAL    RECORD    YEAR
 MAXIMUM TEMPERATURE (F)   73        93      1957
 MINIMUM TEMPERATURE (F)   63        54      1948


SUNRISE AND SUNSET
JULY  4 2015..........SUNRISE   547 AM PDT   SUNSET   808 PM PDT
JULY  5 2015..........SUNRISE   548 AM PDT   SUNSET   808 PM PDT


-  INDICATES NEGATIVE NUMBERS.
R  INDICATES RECORD WAS SET OR TIED.
MM INDICATES DATA IS MISSING.
T  INDICATES TRACE AMOUNT.




$$
