000
CDUS46 KLOX 280907
CLILAX


CLIMATE REPORT
NATIONAL WEATHER SERVICE LOS ANGELES/OXNARD CA
107 AM PST FRI NOV 28 2014


...................................

...THE LOS ANGELES INTL AIRPORT CA CLIMATE SUMMARY FOR NOVEMBER 27 2014...

CLIMATE NORMAL PERIOD 1981 TO 2010
CLIMATE RECORD PERIOD 1944 TO 2014


WEATHER ITEM   OBSERVED TIME   RECORD YEAR NORMAL DEPARTURE LAST
                VALUE   (LST)  VALUE       VALUE  FROM      YEAR
                                                  NORMAL
..................................................................
TEMPERATURE (F)
 YESTERDAY
  MAXIMUM         86R  1144 AM  85    1977  67     19       75
  MINIMUM         58    254 AM  40    1948  51      7       56
  AVERAGE         72                        59     13       66

PRECIPITATION (IN)
  YESTERDAY        0.00          1.56 1981   0.04  -0.04     0.00
  MONTH TO DATE    0.20                      0.97  -0.77     0.38
  SINCE JUL 1      0.63                      1.82  -1.19     0.43
  SINCE JAN 1      4.04                     10.63  -6.59     3.04

SNOWFALL (IN)
  YESTERDAY        0.0
  MONTH TO DATE    0.0
  SINCE SEP 1      0.0
  SINCE JUL 1      0.0

DEGREE DAYS
 HEATING
  YESTERDAY        0                         6     -6        0
  MONTH TO DATE   37                       117    -80       49
  SINCE SEP 1     37                       157   -120       88
  SINCE JUL 1     37                       161   -124       89

 COOLING
  YESTERDAY        7                         0      7        1
  MONTH TO DATE   45                        18     27       40
  SINCE SEP 1    455                       203    252      272
  SINCE JAN 1   1173                       549    624      702
..................................................................


WIND (MPH)
  HIGHEST WIND SPEED    13   HIGHEST WIND DIRECTION     W (270)
  HIGHEST GUST SPEED    MM   HIGHEST GUST DIRECTION    MM
  AVERAGE WIND SPEED     5.3


SKY COVER
  POSSIBLE SUNSHINE  MM
  AVERAGE SKY COVER 0.3


WEATHER CONDITIONS
 THE FOLLOWING WEATHER WAS RECORDED YESTERDAY.
  NO SIGNIFICANT WEATHER WAS OBSERVED.


RELATIVE HUMIDITY (PERCENT)
 HIGHEST    72           900 PM
 LOWEST     10          1000 AM
 AVERAGE    41

..........................................................


THE LOS ANGELES INTL AIRPORT CA CLIMATE NORMALS FOR TODAY
                         NORMAL    RECORD    YEAR
 MAXIMUM TEMPERATURE (F)   67        85      1977
 MINIMUM TEMPERATURE (F)   51        39      1945


SUNRISE AND SUNSET
NOVEMBER 28 2014......SUNRISE   638 AM PST   SUNSET   445 PM PST
NOVEMBER 29 2014......SUNRISE   639 AM PST   SUNSET   445 PM PST


-  INDICATES NEGATIVE NUMBERS.
R  INDICATES RECORD WAS SET OR TIED.
MM INDICATES DATA IS MISSING.
T  INDICATES TRACE AMOUNT.




$$
