000
CDUS46 KLOX 270857
CLILAX


CLIMATE REPORT
NATIONAL WEATHER SERVICE LOS ANGELES/OXNARD CA
1257 AM PST SAT DEC 27 2014


...................................

...THE LOS ANGELES INTL AIRPORT CA CLIMATE SUMMARY FOR DECEMBER 26 2014...

CLIMATE NORMAL PERIOD 1981 TO 2010
CLIMATE RECORD PERIOD 1944 TO 2014


WEATHER ITEM   OBSERVED TIME   RECORD YEAR NORMAL DEPARTURE LAST
                VALUE   (LST)  VALUE       VALUE  FROM      YEAR
                                                  NORMAL
..................................................................
TEMPERATURE (F)
 YESTERDAY
  MAXIMUM         62    105 PM  86    1947  64     -2       80
  MINIMUM         44    740 AM  34    1987  48     -4       50
  AVERAGE         53                        56     -3       65

PRECIPITATION (IN)
  YESTERDAY        0.00          1.57 1977   0.08  -0.08     0.00
  MONTH TO DATE    3.73                      1.62   2.11     0.30
  SINCE JUL 1      4.58                      3.58   1.00     1.04
  SINCE JAN 1      7.99                     12.39  -4.40     3.65

SNOWFALL (IN)
  YESTERDAY        0.0
  MONTH TO DATE    0.0
  SINCE DEC 1      0.0
  SINCE JUL 1      0.0

DEGREE DAYS
 HEATING
  YESTERDAY       12                         9      3        0
  MONTH TO DATE  136                       219    -83      172
  SINCE DEC 1    136                       219    -83      172
  SINCE JUL 1    178                       401   -223      272

 COOLING
  YESTERDAY        0                         0      0        0
  MONTH TO DATE    2                         0      2       14
  SINCE DEC 1      2                         0      2       14
  SINCE JAN 1   1176                       550    626      716
..................................................................


WIND (MPH)
  HIGHEST WIND SPEED    15   HIGHEST WIND DIRECTION     N (350)
  HIGHEST GUST SPEED    20   HIGHEST GUST DIRECTION     N (360)
  AVERAGE WIND SPEED     5.2


SKY COVER
  POSSIBLE SUNSHINE  MM
  AVERAGE SKY COVER 0.0


WEATHER CONDITIONS
 THE FOLLOWING WEATHER WAS RECORDED YESTERDAY.
  NO SIGNIFICANT WEATHER WAS OBSERVED.


RELATIVE HUMIDITY (PERCENT)
 HIGHEST    42           800 AM
 LOWEST     17           100 PM
 AVERAGE    30

..........................................................


THE LOS ANGELES INTL AIRPORT CA CLIMATE NORMALS FOR TODAY
                         NORMAL    RECORD    YEAR
 MAXIMUM TEMPERATURE (F)   64        84      1947
 MINIMUM TEMPERATURE (F)   48        36      1962


SUNRISE AND SUNSET
DECEMBER 27 2014......SUNRISE   657 AM PST   SUNSET   452 PM PST
DECEMBER 28 2014......SUNRISE   658 AM PST   SUNSET   453 PM PST


-  INDICATES NEGATIVE NUMBERS.
R  INDICATES RECORD WAS SET OR TIED.
MM INDICATES DATA IS MISSING.
T  INDICATES TRACE AMOUNT.




$$
