000
CDUS46 KLOX 310905
CLILAX


CLIMATE REPORT
NATIONAL WEATHER SERVICE LOS ANGELES/OXNARD CA
105 AM PST SAT JAN 31 2015


...................................

...THE LOS ANGELES INTL AIRPORT CA CLIMATE SUMMARY FOR JANUARY 30 2015...

CLIMATE NORMAL PERIOD 1981 TO 2010
CLIMATE RECORD PERIOD 1944 TO 2015


WEATHER ITEM   OBSERVED TIME   RECORD YEAR NORMAL DEPARTURE LAST
                VALUE   (LST)  VALUE       VALUE  FROM      YEAR
                                                  NORMAL
..................................................................
TEMPERATURE (F)
 YESTERDAY
  MAXIMUM         68    115 PM  83    1992  65      3       62
  MINIMUM         58   1159 PM  36    1945  49      9       57
  AVERAGE         63                        57      6       60

PRECIPITATION (IN)
  YESTERDAY        0.04          1.18 1979   0.09  -0.05      T
  MONTH TO DATE    1.25                      2.61  -1.36      T
  SINCE OCT 1      5.95                      6.33  -0.38     1.01
  SINCE JAN 1      1.25                      2.61  -1.36      T

SNOWFALL (IN)
  YESTERDAY        0.0
  MONTH TO DATE    0.0
  SINCE DEC 1      0.0
  SINCE JUL 1      0.0

DEGREE DAYS
 HEATING
  YESTERDAY        2                         8     -6        5
  MONTH TO DATE  156                       251    -95      116
  SINCE DEC 1    363                       511   -148      309
  SINCE JUL 1    405                       693   -288      409

 COOLING
  YESTERDAY        0                         0      0        0
  MONTH TO DATE    7                         0      7       16
  SINCE DEC 1      9                         1      8       32
  SINCE JAN 1      7                         0      7       16
..................................................................


WIND (MPH)
  HIGHEST WIND SPEED    13   HIGHEST WIND DIRECTION     W (250)
  HIGHEST GUST SPEED    16   HIGHEST GUST DIRECTION    NW (300)
  AVERAGE WIND SPEED     3.6


SKY COVER
  POSSIBLE SUNSHINE  MM
  AVERAGE SKY COVER 0.8


WEATHER CONDITIONS
 THE FOLLOWING WEATHER WAS RECORDED YESTERDAY.
  LIGHT RAIN


RELATIVE HUMIDITY (PERCENT)
 HIGHEST    93          1000 PM
 LOWEST     52           300 AM
 AVERAGE    73

..........................................................


THE LOS ANGELES INTL AIRPORT CA CLIMATE NORMALS FOR TODAY
                         NORMAL    RECORD    YEAR
 MAXIMUM TEMPERATURE (F)   65        91      2003
 MINIMUM TEMPERATURE (F)   49        34      1946


SUNRISE AND SUNSET
JANUARY 31 2015.......SUNRISE   651 AM PST   SUNSET   523 PM PST
FEBRUARY  1 2015......SUNRISE   651 AM PST   SUNSET   524 PM PST


-  INDICATES NEGATIVE NUMBERS.
R  INDICATES RECORD WAS SET OR TIED.
MM INDICATES DATA IS MISSING.
T  INDICATES TRACE AMOUNT.




$$
