000
CDUS44 KLUB 252246
CLILBB


CLIMATE REPORT
NATIONAL WEATHER SERVICE LUBBOCK, TX
545 PM CDT SUN SEP 25 2016


...................................

...THE LUBBOCK CLIMATE SUMMARY FOR SEPTEMBER 25 2016...
VALID TODAY AS OF 0500 PM LOCAL TIME.

CLIMATE NORMAL PERIOD 1981 TO 2010
CLIMATE RECORD PERIOD 1911 TO 2016


WEATHER ITEM   OBSERVED TIME   RECORD YEAR NORMAL DEPARTURE LAST
                VALUE   (LST)  VALUE       VALUE  FROM      YEAR
                                                  NORMAL
..................................................................
TEMPERATURE (F)
 TODAY
  MAXIMUM         71    925 AM 100    2005  82    -11       87
  MINIMUM         60    241 PM  36    2000  55      5       60
  AVERAGE         66                        68     -2       74

PRECIPITATION (IN)
  TODAY            0.01          1.34 2004   0.08  -0.07     0.00
  MONTH TO DATE    1.47                      2.14  -0.67     0.49
  SINCE SEP 1      1.47                      2.14  -0.67     0.49
  SINCE JAN 1     11.39                     15.21  -3.82    22.78

SNOWFALL (IN)
  TODAY            0.0           0.0  2002   0.0    0.0      0.0
  MONTH TO DATE    0.0                       0.0    0.0      0.0
  SINCE SEP 1      0.0                       0.0    0.0      0.0
  SINCE JUL 1      0.0                       0.0    0.0      0.0
  SNOW DEPTH       0

DEGREE DAYS
 HEATING
  TODAY            0                         2     -2        0
  MONTH TO DATE    0                        13    -13        0
  SINCE SEP 1      0                        13    -13        0
  SINCE JUL 1      0                        13    -13        0

 COOLING
  TODAY            1                         5     -4        9
  MONTH TO DATE  251                       201     50      310
  SINCE SEP 1    251                       201     50      310
  SINCE JAN 1   1977                      1727    250     1815
..................................................................


WIND (MPH)
  RESULTANT WIND SPEED   8   RESULTANT WIND DIRECTION  NE (50)
  HIGHEST WIND SPEED    35   HIGHEST WIND DIRECTION    NE (30)
  HIGHEST GUST SPEED    46   HIGHEST GUST DIRECTION    NE (30)
  AVERAGE WIND SPEED    11.6


SKY COVER
  AVERAGE SKY COVER 1.0


WEATHER CONDITIONS
 THE FOLLOWING WEATHER WAS RECORDED TODAY.
  LIGHT RAIN
  FOG
  HAZE
  SANDSTORM


RELATIVE HUMIDITY (PERCENT)
 HIGHEST   100          1200 AM
 LOWEST     52           100 PM
 AVERAGE    76

..........................................................


THE LUBBOCK CLIMATE NORMALS FOR TOMORROW
                         NORMAL    RECORD    YEAR
 MAXIMUM TEMPERATURE (F)   81        99      1977
                                             1953
 MINIMUM TEMPERATURE (F)   55        36      1926


SUNRISE AND SUNSET
SEPTEMBER 25 2016.....SUNRISE   738 AM CDT   SUNSET   739 PM CDT
SEPTEMBER 26 2016.....SUNRISE   738 AM CDT   SUNSET   738 PM CDT


-  INDICATES NEGATIVE NUMBERS.
R  INDICATES RECORD WAS SET OR TIED.
MM INDICATES DATA IS MISSING.
T  INDICATES TRACE AMOUNT.




$$
