000
CDUS44 KLUB 150125
CLILBB


CLIMATE REPORT
NATIONAL WEATHER SERVICE LUBBOCK, TX
825 PM CDT SUN SEP 14 2014


...................................

...THE LUBBOCK CLIMATE SUMMARY FOR SEPTEMBER 14 2014...
VALID TODAY AS OF 0800 PM LOCAL TIME.

CLIMATE NORMAL PERIOD 1981 TO 2010
CLIMATE RECORD PERIOD 1911 TO 2014


WEATHER ITEM   OBSERVED TIME   RECORD YEAR NORMAL DEPARTURE LAST
                VALUE   (LST)  VALUE       VALUE  FROM      YEAR
                                                  NORMAL
..................................................................
TEMPERATURE (F)
 TODAY
  MAXIMUM         66   1152 AM 100    1965  85    -19       90
  MINIMUM         57    514 AM  42    1945  60     -3       63
  AVERAGE         62                        72    -10       77

PRECIPITATION (IN)
  TODAY            0.03          2.17 1925   0.09  -0.06     0.00
  MONTH TO DATE    1.71                      1.21   0.50     0.04
  SINCE SEP 1      1.71                      1.21   0.50     0.04
  SINCE JAN 1     13.61                     14.28  -0.67     9.82

SNOWFALL (IN)
  TODAY            0.0           0.0  2002   0.0    0.0      0.0
  MONTH TO DATE    0.0                       0.0    0.0      0.0
  SINCE SEP 1      0.0                       0.0    0.0      0.0
  SINCE JUL 1      0.0                       0.0    0.0      0.0
  SNOW DEPTH       0

DEGREE DAYS
 HEATING
  TODAY            3                         1      2        0
  MONTH TO DATE   25                         1     24        0
  SINCE SEP 1     25                         1     24        0
  SINCE JUL 1     25                         1     24        0

 COOLING
  TODAY            0                         8     -8       12
  MONTH TO DATE  137                       134      3      190
  SINCE SEP 1    137                       134      3      190
  SINCE JAN 1   1766                      1660    106     1918
..................................................................


WIND (MPH)
  RESULTANT WIND SPEED   9   RESULTANT WIND DIRECTION   S (200)
  HIGHEST WIND SPEED    14   HIGHEST WIND DIRECTION    SW (210)
  HIGHEST GUST SPEED    17   HIGHEST GUST DIRECTION     S (180)
  AVERAGE WIND SPEED     9.5


SKY COVER
  AVERAGE SKY COVER 1.0


WEATHER CONDITIONS
 THE FOLLOWING WEATHER WAS RECORDED TODAY.
  LIGHT RAIN
  FOG


RELATIVE HUMIDITY (PERCENT)
 HIGHEST   100           800 AM
 LOWEST     78          1100 AM
 AVERAGE    89

..........................................................


THE LUBBOCK CLIMATE NORMALS FOR TOMORROW
                         NORMAL    RECORD    YEAR
 MAXIMUM TEMPERATURE (F)   85        99      1965
                                             1956
 MINIMUM TEMPERATURE (F)   59        42      1993


SUNRISE AND SUNSET
SEPTEMBER 14 2014.....SUNRISE   730 AM CDT   SUNSET   755 PM CDT
SEPTEMBER 15 2014.....SUNRISE   731 AM CDT   SUNSET   754 PM CDT


-  INDICATES NEGATIVE NUMBERS.
R  INDICATES RECORD WAS SET OR TIED.
MM INDICATES DATA IS MISSING.
T  INDICATES TRACE AMOUNT.




$$
