000
CDUS44 KLUB 280127
CLILBB


CLIMATE REPORT
NATIONAL WEATHER SERVICE LUBBOCK, TX
826 PM CDT SAT AUG 27 2016


...................................

...THE LUBBOCK CLIMATE SUMMARY FOR AUGUST 27 2016...
VALID TODAY AS OF 0800 PM LOCAL TIME.

CLIMATE NORMAL PERIOD 1981 TO 2010
CLIMATE RECORD PERIOD 1911 TO 2016


WEATHER ITEM   OBSERVED TIME   RECORD YEAR NORMAL DEPARTURE LAST
                VALUE   (LST)  VALUE       VALUE  FROM      YEAR
                                                  NORMAL
..................................................................
TEMPERATURE (F)
 TODAY
  MAXIMUM         90    330 PM 100    1931  90      0       96
  MINIMUM         63    535 AM  53    1926  65     -2       68
  AVERAGE         77                        78     -1       82

PRECIPITATION (IN)
  TODAY            0.00          2.72 1972   0.06  -0.06     0.00
  MONTH TO DATE    1.34                      1.64  -0.30     0.02
  SINCE JUN 1      2.96                      6.59  -3.63     6.13
  SINCE JAN 1      8.23                     12.80  -4.57    22.06

SNOWFALL (IN)
  TODAY            0.0                       0.0    0.0      0.0
  MONTH TO DATE    0.0                       0.0    0.0      0.0
  SINCE JUN 1      0.0                       0.0    0.0      0.0
  SINCE JUL 1      0.0                       0.0    0.0      0.0
  SNOW DEPTH       0

DEGREE DAYS
 HEATING
  TODAY            0                         0      0        0
  MONTH TO DATE    0                         0      0        0
  SINCE JUN 1      3                         2      1        0
  SINCE JUL 1      0                         0      0        0

 COOLING
  TODAY           12                        13     -1       17
  MONTH TO DATE  390                       385      5      431
  SINCE JUN 1   1458                      1232    226     1317
  SINCE JAN 1   1685                      1478    207     1455
..................................................................


WIND (MPH)
  RESULTANT WIND SPEED   5   RESULTANT WIND DIRECTION   S (180)
  HIGHEST WIND SPEED    24   HIGHEST WIND DIRECTION    SE (130)
  HIGHEST GUST SPEED    30   HIGHEST GUST DIRECTION    SE (130)
  AVERAGE WIND SPEED     8.2


SKY COVER
  AVERAGE SKY COVER 0.3


WEATHER CONDITIONS
 THE FOLLOWING WEATHER WAS RECORDED TODAY.
  FOG
  HAZE


RELATIVE HUMIDITY (PERCENT)
 HIGHEST    93           200 AM
 LOWEST     31           600 PM
 AVERAGE    62

..........................................................


THE LUBBOCK CLIMATE NORMALS FOR TOMORROW
                         NORMAL    RECORD    YEAR
 MAXIMUM TEMPERATURE (F)   90       103      2011
 MINIMUM TEMPERATURE (F)   65        54      1916


SUNRISE AND SUNSET
AUGUST 27 2016........SUNRISE   718 AM CDT   SUNSET   818 PM CDT
AUGUST 28 2016........SUNRISE   719 AM CDT   SUNSET   817 PM CDT


-  INDICATES NEGATIVE NUMBERS.
R  INDICATES RECORD WAS SET OR TIED.
MM INDICATES DATA IS MISSING.
T  INDICATES TRACE AMOUNT.




$$
