000
CDUS44 KLUB 060626
CLILBB


CLIMATE REPORT
NATIONAL WEATHER SERVICE LUBBOCK, TX
1226 AM CST TUE DEC 6 2016


...................................

...THE LUBBOCK CLIMATE SUMMARY FOR DECEMBER 5 2016...

CLIMATE NORMAL PERIOD 1981 TO 2010
CLIMATE RECORD PERIOD 1911 TO 2016


WEATHER ITEM   OBSERVED TIME   RECORD YEAR NORMAL DEPARTURE LAST
                VALUE   (LST)  VALUE       VALUE  FROM      YEAR
                                                  NORMAL
..................................................................
TEMPERATURE (F)
 YESTERDAY
  MAXIMUM         61    424 PM  79    1939  56      5       61
  MINIMUM         28    757 AM  10    1950  29     -1       32
  AVERAGE         45                        42      3       47

PRECIPITATION (IN)
  YESTERDAY        0.00          0.46 1943   0.03  -0.03     0.00
  MONTH TO DATE    0.43                      0.12   0.31     0.00
  SINCE DEC 1      0.43                      0.12   0.31     0.00
  SINCE JAN 1     13.41                     18.48  -5.07    27.88

SNOWFALL (IN)
  YESTERDAY        0.0           3.0  1971   0.1   -0.1      0.0
  MONTH TO DATE    0.0                       0.3   -0.3      0.0
  SINCE DEC 1      0.0                       0.3   -0.3      0.0
  SINCE JUL 1      0.0                       1.2   -1.2       T
  SNOW DEPTH       0

DEGREE DAYS
 HEATING
  YESTERDAY       20                        23     -3       18
  MONTH TO DATE  113                       111      2      106
  SINCE DEC 1    113                       111      2      106
  SINCE JUL 1    477                       753   -276      625

 COOLING
  YESTERDAY        0                         0      0        0
  MONTH TO DATE    0                         0      0        0
  SINCE DEC 1      0                         0      0        0
  SINCE JAN 1   2114                      1804    310     1922
..................................................................


WIND (MPH)
  RESULTANT WIND SPEED  11   RESULTANT WIND DIRECTION  SW (230)
  HIGHEST WIND SPEED    23   HIGHEST WIND DIRECTION    SW (210)
  HIGHEST GUST SPEED    28   HIGHEST GUST DIRECTION     W (280)
  AVERAGE WIND SPEED    12.2


SKY COVER
  AVERAGE SKY COVER 0.3


WEATHER CONDITIONS
 THE FOLLOWING WEATHER WAS RECORDED YESTERDAY.
  FOG


RELATIVE HUMIDITY (PERCENT)
 HIGHEST   100           500 AM
 LOWEST     36           300 PM
 AVERAGE    68

..........................................................


THE LUBBOCK CLIMATE NORMALS FOR TODAY
                         NORMAL    RECORD    YEAR
 MAXIMUM TEMPERATURE (F)   56        83      1939
 MINIMUM TEMPERATURE (F)   28         1      1950


SUNRISE AND SUNSET
DECEMBER  6 2016......SUNRISE   738 AM CST   SUNSET   539 PM CST
DECEMBER  7 2016......SUNRISE   739 AM CST   SUNSET   539 PM CST


-  INDICATES NEGATIVE NUMBERS.
R  INDICATES RECORD WAS SET OR TIED.
MM INDICATES DATA IS MISSING.
T  INDICATES TRACE AMOUNT.




$$
