000
CDUS44 KLUB 230627
CLILBB


CLIMATE REPORT
NATIONAL WEATHER SERVICE LUBBOCK, TX
1226 AM CST MON JAN 23 2017


...................................

...THE LUBBOCK CLIMATE SUMMARY FOR JANUARY 22 2017...

CLIMATE NORMAL PERIOD 1981 TO 2010
CLIMATE RECORD PERIOD 1911 TO 2017


WEATHER ITEM   OBSERVED TIME   RECORD YEAR NORMAL DEPARTURE LAST
                VALUE   (LST)  VALUE       VALUE  FROM      YEAR
                                                  NORMAL
..................................................................
TEMPERATURE (F)
 YESTERDAY
  MAXIMUM         61    429 PM  79    2009  55      6       55
                                      1943
  MINIMUM         35   1154 PM  -6    1918  27      8       23
  AVERAGE         48                        41      7       39

PRECIPITATION (IN)
  YESTERDAY        T             0.35 1980   0.02  -0.02     0.00
                                      1949
  MONTH TO DATE    2.03                      0.42   1.61     0.30
  SINCE DEC 1      2.52                      1.18   1.34     1.87
  SINCE JAN 1      2.03                      0.42   1.61     0.30

SNOWFALL (IN)
  YESTERDAY        0.0           3.5  1980   0.1   -0.1      0.0
  MONTH TO DATE    0.2                       1.8   -1.6      2.1
  SINCE DEC 1      0.2                       4.1   -3.9     13.3
  SINCE JUL 1      0.2                       5.0   -4.8     13.3
  SNOW DEPTH       0

DEGREE DAYS
 HEATING
  YESTERDAY       17                        24     -7       26
  MONTH TO DATE  467                       552    -85      578
  SINCE DEC 1   1173                      1308   -135     1238
  SINCE JUL 1   1537                      1950   -413     1757

 COOLING
  YESTERDAY        0                         0      0        0
  MONTH TO DATE    0                         0      0        0
  SINCE DEC 1      0                         0      0        0
  SINCE JAN 1      0                         0      0        0
..................................................................


WIND (MPH)
  RESULTANT WIND SPEED  16   RESULTANT WIND DIRECTION  NW (320)
  HIGHEST WIND SPEED    33   HIGHEST WIND DIRECTION    NW (300)
  HIGHEST GUST SPEED    43   HIGHEST GUST DIRECTION    NW (300)
  AVERAGE WIND SPEED    15.9


SKY COVER
  AVERAGE SKY COVER 0.3


WEATHER CONDITIONS
 THE FOLLOWING WEATHER WAS RECORDED YESTERDAY.
  LIGHT RAIN


RELATIVE HUMIDITY (PERCENT)
 HIGHEST    82           800 AM
 LOWEST     26           500 PM
 AVERAGE    54

..........................................................


THE LUBBOCK CLIMATE NORMALS FOR TODAY
                         NORMAL    RECORD    YEAR
 MAXIMUM TEMPERATURE (F)   55        83      1972
 MINIMUM TEMPERATURE (F)   27         3      1983


SUNRISE AND SUNSET
JANUARY 23 2017.......SUNRISE   749 AM CST   SUNSET   610 PM CST
JANUARY 24 2017.......SUNRISE   748 AM CST   SUNSET   611 PM CST


-  INDICATES NEGATIVE NUMBERS.
R  INDICATES RECORD WAS SET OR TIED.
MM INDICATES DATA IS MISSING.
T  INDICATES TRACE AMOUNT.




$$
