000
CDUS44 KLUB 260625
CLILBB


CLIMATE REPORT
NATIONAL WEATHER SERVICE LUBBOCK, TX
125 AM CDT SUN OCT 26 2014


...................................

...THE LUBBOCK CLIMATE SUMMARY FOR OCTOBER 25 2014...

CLIMATE NORMAL PERIOD 1981 TO 2010
CLIMATE RECORD PERIOD 1911 TO 2014


WEATHER ITEM   OBSERVED TIME   RECORD YEAR NORMAL DEPARTURE LAST
                VALUE   (LST)  VALUE       VALUE  FROM      YEAR
                                                  NORMAL
..................................................................
TEMPERATURE (F)
 YESTERDAY
  MAXIMUM         85    347 PM  91    1959  72     13       63
  MINIMUM         53    713 AM  30    1955  45      8       41
  AVERAGE         69                        59     10       52

PRECIPITATION (IN)
  YESTERDAY        0.00          0.92 1923   0.05  -0.05      T
  MONTH TO DATE    0.38                      1.64  -1.26     1.11
  SINCE SEP 1      7.32                      4.15   3.17     1.65
  SINCE JAN 1     19.22                     17.22   2.00    11.43

SNOWFALL (IN)
  YESTERDAY        0.0           T    1957   0.0    0.0      0.0
  MONTH TO DATE    0.0                       0.0    0.0      0.0
  SINCE SEP 1      0.0                       0.0    0.0      0.0
  SINCE JUL 1      0.0                       0.0    0.0      0.0
  SNOW DEPTH       0

DEGREE DAYS
 HEATING
  YESTERDAY        0                         7     -7       13
  MONTH TO DATE   68                       110    -42      135
  SINCE SEP 1     93                       133    -40      139
  SINCE JUL 1     93                       133    -40      139

 COOLING
  YESTERDAY        4                         1      3        0
  MONTH TO DATE   49                        50     -1       68
  SINCE SEP 1    277                       273      4      384
  SINCE JAN 1   1906                      1799    107     2112
..................................................................


WIND (MPH)
  RESULTANT WIND SPEED   8   RESULTANT WIND DIRECTION  SW (210)
  HIGHEST WIND SPEED    17   HIGHEST WIND DIRECTION     S (200)
  HIGHEST GUST SPEED    22   HIGHEST GUST DIRECTION     S (200)
  AVERAGE WIND SPEED     9.3


SKY COVER
  AVERAGE SKY COVER 0.0


WEATHER CONDITIONS
 THE FOLLOWING WEATHER WAS RECORDED YESTERDAY.
  NO SIGNIFICANT WEATHER WAS OBSERVED.


RELATIVE HUMIDITY (PERCENT)
 HIGHEST    83           400 AM
 LOWEST     29           300 PM
 AVERAGE    56

..........................................................


THE LUBBOCK CLIMATE NORMALS FOR TODAY
                         NORMAL    RECORD    YEAR
 MAXIMUM TEMPERATURE (F)   72        88      1979
 MINIMUM TEMPERATURE (F)   44        26      1913


SUNRISE AND SUNSET
OCTOBER 26 2014.......SUNRISE   801 AM CDT   SUNSET   701 PM CDT
OCTOBER 27 2014.......SUNRISE   802 AM CDT   SUNSET   700 PM CDT


-  INDICATES NEGATIVE NUMBERS.
R  INDICATES RECORD WAS SET OR TIED.
MM INDICATES DATA IS MISSING.
T  INDICATES TRACE AMOUNT.




$$
