000
CDUS44 KLUB 250631
CLILBB


CLIMATE REPORT
NATIONAL WEATHER SERVICE LUBBOCK, TX
130 AM CDT WED MAY 25 2016


...................................

...THE LUBBOCK CLIMATE SUMMARY FOR MAY 24 2016...

CLIMATE NORMAL PERIOD 1981 TO 2010
CLIMATE RECORD PERIOD 1911 TO 2016


WEATHER ITEM   OBSERVED TIME   RECORD YEAR NORMAL DEPARTURE LAST
                VALUE   (LST)  VALUE       VALUE  FROM      YEAR
                                                  NORMAL
..................................................................
TEMPERATURE (F)
 YESTERDAY
  MAXIMUM         89    607 PM 109    2000  86      3       82
  MINIMUM         68    316 AM  40    1930  58     10       57
  AVERAGE         79                        72      7       70

PRECIPITATION (IN)
  YESTERDAY        0.00          2.18 1937   0.09  -0.09     0.00
  MONTH TO DATE    3.28                      1.65   1.63     8.32
  SINCE MAR 1      4.50                      4.16   0.34     9.86
  SINCE JAN 1      4.89                      5.56  -0.67    12.13

SNOWFALL (IN)
  YESTERDAY        0.0           0.0  2002   0.0    0.0      0.0
  MONTH TO DATE    0.0                       0.0    0.0      0.0
  SINCE MAR 1      T                         0.8   -0.8      1.1
  SINCE JUL 1     13.3                       8.2    5.1     14.7
  SNOW DEPTH       0

DEGREE DAYS
 HEATING
  YESTERDAY        0                         1     -1        0
  MONTH TO DATE   83                        37     46       41
  SINCE MAR 1    454                       635   -181      553
  SINCE JUL 1   2854                      3374   -520     3272

 COOLING
  YESTERDAY       14                         8      6        5
  MONTH TO DATE  118                       129    -11       63
  SINCE MAR 1    165                       185    -20      118
  SINCE JAN 1    169                       185    -16      118
..................................................................


WIND (MPH)
  RESULTANT WIND SPEED  14   RESULTANT WIND DIRECTION   S (180)
  HIGHEST WIND SPEED    25   HIGHEST WIND DIRECTION     S (160)
  HIGHEST GUST SPEED    32   HIGHEST GUST DIRECTION    SE (150)
  AVERAGE WIND SPEED    15.4


SKY COVER
  AVERAGE SKY COVER 0.6


WEATHER CONDITIONS
 THE FOLLOWING WEATHER WAS RECORDED YESTERDAY.
  FOG
  HAZE


RELATIVE HUMIDITY (PERCENT)
 HIGHEST    90          1200 AM
 LOWEST      9           600 PM
 AVERAGE    50

..........................................................


THE LUBBOCK CLIMATE NORMALS FOR TODAY
                         NORMAL    RECORD    YEAR
 MAXIMUM TEMPERATURE (F)   86       102      2012
 MINIMUM TEMPERATURE (F)   59        44      1924


SUNRISE AND SUNSET
MAY 25 2016...........SUNRISE   640 AM CDT   SUNSET   848 PM CDT
MAY 26 2016...........SUNRISE   640 AM CDT   SUNSET   849 PM CDT


-  INDICATES NEGATIVE NUMBERS.
R  INDICATES RECORD WAS SET OR TIED.
MM INDICATES DATA IS MISSING.
T  INDICATES TRACE AMOUNT.




$$
