000
CDUS43 KLBF 272212
CLILBF


CLIMATE REPORT
NATIONAL WEATHER SERVICE NORTH PLATTE
511 PM CDT FRI MAY 27 2016


...................................

...THE NORTH PLATTE NE CLIMATE SUMMARY FOR MAY 27 2016...
VALID TODAY AS OF 0500 PM LOCAL TIME.

CLIMATE NORMAL PERIOD 1981 TO 2010
CLIMATE RECORD PERIOD 1874 TO 2016


WEATHER ITEM   OBSERVED TIME   RECORD YEAR NORMAL DEPARTURE LAST
                VALUE   (LST)  VALUE       VALUE  FROM      YEAR
                                                  NORMAL
..................................................................
TEMPERATURE (F)
 TODAY
  MAXIMUM         68    340 PM  99    2006  75     -7       77
  MINIMUM         55    343 AM  29    1907  48      7       46
  AVERAGE         62                        61      1       62

PRECIPITATION (IN)
  TODAY            0.07          2.20 1995   0.12  -0.05      T
  MONTH TO DATE    3.09                      2.78   0.31     4.00
  SINCE MAR 1      9.11                      6.10   3.01     7.02
  SINCE JAN 1     10.37                      6.94   3.43     7.76

SNOWFALL (IN)
  TODAY            0.0           0.0    MM   0.0    0.0      0.0
  MONTH TO DATE    T                         0.0    0.0       T
  SINCE MAR 1      6.8                       7.6   -0.8      2.4
  SINCE JUL 1     32.4                      28.5    3.9     21.3
  SNOW DEPTH       0

DEGREE DAYS
 HEATING
  TODAY            3                         5     -2        3
  MONTH TO DATE  255                       226     29      257
  SINCE MAR 1   1419                      1588   -169     1352
  SINCE JUL 1   5696                      6616   -920     6241

 COOLING
  TODAY            0                         1     -1        0
  MONTH TO DATE    8                        17     -9        0
  SINCE MAR 1      9                        20    -11        2
  SINCE JAN 1      9                        20    -11        2
..................................................................


WIND (MPH)
  HIGHEST WIND SPEED    37   HIGHEST WIND DIRECTION    NE (30)
  HIGHEST GUST SPEED    49   HIGHEST GUST DIRECTION    NE (30)
  AVERAGE WIND SPEED     7.1


SKY COVER
  POSSIBLE SUNSHINE  MM
  AVERAGE SKY COVER 0.9


WEATHER CONDITIONS
 THE FOLLOWING WEATHER WAS RECORDED TODAY.
  LIGHT RAIN
  FOG


RELATIVE HUMIDITY (PERCENT)
 HIGHEST   100           600 AM
 LOWEST     78           900 AM
 AVERAGE    89

..........................................................


THE NORTH PLATTE NE CLIMATE NORMALS FOR TOMORROW
                         NORMAL    RECORD    YEAR
 MAXIMUM TEMPERATURE (F)   75        98      2006
 MINIMUM TEMPERATURE (F)   48        33      1992
                                             1947


SUNRISE AND SUNSET
MAY 27 2016...........SUNRISE   615 AM CDT   SUNSET   906 PM CDT
MAY 28 2016...........SUNRISE   614 AM CDT   SUNSET   906 PM CDT


-  INDICATES NEGATIVE NUMBERS.
R  INDICATES RECORD WAS SET OR TIED.
MM INDICATES DATA IS MISSING.
T  INDICATES TRACE AMOUNT.

$$
