000
CDUS43 KLBF 230934
CLILBF

CLIMATE REPORT
NATIONAL WEATHER SERVICE NORTH PLATTE
433 AM CDT SAT MAY 23 2015


...................................

...THE NORTH PLATTE NE CLIMATE SUMMARY FOR MAY 22 2015...

CLIMATE NORMAL PERIOD 1981 TO 2010
CLIMATE RECORD PERIOD 1874 TO 2015


WEATHER ITEM   OBSERVED TIME   RECORD YEAR NORMAL DEPARTURE LAST
                VALUE   (LST)  VALUE       VALUE  FROM      YEAR
                                                  NORMAL
..................................................................
TEMPERATURE (F)
 YESTERDAY
  MAXIMUM         51   1205 AM  94    2012  73    -22       78
  MINIMUM         43    512 AM  30    2001  46     -3       49
                                      1963
  AVERAGE         47                        60    -13       64

PRECIPITATION (IN)
  YESTERDAY        0.59          2.52 2008   0.11   0.48     0.00
  MONTH TO DATE    3.78                      2.20   1.58     0.86
  SINCE MAR 1      6.80                      5.52   1.28     2.29
  SINCE JAN 1      7.54                      6.36   1.18     3.34

SNOWFALL (IN)
  YESTERDAY        0.0           0.0    MM   0.0    0.0      0.0
  MONTH TO DATE    T                         0.0    0.0       T
  SINCE MAR 1      2.4                       7.6   -5.2      7.4
  SINCE JUL 1     21.3                      28.5   -7.2     29.8
  SNOW DEPTH       0

DEGREE DAYS
 HEATING
  YESTERDAY       18                         6     12        1
  MONTH TO DATE  232                       199     33      261
  SINCE MAR 1   1327                      1561   -234     1637
  SINCE JUL 1   6216                      6589   -373     6828

 COOLING
  YESTERDAY        0                         1     -1        0
  MONTH TO DATE    0                        12    -12        5
  SINCE MAR 1      2                        15    -13        7
  SINCE JAN 1      2                        15    -13        7
..................................................................


WIND (MPH)
  HIGHEST WIND SPEED    23   HIGHEST WIND DIRECTION     E (110)
  HIGHEST GUST SPEED    27   HIGHEST GUST DIRECTION     E (100)
  AVERAGE WIND SPEED    12.2


SKY COVER
  POSSIBLE SUNSHINE  MM
  AVERAGE SKY COVER 0.7


WEATHER CONDITIONS
 THE FOLLOWING WEATHER WAS RECORDED YESTERDAY.
  HEAVY RAIN
  RAIN
  LIGHT RAIN
  FOG


RELATIVE HUMIDITY (PERCENT)
 HIGHEST    93          1000 AM
 LOWEST     66          1200 AM
 AVERAGE    80

..........................................................


THE NORTH PLATTE NE CLIMATE NORMALS FOR TODAY
                         NORMAL    RECORD    YEAR
 MAXIMUM TEMPERATURE (F)   74        98      1926
 MINIMUM TEMPERATURE (F)   47        30      2001


SUNRISE AND SUNSET
MAY 23 2015...........SUNRISE   618 AM CDT   SUNSET   901 PM CDT
MAY 24 2015...........SUNRISE   617 AM CDT   SUNSET   902 PM CDT


-  INDICATES NEGATIVE NUMBERS.
R  INDICATES RECORD WAS SET OR TIED.
MM INDICATES DATA IS MISSING.
T  INDICATES TRACE AMOUNT.




$$
