000
CDUS43 KLBF 232257
CLILBF


CLIMATE REPORT
NATIONAL WEATHER SERVICE NORTH PLATTE
456 PM CST THU NOV 23 2017


...................................

...THE NORTH PLATTE NE CLIMATE SUMMARY FOR NOVEMBER 23 2017...
VALID TODAY AS OF 0400 PM LOCAL TIME.

CLIMATE NORMAL PERIOD 1981 TO 2010
CLIMATE RECORD PERIOD 1874 TO 2017


WEATHER ITEM   OBSERVED TIME   RECORD YEAR NORMAL DEPARTURE LAST
                VALUE   (LST)  VALUE       VALUE  FROM      YEAR
                                                  NORMAL
..................................................................
TEMPERATURE (F)
 TODAY
  MAXIMUM         73R   251 PM  72    1988  46     27       53
  MINIMUM         29    749 AM  -6    1950  18     11       26
  AVERAGE         51                        32     19       40

PRECIPITATION (IN)
  TODAY            0.00          0.74 2001   0.02  -0.02     0.00
  MONTH TO DATE    0.07                      0.53  -0.46     0.77
  SINCE SEP 1      7.93                      3.49   4.44     3.25
  SINCE JAN 1     25.69                     19.71   5.98    22.41

SNOWFALL (IN)
  TODAY            0.0           1.0  1950   0.2   -0.2      0.0
  MONTH TO DATE    0.4                       2.9   -2.5      5.0
  SINCE SEP 1      1.0                       5.2   -4.2      5.0
  SINCE JUL 1      1.0                       5.2   -4.2      5.0
  SNOW DEPTH       0

DEGREE DAYS
 HEATING
  TODAY           14                        33    -19       25
  MONTH TO DATE  581                       638    -57      459
  SINCE SEP 1   1134                      1287   -153      826
  SINCE JUL 1   1138                      1307   -169      838

 COOLING
  TODAY            0                         0      0        0
  MONTH TO DATE    0                         0      0        0
  SINCE SEP 1    131                        73     58      104
  SINCE JAN 1    954                       768    186      911
..................................................................


WIND (MPH)
  HIGHEST WIND SPEED    17   HIGHEST WIND DIRECTION     W (260)
  HIGHEST GUST SPEED    23   HIGHEST GUST DIRECTION     W (250)
  AVERAGE WIND SPEED     6.6


SKY COVER
  POSSIBLE SUNSHINE  MM
  AVERAGE SKY COVER 0.0


WEATHER CONDITIONS
 THE FOLLOWING WEATHER WAS RECORDED TODAY.
  NO SIGNIFICANT WEATHER WAS OBSERVED.


RELATIVE HUMIDITY (PERCENT)
 HIGHEST   100           600 AM
 LOWEST     34           300 PM
 AVERAGE    67

..........................................................


THE NORTH PLATTE NE CLIMATE NORMALS FOR TOMORROW
                         NORMAL    RECORD    YEAR
 MAXIMUM TEMPERATURE (F)   46        72      1915
 MINIMUM TEMPERATURE (F)   17        -7      1950


SUNRISE AND SUNSET
NOVEMBER 23 2017......SUNRISE   740 AM CST   SUNSET   518 PM CST
NOVEMBER 24 2017......SUNRISE   741 AM CST   SUNSET   517 PM CST


-  INDICATES NEGATIVE NUMBERS.
R  INDICATES RECORD WAS SET OR TIED.
MM INDICATES DATA IS MISSING.
T  INDICATES TRACE AMOUNT.




$$
