000
CDUS43 KLBF 280938
CLILBF

CLIMATE REPORT
NATIONAL WEATHER SERVICE NORTH PLATTE
437 AM CDT MON JUL 28 2014


...................................

...THE NORTH PLATTE NE CLIMATE SUMMARY FOR JULY 27 2014...

CLIMATE NORMAL PERIOD 1981 TO 2010
CLIMATE RECORD PERIOD 1874 TO 2014


WEATHER ITEM   OBSERVED TIME   RECORD YEAR NORMAL DEPARTURE LAST
                VALUE   (LST)  VALUE       VALUE  FROM      YEAR
                                                  NORMAL
..................................................................
TEMPERATURE (F)
 YESTERDAY
  MAXIMUM         87    448 PM 106    1952  88     -1       65
                                      1910
  MINIMUM         56   1149 PM  43    2005  61     -5       55
  AVERAGE         72                        75     -3       60

PRECIPITATION (IN)
  YESTERDAY        0.00          2.90 1892   0.10  -0.10     0.01
  MONTH TO DATE    0.14                      2.66  -2.52     1.87
  SINCE JUN 1      8.89                      6.08   2.81     3.82
  SINCE JAN 1     13.18                     13.52  -0.34     9.98

SNOWFALL (IN)
  YESTERDAY        0.0           0.0  2002   0.0    0.0      0.0
                                      2001
  MONTH TO DATE    0.0                       0.0    0.0      0.0
  SINCE JUN 1      T                         0.0    0.0       T
  SINCE JUL 1      0.0                       0.0    0.0      0.0
  SNOW DEPTH       0

DEGREE DAYS
 HEATING
  YESTERDAY        0                         0      0        5
  MONTH TO DATE   17                         0     17        9
  SINCE JUN 1     56                        51      5       56
  SINCE JUL 1     17                         0     17        9

 COOLING
  YESTERDAY        7                        10     -3        0
  MONTH TO DATE  217                       256    -39      285
  SINCE JUN 1    348                       394    -46      464
  SINCE JAN 1    397                       422    -25      512
..................................................................


WIND (MPH)
  HIGHEST WIND SPEED    20   HIGHEST WIND DIRECTION     N (350)
  HIGHEST GUST SPEED    27   HIGHEST GUST DIRECTION     N (10)
  AVERAGE WIND SPEED     6.4


SKY COVER
  POSSIBLE SUNSHINE  MM
  AVERAGE SKY COVER 0.1


WEATHER CONDITIONS
 THE FOLLOWING WEATHER WAS RECORDED YESTERDAY.
  NO SIGNIFICANT WEATHER WAS OBSERVED.


RELATIVE HUMIDITY (PERCENT)
 HIGHEST    90           100 AM
 LOWEST     25           300 PM
 AVERAGE    58

..........................................................


THE NORTH PLATTE NE CLIMATE NORMALS FOR TODAY
                         NORMAL    RECORD    YEAR
 MAXIMUM TEMPERATURE (F)   88       104      1933
                                             1917
 MINIMUM TEMPERATURE (F)   61        47      1892


SUNRISE AND SUNSET
JULY 28 2014..........SUNRISE   635 AM CDT   SUNSET   903 PM CDT
JULY 29 2014..........SUNRISE   636 AM CDT   SUNSET   902 PM CDT


-  INDICATES NEGATIVE NUMBERS.
R  INDICATES RECORD WAS SET OR TIED.
MM INDICATES DATA IS MISSING.
T  INDICATES TRACE AMOUNT.

$$
