000
CDUS43 KLBF 280900
CLILBF


CLIMATE REPORT
NATIONAL WEATHER SERVICE NORTH PLATTE
358 AM CDT TUE MAR 28 2017


...................................

...THE NORTH PLATTE NE CLIMATE SUMMARY FOR MARCH 27 2017...

CLIMATE NORMAL PERIOD 1981 TO 2010
CLIMATE RECORD PERIOD 1874 TO 2017


WEATHER ITEM   OBSERVED TIME   RECORD YEAR NORMAL DEPARTURE LAST
                VALUE   (LST)  VALUE       VALUE  FROM      YEAR
                                                  NORMAL
..................................................................
TEMPERATURE (F)
 YESTERDAY
  MAXIMUM         66    426 PM  86    1879  56     10       60
  MINIMUM         34    443 AM  -4    1888  27      7       10
  AVERAGE         50                        41      9       35

PRECIPITATION (IN)
  YESTERDAY        0.00          0.79 1980   0.05  -0.05     0.00
  MONTH TO DATE    1.19                      0.87   0.32     0.64
  SINCE MAR 1      1.19                      0.87   0.32     0.64
  SINCE JAN 1      2.38                      1.71   0.67     1.90

SNOWFALL (IN)
  YESTERDAY        0.0           6.2  1939   0.1   -0.1      0.0
  MONTH TO DATE    T                         3.8   -3.8      4.3
  SINCE MAR 1      T                         3.8   -3.8      4.3
  SINCE JUL 1     20.3                      24.7   -4.4     29.9
  SNOW DEPTH       0

DEGREE DAYS
 HEATING
  YESTERDAY       15                        24     -9       30
  MONTH TO DATE  566                       745   -179      611
  SINCE MAR 1    566                       745   -179      611
  SINCE JUL 1   4888                      5773   -885     4888

 COOLING
  YESTERDAY        0                         0      0        0
  MONTH TO DATE    0                         0      0        0
  SINCE MAR 1      0                         0      0        0
  SINCE JAN 1      0                         0      0        0
..................................................................


WIND (MPH)
  HIGHEST WIND SPEED    15   HIGHEST WIND DIRECTION     S (170)
  HIGHEST GUST SPEED    19   HIGHEST GUST DIRECTION     S (160)
  AVERAGE WIND SPEED     5.3


SKY COVER
  POSSIBLE SUNSHINE  MM
  AVERAGE SKY COVER 0.4


WEATHER CONDITIONS
 THE FOLLOWING WEATHER WAS RECORDED YESTERDAY.
  FOG
  FOG W/VISIBILITY <= 1/4 MILE


RELATIVE HUMIDITY (PERCENT)
 HIGHEST   100           200 AM
 LOWEST     37           300 PM
 AVERAGE    69

..........................................................


THE NORTH PLATTE NE CLIMATE NORMALS FOR TODAY
                         NORMAL    RECORD    YEAR
 MAXIMUM TEMPERATURE (F)   56        86      1986
 MINIMUM TEMPERATURE (F)   27         1      1899


SUNRISE AND SUNSET
MARCH 28 2017.........SUNRISE   732 AM CDT   SUNSET   804 PM CDT
MARCH 29 2017.........SUNRISE   731 AM CDT   SUNSET   805 PM CDT


-  INDICATES NEGATIVE NUMBERS.
R  INDICATES RECORD WAS SET OR TIED.
MM INDICATES DATA IS MISSING.
T  INDICATES TRACE AMOUNT.




$$
