000
CDUS42 KILM 090946
CLILBT


CLIMATE REPORT
NATIONAL WEATHER SERVICE WILMINGTON NC
446 AM EST TUE FEB 9 2016


...................................

...THE LUMBERTON NC CLIMATE SUMMARY FOR FEBRUARY 8 2016...

CLIMATE NORMAL PERIOD 1981 TO 2010
CLIMATE RECORD PERIOD 9999 TO 9999


WEATHER ITEM   OBSERVED TIME   NORMAL DEPARTURE LAST
                VALUE   (LST)  VALUE  FROM      YEAR
                                      NORMAL
......................................................
TEMPERATURE (F)
 YESTERDAY
  MAXIMUM         58    414 PM  56      2       71
  MINIMUM         30    738 AM  35     -5       46
  AVERAGE         44            45     -1       59

PRECIPITATION (IN)
  YESTERDAY        0.09          0.10  -0.01     0.00
  MONTH TO DATE    3.58          0.70   2.88     0.71
  SINCE DEC 1     12.10          6.56   5.54     8.18
  SINCE JAN 1      5.21          3.67   1.54     5.40

SNOWFALL (IN)
  YESTERDAY       MM
  MONTH TO DATE   MM
  SINCE DEC 1     MM
  SINCE JUL 1     MM
  SNOW DEPTH      MM

DEGREE DAYS
 HEATING
  YESTERDAY       21            20      1        6
  MONTH TO DATE  109           162    -53      162
  SINCE DEC 1   1005          1415   -410     1329
  SINCE JUL 1   1286          1881   -595     1872

 COOLING
  YESTERDAY        0             0      0        0
  MONTH TO DATE    1             0      1        0
  SINCE DEC 1     51             3     48        0
  SINCE JAN 1      1             1      0        0
......................................................


WIND (MPH)
  HIGHEST WIND SPEED    25   HIGHEST WIND DIRECTION     W (270)
  HIGHEST GUST SPEED    35   HIGHEST GUST DIRECTION     W (260)
  AVERAGE WIND SPEED     7.6


SKY COVER
  POSSIBLE SUNSHINE  MM
  AVERAGE SKY COVER 0.2


WEATHER CONDITIONS
 THE FOLLOWING WEATHER WAS RECORDED YESTERDAY.
  LIGHT RAIN
  FOG


RELATIVE HUMIDITY (PERCENT)
 HIGHEST    92           700 AM
 LOWEST     36           300 PM
 AVERAGE    64

..........................................................


THE LUMBERTON NC CLIMATE NORMALS FOR TODAY
                         NORMAL
 MAXIMUM TEMPERATURE (F)   57
 MINIMUM TEMPERATURE (F)   35


SUNRISE AND SUNSET
FEBRUARY  9 2016......SUNRISE   708 AM EST   SUNSET   553 PM EST
FEBRUARY 10 2016......SUNRISE   707 AM EST   SUNSET   554 PM EST


-  INDICATES NEGATIVE NUMBERS.
R  INDICATES RECORD WAS SET OR TIED.
MM INDICATES DATA IS MISSING.
T  INDICATES TRACE AMOUNT.




$$
