000
CDUS42 KILM 202054
CLILBT


CLIMATE REPORT
NATIONAL WEATHER SERVICE WILMINGTON NC
453 PM EDT WED SEP 20 2017


...................................

...THE LUMBERTON NC CLIMATE SUMMARY FOR SEPTEMBER 20 2017...
VALID TODAY AS OF 0400 PM LOCAL TIME.

CLIMATE NORMAL PERIOD 1981 TO 2010
CLIMATE RECORD PERIOD 9999 TO 9999


WEATHER ITEM   OBSERVED TIME   NORMAL DEPARTURE LAST
                VALUE   (LST)  VALUE  FROM      YEAR
                                      NORMAL
......................................................
TEMPERATURE (F)
 TODAY
  MAXIMUM         89    258 PM  83      6       80
  MINIMUM         61    617 AM  61      0       71
  AVERAGE         75            72      3       76

PRECIPITATION (IN)
  TODAY            0.00          0.15  -0.15     0.04
  MONTH TO DATE    4.75          3.25   1.50     4.87
  SINCE SEP 1      4.75          3.25   1.50     4.87
  SINCE JAN 1     36.56         33.64   2.92    37.38

DEGREE DAYS
 HEATING
  TODAY            0             0      0        0
  MONTH TO DATE    0             0      0        0
  SINCE SEP 1      0             0      0        0
  SINCE JUL 1      0             0      0        0

 COOLING
  TODAY           10             7      3       11
  MONTH TO DATE  168           189    -21      260
  SINCE SEP 1    168           189    -21      260
  SINCE JAN 1   1902          1761    141     2159
......................................................


WIND (MPH)
  HIGHEST WIND SPEED    12   HIGHEST WIND DIRECTION     W (280)
  HIGHEST GUST SPEED    15   HIGHEST GUST DIRECTION    NW (300)
  AVERAGE WIND SPEED     3.5


SKY COVER
  POSSIBLE SUNSHINE  MM
  AVERAGE SKY COVER 0.0


WEATHER CONDITIONS
 THE FOLLOWING WEATHER WAS RECORDED TODAY.
  FOG


RELATIVE HUMIDITY (PERCENT)
 HIGHEST   100          1200 AM
 LOWEST     53           100 PM
 AVERAGE    77

..........................................................


THE LUMBERTON NC CLIMATE NORMALS FOR TOMORROW
                         NORMAL
 MAXIMUM TEMPERATURE (F)   83
 MINIMUM TEMPERATURE (F)   61


SUNRISE AND SUNSET
SEPTEMBER 20 2017.....SUNRISE   703 AM EDT   SUNSET   716 PM EDT
SEPTEMBER 21 2017.....SUNRISE   704 AM EDT   SUNSET   714 PM EDT


-  INDICATES NEGATIVE NUMBERS.
R  INDICATES RECORD WAS SET OR TIED.
MM INDICATES DATA IS MISSING.
T  INDICATES TRACE AMOUNT.




$$
