000
CDUS42 KILM 160841
CLILBT


CLIMATE REPORT
NATIONAL WEATHER SERVICE WILMINGTON NC
441 AM EDT WED APR 16 2014


...................................

...THE LUMBERTON NC CLIMATE SUMMARY FOR APRIL 15 2014...

CLIMATE NORMAL PERIOD 1981 TO 2010
CLIMATE RECORD PERIOD 9999 TO 9999


WEATHER ITEM   OBSERVED TIME   NORMAL DEPARTURE LAST
                VALUE   (LST)  VALUE  FROM      YEAR
                                      NORMAL
......................................................
TEMPERATURE (F)
 YESTERDAY
  MAXIMUM         73   1135 AM  74     -1       73
  MINIMUM         43   1159 PM  49     -6       57
  AVERAGE         58            62     -4       65

PRECIPITATION (IN)
  YESTERDAY        0.73          0.08   0.65     0.03
  MONTH TO DATE    1.39          1.52  -0.13     1.59
  SINCE MAR 1      4.81          4.85  -0.04     3.47
  SINCE JAN 1     10.88         10.72   0.16     9.04

SNOWFALL (IN)
  YESTERDAY       MM
  MONTH TO DATE   MM
  SINCE MAR 1     MM
  SINCE JUL 1     MM
  SNOW DEPTH      MM

DEGREE DAYS
 HEATING
  YESTERDAY        7             5      2        0
  MONTH TO DATE   42            96    -54       97
  SINCE MAR 1    554           442    112      633
  SINCE JUL 1   2850          2672    178     2707

 COOLING
  YESTERDAY        0             2     -2        0
  MONTH TO DATE   20            22     -2       16
  SINCE MAR 1     21            32    -11       17
  SINCE JAN 1     22            35    -13       21
......................................................


WIND (MPH)
  HIGHEST WIND SPEED    29   HIGHEST WIND DIRECTION     N (340)
  HIGHEST GUST SPEED    35   HIGHEST GUST DIRECTION     N (340)
  AVERAGE WIND SPEED    11.4


SKY COVER
  POSSIBLE SUNSHINE  MM
  AVERAGE SKY COVER 0.8


WEATHER CONDITIONS
 THE FOLLOWING WEATHER WAS RECORDED YESTERDAY.
  THUNDERSTORM
  HEAVY RAIN
  RAIN
  LIGHT RAIN
  FOG


RELATIVE HUMIDITY (PERCENT)
 HIGHEST    93          1200 AM
 LOWEST     65          1000 PM
 AVERAGE    79

..........................................................


THE LUMBERTON NC CLIMATE NORMALS FOR TODAY
                         NORMAL
 MAXIMUM TEMPERATURE (F)   75
 MINIMUM TEMPERATURE (F)   49


SUNRISE AND SUNSET
APRIL 16 2014.........SUNRISE   644 AM EDT   SUNSET   749 PM EDT
APRIL 17 2014.........SUNRISE   642 AM EDT   SUNSET   750 PM EDT


-  INDICATES NEGATIVE NUMBERS.
R  INDICATES RECORD WAS SET OR TIED.
MM INDICATES DATA IS MISSING.
T  INDICATES TRACE AMOUNT.




$$
