257
CDUS42 KILM 220947
CLILBT


CLIMATE REPORT
NATIONAL WEATHER SERVICE WILMINGTON NC
446 AM EST WED FEB 22 2017


...................................

...THE LUMBERTON NC CLIMATE SUMMARY FOR FEBRUARY 21 2017...

CLIMATE NORMAL PERIOD 1981 TO 2010
CLIMATE RECORD PERIOD 9999 TO 9999


WEATHER ITEM   OBSERVED TIME   NORMAL DEPARTURE LAST
                VALUE   (LST)  VALUE  FROM      YEAR
                                      NORMAL
......................................................
TEMPERATURE (F)
 YESTERDAY
  MAXIMUM         70    212 PM  60     10       71
  MINIMUM         47    720 AM  37     10       47
  AVERAGE         59            48     11       59

PRECIPITATION (IN)
  YESTERDAY        0.00          0.12  -0.12      T
  MONTH TO DATE    1.09          2.12  -1.03     5.19
  SINCE DEC 1      7.79          7.98  -0.19    13.71
  SINCE JAN 1      3.49          5.09  -1.60     6.82

SNOWFALL (IN)
  YESTERDAY       MM
  MONTH TO DATE   MM
  SINCE DEC 1     MM
  SINCE JUL 1     MM
  SNOW DEPTH      MM

DEGREE DAYS
 HEATING
  YESTERDAY        6            17    -11        6
  MONTH TO DATE  241           399   -158      406
  SINCE DEC 1   1252          1652   -400     1302
  SINCE JUL 1   1614          2118   -504     1583

 COOLING
  YESTERDAY        0             0      0        0
  MONTH TO DATE    7             0      7        1
  SINCE DEC 1      7             3      4       51
  SINCE JAN 1      7             1      6        1
......................................................


WIND (MPH)
  HIGHEST WIND SPEED    13   HIGHEST WIND DIRECTION    NE (60)
  HIGHEST GUST SPEED    16   HIGHEST GUST DIRECTION    NE (60)
  AVERAGE WIND SPEED     5.5


SKY COVER
  POSSIBLE SUNSHINE  MM
  AVERAGE SKY COVER 0.2


WEATHER CONDITIONS
 THE FOLLOWING WEATHER WAS RECORDED YESTERDAY.
  NO SIGNIFICANT WEATHER WAS OBSERVED.


RELATIVE HUMIDITY (PERCENT)
 HIGHEST    86           100 AM
 LOWEST     39           300 PM
 AVERAGE    63

..........................................................


THE LUMBERTON NC CLIMATE NORMALS FOR TODAY
                         NORMAL
 MAXIMUM TEMPERATURE (F)   60
 MINIMUM TEMPERATURE (F)   37


SUNRISE AND SUNSET
FEBRUARY 22 2017......SUNRISE   654 AM EST   SUNSET   606 PM EST
FEBRUARY 23 2017......SUNRISE   652 AM EST   SUNSET   607 PM EST


-  INDICATES NEGATIVE NUMBERS.
R  INDICATES RECORD WAS SET OR TIED.
MM INDICATES DATA IS MISSING.
T  INDICATES TRACE AMOUNT.




$$
