000
CDUS42 KILM 262141
CLILBT


CLIMATE REPORT
NATIONAL WEATHER SERVICE WILMINGTON NC
441 PM EST FRI DEC 26 2014


...................................

...THE LUMBERTON NC CLIMATE SUMMARY FOR DECEMBER 26 2014...
VALID TODAY AS OF 0400 PM LOCAL TIME.

CLIMATE NORMAL PERIOD 1981 TO 2010
CLIMATE RECORD PERIOD 9999 TO 9999


WEATHER ITEM   OBSERVED TIME   NORMAL DEPARTURE LAST
                VALUE   (LST)  VALUE  FROM      YEAR
                                      NORMAL
......................................................
TEMPERATURE (F)
 TODAY
  MAXIMUM         61    253 PM  54      7       46
  MINIMUM         34    751 AM  34      0       33
  AVERAGE         48            44      4       40

PRECIPITATION (IN)
  TODAY            0.00          0.07  -0.07     0.01
  MONTH TO DATE    2.66          2.54   0.12     3.32
  SINCE DEC 1      2.66          2.54   0.12     3.32
  SINCE JAN 1     42.28         43.17  -0.89    43.52

SNOWFALL (IN)
  TODAY           MM
  MONTH TO DATE   MM
  SINCE DEC 1     MM
  SINCE JUL 1     MM
  SNOW DEPTH      MM

DEGREE DAYS
 HEATING
  TODAY           17            21     -4       25
  MONTH TO DATE  429           479    -50      393
  SINCE DEC 1    429           479    -50      393
  SINCE JUL 1    972           945     27      909

 COOLING
  TODAY            0             0      0        0
  MONTH TO DATE    0             0      0       15
  SINCE DEC 1      0             0      0       15
  SINCE JAN 1   2061          1907    154     1876
......................................................


WIND (MPH)
  HIGHEST WIND SPEED     7   HIGHEST WIND DIRECTION    SW (230)
  HIGHEST GUST SPEED     9   HIGHEST GUST DIRECTION    SE (130)
  AVERAGE WIND SPEED     0.2


SKY COVER
  POSSIBLE SUNSHINE  MM
  AVERAGE SKY COVER 0.0


WEATHER CONDITIONS
 THE FOLLOWING WEATHER WAS RECORDED TODAY.
  FOG


RELATIVE HUMIDITY (PERCENT)
 HIGHEST    96           700 AM
 LOWEST     39           300 PM
 AVERAGE    68

..........................................................


THE LUMBERTON NC CLIMATE NORMALS FOR TOMORROW
                         NORMAL    RECORD    YEAR
 MAXIMUM TEMPERATURE (F)   54        MM        MM
 MINIMUM TEMPERATURE (F)   34        MM        MM


SUNRISE AND SUNSET
DECEMBER 26 2014......SUNRISE   721 AM EST   SUNSET   512 PM EST
DECEMBER 27 2014......SUNRISE   722 AM EST   SUNSET   513 PM EST


-  INDICATES NEGATIVE NUMBERS.
R  INDICATES RECORD WAS SET OR TIED.
MM INDICATES DATA IS MISSING.
T  INDICATES TRACE AMOUNT.




$$
