000
CDUS42 KILM 290843
CLILBT


CLIMATE REPORT
NATIONAL WEATHER SERVICE WILMINGTON NC
443 AM EDT SUN MAR 29 2015


...................................

...THE LUMBERTON NC CLIMATE SUMMARY FOR MARCH 28 2015...

CLIMATE NORMAL PERIOD 1981 TO 2010
CLIMATE RECORD PERIOD 9999 TO 9999


WEATHER ITEM   OBSERVED TIME   NORMAL DEPARTURE LAST
                VALUE   (LST)  VALUE  FROM      YEAR
                                      NORMAL
......................................................
TEMPERATURE (F)
 YESTERDAY
  MAXIMUM         53    336 PM  70    -17       71
  MINIMUM         36   1159 PM  45     -9       39
  AVERAGE         45            57    -12       55

PRECIPITATION (IN)
  YESTERDAY        0.03          0.11  -0.08     0.33
  MONTH TO DATE    3.43          2.97   0.46     2.64
  SINCE MAR 1      3.43          2.97   0.46     2.64
  SINCE JAN 1     12.89          8.84   4.05     8.71

SNOWFALL (IN)
  YESTERDAY       MM
  MONTH TO DATE   MM
  SINCE MAR 1     MM
  SINCE JUL 1     MM
  SNOW DEPTH      MM

DEGREE DAYS
 HEATING
  YESTERDAY       20             8     12       10
  MONTH TO DATE  260           324    -64      493
  SINCE MAR 1    260           324    -64      493
  SINCE JUL 1   2624          2554     70     2789

 COOLING
  YESTERDAY        0             0      0        0
  MONTH TO DATE   15             0     15        0
  SINCE MAR 1     15             0     15        0
  SINCE JAN 1     15             3     12        1
......................................................


WIND (MPH)
  HIGHEST WIND SPEED    20   HIGHEST WIND DIRECTION     W (290)
  HIGHEST GUST SPEED    25   HIGHEST GUST DIRECTION    SW (240)
  AVERAGE WIND SPEED     9.9


SKY COVER
  POSSIBLE SUNSHINE  MM
  AVERAGE SKY COVER 0.5


WEATHER CONDITIONS
 THE FOLLOWING WEATHER WAS RECORDED YESTERDAY.
  LIGHT RAIN
  FOG


RELATIVE HUMIDITY (PERCENT)
 HIGHEST    92          1200 AM
 LOWEST     34           600 PM
 AVERAGE    63

..........................................................


THE LUMBERTON NC CLIMATE NORMALS FOR TODAY
                         NORMAL
 MAXIMUM TEMPERATURE (F)   70
 MINIMUM TEMPERATURE (F)   45


SUNRISE AND SUNSET
MARCH 29 2015.........SUNRISE   708 AM EDT   SUNSET   735 PM EDT
MARCH 30 2015.........SUNRISE   706 AM EDT   SUNSET   736 PM EDT


-  INDICATES NEGATIVE NUMBERS.
R  INDICATES RECORD WAS SET OR TIED.
MM INDICATES DATA IS MISSING.
T  INDICATES TRACE AMOUNT.




$$
