000
CDUS44 KLCH 282217
CLILCH


CLIMATE REPORT
NATIONAL WEATHER SERVICE LAKE CHARLES, LA
416 PM CST SUN DEC 28 2014


...................................

...THE LAKE CHARLES CLIMATE SUMMARY FOR DECEMBER 28 2014...
VALID TODAY AS OF 0400 PM LOCAL TIME.

CLIMATE NORMAL PERIOD 1981 TO 2010
CLIMATE RECORD PERIOD 1895 TO 2014


WEATHER ITEM   OBSERVED TIME   RECORD YEAR NORMAL DEPARTURE LAST
                VALUE   (LST)  VALUE       VALUE  FROM      YEAR
                                                  NORMAL
..................................................................
TEMPERATURE (F)
 TODAY
  MAXIMUM         52    229 PM  79    1981  62    -10       54
  MINIMUM         51    359 PM  24    1925  43      8       38
  AVERAGE         52                        52      0       46

PRECIPITATION (IN)
  TODAY            0.17          5.95 1927   0.16   0.01      T
  MONTH TO DATE    1.89                      4.19  -2.30     2.05
  SINCE DEC 1      1.89                      4.19  -2.30     2.05
  SINCE JAN 1     68.49                     57.00  11.49    57.46

SNOWFALL (IN)
  TODAY            0.0           0.0    MM   0.0    0.0     MM
  MONTH TO DATE    0.0                       0.0    0.0      0.0
  SINCE DEC 1      0.0                       0.0    0.0      0.0
  SINCE JUL 1      0.0                       0.0    0.0      0.0
  SNOW DEPTH       0

DEGREE DAYS
 HEATING
  TODAY           13                        13      0       19
  MONTH TO DATE  227                       325    -98      389
  SINCE DEC 1    227                       325    -98      389
  SINCE JUL 1    503                       532    -29      663

 COOLING
  TODAY            0                         1     -1        0
  MONTH TO DATE   17                        28    -11       25
  SINCE DEC 1     17                        28    -11       25
  SINCE JAN 1   2704                      2817   -113     2972
..................................................................


WIND (MPH)
  HIGHEST WIND SPEED    15   HIGHEST WIND DIRECTION     N (20)
  HIGHEST GUST SPEED    20   HIGHEST GUST DIRECTION     N (10)
  AVERAGE WIND SPEED    10.1


SKY COVER
  POSSIBLE SUNSHINE  MM
  AVERAGE SKY COVER 1.0


WEATHER CONDITIONS
 THE FOLLOWING WEATHER WAS RECORDED TODAY.
  RAIN
  LIGHT RAIN
  FOG


RELATIVE HUMIDITY (PERCENT)
 HIGHEST    96           100 AM
 LOWEST     89           200 AM
 AVERAGE    93

..........................................................


THE LAKE CHARLES CLIMATE NORMALS FOR TOMORROW
                         NORMAL    RECORD    YEAR
 MAXIMUM TEMPERATURE (F)   62        78      1984
                                             1971
                                             1928
 MINIMUM TEMPERATURE (F)   43        26      1983
                                             1912


SUNRISE AND SUNSET
DECEMBER 28 2014......SUNRISE   708 AM CST   SUNSET   521 PM CST
DECEMBER 29 2014......SUNRISE   708 AM CST   SUNSET   522 PM CST


-  INDICATES NEGATIVE NUMBERS.
R  INDICATES RECORD WAS SET OR TIED.
MM INDICATES DATA IS MISSING.
T  INDICATES TRACE AMOUNT.




$$
