000
CDUS44 KLCH 260912
CLILCH


CLIMATE REPORT
NATIONAL WEATHER SERVICE LAKE CHARLES, LA
411 AM CDT SUN MAR 26 2017


...................................

...THE LAKE CHARLES CLIMATE SUMMARY FOR MARCH 25 2017...

CLIMATE NORMAL PERIOD 1981 TO 2010
CLIMATE RECORD PERIOD 1895 TO 2017


WEATHER ITEM   OBSERVED TIME   RECORD YEAR NORMAL DEPARTURE LAST
                VALUE   (LST)  VALUE       VALUE  FROM      YEAR
                                                  NORMAL
..................................................................
TEMPERATURE (F)
 YESTERDAY
  MAXIMUM         77    238 PM  89    1910  74      3       72
  MINIMUM         58    617 AM  30    1915  53      5       46
  AVERAGE         68                        63      5       59

PRECIPITATION (IN)
  YESTERDAY        0.95          4.32 1943   0.13   0.82     0.00
  MONTH TO DATE    1.50                      2.96  -1.46     1.48
  SINCE MAR 1      1.50                      2.96  -1.46     1.48
  SINCE JAN 1      8.45                     11.65  -3.20     6.65

SNOWFALL (IN)
  YESTERDAY        0.0           0.0    MM   0.0    0.0      0.0
  MONTH TO DATE    0.0                       0.0    0.0      0.0
  SINCE MAR 1      0.0                       0.0    0.0      0.0
  SINCE JUL 1      T                         0.1   -0.1      0.0
  SNOW DEPTH       0

DEGREE DAYS
 HEATING
  YESTERDAY        0                         4     -4        6
  MONTH TO DATE   77                       143    -66       66
  SINCE MAR 1     77                       143    -66       66
  SINCE JUL 1    735                      1425   -690     1015

 COOLING
  YESTERDAY        3                         2      1        0
  MONTH TO DATE   67                        37     30       80
  SINCE MAR 1     67                        37     30       80
  SINCE JAN 1    198                        60    138       95
..................................................................


WIND (MPH)
  HIGHEST WIND SPEED    23   HIGHEST WIND DIRECTION     W (260)
  HIGHEST GUST SPEED    39   HIGHEST GUST DIRECTION     W (270)
  AVERAGE WIND SPEED     8.4


SKY COVER
  POSSIBLE SUNSHINE  MM
  AVERAGE SKY COVER 0.7


WEATHER CONDITIONS
 THE FOLLOWING WEATHER WAS RECORDED YESTERDAY.
  THUNDERSTORM
  HEAVY RAIN
  RAIN
  LIGHT RAIN
  FOG
  HAZE


RELATIVE HUMIDITY (PERCENT)
 HIGHEST   100           600 AM
 LOWEST     60           200 PM
 AVERAGE    80

..........................................................


THE LAKE CHARLES CLIMATE NORMALS FOR TODAY
                         NORMAL    RECORD    YEAR
 MAXIMUM TEMPERATURE (F)   74        87      1910
 MINIMUM TEMPERATURE (F)   53        32      1915


SUNRISE AND SUNSET
MARCH 26 2017.........SUNRISE   709 AM CDT   SUNSET   728 PM CDT
MARCH 27 2017.........SUNRISE   708 AM CDT   SUNSET   729 PM CDT


-  INDICATES NEGATIVE NUMBERS.
R  INDICATES RECORD WAS SET OR TIED.
MM INDICATES DATA IS MISSING.
T  INDICATES TRACE AMOUNT.




$$
