000
CDUS44 KLCH 302216
CLILCH


CLIMATE REPORT
NATIONAL WEATHER SERVICE LAKE CHARLES, LA
516 PM CDT THU OCT 30 2014


...................................

...THE LAKE CHARLES CLIMATE SUMMARY FOR OCTOBER 30 2014...
VALID TODAY AS OF 0500 PM LOCAL TIME.

CLIMATE NORMAL PERIOD 1981 TO 2010
CLIMATE RECORD PERIOD 1895 TO 2014


WEATHER ITEM   OBSERVED TIME   RECORD YEAR NORMAL DEPARTURE LAST
                VALUE   (LST)  VALUE       VALUE  FROM      YEAR
                                                  NORMAL
..................................................................
TEMPERATURE (F)
 TODAY
  MAXIMUM         77    240 PM  89    1932  77      0       81
                                      1922
  MINIMUM         52    653 AM  37    1908  55     -3       67
  AVERAGE         65                        66     -1       74

PRECIPITATION (IN)
  TODAY            0.00          2.52 1991   0.16  -0.16      T
  MONTH TO DATE    2.51                      4.73  -2.22     1.44
  SINCE SEP 1      7.48                      9.99  -2.51    11.13
  SINCE JAN 1     59.55                     48.21  11.34    50.13

SNOWFALL (IN)
  TODAY            0.0           0.0    MM   0.0    0.0      0.0
  MONTH TO DATE    0.0                       0.0    0.0      0.0
  SINCE SEP 1      0.0                       0.0    0.0      0.0
  SINCE JUL 1      0.0                       0.0    0.0      0.0
  SNOW DEPTH       0

DEGREE DAYS
 HEATING
  TODAY            0                         3     -3        0
  MONTH TO DATE    3                        31    -28       18
  SINCE SEP 1      3                        32    -29       18
  SINCE JUL 1      3                        32    -29       18

 COOLING
  TODAY            0                         4     -4        9
  MONTH TO DATE  210                       190     20      194
  SINCE SEP 1    659                       601     58      698
  SINCE JAN 1   2669                      2730    -61     2903
..................................................................


WIND (MPH)
  HIGHEST WIND SPEED    14   HIGHEST WIND DIRECTION     E (80)
  HIGHEST GUST SPEED    17   HIGHEST GUST DIRECTION     E (70)
  AVERAGE WIND SPEED     7.4


SKY COVER
  POSSIBLE SUNSHINE  MM
  AVERAGE SKY COVER 0.0


WEATHER CONDITIONS
 THE FOLLOWING WEATHER WAS RECORDED TODAY.
  NO SIGNIFICANT WEATHER WAS OBSERVED.


RELATIVE HUMIDITY (PERCENT)
 HIGHEST    83           600 AM
 LOWEST     33           200 PM
 AVERAGE    58

..........................................................


THE LAKE CHARLES CLIMATE NORMALS FOR TOMORROW
                         NORMAL    RECORD    YEAR
 MAXIMUM TEMPERATURE (F)   77        88      1971
                                             1937
                                             1927
 MINIMUM TEMPERATURE (F)   55        30      1993


SUNRISE AND SUNSET
OCTOBER 30 2014.......SUNRISE   725 AM CDT   SUNSET   627 PM CDT
OCTOBER 31 2014.......SUNRISE   726 AM CDT   SUNSET   626 PM CDT


-  INDICATES NEGATIVE NUMBERS.
R  INDICATES RECORD WAS SET OR TIED.
MM INDICATES DATA IS MISSING.
T  INDICATES TRACE AMOUNT.




$$
