740
CDUS44 KLCH 162228
CLILCH


CLIMATE REPORT
NATIONAL WEATHER SERVICE LAKE CHARLES, LA
428 PM CST MON JAN 16 2017


...................................

...THE LAKE CHARLES CLIMATE SUMMARY FOR JANUARY 16 2017...
VALID TODAY AS OF 0400 PM LOCAL TIME.

CLIMATE NORMAL PERIOD 1981 TO 2010
CLIMATE RECORD PERIOD 1895 TO 2017


WEATHER ITEM   OBSERVED TIME   RECORD YEAR NORMAL DEPARTURE LAST
                VALUE   (LST)  VALUE       VALUE  FROM      YEAR
                                                  NORMAL
..................................................................
TEMPERATURE (F)
 TODAY
  MAXIMUM         78R   157 PM  78    1935  61     17       61
                                      1928
                                      1914
  MINIMUM         64    215 AM  21    1905  42     22       41
  AVERAGE         71                        52     19       51

PRECIPITATION (IN)
  TODAY            0.00          1.78 2010   0.17  -0.17     0.23
  MONTH TO DATE    1.33                      2.80  -1.47     2.48
  SINCE DEC 1     13.38                      7.48   5.90     5.72
  SINCE JAN 1      1.33                      2.80  -1.47     2.48

SNOWFALL (IN)
  TODAY            0.0           T    1964   0.0    0.0     MM
                                      1941
  MONTH TO DATE    T                         0.0    0.0      0.0
  SINCE DEC 1      T                         T      0.0      0.0
  SINCE JUL 1      T                         T      0.0      0.0
  SNOW DEPTH       0

DEGREE DAYS
 HEATING
  TODAY            0                        14    -14       14
  MONTH TO DATE  136                       224    -88      238
  SINCE DEC 1    389                       591   -202      444
  SINCE JUL 1    483                       798   -315      520

 COOLING
  TODAY            6                         0      6        0
  MONTH TO DATE   32                         0     32        0
  SINCE DEC 1     88                        20     68       57
  SINCE JAN 1     32                         0     32        0
..................................................................


WIND (MPH)
  HIGHEST WIND SPEED    21   HIGHEST WIND DIRECTION     S (170)
  HIGHEST GUST SPEED    31   HIGHEST GUST DIRECTION     S (190)
  AVERAGE WIND SPEED    13.0


SKY COVER
  POSSIBLE SUNSHINE  MM
  AVERAGE SKY COVER 0.9


WEATHER CONDITIONS
 THE FOLLOWING WEATHER WAS RECORDED TODAY.
  FOG


RELATIVE HUMIDITY (PERCENT)
 HIGHEST   100           300 AM
 LOWEST     69          1100 AM
 AVERAGE    85

..........................................................


THE LAKE CHARLES CLIMATE NORMALS FOR TOMORROW
                         NORMAL    RECORD    YEAR
 MAXIMUM TEMPERATURE (F)   61        80      1911
 MINIMUM TEMPERATURE (F)   42        20      1982


SUNRISE AND SUNSET
JANUARY 16 2017.......SUNRISE   709 AM CST   SUNSET   536 PM CST
JANUARY 17 2017.......SUNRISE   709 AM CST   SUNSET   537 PM CST


-  INDICATES NEGATIVE NUMBERS.
R  INDICATES RECORD WAS SET OR TIED.
MM INDICATES DATA IS MISSING.
T  INDICATES TRACE AMOUNT.




$$
