000
CDUS44 KLCH 220847
CLILCH


CLIMATE REPORT
NATIONAL WEATHER SERVICE LAKE CHARLES, LA
346 AM CDT TUE JUL 22 2014


...................................

...THE LAKE CHARLES CLIMATE SUMMARY FOR JULY 21 2014...

CLIMATE NORMAL PERIOD 1981 TO 2010
CLIMATE RECORD PERIOD 1895 TO 2014


WEATHER ITEM   OBSERVED TIME   RECORD YEAR NORMAL DEPARTURE LAST
                VALUE   (LST)  VALUE       VALUE  FROM      YEAR
                                                  NORMAL
..................................................................
TEMPERATURE (F)
 YESTERDAY
  MAXIMUM         93    202 PM  99    1937  91      2       87
                                      1913
  MINIMUM         77    645 AM  66    1913  75      2       74
  AVERAGE         85                        83      2       81

PRECIPITATION (IN)
  YESTERDAY        0.21          2.33 2012   0.16   0.05     0.38
  MONTH TO DATE    6.61                      3.91   2.70     1.20
  SINCE JUN 1     21.15                     10.76  10.39     5.26
  SINCE JAN 1     36.32                     31.64   4.68    34.78

SNOWFALL (IN)
  YESTERDAY        0.0           0.0    MM   0.0    0.0      0.0
  MONTH TO DATE    0.0                       0.0    0.0      0.0
  SINCE JUN 1      0.0                       0.0    0.0      0.0
  SINCE JUL 1      0.0                       0.0    0.0      0.0
  SNOW DEPTH       0

DEGREE DAYS
 HEATING
  YESTERDAY        0                         0      0        0
  MONTH TO DATE    0                         0      0        0
  SINCE JUN 1      0                         0      0        0
  SINCE JUL 1      0                         0      0        0

 COOLING
  YESTERDAY       20                        18      2       16
  MONTH TO DATE  351                       375    -24      375
  SINCE JUN 1    827                       855    -28      920
  SINCE JAN 1   1266                      1393   -127     1405
..................................................................


WIND (MPH)
  HIGHEST WIND SPEED    12   HIGHEST WIND DIRECTION     N (10)
  HIGHEST GUST SPEED    15   HIGHEST GUST DIRECTION     N (360)
  AVERAGE WIND SPEED     2.7


SKY COVER
  POSSIBLE SUNSHINE  MM
  AVERAGE SKY COVER 0.6


WEATHER CONDITIONS
 THE FOLLOWING WEATHER WAS RECORDED YESTERDAY.
  THUNDERSTORM
  HEAVY RAIN
  RAIN
  LIGHT RAIN
  FOG
  HAZE


RELATIVE HUMIDITY (PERCENT)
 HIGHEST    94          1200 AM
 LOWEST     59           500 PM
 AVERAGE    77

..........................................................


THE LAKE CHARLES CLIMATE NORMALS FOR TODAY
                         NORMAL    RECORD    YEAR
 MAXIMUM TEMPERATURE (F)   91       100      1907
 MINIMUM TEMPERATURE (F)   75        67      1970
                                             1944
                                             1917


SUNRISE AND SUNSET
JULY 22 2014..........SUNRISE   626 AM CDT   SUNSET   813 PM CDT
JULY 23 2014..........SUNRISE   626 AM CDT   SUNSET   812 PM CDT


-  INDICATES NEGATIVE NUMBERS.
R  INDICATES RECORD WAS SET OR TIED.
MM INDICATES DATA IS MISSING.
T  INDICATES TRACE AMOUNT.




$$
