000
CDUS44 KLCH 242219
CLILCH


CLIMATE REPORT
NATIONAL WEATHER SERVICE LAKE CHARLES, LA
419 PM CST MON NOV 24 2014


...................................

...THE LAKE CHARLES CLIMATE SUMMARY FOR NOVEMBER 24 2014...
VALID TODAY AS OF 0400 PM LOCAL TIME.

CLIMATE NORMAL PERIOD 1981 TO 2010
CLIMATE RECORD PERIOD 1895 TO 2014


WEATHER ITEM   OBSERVED TIME   RECORD YEAR NORMAL DEPARTURE LAST
                VALUE   (LST)  VALUE       VALUE  FROM      YEAR
                                                  NORMAL
..................................................................
TEMPERATURE (F)
 TODAY
  MAXIMUM         64    230 PM  90    1915  69     -5       53
  MINIMUM         52    726 AM  28    1911  48      4       40
  AVERAGE         58                        59     -1       47

PRECIPITATION (IN)
  TODAY            0.00          2.41 1986   0.14  -0.14     0.00
  MONTH TO DATE    7.05                      3.57   3.48     0.54
  SINCE SEP 1     14.53                     13.73   0.80    13.77
  SINCE JAN 1     66.60                     51.95  14.65    52.77

SNOWFALL (IN)
  TODAY            0.0           0.0    MM   0.0    0.0      0.0
  MONTH TO DATE    0.0                       0.0    0.0      0.0
  SINCE SEP 1      0.0                       0.0    0.0      0.0
  SINCE JUL 1      0.0                       0.0    0.0      0.0
  SNOW DEPTH       0

DEGREE DAYS
 HEATING
  TODAY            7                         8     -1       18
  MONTH TO DATE  217                       120     97      123
  SINCE SEP 1    222                       156     66      141
  SINCE JUL 1    222                       156     66      141

 COOLING
  TODAY            0                         1     -1        0
  MONTH TO DATE   16                        48    -32       40
  SINCE SEP 1    675                       652     23      742
  SINCE JAN 1   2685                      2781    -96     2947
..................................................................


WIND (MPH)
  HIGHEST WIND SPEED    20   HIGHEST WIND DIRECTION     N (10)
  HIGHEST GUST SPEED    26   HIGHEST GUST DIRECTION     N (340)
  AVERAGE WIND SPEED    11.6


SKY COVER
  POSSIBLE SUNSHINE  MM
  AVERAGE SKY COVER 0.0


WEATHER CONDITIONS
 THE FOLLOWING WEATHER WAS RECORDED TODAY.
  NO SIGNIFICANT WEATHER WAS OBSERVED.


RELATIVE HUMIDITY (PERCENT)
 HIGHEST    93          1200 AM
 LOWEST     36           200 PM
 AVERAGE    65

..........................................................


THE LAKE CHARLES CLIMATE NORMALS FOR TOMORROW
                         NORMAL    RECORD    YEAR
 MAXIMUM TEMPERATURE (F)   69        87      1913
 MINIMUM TEMPERATURE (F)   48        27      1950


SUNRISE AND SUNSET
NOVEMBER 24 2014......SUNRISE   646 AM CST   SUNSET   513 PM CST
NOVEMBER 25 2014......SUNRISE   646 AM CST   SUNSET   513 PM CST


-  INDICATES NEGATIVE NUMBERS.
R  INDICATES RECORD WAS SET OR TIED.
MM INDICATES DATA IS MISSING.
T  INDICATES TRACE AMOUNT.




$$
