000
CDUS44 KLCH 260825
CLILCH


CLIMATE REPORT
NATIONAL WEATHER SERVICE LAKE CHARLES, LA
325 AM CDT THU MAR 26 2015


...................................

...THE LAKE CHARLES CLIMATE SUMMARY FOR MARCH 25 2015...

CLIMATE NORMAL PERIOD 1981 TO 2010
CLIMATE RECORD PERIOD 1895 TO 2015


WEATHER ITEM   OBSERVED TIME   RECORD YEAR NORMAL DEPARTURE LAST
                VALUE   (LST)  VALUE       VALUE  FROM      YEAR
                                                  NORMAL
..................................................................
TEMPERATURE (F)
 YESTERDAY
  MAXIMUM         78    201 PM  89    1910  74      4       69
  MINIMUM         53    616 AM  30    1915  53      0       45
  AVERAGE         66                        63      3       57

PRECIPITATION (IN)
  YESTERDAY        0.00          4.32 1943   0.13  -0.13     0.00
  MONTH TO DATE    6.21                      2.96   3.25     1.81
  SINCE MAR 1      6.21                      2.96   3.25     1.81
  SINCE JAN 1     14.69                     11.65   3.04     8.60

SNOWFALL (IN)
  YESTERDAY        0.0           0.0    MM   0.0    0.0      0.0
  MONTH TO DATE    T                         0.0    0.0      0.0
  SINCE MAR 1      T                         0.0    0.0      0.0
  SINCE JUL 1      T                         0.1   -0.1      0.1
  SNOW DEPTH       0

DEGREE DAYS
 HEATING
  YESTERDAY        0                         4     -4        8
  MONTH TO DATE   91                       143    -52      223
  SINCE MAR 1     91                       143    -52      223
  SINCE JUL 1   1529                      1425    104     1874

 COOLING
  YESTERDAY        1                         2     -1        0
  MONTH TO DATE   47                        37     10        7
  SINCE MAR 1     47                        37     10        7
  SINCE JAN 1     53                        60     -7       22
..................................................................


WIND (MPH)
  HIGHEST WIND SPEED    15   HIGHEST WIND DIRECTION    SW (210)
  HIGHEST GUST SPEED    20   HIGHEST GUST DIRECTION    SW (220)
  AVERAGE WIND SPEED     5.3


SKY COVER
  POSSIBLE SUNSHINE  MM
  AVERAGE SKY COVER 0.1


WEATHER CONDITIONS
 THE FOLLOWING WEATHER WAS RECORDED YESTERDAY.
  FOG


RELATIVE HUMIDITY (PERCENT)
 HIGHEST   100           300 AM
 LOWEST     50           200 PM
 AVERAGE    75

..........................................................


THE LAKE CHARLES CLIMATE NORMALS FOR TODAY
                         NORMAL    RECORD    YEAR
 MAXIMUM TEMPERATURE (F)   74        87      1910
                                             1907
 MINIMUM TEMPERATURE (F)   53        32      1915


SUNRISE AND SUNSET
MARCH 26 2015.........SUNRISE   710 AM CDT   SUNSET   728 PM CDT
MARCH 27 2015.........SUNRISE   708 AM CDT   SUNSET   728 PM CDT


-  INDICATES NEGATIVE NUMBERS.
R  INDICATES RECORD WAS SET OR TIED.
MM INDICATES DATA IS MISSING.
T  INDICATES TRACE AMOUNT.




$$
