000
CDUS43 KLMK 270630
CLILEX


CLIMATE REPORT
NATIONAL WEATHER SERVICE LOUISVILLE KY
129 AM EST THU NOV 27 2014


...................................

...THE LEXINGTON KY CLIMATE SUMMARY FOR NOVEMBER 26 2014...

CLIMATE NORMAL PERIOD 1981 TO 2010
CLIMATE RECORD PERIOD 1872 TO 2014


WEATHER ITEM   OBSERVED TIME   RECORD YEAR NORMAL DEPARTURE LAST
                VALUE   (LST)  VALUE       VALUE  FROM      YEAR
                                                  NORMAL
..................................................................
TEMPERATURE (F)
 YESTERDAY
  MAXIMUM         44    401 PM  72    1887  51     -7       36
  MINIMUM         26    814 AM   9    1930  34     -8       32
  AVERAGE         35                        42     -7       34

PRECIPITATION (IN)
  YESTERDAY        0.00          2.15 1919   0.12  -0.12     0.23
  MONTH TO DATE    2.36                      3.02  -0.66     2.44
  SINCE SEP 1     11.18                      9.06   2.12    10.30
  SINCE JAN 1     50.91                     40.73  10.18    53.94

SNOWFALL (IN)
  YESTERDAY        0.0           4.6  1950   0.0    0.0      0.8
  MONTH TO DATE    1.6                       0.2    1.4      1.2
  SINCE SEP 1      1.6                       0.2    1.4      1.2
  SINCE JUL 1      1.6                       0.2    1.4      1.2
  SNOW DEPTH       0

DEGREE DAYS
 HEATING
  YESTERDAY       30                        23      7       31
  MONTH TO DATE  666                       466    200      509
  SINCE SEP 1    912                       790    122      791
  SINCE JUL 1    914                       792    122      794

 COOLING
  YESTERDAY        0                         0      0        0
  MONTH TO DATE    0                         0      0        0
  SINCE SEP 1    193                       171     22      207
  SINCE JAN 1   1274                      1188     86     1245
..................................................................


WIND (MPH)
  HIGHEST WIND SPEED    10   HIGHEST WIND DIRECTION    NE (40)
  HIGHEST GUST SPEED    12   HIGHEST GUST DIRECTION    NE (40)
  AVERAGE WIND SPEED     4.6


SKY COVER
  POSSIBLE SUNSHINE  MM
  AVERAGE SKY COVER 0.2


WEATHER CONDITIONS
 THE FOLLOWING WEATHER WAS RECORDED YESTERDAY.
  FOG
  HAZE


RELATIVE HUMIDITY (PERCENT)
 HIGHEST    92           500 AM
 LOWEST     53           400 PM
 AVERAGE    73

..........................................................


THE LEXINGTON KY CLIMATE NORMALS FOR TODAY
                         NORMAL    RECORD    YEAR
 MAXIMUM TEMPERATURE (F)   50        76      1990
 MINIMUM TEMPERATURE (F)   33         3      1930


SUNRISE AND SUNSET
NOVEMBER 27 2014......SUNRISE   732 AM EST   SUNSET   520 PM EST
NOVEMBER 28 2014......SUNRISE   733 AM EST   SUNSET   520 PM EST


-  INDICATES NEGATIVE NUMBERS.
R  INDICATES RECORD WAS SET OR TIED.
MM INDICATES DATA IS MISSING.
T  INDICATES TRACE AMOUNT.




$$
