000
CDUS43 KLMK 052034
CLILEX


CLIMATE REPORT
NATIONAL WEATHER SERVICE LOUISVILLE KY
434 PM EDT THU MAY 5 2016


...................................

...THE LEXINGTON KY CLIMATE SUMMARY FOR MAY 5 2016...
VALID TODAY AS OF 0400 PM LOCAL TIME.

CLIMATE NORMAL PERIOD 1981 TO 2010
CLIMATE RECORD PERIOD 1872 TO 2016


WEATHER ITEM   OBSERVED TIME   RECORD YEAR NORMAL DEPARTURE LAST
                VALUE   (LST)  VALUE       VALUE  FROM      YEAR
                                                  NORMAL
..................................................................
TEMPERATURE (F)
 TODAY
  MAXIMUM         57    208 PM  92    1952  71    -14       83
  MINIMUM         42    557 AM  33    2011  51     -9       58
                                      1957
  AVERAGE         50                        61    -11       71

PRECIPITATION (IN)
  TODAY            T             3.02 1996   0.17  -0.17     0.00
  MONTH TO DATE    0.53                      0.81  -0.28     0.00
  SINCE MAR 1      6.63                      8.48  -1.85    18.87
  SINCE JAN 1     12.33                     14.88  -2.55    23.72

SNOWFALL (IN)
  TODAY            0.0          MM      MM   0.0    0.0      0.0
  MONTH TO DATE    0.0                       0.0    0.0      0.0
  SINCE MAR 1      0.7                       1.7   -1.0     17.1
  SINCE JUL 1     15.3                      13.0    2.3     40.0
  SNOW DEPTH       0

DEGREE DAYS
 HEATING
  TODAY           15                         5     10        0
  MONTH TO DATE   35                        28      7       18
  SINCE MAR 1    691                       946   -255      927
  SINCE JUL 1   3662                      4517   -855     4905

 COOLING
  TODAY            0                         1     -1        6
  MONTH TO DATE    6                         5      1        9
  SINCE MAR 1     34                        27      7       21
  SINCE JAN 1     34                        27      7       21
..................................................................


WIND (MPH)
  HIGHEST WIND SPEED    16   HIGHEST WIND DIRECTION     N (350)
  HIGHEST GUST SPEED    21   HIGHEST GUST DIRECTION    NW (320)
  AVERAGE WIND SPEED     8.1


SKY COVER
  POSSIBLE SUNSHINE  MM
  AVERAGE SKY COVER 0.9


WEATHER CONDITIONS
 THE FOLLOWING WEATHER WAS RECORDED TODAY.
  LIGHT RAIN


RELATIVE HUMIDITY (PERCENT)
 HIGHEST    89           700 AM
 LOWEST     55           200 PM
 AVERAGE    72

..........................................................


THE LEXINGTON KY CLIMATE NORMALS FOR TOMORROW
                         NORMAL    RECORD    YEAR
 MAXIMUM TEMPERATURE (F)   72        89      2001
                                             1936
 MINIMUM TEMPERATURE (F)   51        34      1989
                                             1968
                                             1898


SUNRISE AND SUNSET
MAY  5 2016...........SUNRISE   637 AM EDT   SUNSET   833 PM EDT
MAY  6 2016...........SUNRISE   636 AM EDT   SUNSET   834 PM EDT


-  INDICATES NEGATIVE NUMBERS.
R  INDICATES RECORD WAS SET OR TIED.
MM INDICATES DATA IS MISSING.
T  INDICATES TRACE AMOUNT.




$$
