000
CDUS43 KLMK 110628
CLILEX


CLIMATE REPORT
NATIONAL WEATHER SERVICE LOUISVILLE KY
128 AM EST THU FEB 11 2016


...................................

...THE LEXINGTON KY CLIMATE SUMMARY FOR FEBRUARY 10 2016...

CLIMATE NORMAL PERIOD 1981 TO 2010
CLIMATE RECORD PERIOD 1872 TO 2016


WEATHER ITEM   OBSERVED TIME   RECORD YEAR NORMAL DEPARTURE LAST
                VALUE   (LST)  VALUE       VALUE  FROM      YEAR
                                                  NORMAL
..................................................................
TEMPERATURE (F)
 YESTERDAY
  MAXIMUM         19    542 PM  75    1932  44    -25       32
  MINIMUM         14    911 AM -17    1899  27    -13       23
  AVERAGE         17                        36    -19       28

PRECIPITATION (IN)
  YESTERDAY        0.01          1.56 1960   0.12  -0.11      T
  MONTH TO DATE    1.65                      1.15   0.50     0.62
  SINCE DEC 1     10.10                      8.28   1.82     5.77
  SINCE JAN 1      2.89                      4.35  -1.46     2.47

SNOWFALL (IN)
  YESTERDAY        0.5           6.1  1964   0.2    0.3      0.1
  MONTH TO DATE    1.7                       1.9   -0.2      0.4
  SINCE DEC 1     11.3                       8.3    3.0      6.3
  SINCE JUL 1     11.3                       8.6    2.7      7.9
  SNOW DEPTH       1

DEGREE DAYS
 HEATING
  YESTERDAY       48                        29     19       37
  MONTH TO DATE  280                       303    -23      293
  SINCE DEC 1   1798                      2199   -401     2148
  SINCE JUL 1   2484                      3086   -602     3155

 COOLING
  YESTERDAY        0                         0      0        0
  MONTH TO DATE    0                         0      0        0
  SINCE DEC 1      0                         0      0        0
  SINCE JAN 1      0                         0      0        0
..................................................................


WIND (MPH)
  HIGHEST WIND SPEED    21   HIGHEST WIND DIRECTION     W (280)
  HIGHEST GUST SPEED    25   HIGHEST GUST DIRECTION     W (250)
  AVERAGE WIND SPEED    10.6


SKY COVER
  POSSIBLE SUNSHINE  MM
  AVERAGE SKY COVER 0.8


WEATHER CONDITIONS
 THE FOLLOWING WEATHER WAS RECORDED YESTERDAY.
  LIGHT SNOW
  FOG
  FOG W/VISIBILITY <= 1/4 MILE
  HAZE


RELATIVE HUMIDITY (PERCENT)
 HIGHEST    80           300 AM
 LOWEST     56           500 PM
 AVERAGE    68

..........................................................


THE LEXINGTON KY CLIMATE NORMALS FOR TODAY
                         NORMAL    RECORD    YEAR
 MAXIMUM TEMPERATURE (F)   44        74      1999
 MINIMUM TEMPERATURE (F)   27        -4      1899


SUNRISE AND SUNSET
FEBRUARY 11 2016......SUNRISE   734 AM EST   SUNSET   612 PM EST
FEBRUARY 12 2016......SUNRISE   732 AM EST   SUNSET   613 PM EST


-  INDICATES NEGATIVE NUMBERS.
R  INDICATES RECORD WAS SET OR TIED.
MM INDICATES DATA IS MISSING.
T  INDICATES TRACE AMOUNT.




$$
