000
CDUS43 KLMK 020629
CLILEX


CLIMATE REPORT
NATIONAL WEATHER SERVICE LOUISVILLE KY
129 AM EST MON MAR 2 2015


...................................

...THE LEXINGTON KY CLIMATE SUMMARY FOR MARCH 1 2015...

CLIMATE NORMAL PERIOD 1981 TO 2010
CLIMATE RECORD PERIOD 1872 TO 2015


WEATHER ITEM   OBSERVED TIME   RECORD YEAR NORMAL DEPARTURE LAST
                VALUE   (LST)  VALUE       VALUE  FROM      YEAR
                                                  NORMAL
..................................................................
TEMPERATURE (F)
 YESTERDAY
  MAXIMUM         41    546 PM  73    1976  50     -9       58
  MINIMUM         31    111 AM   7    1960  32     -1       32
  AVERAGE         36                        41     -5       45

PRECIPITATION (IN)
  YESTERDAY        0.31          5.56 1997   0.12   0.19      T
  MONTH TO DATE    0.31                      0.12   0.19      T
  SINCE MAR 1      0.31                      0.12   0.19      T
  SINCE JAN 1      5.16                      6.52  -1.36     7.04

SNOWFALL (IN)
  YESTERDAY        0.0           4.2  1980   0.1   -0.1      0.0
  MONTH TO DATE    0.0                       0.1   -0.1      0.0
  SINCE MAR 1      0.0                       0.1   -0.1      0.0
  SINCE JUL 1     22.9                      11.4   11.5     19.3
  SNOW DEPTH       3

DEGREE DAYS
 HEATING
  YESTERDAY       29                        24      5       20
  MONTH TO DATE   29                        24      5       20
  SINCE MAR 1     29                        24      5       20
  SINCE JUL 1   4007                      3595    412     3863

 COOLING
  YESTERDAY        0                         0      0        0
  MONTH TO DATE    0                         0      0        0
  SINCE MAR 1      0                         0      0        0
  SINCE JAN 1      0                         0      0        0
..................................................................


WIND (MPH)
  HIGHEST WIND SPEED    15   HIGHEST WIND DIRECTION     S (200)
  HIGHEST GUST SPEED    20   HIGHEST GUST DIRECTION     S (200)
  AVERAGE WIND SPEED     8.2


SKY COVER
  POSSIBLE SUNSHINE  MM
  AVERAGE SKY COVER 1.0


WEATHER CONDITIONS
 THE FOLLOWING WEATHER WAS RECORDED YESTERDAY.
  RAIN
  LIGHT RAIN
  FOG
  FOG W/VISIBILITY <= 1/4 MILE


RELATIVE HUMIDITY (PERCENT)
 HIGHEST   100           300 PM
 LOWEST     59           200 AM
 AVERAGE    80

..........................................................


THE LEXINGTON KY CLIMATE NORMALS FOR TODAY
                         NORMAL    RECORD    YEAR
 MAXIMUM TEMPERATURE (F)   50        75      1976
 MINIMUM TEMPERATURE (F)   32         3      1980


SUNRISE AND SUNSET
MARCH  2 2015.........SUNRISE   709 AM EST   SUNSET   633 PM EST
MARCH  3 2015.........SUNRISE   708 AM EST   SUNSET   634 PM EST


-  INDICATES NEGATIVE NUMBERS.
R  INDICATES RECORD WAS SET OR TIED.
MM INDICATES DATA IS MISSING.
T  INDICATES TRACE AMOUNT.




$$
