000
CDUS43 KLMK 242037
CLILEX


CLIMATE REPORT
NATIONAL WEATHER SERVICE LOUISVILLE KY
436 PM EDT SAT SEP 24 2016


...................................

...THE LEXINGTON KY CLIMATE SUMMARY FOR SEPTEMBER 24 2016...
VALID TODAY AS OF 0400 PM LOCAL TIME.

CLIMATE NORMAL PERIOD 1981 TO 2010
CLIMATE RECORD PERIOD 1872 TO 2016


WEATHER ITEM   OBSERVED TIME   RECORD YEAR NORMAL DEPARTURE LAST
                VALUE   (LST)  VALUE       VALUE  FROM      YEAR
                                                  NORMAL
..................................................................
TEMPERATURE (F)
 TODAY
  MAXIMUM         91    259 PM  93    2007  76     15       86
  MINIMUM         64    649 AM  36    2012  54     10       57
                                      1928
  AVERAGE         78                        65     13       72

PRECIPITATION (IN)
  TODAY            0.00          1.08 1991   0.09  -0.09     0.00
  MONTH TO DATE    0.65                      2.31  -1.66     0.98
  SINCE SEP 1      0.65                      2.31  -1.66     0.98
  SINCE JAN 1     35.02                     33.98   1.04    44.27

SNOWFALL (IN)
  TODAY            0.0          MM      MM   0.0    0.0      0.0
  MONTH TO DATE    0.0                       0.0    0.0      0.0
  SINCE SEP 1      0.0                       0.0    0.0      0.0
  SINCE JUL 1      0.0                       0.0    0.0      0.0
  SNOW DEPTH       0

DEGREE DAYS
 HEATING
  TODAY            0                         3     -3        0
  MONTH TO DATE    0                        27    -27       15
  SINCE SEP 1      0                        27    -27       15
  SINCE JUL 1      0                        29    -29       15

 COOLING
  TODAY           13                         3     10        7
  MONTH TO DATE  257                       130    127      176
  SINCE SEP 1    257                       130    127      176
  SINCE JAN 1   1533                      1147    386     1237
..................................................................


WIND (MPH)
  HIGHEST WIND SPEED    10   HIGHEST WIND DIRECTION     N (360)
  HIGHEST GUST SPEED    13   HIGHEST GUST DIRECTION     N (20)
  AVERAGE WIND SPEED     2.3


SKY COVER
  POSSIBLE SUNSHINE  MM
  AVERAGE SKY COVER 0.1


WEATHER CONDITIONS
 THE FOLLOWING WEATHER WAS RECORDED TODAY.
  NO SIGNIFICANT WEATHER WAS OBSERVED.


RELATIVE HUMIDITY (PERCENT)
 HIGHEST    93           600 AM
 LOWEST     38           300 PM
 AVERAGE    66

..........................................................


THE LEXINGTON KY CLIMATE NORMALS FOR TOMORROW
                         NORMAL    RECORD    YEAR
 MAXIMUM TEMPERATURE (F)   75        93      2007
 MINIMUM TEMPERATURE (F)   54        35      1965


SUNRISE AND SUNSET
SEPTEMBER 24 2016.....SUNRISE   728 AM EDT   SUNSET   731 PM EDT
SEPTEMBER 25 2016.....SUNRISE   729 AM EDT   SUNSET   730 PM EDT


-  INDICATES NEGATIVE NUMBERS.
R  INDICATES RECORD WAS SET OR TIED.
MM INDICATES DATA IS MISSING.
T  INDICATES TRACE AMOUNT.




$$
