000
CDUS43 KLMK 300629
CLILEX


CLIMATE REPORT
NATIONAL WEATHER SERVICE LOUISVILLE KY
229 AM EDT TUE SEP 30 2014


...................................

...THE LEXINGTON KY CLIMATE SUMMARY FOR SEPTEMBER 29 2014...

CLIMATE NORMAL PERIOD 1981 TO 2010
CLIMATE RECORD PERIOD 1872 TO 2014


WEATHER ITEM   OBSERVED TIME   RECORD YEAR NORMAL DEPARTURE LAST
                VALUE   (LST)  VALUE       VALUE  FROM      YEAR
                                                  NORMAL
..................................................................
TEMPERATURE (F)
 YESTERDAY
  MAXIMUM         84    401 PM  97    1953  74     10       74
  MINIMUM         59   1159 PM  33    1942  52      7       60
  AVERAGE         72                        63      9       67

PRECIPITATION (IN)
  YESTERDAY        0.00          2.15 1934   0.11  -0.11      T
  MONTH TO DATE    4.35                      2.81   1.54     1.63
  SINCE SEP 1      4.35                      2.81   1.54     1.63
  SINCE JAN 1     44.08                     34.48   9.60    45.27

SNOWFALL (IN)
  YESTERDAY        0.0          MM      MM   0.0    0.0      0.0
  MONTH TO DATE    0.0                       0.0    0.0      0.0
  SINCE SEP 1      0.0                       0.0    0.0      0.0
  SINCE JUL 1      0.0                       0.0    0.0      0.0
  SNOW DEPTH       0

DEGREE DAYS
 HEATING
  YESTERDAY        0                         4     -4        0
  MONTH TO DATE   28                        46    -18       17
  SINCE SEP 1     28                        46    -18       17
  SINCE JUL 1     30                        48    -18       20

 COOLING
  YESTERDAY        7                         2      5        2
  MONTH TO DATE  162                       143     19      158
  SINCE SEP 1    162                       143     19      158
  SINCE JAN 1   1243                      1160     83     1196
..................................................................


WIND (MPH)
  HIGHEST WIND SPEED    13   HIGHEST WIND DIRECTION     W (260)
  HIGHEST GUST SPEED    17   HIGHEST GUST DIRECTION     W (270)
  AVERAGE WIND SPEED     4.0


SKY COVER
  POSSIBLE SUNSHINE  MM
  AVERAGE SKY COVER 0.2


WEATHER CONDITIONS
 THE FOLLOWING WEATHER WAS RECORDED YESTERDAY.
  NO SIGNIFICANT WEATHER WAS OBSERVED.


RELATIVE HUMIDITY (PERCENT)
 HIGHEST    87           200 AM
 LOWEST     34           300 PM
 AVERAGE    61

..........................................................


THE LEXINGTON KY CLIMATE NORMALS FOR TODAY
                         NORMAL    RECORD    YEAR
 MAXIMUM TEMPERATURE (F)   73        94      1941
 MINIMUM TEMPERATURE (F)   52        32      1899


SUNRISE AND SUNSET
SEPTEMBER 30 2014.....SUNRISE   733 AM EDT   SUNSET   723 PM EDT
OCTOBER  1 2014.......SUNRISE   734 AM EDT   SUNSET   721 PM EDT


-  INDICATES NEGATIVE NUMBERS.
R  INDICATES RECORD WAS SET OR TIED.
MM INDICATES DATA IS MISSING.
T  INDICATES TRACE AMOUNT.




$$
