000
CDUS43 KLMK 302029
CLILEX


CLIMATE REPORT
NATIONAL WEATHER SERVICE LOUISVILLE KY
428 PM EDT MON MAR 30 2015


...................................

...THE LEXINGTON KY CLIMATE SUMMARY FOR MARCH 30 2015...
VALID TODAY AS OF 0400 PM LOCAL TIME.

CLIMATE NORMAL PERIOD 1981 TO 2010
CLIMATE RECORD PERIOD 1872 TO 2015


WEATHER ITEM   OBSERVED TIME   RECORD YEAR NORMAL DEPARTURE LAST
                VALUE   (LST)  VALUE       VALUE  FROM      YEAR
                                                  NORMAL
..................................................................
TEMPERATURE (F)
 TODAY
  MAXIMUM         60    259 PM  83    1895  60      0       57
  MINIMUM         42    625 AM  17    1964  40      2       32
                                      1923
  AVERAGE         51                        50      1       45

PRECIPITATION (IN)
  TODAY            T             2.02 1940   0.14  -0.14     0.00
  MONTH TO DATE    7.46                      3.94   3.52     2.89
  SINCE MAR 1      7.46                      3.94   3.52     2.89
  SINCE JAN 1     12.31                     10.34   1.97     9.93

SNOWFALL (IN)
  TODAY           MM             0.5  1987   0.1   MM        0.0
  MONTH TO DATE   17.1                       1.4   15.7      7.5
  SINCE MAR 1     17.1                       1.4   15.7      7.5
  SINCE JUL 1     40.0                      12.7   27.3     26.8
  SNOW DEPTH       0

DEGREE DAYS
 HEATING
  TODAY           14                        15     -1       20
  MONTH TO DATE  643                       591     52      701
  SINCE MAR 1    643                       591     52      701
  SINCE JUL 1   4621                      4162    459     4544

 COOLING
  TODAY            0                         0      0        0
  MONTH TO DATE    0                         0      0        0
  SINCE MAR 1      0                         0      0        0
  SINCE JAN 1      0                         0      0        0
..................................................................


WIND (MPH)
  HIGHEST WIND SPEED    20   HIGHEST WIND DIRECTION    SW (240)
  HIGHEST GUST SPEED    29   HIGHEST GUST DIRECTION    SW (240)
  AVERAGE WIND SPEED     8.6


SKY COVER
  POSSIBLE SUNSHINE  MM
  AVERAGE SKY COVER 0.2


WEATHER CONDITIONS
 THE FOLLOWING WEATHER WAS RECORDED TODAY.
  LIGHT RAIN


RELATIVE HUMIDITY (PERCENT)
 HIGHEST    86           300 AM
 LOWEST     29           300 PM
 AVERAGE    58

..........................................................


THE LEXINGTON KY CLIMATE NORMALS FOR TOMORROW
                         NORMAL    RECORD    YEAR
 MAXIMUM TEMPERATURE (F)   61        82      1986
                                             1981
 MINIMUM TEMPERATURE (F)   40        14      1923


SUNRISE AND SUNSET
MARCH 30 2015.........SUNRISE   727 AM EDT   SUNSET   759 PM EDT
MARCH 31 2015.........SUNRISE   725 AM EDT   SUNSET   800 PM EDT


-  INDICATES NEGATIVE NUMBERS.
R  INDICATES RECORD WAS SET OR TIED.
MM INDICATES DATA IS MISSING.
T  INDICATES TRACE AMOUNT.




$$
