000
CDUS44 KSHV 282228
CLILFK


CLIMATE REPORT
NATIONAL WEATHER SERVICE SHREVEPORT, LA
526 PM CDT TUE JUL 28 2015


...................................

...THE LUFKIN CLIMATE SUMMARY FOR JULY 28 2015...
VALID TODAY AS OF 0500 PM LOCAL TIME.

CLIMATE NORMAL PERIOD 1981 TO 2010
CLIMATE RECORD PERIOD 1906 TO 2015


WEATHER ITEM   OBSERVED TIME   RECORD YEAR NORMAL DEPARTURE LAST
                VALUE   (LST)  VALUE       VALUE  FROM      YEAR
                                                  NORMAL
..................................................................
TEMPERATURE (F)
 TODAY
  MAXIMUM         99    338 PM 104    1931  94      5       97
  MINIMUM         73    605 AM  59    1994  72      1       77
  AVERAGE         86                        83      3       87

PRECIPITATION (IN)
  TODAY            0.00          1.20 1928   0.09  -0.09      T
  MONTH TO DATE    0.23                      2.78  -2.55     7.18
  SINCE DEC 1     48.51                     31.42  17.09    29.57
  SINCE JAN 1     46.46                     26.98  19.48    27.36

DEGREE DAYS
 HEATING
  TODAY            0                         0      0        0
  MONTH TO DATE    0                         0      0        0
  SINCE JUN 1      0                         0      0        0
  SINCE JUL 1      0                         0      0        0

 COOLING
  TODAY           21                        18      3       22
  MONTH TO DATE  561                       495     66      525
  SINCE JUN 1   1114                       947    167     1064
  SINCE JAN 1   1797                      1416    381     1560
..................................................................


WIND (MPH)
  HIGHEST WIND SPEED    12   HIGHEST WIND DIRECTION     S (180)
  HIGHEST GUST SPEED    16   HIGHEST GUST DIRECTION     S (190)
  AVERAGE WIND SPEED     4.1


SKY COVER
  POSSIBLE SUNSHINE  MM
  AVERAGE SKY COVER 0.1


WEATHER CONDITIONS
 THE FOLLOWING WEATHER WAS RECORDED TODAY.
  FOG


RELATIVE HUMIDITY (PERCENT)
 HIGHEST   100           500 AM
 LOWEST     33           400 PM
 AVERAGE    67

..........................................................


THE LUFKIN CLIMATE NORMALS FOR TOMORROW
                         NORMAL    RECORD    YEAR
 MAXIMUM TEMPERATURE (F)   94       105      1932
 MINIMUM TEMPERATURE (F)   72        58      1994


SUNRISE AND SUNSET
JULY 28 2015..........SUNRISE   633 AM CDT   SUNSET   818 PM CDT
JULY 29 2015..........SUNRISE   634 AM CDT   SUNSET   817 PM CDT


-  INDICATES NEGATIVE NUMBERS.
R  INDICATES RECORD WAS SET OR TIED.
MM INDICATES DATA IS MISSING.
T  INDICATES TRACE AMOUNT.




$$
