000
CDUS44 KSHV 270750
CLILFK


CLIMATE REPORT
NATIONAL WEATHER SERVICE SHREVEPORT, LA
250 AM CDT THU APR 27 2017


...................................

...THE LUFKIN CLIMATE SUMMARY FOR APRIL 26 2017...

CLIMATE NORMAL PERIOD 1981 TO 2010
CLIMATE RECORD PERIOD 1906 TO 2017


WEATHER ITEM   OBSERVED TIME   RECORD YEAR NORMAL DEPARTURE LAST
                VALUE   (LST)  VALUE       VALUE  FROM      YEAR
                                                  NORMAL
..................................................................
TEMPERATURE (F)
 YESTERDAY
  MAXIMUM         86    241 PM  90    1934  80      6       86
  MINIMUM         54   1159 PM  35    1920  58     -4       71
  AVERAGE         70                        69      1       79

PRECIPITATION (IN)
  YESTERDAY        0.25          2.93 1964   0.11   0.14     0.00
  MONTH TO DATE    5.62                      2.62   3.00     4.66
  SINCE DEC 1     20.50                     18.89   1.61    20.59
  SINCE JAN 1     15.59                     14.45   1.14    16.54

SNOWFALL (IN)
  YESTERDAY        0.0
  MONTH TO DATE    0.0
  SINCE MAR 1      0.0
  SINCE JUL 1      T
  SNOW DEPTH       0

DEGREE DAYS
 HEATING
  YESTERDAY        0                         1     -1        0
  MONTH TO DATE   32                        66    -34       39
  SINCE MAR 1    155                       276   -121      148
  SINCE JUL 1   1131                      1910   -779     1470

 COOLING
  YESTERDAY        5                         5      0       14
  MONTH TO DATE  107                        95     12       86
  SINCE MAR 1    201                       136     65      144
  SINCE JAN 1    283                       155    128      158
..................................................................


WIND (MPH)
  HIGHEST WIND SPEED    22   HIGHEST WIND DIRECTION    NW (310)
  HIGHEST GUST SPEED    30   HIGHEST GUST DIRECTION    NW (320)
  AVERAGE WIND SPEED    11.2


SKY COVER
  POSSIBLE SUNSHINE  MM
  AVERAGE SKY COVER 0.6


WEATHER CONDITIONS
 THE FOLLOWING WEATHER WAS RECORDED YESTERDAY.
  THUNDERSTORM
  HEAVY RAIN
  RAIN
  LIGHT RAIN
  FOG


RELATIVE HUMIDITY (PERCENT)
 HIGHEST    86           900 PM
 LOWEST     65          1200 PM
 AVERAGE    76

..........................................................


THE LUFKIN CLIMATE NORMALS FOR TODAY
                         NORMAL    RECORD    YEAR
 MAXIMUM TEMPERATURE (F)   81        91      2014
                                             1987
 MINIMUM TEMPERATURE (F)   58        40      1920


SUNRISE AND SUNSET
APRIL 27 2017.........SUNRISE   638 AM CDT   SUNSET   756 PM CDT
APRIL 28 2017.........SUNRISE   637 AM CDT   SUNSET   756 PM CDT


-  INDICATES NEGATIVE NUMBERS.
R  INDICATES RECORD WAS SET OR TIED.
MM INDICATES DATA IS MISSING.
T  INDICATES TRACE AMOUNT.




$$
