000
CDUS44 KSHV 232234
CLILFK


CLIMATE REPORT
NATIONAL WEATHER SERVICE SHREVEPORT, LA
431 PM CST TUE JAN 23 2018


...................................

...THE LUFKIN CLIMATE SUMMARY FOR JANUARY 23 2018...
VALID TODAY AS OF 0400 PM LOCAL TIME.

CLIMATE NORMAL PERIOD 1981 TO 2010
CLIMATE RECORD PERIOD 1906 TO 2018


WEATHER ITEM   OBSERVED TIME   RECORD YEAR NORMAL DEPARTURE LAST
                VALUE   (LST)  VALUE       VALUE  FROM      YEAR
                                                  NORMAL
..................................................................
TEMPERATURE (F)
 TODAY
  MAXIMUM         61    359 PM  85    1943  60      1       68
  MINIMUM         29    731 AM  10    1940  39    -10       43
  AVERAGE         45                        49     -4       56

PRECIPITATION (IN)
  TODAY            0.00          4.50 1920   0.13  -0.13     0.00
  MONTH TO DATE    1.31                      3.04  -1.73     5.65
  SINCE DEC 1      4.92                      7.48  -2.56    10.56
  SINCE JAN 1      1.31                      3.04  -1.73     5.65

SNOWFALL (IN)
  TODAY            0.0
  MONTH TO DATE    0.1
  SINCE DEC 1      1.1
  SINCE JUL 1      1.1
  SNOW DEPTH       0

DEGREE DAYS
 HEATING
  TODAY           20                        16      4        9
  MONTH TO DATE  515                       380    135      211
  SINCE DEC 1   1003                       851    152      583
  SINCE JUL 1   1254                      1158     96      731

 COOLING
  TODAY            0                         0      0        0
  MONTH TO DATE    4                         0      4       25
  SINCE DEC 1     12                        13     -1       56
  SINCE JAN 1      4                         0      4       25
..................................................................


WIND (MPH)
  HIGHEST WIND SPEED    13   HIGHEST WIND DIRECTION    NW (320)
  HIGHEST GUST SPEED    17   HIGHEST GUST DIRECTION     N (360)
  AVERAGE WIND SPEED     3.1


SKY COVER
  POSSIBLE SUNSHINE  MM
  AVERAGE SKY COVER 0.0


WEATHER CONDITIONS
 THE FOLLOWING WEATHER WAS RECORDED TODAY.
  NO SIGNIFICANT WEATHER WAS OBSERVED.


RELATIVE HUMIDITY (PERCENT)
 HIGHEST    92           500 AM
 LOWEST     20           300 PM
 AVERAGE    56

..........................................................


THE LUFKIN CLIMATE NORMALS FOR TOMORROW
                         NORMAL    RECORD    YEAR
 MAXIMUM TEMPERATURE (F)   60        81      1943
 MINIMUM TEMPERATURE (F)   39        10      1940


SUNRISE AND SUNSET
JANUARY 23 2018.......SUNRISE   716 AM CST   SUNSET   546 PM CST
JANUARY 24 2018.......SUNRISE   715 AM CST   SUNSET   547 PM CST


-  INDICATES NEGATIVE NUMBERS.
R  INDICATES RECORD WAS SET OR TIED.
MM INDICATES DATA IS MISSING.
T  INDICATES TRACE AMOUNT.




$$
