000
CDUS44 KSHV 040733
CLILFK


CLIMATE REPORT
NATIONAL WEATHER SERVICE SHREVEPORT, LA
232 AM CDT WED MAY 4 2016


...................................

...THE LUFKIN CLIMATE SUMMARY FOR MAY 3 2016...

CLIMATE NORMAL PERIOD 1981 TO 2010
CLIMATE RECORD PERIOD 1906 TO 2016


WEATHER ITEM   OBSERVED TIME   RECORD YEAR NORMAL DEPARTURE LAST
                VALUE   (LST)  VALUE       VALUE  FROM      YEAR
                                                  NORMAL
..................................................................
TEMPERATURE (F)
 YESTERDAY
  MAXIMUM         74    345 PM  94    1943  82     -8       85
  MINIMUM         51    607 AM  43    1929  60     -9       58
  AVERAGE         63                        71     -8       72

PRECIPITATION (IN)
  YESTERDAY        0.00          2.72 1958   0.14  -0.14     0.00
  MONTH TO DATE    0.41                      0.41   0.00     0.00
  SINCE DEC 1     24.30                     19.73   4.57    22.38
  SINCE JAN 1     20.25                     15.29   4.96    20.33

SNOWFALL (IN)
  YESTERDAY        0.0
  MONTH TO DATE    0.0
  SINCE MAR 1      0.0
  SINCE JUL 1      0.0
  SNOW DEPTH       0

DEGREE DAYS
 HEATING
  YESTERDAY        2                         0      2        0
  MONTH TO DATE    2                         1      1        0
  SINCE MAR 1    150                       280   -130      171
  SINCE JUL 1   1472                      1914   -442     1691

 COOLING
  YESTERDAY        0                         6     -6        7
  MONTH TO DATE   11                        18     -7       22
  SINCE MAR 1    199                       175     24      319
  SINCE JAN 1    213                       194     19      325
..................................................................


WIND (MPH)
  HIGHEST WIND SPEED    14   HIGHEST WIND DIRECTION    NW (310)
  HIGHEST GUST SPEED    20   HIGHEST GUST DIRECTION     N (360)
  AVERAGE WIND SPEED     5.6


SKY COVER
  POSSIBLE SUNSHINE  MM
  AVERAGE SKY COVER 0.0


WEATHER CONDITIONS
 THE FOLLOWING WEATHER WAS RECORDED YESTERDAY.
  NO SIGNIFICANT WEATHER WAS OBSERVED.


RELATIVE HUMIDITY (PERCENT)
 HIGHEST    96           500 AM
 LOWEST     41           400 PM
 AVERAGE    69

..........................................................


THE LUFKIN CLIMATE NORMALS FOR TODAY
                         NORMAL    RECORD    YEAR
 MAXIMUM TEMPERATURE (F)   82        93      1943
 MINIMUM TEMPERATURE (F)   61        40      1954


SUNRISE AND SUNSET
MAY  4 2016...........SUNRISE   631 AM CDT   SUNSET   801 PM CDT
MAY  5 2016...........SUNRISE   630 AM CDT   SUNSET   801 PM CDT


-  INDICATES NEGATIVE NUMBERS.
R  INDICATES RECORD WAS SET OR TIED.
MM INDICATES DATA IS MISSING.
T  INDICATES TRACE AMOUNT.




$$
