000
CDUS44 KSHV 140853
CLILFK


CLIMATE REPORT
NATIONAL WEATHER SERVICE SHREVEPORT, LA
244 AM CST SUN FEB 14 2016


...................................

...THE LUFKIN CLIMATE SUMMARY FOR FEBRUARY 13 2016...

CLIMATE NORMAL PERIOD 1981 TO 2010
CLIMATE RECORD PERIOD 1906 TO 2016


WEATHER ITEM   OBSERVED TIME   RECORD YEAR NORMAL DEPARTURE LAST
                VALUE   (LST)  VALUE       VALUE  FROM      YEAR
                                                  NORMAL
..................................................................
TEMPERATURE (F)
 YESTERDAY
  MAXIMUM         66    332 PM  84    1911  63      3       65
  MINIMUM         42    318 AM  18    1958  41      1       36
  AVERAGE         54                        52      2       51

PRECIPITATION (IN)
  YESTERDAY        0.00          0.68 1927   0.14  -0.14     0.00
  MONTH TO DATE    0.16                      1.82  -1.66     0.11
  SINCE DEC 1      6.68                     10.44  -3.76     9.52
  SINCE JAN 1      2.63                      6.00  -3.37     7.47

SNOWFALL (IN)
  YESTERDAY        0.0
  MONTH TO DATE    0.0
  SINCE DEC 1      0.0
  SINCE JUL 1      0.0
  SNOW DEPTH       0

DEGREE DAYS
 HEATING
  YESTERDAY       11                        13     -2       14
  MONTH TO DATE  189                       183      6      141
  SINCE DEC 1   1022                      1156   -134      970
  SINCE JUL 1   1207                      1463   -256     1266

 COOLING
  YESTERDAY        0                         0      0        0
  MONTH TO DATE    3                         0      3        4
  SINCE DEC 1     39                        21     18       17
  SINCE JAN 1      6                         8     -2        5
..................................................................


WIND (MPH)
  HIGHEST WIND SPEED    15   HIGHEST WIND DIRECTION     E (90)
  HIGHEST GUST SPEED    19   HIGHEST GUST DIRECTION     E (90)
  AVERAGE WIND SPEED     7.4


SKY COVER
  POSSIBLE SUNSHINE  MM
  AVERAGE SKY COVER 0.2


WEATHER CONDITIONS
 THE FOLLOWING WEATHER WAS RECORDED YESTERDAY.
  NO SIGNIFICANT WEATHER WAS OBSERVED.


RELATIVE HUMIDITY (PERCENT)
 HIGHEST    76           300 AM
 LOWEST     36           100 PM
 AVERAGE    56

..........................................................


THE LUFKIN CLIMATE NORMALS FOR TODAY
                         NORMAL    RECORD    YEAR
 MAXIMUM TEMPERATURE (F)   64        85      1945
 MINIMUM TEMPERATURE (F)   42        24      1960


SUNRISE AND SUNSET
FEBRUARY 14 2016......SUNRISE   702 AM CST   SUNSET   605 PM CST
FEBRUARY 15 2016......SUNRISE   701 AM CST   SUNSET   606 PM CST


-  INDICATES NEGATIVE NUMBERS.
R  INDICATES RECORD WAS SET OR TIED.
MM INDICATES DATA IS MISSING.
T  INDICATES TRACE AMOUNT.




$$
