000
CDUS44 KLCH 292209
CLILFT


CLIMATE REPORT
NATIONAL WEATHER SERVICE LAKE CHARLES, LA
509 PM CDT WED JUL 29 2015


...................................

...THE LAFAYETTE CLIMATE SUMMARY FOR JULY 29 2015...
VALID TODAY AS OF 0500 PM LOCAL TIME.

CLIMATE NORMAL PERIOD 1981 TO 2010
CLIMATE RECORD PERIOD 1893 TO 2015


WEATHER ITEM   OBSERVED TIME   RECORD YEAR NORMAL DEPARTURE LAST
                VALUE   (LST)  VALUE       VALUE  FROM      YEAR
                                                  NORMAL
..................................................................
TEMPERATURE (F)
 TODAY
  MAXIMUM         98R   359 PM  98    1986  93      5       90
                                      1925
                                      1922
  MINIMUM         79    225 AM  64    1897  75      4       75
  AVERAGE         89                        84      5       83

PRECIPITATION (IN)
  TODAY            0.00          5.66 1954   0.17  -0.17     0.00
  MONTH TO DATE    1.94                      5.96  -4.02     5.98
  SINCE JUN 1      9.55                     13.04  -3.49    14.57
  SINCE JAN 1     40.15                     35.66   4.49    37.61

DEGREE DAYS
 COOLING
  TODAY           24                        19      5       18
  MONTH TO DATE  595                       535     60      496
  SINCE JUN 1   1097                      1033     64     1003
  SINCE JAN 1   1789                      1647    142     1472
..................................................................


WIND (MPH)
  HIGHEST WIND SPEED    13   HIGHEST WIND DIRECTION    NW (320)
  HIGHEST GUST SPEED    17   HIGHEST GUST DIRECTION    NE (30)
  AVERAGE WIND SPEED     4.7


SKY COVER
  POSSIBLE SUNSHINE  MM
  AVERAGE SKY COVER 0.1


WEATHER CONDITIONS
 THE FOLLOWING WEATHER WAS RECORDED TODAY.
  NO SIGNIFICANT WEATHER WAS OBSERVED.


RELATIVE HUMIDITY (PERCENT)
 HIGHEST    85          1200 AM
 LOWEST     39           300 PM
 AVERAGE    62

..........................................................


THE LAFAYETTE CLIMATE NORMALS FOR TOMORROW
                         NORMAL    RECORD    YEAR
 MAXIMUM TEMPERATURE (F)   93        99      1986
                                             1923
                                             1922
 MINIMUM TEMPERATURE (F)   75        65      1897


SUNRISE AND SUNSET
JULY 29 2015..........SUNRISE   625 AM CDT   SUNSET   804 PM CDT
JULY 30 2015..........SUNRISE   625 AM CDT   SUNSET   803 PM CDT


-  INDICATES NEGATIVE NUMBERS.
R  INDICATES RECORD WAS SET OR TIED.
MM INDICATES DATA IS MISSING.
T  INDICATES TRACE AMOUNT.




$$
