000
CDUS44 KLCH 250836
CLILFT


CLIMATE REPORT
NATIONAL WEATHER SERVICE LAKE CHARLES, LA
336 AM CDT TUE APR 25 2017


...................................

...THE LAFAYETTE CLIMATE SUMMARY FOR APRIL 24 2017...

CLIMATE NORMAL PERIOD 1981 TO 2010
CLIMATE RECORD PERIOD 1893 TO 2017


WEATHER ITEM   OBSERVED TIME   RECORD YEAR NORMAL DEPARTURE LAST
                VALUE   (LST)  VALUE       VALUE  FROM      YEAR
                                                  NORMAL
..................................................................
TEMPERATURE (F)
 YESTERDAY
  MAXIMUM         82    458 PM  90    2006  81      1       82
                                      1955
  MINIMUM         54    408 AM  42    1910  61     -7       58
  AVERAGE         68                        71     -3       70

PRECIPITATION (IN)
  YESTERDAY        0.00          3.72 1953   0.14  -0.14     0.00
  MONTH TO DATE    4.85                      3.09   1.76     5.04
  SINCE MAR 1      6.63                      6.88  -0.25    10.45
  SINCE JAN 1     10.15                     17.00  -6.85    19.58

SNOWFALL (IN)
  YESTERDAY        0.0           0.0    MM   0.0    0.0      0.0
  MONTH TO DATE    0.0                       0.0    0.0      0.0
  SINCE MAR 1      0.0                       0.0    0.0      0.0
  SINCE JUL 1      0.0                       T      0.0      0.0
  SNOW DEPTH       0

DEGREE DAYS
 HEATING
  YESTERDAY        0                         0      0        0
  MONTH TO DATE    0                        38    -38       10
  SINCE MAR 1     60                       188   -128       71
  SINCE JUL 1    637                      1418   -781      989

 COOLING
  YESTERDAY        3                         7     -4        5
  MONTH TO DATE  213                       115     98      115
  SINCE MAR 1    372                       178    194      228
  SINCE JAN 1    556                       210    346      238
..................................................................


WIND (MPH)
  HIGHEST WIND SPEED    16   HIGHEST WIND DIRECTION    NW (330)
  HIGHEST GUST SPEED    20   HIGHEST GUST DIRECTION    NW (320)
  AVERAGE WIND SPEED     6.0


SKY COVER
  POSSIBLE SUNSHINE  MM
  AVERAGE SKY COVER 0.0


WEATHER CONDITIONS
 THE FOLLOWING WEATHER WAS RECORDED YESTERDAY.
  LIGHT RAIN


RELATIVE HUMIDITY (PERCENT)
 HIGHEST    86           100 AM
 LOWEST     26           300 PM
 AVERAGE    56

..........................................................


THE LAFAYETTE CLIMATE NORMALS FOR TODAY
                         NORMAL    RECORD    YEAR
 MAXIMUM TEMPERATURE (F)   82        92      1925
 MINIMUM TEMPERATURE (F)   61        45      1968


SUNRISE AND SUNSET
APRIL 25 2017.........SUNRISE   630 AM CDT   SUNSET   742 PM CDT
APRIL 26 2017.........SUNRISE   629 AM CDT   SUNSET   743 PM CDT


-  INDICATES NEGATIVE NUMBERS.
R  INDICATES RECORD WAS SET OR TIED.
MM INDICATES DATA IS MISSING.
T  INDICATES TRACE AMOUNT.




$$
