000
CDUS44 KLCH 210823
CLILFT


CLIMATE REPORT
NATIONAL WEATHER SERVICE LAKE CHARLES, LA
323 AM CDT MON APR 21 2014


...................................

...THE LAFAYETTE CLIMATE SUMMARY FOR APRIL 20 2014...

CLIMATE NORMAL PERIOD 1981 TO 2010
CLIMATE RECORD PERIOD 1893 TO 2014


WEATHER ITEM   OBSERVED TIME   RECORD YEAR NORMAL DEPARTURE LAST
                VALUE   (LST)  VALUE       VALUE  FROM      YEAR
                                                  NORMAL
..................................................................
TEMPERATURE (F)
 YESTERDAY
  MAXIMUM         83    306 PM  92    1987  80      3       70
  MINIMUM         55    558 AM  41    1953  60     -5       43
                                      1901
  AVERAGE         69                        70     -1       57

PRECIPITATION (IN)
  YESTERDAY        0.00          3.90 1935   0.15  -0.15     0.00
  MONTH TO DATE    1.89                      2.55  -0.66     4.78
  SINCE MAR 1      4.74                      6.34  -1.60     6.98
  SINCE JAN 1     11.99                     16.46  -4.47    24.85

SNOWFALL (IN)
  YESTERDAY        0.0           0.0    MM   0.0    0.0      0.0
  MONTH TO DATE    0.0                       0.0    0.0      0.0
  SINCE MAR 1      0.0                       0.0    0.0      0.0
  SINCE JUL 1      0.8                       T      0.8      0.0
  SNOW DEPTH       0

DEGREE DAYS
 HEATING
  YESTERDAY        0                         1     -1        8
  MONTH TO DATE   54                        35     19       54
  SINCE MAR 1    289                       185    104      289
  SINCE JUL 1   1949                      1415    534     1299

 COOLING
  YESTERDAY        4                         6     -2        0
  MONTH TO DATE   54                        90    -36       69
  SINCE MAR 1     78                       153    -75       98
  SINCE JAN 1     92                       185    -93      129
..................................................................


WIND (MPH)
  HIGHEST WIND SPEED    12   HIGHEST WIND DIRECTION     S (170)
  HIGHEST GUST SPEED    16   HIGHEST GUST DIRECTION     S (180)
  AVERAGE WIND SPEED     2.7


SKY COVER
  POSSIBLE SUNSHINE  MM
  AVERAGE SKY COVER 0.0


WEATHER CONDITIONS
 THE FOLLOWING WEATHER WAS RECORDED YESTERDAY.
  NO SIGNIFICANT WEATHER WAS OBSERVED.


RELATIVE HUMIDITY (PERCENT)
 HIGHEST    93           600 AM
 LOWEST     39           100 PM
 AVERAGE    66

..........................................................


THE LAFAYETTE CLIMATE NORMALS FOR TODAY
                         NORMAL    RECORD    YEAR
 MAXIMUM TEMPERATURE (F)   81        93      1987
 MINIMUM TEMPERATURE (F)   60        41      1953


SUNRISE AND SUNSET
APRIL 21 2014.........SUNRISE   635 AM CDT   SUNSET   739 PM CDT
APRIL 22 2014.........SUNRISE   633 AM CDT   SUNSET   740 PM CDT


-  INDICATES NEGATIVE NUMBERS.
R  INDICATES RECORD WAS SET OR TIED.
MM INDICATES DATA IS MISSING.
T  INDICATES TRACE AMOUNT.




$$
