000
CDUS44 KLCH 190843
CLILFT


CLIMATE REPORT
NATIONAL WEATHER SERVICE LAKE CHARLES, LA
243 AM CST THU JAN 19 2017


...................................

...THE LAFAYETTE CLIMATE SUMMARY FOR JANUARY 18 2017...

CLIMATE NORMAL PERIOD 1981 TO 2010
CLIMATE RECORD PERIOD 1893 TO 2017


WEATHER ITEM   OBSERVED TIME   RECORD YEAR NORMAL DEPARTURE LAST
                VALUE   (LST)  VALUE       VALUE  FROM      YEAR
                                                  NORMAL
..................................................................
TEMPERATURE (F)
 YESTERDAY
  MAXIMUM         78    248 PM  81    1894  62     16       58
  MINIMUM         70   1228 AM  18    1948  43     27       34
  AVERAGE         74                        52     22       46

PRECIPITATION (IN)
  YESTERDAY        T             3.74 1992   0.19  -0.19     0.00
  MONTH TO DATE    0.99                      3.31  -2.32     4.37
  SINCE DEC 1     10.08                      8.89   1.19     8.23
  SINCE JAN 1      0.99                      3.31  -2.32     4.37

SNOWFALL (IN)
  YESTERDAY        0.0           T    1930   0.0    0.0      0.0
  MONTH TO DATE    0.0                       0.0    0.0      0.0
  SINCE DEC 1      0.0                       0.0    0.0      0.0
  SINCE JUL 1      0.0                       0.0    0.0      0.0
  SNOW DEPTH       0

DEGREE DAYS
 HEATING
  YESTERDAY        0                        13    -13       19
  MONTH TO DATE  123                       234   -111      264
  SINCE DEC 1    358                       589   -231      442
  SINCE JUL 1    444                       788   -344      530
..................................................................


WIND (MPH)
  HIGHEST WIND SPEED    21   HIGHEST WIND DIRECTION     S (190)
  HIGHEST GUST SPEED    26   HIGHEST GUST DIRECTION     S (190)
  AVERAGE WIND SPEED     8.0


SKY COVER
  POSSIBLE SUNSHINE  MM
  AVERAGE SKY COVER 0.9


WEATHER CONDITIONS
 THE FOLLOWING WEATHER WAS RECORDED YESTERDAY.
  LIGHT RAIN
  FOG
  HAZE


RELATIVE HUMIDITY (PERCENT)
 HIGHEST    97          1200 AM
 LOWEST     74           200 PM
 AVERAGE    86

..........................................................


THE LAFAYETTE CLIMATE NORMALS FOR TODAY
                         NORMAL    RECORD    YEAR
 MAXIMUM TEMPERATURE (F)   62        81      1952
 MINIMUM TEMPERATURE (F)   43        14      1940


SUNRISE AND SUNSET
JANUARY 19 2017.......SUNRISE   704 AM CST   SUNSET   534 PM CST
JANUARY 20 2017.......SUNRISE   704 AM CST   SUNSET   535 PM CST


-  INDICATES NEGATIVE NUMBERS.
R  INDICATES RECORD WAS SET OR TIED.
MM INDICATES DATA IS MISSING.
T  INDICATES TRACE AMOUNT.




$$
