000
CDUS44 KLCH 012245
CLILFT


CLIMATE REPORT
NATIONAL WEATHER SERVICE LAKE CHARLES, LA
545 PM CDT TUE SEP 1 2015


...................................

...THE LAFAYETTE CLIMATE SUMMARY FOR SEPTEMBER 1 2015...
VALID TODAY AS OF 0500 PM LOCAL TIME.

CLIMATE NORMAL PERIOD 1981 TO 2010
CLIMATE RECORD PERIOD 1893 TO 2015


WEATHER ITEM   OBSERVED TIME   RECORD YEAR NORMAL DEPARTURE LAST
                VALUE   (LST)  VALUE       VALUE  FROM      YEAR
                                                  NORMAL
..................................................................
TEMPERATURE (F)
 TODAY
  MAXIMUM         90    236 PM 101    2000  92     -2       91
  MINIMUM         75    623 AM  57    1915  73      2       76
  AVERAGE         83                        82      1       84

PRECIPITATION (IN)
  TODAY            0.01          3.71 2008   0.17  -0.16      T
  MONTH TO DATE    0.01                      0.17  -0.16      T
  SINCE SEP 1      0.01                      0.17  -0.16      T
  SINCE JAN 1     43.12                     40.79   2.33    46.09

DEGREE DAYS
 COOLING
  TODAY           18                        18      0       19
  MONTH TO DATE   18                        18      0       19
  SINCE SEP 1     18                        18      0       19
  SINCE JAN 1   2444                      2279    165     2076
..................................................................


WIND (MPH)
  HIGHEST WIND SPEED     8   HIGHEST WIND DIRECTION    NE (30)
  HIGHEST GUST SPEED    11   HIGHEST GUST DIRECTION    SE (140)
  AVERAGE WIND SPEED     2.5


SKY COVER
  POSSIBLE SUNSHINE  MM
  AVERAGE SKY COVER 0.1


WEATHER CONDITIONS
 THE FOLLOWING WEATHER WAS RECORDED TODAY.
  THUNDERSTORM
  LIGHT RAIN


RELATIVE HUMIDITY (PERCENT)
 HIGHEST    94           100 AM
 LOWEST     55          1200 PM
 AVERAGE    75

..........................................................


THE LAFAYETTE CLIMATE NORMALS FOR TOMORROW
                         NORMAL    RECORD    YEAR
 MAXIMUM TEMPERATURE (F)   92       102      2000
 MINIMUM TEMPERATURE (F)   73        57      1919


SUNRISE AND SUNSET
SEPTEMBER  1 2015.....SUNRISE   645 AM CDT   SUNSET   731 PM CDT
SEPTEMBER  2 2015.....SUNRISE   645 AM CDT   SUNSET   730 PM CDT


-  INDICATES NEGATIVE NUMBERS.
R  INDICATES RECORD WAS SET OR TIED.
MM INDICATES DATA IS MISSING.
T  INDICATES TRACE AMOUNT.




$$
