000
CDUS44 KLCH 281245
CLILFT


CLIMATE REPORT
NATIONAL WEATHER SERVICE LAKE CHARLES, LA
745 AM CDT THU JUL 28 2016


...................................

...THE LAFAYETTE CLIMATE SUMMARY FOR JULY 27 2016...

CLIMATE NORMAL PERIOD 1981 TO 2010
CLIMATE RECORD PERIOD 1893 TO 2016


WEATHER ITEM   OBSERVED TIME   RECORD YEAR NORMAL DEPARTURE LAST
                VALUE   (LST)  VALUE       VALUE  FROM      YEAR
                                                  NORMAL
..................................................................
TEMPERATURE (F)
 YESTERDAY
  MAXIMUM         86    426 PM 100    1930  92     -6       96
  MINIMUM         74    517 AM  66    1924  75     -1       76
  AVERAGE         80                        84     -4       86

PRECIPITATION (IN)
  YESTERDAY        1.33          3.17 1904   0.17   1.16     0.00
  MONTH TO DATE    4.09                      5.61  -1.52     1.94
  SINCE JUN 1     11.08                     12.69  -1.61     9.55
  SINCE JAN 1     39.47                     35.31   4.16    40.15

DEGREE DAYS
 COOLING
  YESTERDAY       15                        19     -4       21
  MONTH TO DATE  546                       497     49      549
  SINCE JUN 1   1073                       995     78     1051
  SINCE JAN 1   1730                      1609    121     1743
..................................................................


WIND (MPH)
  HIGHEST WIND SPEED    18   HIGHEST WIND DIRECTION    SW (220)
  HIGHEST GUST SPEED    24   HIGHEST GUST DIRECTION    SW (220)
  AVERAGE WIND SPEED     7.7


SKY COVER
  POSSIBLE SUNSHINE  MM
  AVERAGE SKY COVER 0.5


WEATHER CONDITIONS
 THE FOLLOWING WEATHER WAS RECORDED YESTERDAY.
  HEAVY RAIN
  RAIN
  LIGHT RAIN
  FOG


RELATIVE HUMIDITY (PERCENT)
 HIGHEST    94           200 AM
 LOWEST     65           400 PM
 AVERAGE    80

..........................................................


THE LAFAYETTE CLIMATE NORMALS FOR TODAY
                         NORMAL    RECORD    YEAR
 MAXIMUM TEMPERATURE (F)   93       100      1960
                                             1925
 MINIMUM TEMPERATURE (F)   75        67      1911
                                             1897


SUNRISE AND SUNSET
JULY 28 2016..........SUNRISE   625 AM CDT   SUNSET   804 PM CDT
JULY 29 2016..........SUNRISE   625 AM CDT   SUNSET   803 PM CDT


-  INDICATES NEGATIVE NUMBERS.
R  INDICATES RECORD WAS SET OR TIED.
MM INDICATES DATA IS MISSING.
T  INDICATES TRACE AMOUNT.




$$
