000
CDUS44 KLCH 242231
CLILFT


CLIMATE REPORT
NATIONAL WEATHER SERVICE LAKE CHARLES, LA
531 PM CDT THU JUL 24 2014


...................................

...THE LAFAYETTE CLIMATE SUMMARY FOR JULY 24 2014...
VALID TODAY AS OF 0500 PM LOCAL TIME.

CLIMATE NORMAL PERIOD 1981 TO 2010
CLIMATE RECORD PERIOD 1893 TO 2014


WEATHER ITEM   OBSERVED TIME   RECORD YEAR NORMAL DEPARTURE LAST
                VALUE   (LST)  VALUE       VALUE  FROM      YEAR
                                                  NORMAL
..................................................................
TEMPERATURE (F)
 TODAY
  MAXIMUM         91   1231 PM 102    1924  92     -1       93
  MINIMUM         75    628 AM  61    1947  75      0       77
  AVERAGE         83                        84     -1       85

PRECIPITATION (IN)
  TODAY            0.00          3.85 1944   0.17  -0.17     0.00
  MONTH TO DATE    5.41                      5.10   0.31     3.42
  SINCE JUN 1     14.00                     12.18   1.82     6.58
  SINCE JAN 1     37.04                     34.80   2.24    38.70

DEGREE DAYS
 COOLING
  TODAY           18                        19     -1       20
  MONTH TO DATE  400                       440    -40      402
  SINCE JUN 1    907                       938    -31      943
  SINCE JAN 1   1376                      1552   -176     1407
..................................................................


WIND (MPH)
  HIGHEST WIND SPEED    17   HIGHEST WIND DIRECTION    SW (210)
  HIGHEST GUST SPEED    21   HIGHEST GUST DIRECTION     S (200)
  AVERAGE WIND SPEED     3.5


SKY COVER
  POSSIBLE SUNSHINE  MM
  AVERAGE SKY COVER 0.5


WEATHER CONDITIONS
 THE FOLLOWING WEATHER WAS RECORDED TODAY.
  THUNDERSTORM
  FOG


RELATIVE HUMIDITY (PERCENT)
 HIGHEST    94           300 AM
 LOWEST     56          1200 PM
 AVERAGE    75

..........................................................


THE LAFAYETTE CLIMATE NORMALS FOR TOMORROW
                         NORMAL    RECORD    YEAR
 MAXIMUM TEMPERATURE (F)   92        99      1925
                                             1924
                                             1923
 MINIMUM TEMPERATURE (F)   75        64      1915


SUNRISE AND SUNSET
JULY 24 2014..........SUNRISE   622 AM CDT   SUNSET   807 PM CDT
JULY 25 2014..........SUNRISE   622 AM CDT   SUNSET   806 PM CDT


-  INDICATES NEGATIVE NUMBERS.
R  INDICATES RECORD WAS SET OR TIED.
MM INDICATES DATA IS MISSING.
T  INDICATES TRACE AMOUNT.




$$
