000
CDUS44 KLCH 230823
CLILFT


CLIMATE REPORT
NATIONAL WEATHER SERVICE LAKE CHARLES, LA
223 AM CST THU NOV 23 2017


...................................

...THE LAFAYETTE CLIMATE SUMMARY FOR NOVEMBER 22 2017...

CLIMATE NORMAL PERIOD 1981 TO 2010
CLIMATE RECORD PERIOD 1893 TO 2017


WEATHER ITEM   OBSERVED TIME   RECORD YEAR NORMAL DEPARTURE LAST
                VALUE   (LST)  VALUE       VALUE  FROM      YEAR
                                                  NORMAL
..................................................................
TEMPERATURE (F)
 YESTERDAY
  MAXIMUM         65    229 PM  88    1900  70     -5       76
  MINIMUM         45   1159 PM  29    2000  49     -4       48
  AVERAGE         55                        60     -5       62

PRECIPITATION (IN)
  YESTERDAY        0.03          2.58 1940   0.13  -0.10     0.00
  MONTH TO DATE    6.10                      3.15   2.95     0.73
  SINCE SEP 1     10.11                     13.10  -2.99     4.71
  SINCE JAN 1     62.95                     53.72   9.23    69.80

SNOWFALL (IN)
  YESTERDAY       MM             0.0    MM   0.0   MM        0.0
  MONTH TO DATE    0.0                       0.0    0.0      0.0
  SINCE SEP 1      0.0                       0.0    0.0      0.0
  SINCE JUL 1      0.0                       0.0    0.0      0.0
  SNOW DEPTH       0

DEGREE DAYS
 HEATING
  YESTERDAY       10                         7      3        3
  MONTH TO DATE   68                       101    -33       59
  SINCE SEP 1    110                       137    -27       66
  SINCE JUL 1    110                       137    -27       66
..................................................................


WIND (MPH)
  HIGHEST WIND SPEED    21   HIGHEST WIND DIRECTION     N (360)
  HIGHEST GUST SPEED    26   HIGHEST GUST DIRECTION     N (10)
  AVERAGE WIND SPEED    11.7


SKY COVER
  POSSIBLE SUNSHINE  MM
  AVERAGE SKY COVER 0.2


WEATHER CONDITIONS
 THE FOLLOWING WEATHER WAS RECORDED YESTERDAY.
  LIGHT RAIN
  FOG


RELATIVE HUMIDITY (PERCENT)
 HIGHEST   100          1200 AM
 LOWEST     52           300 PM
 AVERAGE    76

..........................................................


THE LAFAYETTE CLIMATE NORMALS FOR TODAY
                         NORMAL    RECORD    YEAR
 MAXIMUM TEMPERATURE (F)   70        85      1955
                                             1900
 MINIMUM TEMPERATURE (F)   49        28      1925


SUNRISE AND SUNSET
NOVEMBER 23 2017......SUNRISE   640 AM CST   SUNSET   508 PM CST
NOVEMBER 24 2017......SUNRISE   641 AM CST   SUNSET   508 PM CST


-  INDICATES NEGATIVE NUMBERS.
R  INDICATES RECORD WAS SET OR TIED.
MM INDICATES DATA IS MISSING.
T  INDICATES TRACE AMOUNT.




$$
