244
CDUS44 KLCH 270803
CLILFT


CLIMATE REPORT
NATIONAL WEATHER SERVICE LAKE CHARLES, LA
303 AM CDT FRI MAY 27 2016


...................................

...THE LAFAYETTE CLIMATE SUMMARY FOR MAY 26 2016...

CLIMATE NORMAL PERIOD 1981 TO 2010
CLIMATE RECORD PERIOD 1893 TO 2016


WEATHER ITEM   OBSERVED TIME   RECORD YEAR NORMAL DEPARTURE LAST
                VALUE   (LST)  VALUE       VALUE  FROM      YEAR
                                                  NORMAL
..................................................................
TEMPERATURE (F)
 YESTERDAY
  MAXIMUM         88    135 PM  97    1901  88      0       87
  MINIMUM         76    614 AM  50    1925  69      7       65
  AVERAGE         82                        79      3       76

PRECIPITATION (IN)
  YESTERDAY        0.00          1.72 1923   0.17  -0.17     0.59
  MONTH TO DATE    5.21                      3.91   1.30     4.87
  SINCE MAR 1     17.76                     11.63   6.13    19.91
  SINCE JAN 1     26.89                     21.75   5.14    27.01

DEGREE DAYS
 COOLING
  YESTERDAY       17                        14      3       11
  MONTH TO DATE  270                       289    -19      313
  SINCE MAR 1    572                       511     61      619
  SINCE JAN 1    582                       543     39      624
..................................................................


WIND (MPH)
  HIGHEST WIND SPEED    16   HIGHEST WIND DIRECTION     S (180)
  HIGHEST GUST SPEED    22   HIGHEST GUST DIRECTION     S (200)
  AVERAGE WIND SPEED     6.9


SKY COVER
  POSSIBLE SUNSHINE  MM
  AVERAGE SKY COVER 0.4


WEATHER CONDITIONS
 THE FOLLOWING WEATHER WAS RECORDED YESTERDAY.
  FOG


RELATIVE HUMIDITY (PERCENT)
 HIGHEST    94           400 AM
 LOWEST     57           200 PM
 AVERAGE    76

..........................................................


THE LAFAYETTE CLIMATE NORMALS FOR TODAY
                         NORMAL    RECORD    YEAR
 MAXIMUM TEMPERATURE (F)   89        95      1900
 MINIMUM TEMPERATURE (F)   70        46      1901


SUNRISE AND SUNSET
MAY 27 2016...........SUNRISE   608 AM CDT   SUNSET   803 PM CDT
MAY 28 2016...........SUNRISE   608 AM CDT   SUNSET   803 PM CDT


-  INDICATES NEGATIVE NUMBERS.
R  INDICATES RECORD WAS SET OR TIED.
MM INDICATES DATA IS MISSING.
T  INDICATES TRACE AMOUNT.




$$
