000
CDUS44 KLCH 290920
CLILFT


CLIMATE REPORT
NATIONAL WEATHER SERVICE LAKE CHARLES, LA
320 AM CST THU JAN 29 2015


...................................

...THE LAFAYETTE CLIMATE SUMMARY FOR JANUARY 28 2015...

CLIMATE NORMAL PERIOD 1981 TO 2010
CLIMATE RECORD PERIOD 1893 TO 2015


WEATHER ITEM   OBSERVED TIME   RECORD YEAR NORMAL DEPARTURE LAST
                VALUE   (LST)  VALUE       VALUE  FROM      YEAR
                                                  NORMAL
..................................................................
TEMPERATURE (F)
 YESTERDAY
  MAXIMUM         71    333 PM  81    1957  63      8       37
  MINIMUM         45    436 AM  19    1897  44      1       25
  AVERAGE         58                        53      5       31

PRECIPITATION (IN)
  YESTERDAY        0.00          5.80 1916   0.17  -0.17     0.20
  MONTH TO DATE    4.61                      5.12  -0.51     1.63
  SINCE DEC 1      8.11                     10.70  -2.59     4.42
  SINCE JAN 1      4.61                      5.12  -0.51     1.63

SNOWFALL (IN)
  YESTERDAY        0.0           T    1961   0.0    0.0      0.3
  MONTH TO DATE    0.0                       0.0    0.0      0.8
  SINCE DEC 1      0.0                       0.0    0.0      0.8
  SINCE JUL 1      0.0                       0.0    0.0      0.8
  SNOW DEPTH       0

DEGREE DAYS
 HEATING
  YESTERDAY        7                        12     -5       34
  MONTH TO DATE  430                       362     68      527
  SINCE DEC 1    702                       717    -15      974
  SINCE JUL 1   1003                       916     87     1243
..................................................................


WIND (MPH)
  HIGHEST WIND SPEED    12   HIGHEST WIND DIRECTION     S (180)
  HIGHEST GUST SPEED    16   HIGHEST GUST DIRECTION     S (160)
  AVERAGE WIND SPEED     4.6


SKY COVER
  POSSIBLE SUNSHINE  MM
  AVERAGE SKY COVER 0.0


WEATHER CONDITIONS
 THE FOLLOWING WEATHER WAS RECORDED YESTERDAY.
  NO SIGNIFICANT WEATHER WAS OBSERVED.


RELATIVE HUMIDITY (PERCENT)
 HIGHEST    93           300 AM
 LOWEST     55           900 AM
 AVERAGE    74

..........................................................


THE LAFAYETTE CLIMATE NORMALS FOR TODAY
                         NORMAL    RECORD    YEAR
 MAXIMUM TEMPERATURE (F)   63        80      2002
                                             1916
 MINIMUM TEMPERATURE (F)   44        23      2014


SUNRISE AND SUNSET
JANUARY 29 2015.......SUNRISE   700 AM CST   SUNSET   542 PM CST
JANUARY 30 2015.......SUNRISE   700 AM CST   SUNSET   543 PM CST


-  INDICATES NEGATIVE NUMBERS.
R  INDICATES RECORD WAS SET OR TIED.
MM INDICATES DATA IS MISSING.
T  INDICATES TRACE AMOUNT.




$$
