000
CDUS44 KLCH 270148
CLILFT


CLIMATE REPORT
NATIONAL WEATHER SERVICE LAKE CHARLES, LA
848 PM CDT SUN MAR 26 2017


...................................

...THE LAFAYETTE CLIMATE SUMMARY FOR MARCH 26 2017...
VALID TODAY AS OF 0500 PM LOCAL TIME.

CLIMATE NORMAL PERIOD 1981 TO 2010
CLIMATE RECORD PERIOD 1893 TO 2017


WEATHER ITEM   OBSERVED TIME   RECORD YEAR NORMAL DEPARTURE LAST
                VALUE   (LST)  VALUE       VALUE  FROM      YEAR
                                                  NORMAL
..................................................................
TEMPERATURE (F)
 TODAY
  MAXIMUM         83    231 PM  88    1907  75      8       78
  MINIMUM         65    426 AM  34    1955  54     11       51
                                      1930
                                      1894
  AVERAGE         74                        64     10       65

PRECIPITATION (IN)
  TODAY            0.00          2.06 1967   0.12  -0.12     0.00
  MONTH TO DATE    1.22                      3.21  -1.99     5.21
  SINCE MAR 1      1.22                      3.21  -1.99     5.21
  SINCE JAN 1      4.74                     13.33  -8.59    14.34

SNOWFALL (IN)
  TODAY            0.0           0.0    MM   0.0    0.0      0.0
  MONTH TO DATE    0.0                       0.0    0.0      0.0
  SINCE MAR 1      0.0                       0.0    0.0      0.0
  SINCE JUL 1      0.0                       T      0.0      0.0
  SNOW DEPTH       0

DEGREE DAYS
 HEATING
  TODAY            0                         3     -3        0
  MONTH TO DATE   60                       135    -75       61
  SINCE MAR 1     60                       135    -75       61
  SINCE JUL 1    637                      1365   -728      979

 COOLING
  TODAY            9                         3      6        0
  MONTH TO DATE  111                        48     63       77
  SINCE MAR 1    111                        48     63       77
  SINCE JAN 1    295                        80    215       87
..................................................................


WIND (MPH)
  HIGHEST WIND SPEED    16   HIGHEST WIND DIRECTION     S (190)
  HIGHEST GUST SPEED    22   HIGHEST GUST DIRECTION     S (160)
  AVERAGE WIND SPEED     4.5


SKY COVER
  POSSIBLE SUNSHINE  MM
  AVERAGE SKY COVER 0.8


WEATHER CONDITIONS
 THE FOLLOWING WEATHER WAS RECORDED TODAY.
  FOG
  FOG W/VISIBILITY <= 1/4 MILE


RELATIVE HUMIDITY (PERCENT)
 HIGHEST    97           800 AM
 LOWEST     55           300 PM
 AVERAGE    76

..........................................................


THE LAFAYETTE CLIMATE NORMALS FOR TOMORROW
                         NORMAL    RECORD    YEAR
 MAXIMUM TEMPERATURE (F)   75        87      1910
                                             1907
 MINIMUM TEMPERATURE (F)   54        29      1955


SUNRISE AND SUNSET
MARCH 26 2017.........SUNRISE   704 AM CDT   SUNSET   723 PM CDT
MARCH 27 2017.........SUNRISE   703 AM CDT   SUNSET   724 PM CDT


-  INDICATES NEGATIVE NUMBERS.
R  INDICATES RECORD WAS SET OR TIED.
MM INDICATES DATA IS MISSING.
T  INDICATES TRACE AMOUNT.




$$
