000
CDUS44 KLCH 230811
CLILFT


CLIMATE REPORT
NATIONAL WEATHER SERVICE LAKE CHARLES, LA
311 AM CDT SAT AUG 23 2014


...................................

...THE LAFAYETTE CLIMATE SUMMARY FOR AUGUST 22 2014...

CLIMATE NORMAL PERIOD 1981 TO 2010
CLIMATE RECORD PERIOD 1893 TO 2014


WEATHER ITEM   OBSERVED TIME   RECORD YEAR NORMAL DEPARTURE LAST
                VALUE   (LST)  VALUE       VALUE  FROM      YEAR
                                                  NORMAL
..................................................................
TEMPERATURE (F)
 YESTERDAY
  MAXIMUM         94    356 PM 101    1921  93      1       93
  MINIMUM         74    605 AM  60    1956  75     -1       74
  AVERAGE         84                        84      0       84

PRECIPITATION (IN)
  YESTERDAY        0.00          2.29 1964   0.15  -0.15     0.00
  MONTH TO DATE    6.76                      3.30   3.46     2.36
  SINCE JUN 1     21.33                     16.68   4.65     9.36
  SINCE JAN 1     44.37                     39.30   5.07    41.48

DEGREE DAYS
 COOLING
  YESTERDAY       19                        19      0       19
  MONTH TO DATE  393                       418    -25      412
  SINCE JUN 1   1426                      1488    -62     1488
  SINCE JAN 1   1895                      2102   -207     1952
..................................................................


WIND (MPH)
  HIGHEST WIND SPEED     8   HIGHEST WIND DIRECTION     S (200)
  HIGHEST GUST SPEED    10   HIGHEST GUST DIRECTION    SW (210)
  AVERAGE WIND SPEED     1.7


SKY COVER
  POSSIBLE SUNSHINE  MM
  AVERAGE SKY COVER 0.1


WEATHER CONDITIONS
 THE FOLLOWING WEATHER WAS RECORDED YESTERDAY.
  NO SIGNIFICANT WEATHER WAS OBSERVED.


RELATIVE HUMIDITY (PERCENT)
 HIGHEST   100           600 AM
 LOWEST     52           100 PM
 AVERAGE    76

..........................................................


THE LAFAYETTE CLIMATE NORMALS FOR TODAY
                         NORMAL    RECORD    YEAR
 MAXIMUM TEMPERATURE (F)   93       101      1921
 MINIMUM TEMPERATURE (F)   75        59      1956


SUNRISE AND SUNSET
AUGUST 23 2014........SUNRISE   640 AM CDT   SUNSET   741 PM CDT
AUGUST 24 2014........SUNRISE   640 AM CDT   SUNSET   740 PM CDT


-  INDICATES NEGATIVE NUMBERS.
R  INDICATES RECORD WAS SET OR TIED.
MM INDICATES DATA IS MISSING.
T  INDICATES TRACE AMOUNT.




$$
