000
CDUS44 KLCH 280831
CLILFT


CLIMATE REPORT
NATIONAL WEATHER SERVICE LAKE CHARLES, LA
230 AM CST SAT FEB 28 2015


...................................

...THE LAFAYETTE CLIMATE SUMMARY FOR FEBRUARY 27 2015...

CLIMATE NORMAL PERIOD 1981 TO 2010
CLIMATE RECORD PERIOD 1893 TO 2015


WEATHER ITEM   OBSERVED TIME   RECORD YEAR NORMAL DEPARTURE LAST
                VALUE   (LST)  VALUE       VALUE  FROM      YEAR
                                                  NORMAL
..................................................................
TEMPERATURE (F)
 YESTERDAY
  MAXIMUM         52    451 PM  83    1962  68    -16       55
  MINIMUM         35   1159 PM  25    1914  49    -14       32
  AVERAGE         44                        58    -14       44

PRECIPITATION (IN)
  YESTERDAY        0.00          2.98 1923   0.14  -0.14     0.00
  MONTH TO DATE    2.49                      4.31  -1.82     5.62
  SINCE DEC 1     10.60                     15.56  -4.96    10.04
  SINCE JAN 1      7.10                      9.98  -2.88     7.25

SNOWFALL (IN)
  YESTERDAY        0.0           0.0    MM   0.0    0.0      0.0
  MONTH TO DATE    0.0                       0.0    0.0       T
  SINCE DEC 1      0.0                       0.0    0.0      0.8
  SINCE JUL 1      0.0                       0.0    0.0      0.8
  SNOW DEPTH       0

DEGREE DAYS
 HEATING
  YESTERDAY       21                         7     14       21
  MONTH TO DATE  396                       268    128      324
  SINCE DEC 1   1127                      1025    102     1375
  SINCE JUL 1   1428                      1224    204     1644
..................................................................


WIND (MPH)
  HIGHEST WIND SPEED    21   HIGHEST WIND DIRECTION     N (20)
  HIGHEST GUST SPEED    27   HIGHEST GUST DIRECTION    NE (30)
  AVERAGE WIND SPEED    11.1


SKY COVER
  POSSIBLE SUNSHINE  MM
  AVERAGE SKY COVER 0.5


WEATHER CONDITIONS
 THE FOLLOWING WEATHER WAS RECORDED YESTERDAY.
  NO SIGNIFICANT WEATHER WAS OBSERVED.


RELATIVE HUMIDITY (PERCENT)
 HIGHEST    82           100 AM
 LOWEST     50           300 PM
 AVERAGE    66

..........................................................


THE LAFAYETTE CLIMATE NORMALS FOR TODAY
                         NORMAL    RECORD    YEAR
 MAXIMUM TEMPERATURE (F)   68        85      2011
                                             1932
                                             1911
 MINIMUM TEMPERATURE (F)   49        24      2002


SUNRISE AND SUNSET
FEBRUARY 28 2015......SUNRISE   635 AM CST   SUNSET   606 PM CST
MARCH  1 2015.........SUNRISE   634 AM CST   SUNSET   607 PM CST


-  INDICATES NEGATIVE NUMBERS.
R  INDICATES RECORD WAS SET OR TIED.
MM INDICATES DATA IS MISSING.
T  INDICATES TRACE AMOUNT.




$$
