000
CDUS41 KOKX 210620
CLILGA


CLIMATE REPORT
NATIONAL WEATHER SERVICE NEW YORK NY
119 AM EST TUE FEB 21 2017


...................................

...THE LAGUARDIA NY CLIMATE SUMMARY FOR FEBRUARY 20 2017...

CLIMATE NORMAL PERIOD 1981 TO 2010
CLIMATE RECORD PERIOD 1939 TO 2017


WEATHER ITEM   OBSERVED TIME   RECORD YEAR NORMAL DEPARTURE LAST
                VALUE   (LST)  VALUE       VALUE  FROM      YEAR
                                                  NORMAL
..................................................................
TEMPERATURE (F)
 YESTERDAY
  MAXIMUM         55    316 PM  63    1943  43     12       62
  MINIMUM         40   1159 PM   3    2015  29     11       40
  AVERAGE         48                        36     12       51

PRECIPITATION (IN)
  YESTERDAY        0.00          1.50 1981   0.09  -0.09     0.00
  MONTH TO DATE    1.55                      1.91  -0.36     2.46
  SINCE DEC 1      8.63                      8.64  -0.01    10.96
  SINCE JAN 1      5.68                      5.08   0.60     6.63

SNOWFALL (IN)
  YESTERDAY        0.0           2.4  1977   0.4   -0.4      0.0
  MONTH TO DATE   10.3                       6.7    3.6      5.6
  SINCE OCT 1     23.4                      19.6    3.8     34.4
  SINCE JUL 1     23.4                      19.6    3.8     34.4
  SNOW DEPTH       0

DEGREE DAYS
 HEATING
  YESTERDAY       17                        29    -12       14
  MONTH TO DATE  497                       607   -110      586
  SINCE DEC 1   2033                      2431   -398     1921
  SINCE JUL 1   2571                      3206   -635     2483

 COOLING
  YESTERDAY        0                         0      0        0
  MONTH TO DATE    0                         0      0        0
  SINCE DEC 1      0                         0      0        1
  SINCE JAN 1      0                         0      0        0
..................................................................


WIND (MPH)
  HIGHEST WIND SPEED    21   HIGHEST WIND DIRECTION    NW (320)
  HIGHEST GUST SPEED    26   HIGHEST GUST DIRECTION    NW (320)
  AVERAGE WIND SPEED    12.4


SKY COVER
  AVERAGE SKY COVER 0.1


WEATHER CONDITIONS
 THE FOLLOWING WEATHER WAS RECORDED YESTERDAY.
  NO SIGNIFICANT WEATHER WAS OBSERVED.


RELATIVE HUMIDITY (PERCENT)
 HIGHEST    62           700 AM
 LOWEST     22           500 PM
 AVERAGE    42

..........................................................


THE LAGUARDIA NY CLIMATE NORMALS FOR TODAY
                         NORMAL    RECORD    YEAR
 MAXIMUM TEMPERATURE (F)   43        68      1953
 MINIMUM TEMPERATURE (F)   29         6      1968
                                             1950


SUNRISE AND SUNSET
FEBRUARY 21 2017......SUNRISE   641 AM EST   SUNSET   538 PM EST
FEBRUARY 22 2017......SUNRISE   640 AM EST   SUNSET   539 PM EST


-  INDICATES NEGATIVE NUMBERS.
R  INDICATES RECORD WAS SET OR TIED.
MM INDICATES DATA IS MISSING.
T  INDICATES TRACE AMOUNT.




$$
