000
CDUS41 KOKX 182102
CLILGA


CLIMATE REPORT
NATIONAL WEATHER SERVICE NEW YORK NY
501 PM EDT WED OCT 18 2017


...................................

...THE LAGUARDIA NY CLIMATE SUMMARY FOR OCTOBER 18 2017...
VALID TODAY AS OF 0500 PM LOCAL TIME.

CLIMATE NORMAL PERIOD 1981 TO 2010
CLIMATE RECORD PERIOD 1939 TO 2017


WEATHER ITEM   OBSERVED TIME   RECORD YEAR NORMAL DEPARTURE LAST
                VALUE   (LST)  VALUE       VALUE  FROM      YEAR
                                                  NORMAL
..................................................................
TEMPERATURE (F)
 TODAY
  MAXIMUM         74    252 PM  82    2016  64     10       82
  MINIMUM         52    502 AM  35    1939  50      2       68
  AVERAGE         63                        57      6       75

PRECIPITATION (IN)
  TODAY            0.00          1.33 1975   0.12  -0.12     0.00
  MONTH TO DATE    0.71                      2.24  -1.53     0.62
  SINCE SEP 1      2.55                      5.97  -3.42     3.15
  SINCE JAN 1     35.54                     36.22  -0.68    26.87

SNOWFALL (IN)
  TODAY            0.0          MM      MM   0.0    0.0      0.0
  MONTH TO DATE    0.0                       0.0    0.0      0.0
  SINCE OCT 1      0.0                       0.0    0.0      0.0
  SINCE JUL 1      0.0                       0.0    0.0      0.0
  SNOW DEPTH       0

DEGREE DAYS
 HEATING
  TODAY            2                         8     -6        0
  MONTH TO DATE   31                       105    -74       48
  SINCE SEP 1     41                       139    -98       53
  SINCE JUL 1     41                       140    -99       53

 COOLING
  TODAY            0                         0      0       10
  MONTH TO DATE   77                        20     57       31
  SINCE SEP 1    289                       177    112      307
  SINCE JAN 1   1420                      1210    210     1724
..................................................................


WIND (MPH)
  HIGHEST WIND SPEED    13   HIGHEST WIND DIRECTION    SW (230)
  HIGHEST GUST SPEED    17   HIGHEST GUST DIRECTION    SW (230)
  AVERAGE WIND SPEED     6.0


SKY COVER
  AVERAGE SKY COVER 0.0


WEATHER CONDITIONS
 THE FOLLOWING WEATHER WAS RECORDED TODAY.
  NO SIGNIFICANT WEATHER WAS OBSERVED.


RELATIVE HUMIDITY (PERCENT)
 HIGHEST    55           800 AM
 LOWEST     35           200 PM
 AVERAGE    45

..........................................................


THE LAGUARDIA NY CLIMATE NORMALS FOR TOMORROW
                         NORMAL    RECORD    YEAR
 MAXIMUM TEMPERATURE (F)   64        86      2016
 MINIMUM TEMPERATURE (F)   50        32      1940


SUNRISE AND SUNSET
OCTOBER 18 2017.......SUNRISE   710 AM EDT   SUNSET   610 PM EDT
OCTOBER 19 2017.......SUNRISE   711 AM EDT   SUNSET   609 PM EDT


-  INDICATES NEGATIVE NUMBERS.
R  INDICATES RECORD WAS SET OR TIED.
MM INDICATES DATA IS MISSING.
T  INDICATES TRACE AMOUNT.




$$
