000
CDUS46 KLOX 281111
CLILGB


CLIMATE REPORT
NATIONAL WEATHER SERVICE LOS ANGELES/OXNARD CA
410 AM PDT SUN MAY 28 2017


...................................

...THE LONG BEACH AIRPORT CA CLIMATE SUMMARY FOR MAY 27 2017...

CLIMATE NORMAL PERIOD 1981 TO 2010
CLIMATE RECORD PERIOD 1958 TO 2017


WEATHER ITEM   OBSERVED TIME   RECORD YEAR NORMAL DEPARTURE LAST
                VALUE   (LST)  VALUE       VALUE  FROM      YEAR
                                                  NORMAL
..................................................................
TEMPERATURE (F)
 YESTERDAY
  MAXIMUM         72    130 PM  91    1997  74     -2       73
                                      1973
  MINIMUM         60    542 AM  49    1964  59      1       59
  AVERAGE         66                        66      0       66

PRECIPITATION (IN)
  YESTERDAY        0.00          0.05 1971   0.00   0.00     0.00
  MONTH TO DATE    0.40                      0.19   0.21     0.05
  SINCE OCT 1     19.98                     11.93   8.05     4.98
  SINCE JAN 1     14.78                      8.35   6.43     3.98

SNOWFALL (IN)
  YESTERDAY        0.0
  MONTH TO DATE    0.0
  SINCE MAR 1      0.0
  SINCE JUL 1      0.0

DEGREE DAYS
 HEATING
  YESTERDAY        0                         1     -1        0
  MONTH TO DATE   34                        36     -2       17
  SINCE MAR 1    133                       321   -188      151
  SINCE JUL 1    911                      1212   -301      794

 COOLING
  YESTERDAY        1                         2     -1        1
  MONTH TO DATE   67                        54     13       18
  SINCE MAR 1    157                        93     64       87
  SINCE JAN 1    158                       101     57      134
..................................................................


WIND (MPH)
  HIGHEST WIND SPEED    15   HIGHEST WIND DIRECTION     W (290)
  HIGHEST GUST SPEED    25   HIGHEST GUST DIRECTION    NW (300)
  AVERAGE WIND SPEED     6.7


SKY COVER
  POSSIBLE SUNSHINE  MM
  AVERAGE SKY COVER 0.4


WEATHER CONDITIONS
 THE FOLLOWING WEATHER WAS RECORDED YESTERDAY.
  NO SIGNIFICANT WEATHER WAS OBSERVED.


RELATIVE HUMIDITY (PERCENT)
 HIGHEST    72          1200 AM
 LOWEST     41           200 PM
 AVERAGE    57

..........................................................


THE LONG BEACH AIRPORT CA CLIMATE NORMALS FOR TODAY
                         NORMAL    RECORD    YEAR
 MAXIMUM TEMPERATURE (F)   74       100      1973
 MINIMUM TEMPERATURE (F)   59        47      1962


SUNRISE AND SUNSET
MAY 28 2017...........SUNRISE   544 AM PDT   SUNSET   756 PM PDT
MAY 29 2017...........SUNRISE   544 AM PDT   SUNSET   757 PM PDT


-  INDICATES NEGATIVE NUMBERS.
R  INDICATES RECORD WAS SET OR TIED.
MM INDICATES DATA IS MISSING.
T  INDICATES TRACE AMOUNT.




$$
