000
CDUS46 KLOX 240116
CLILGB


CLIMATE REPORT
NATIONAL WEATHER SERVICE LOS ANGELES/OXNARD CA
516 PM PST SUN NOV 23 2014


...................................

...THE LONG BEACH AIRPORT CA CLIMATE SUMMARY FOR NOVEMBER 23 2014...
VALID TODAY AS OF 0500 PM LOCAL TIME.

CLIMATE NORMAL PERIOD 1981 TO 2010
CLIMATE RECORD PERIOD 1958 TO 2014


WEATHER ITEM   OBSERVED TIME   RECORD YEAR NORMAL DEPARTURE LAST
                VALUE   (LST)  VALUE       VALUE  FROM      YEAR
                                                  NORMAL
..................................................................
TEMPERATURE (F)
 TODAY
  MAXIMUM         79    141 PM  85    1990  70      9       67
  MINIMUM         53    630 AM  41    1999  49      4       51
  AVERAGE         66                        60      6       59

PRECIPITATION (IN)
  TODAY            0.00          0.21 1988   0.04  -0.04     0.00
  MONTH TO DATE    0.16                      0.69  -0.53     0.37
  SINCE JUL 1      0.53                      1.56  -1.03     0.56
  SINCE JAN 1      3.72                     10.00  -6.28     3.43

SNOWFALL (IN)
  TODAY            0.0
  MONTH TO DATE    0.0
  SINCE SEP 1      0.0
  SINCE JUL 1      0.0

DEGREE DAYS
 HEATING
  TODAY            0                         6     -6        6
  MONTH TO DATE   29                        82    -53       43
  SINCE SEP 1     29                       103    -74       67
  SINCE JUL 1     29                       103    -74       67

 COOLING
  TODAY            1                         0      1        0
  MONTH TO DATE   35                        19     16       39
  SINCE SEP 1    617                       355    262      417
  SINCE JAN 1   1687                      1123    564     1227
..................................................................


WIND (MPH)
  HIGHEST WIND SPEED    12   HIGHEST WIND DIRECTION    SW (220)
  HIGHEST GUST SPEED    14   HIGHEST GUST DIRECTION    SW (220)
  AVERAGE WIND SPEED     2.4


SKY COVER
  POSSIBLE SUNSHINE  MM
  AVERAGE SKY COVER 0.1


WEATHER CONDITIONS
 THE FOLLOWING WEATHER WAS RECORDED TODAY.
  NO SIGNIFICANT WEATHER WAS OBSERVED.


RELATIVE HUMIDITY (PERCENT)
 HIGHEST    93          1200 AM
 LOWEST     23          1200 PM
 AVERAGE    58

..........................................................


THE LONG BEACH AIRPORT CA CLIMATE NORMALS FOR TOMORROW
                         NORMAL    RECORD    YEAR
 MAXIMUM TEMPERATURE (F)   70        91      1977
 MINIMUM TEMPERATURE (F)   49        40      1973


SUNRISE AND SUNSET
NOVEMBER 23 2014......SUNRISE   632 AM PST   SUNSET   446 PM PST
NOVEMBER 24 2014......SUNRISE   633 AM PST   SUNSET   445 PM PST


-  INDICATES NEGATIVE NUMBERS.
R  INDICATES RECORD WAS SET OR TIED.
MM INDICATES DATA IS MISSING.
T  INDICATES TRACE AMOUNT.




$$
