000
CDUS46 KLOX 240902
CLILGB


CLIMATE REPORT
NATIONAL WEATHER SERVICE LOS ANGELES/OXNARD CA
202 AM PDT SUN SEP 24 2017


...................................

...THE LONG BEACH AIRPORT CA CLIMATE SUMMARY FOR SEPTEMBER 23 2017...

CLIMATE NORMAL PERIOD 1981 TO 2010
CLIMATE RECORD PERIOD 1958 TO 2017


WEATHER ITEM   OBSERVED TIME   RECORD YEAR NORMAL DEPARTURE LAST
                VALUE   (LST)  VALUE       VALUE  FROM      YEAR
                                                  NORMAL
..................................................................
TEMPERATURE (F)
 YESTERDAY
  MAXIMUM         75    205 PM 106    1978  81     -6       81
  MINIMUM         57    606 AM  55    1986  62     -5       58
                                      1964
                                      1961
  AVERAGE         66                        72     -6       70

PRECIPITATION (IN)
  YESTERDAY        0.00          0.18 1958   0.01  -0.01     0.00
  MONTH TO DATE    0.12                      0.11   0.01      T
  SINCE OCT 1     20.10                     12.19   7.91     4.99
  SINCE JAN 1     14.90                      8.61   6.29     3.99

SNOWFALL (IN)
  YESTERDAY        0.0
  MONTH TO DATE    0.0
  SINCE SEP 1      0.0
  SINCE JUL 1      0.0

DEGREE DAYS
 HEATING
  YESTERDAY        0                         0      0        0
  MONTH TO DATE    0                         0      0        0
  SINCE SEP 1      0                         0      0        0
  SINCE JUL 1      0                         0      0        0

 COOLING
  YESTERDAY        1                         7     -6        5
  MONTH TO DATE  212                       188     24      154
  SINCE SEP 1    212                       188     24      154
  SINCE JAN 1   1178                       956    222     1098
..................................................................


WIND (MPH)
  HIGHEST WIND SPEED    14   HIGHEST WIND DIRECTION    NW (300)
  HIGHEST GUST SPEED    18   HIGHEST GUST DIRECTION     S (180)
  AVERAGE WIND SPEED     3.8


SKY COVER
  POSSIBLE SUNSHINE  MM
  AVERAGE SKY COVER 0.0


WEATHER CONDITIONS
 THE FOLLOWING WEATHER WAS RECORDED YESTERDAY.
  NO SIGNIFICANT WEATHER WAS OBSERVED.


RELATIVE HUMIDITY (PERCENT)
 HIGHEST    86           400 AM
 LOWEST     41           400 PM
 AVERAGE    64

..........................................................


THE LONG BEACH AIRPORT CA CLIMATE NORMALS FOR TODAY
                         NORMAL    RECORD    YEAR
 MAXIMUM TEMPERATURE (F)   81       106      1978
 MINIMUM TEMPERATURE (F)   62        54      1973


SUNRISE AND SUNSET
SEPTEMBER 24 2017.....SUNRISE   642 AM PDT   SUNSET   646 PM PDT
SEPTEMBER 25 2017.....SUNRISE   643 AM PDT   SUNSET   645 PM PDT


-  INDICATES NEGATIVE NUMBERS.
R  INDICATES RECORD WAS SET OR TIED.
MM INDICATES DATA IS MISSING.
T  INDICATES TRACE AMOUNT.




$$
