000
CDUS46 KLOX 250901
CLILGB


CLIMATE REPORT
NATIONAL WEATHER SERVICE LOS ANGELES/OXNARD CA
101 AM PST TUE NOV 25 2014


...................................

...THE LONG BEACH AIRPORT CA CLIMATE SUMMARY FOR NOVEMBER 24 2014...

CLIMATE NORMAL PERIOD 1981 TO 2010
CLIMATE RECORD PERIOD 1958 TO 2014


WEATHER ITEM   OBSERVED TIME   RECORD YEAR NORMAL DEPARTURE LAST
                VALUE   (LST)  VALUE       VALUE  FROM      YEAR
                                                  NORMAL
..................................................................
TEMPERATURE (F)
 YESTERDAY
  MAXIMUM         83   1222 PM  91    1977  70     13       67
  MINIMUM         52    535 AM  40    1973  49      3       48
  AVERAGE         68                        59      9       58

PRECIPITATION (IN)
  YESTERDAY        0.00          0.79 1984   0.04  -0.04     0.00
  MONTH TO DATE    0.16                      0.73  -0.57     0.37
  SINCE JUL 1      0.53                      1.60  -1.07     0.56
  SINCE JAN 1      3.72                     10.04  -6.32     3.43

SNOWFALL (IN)
  YESTERDAY        0.0
  MONTH TO DATE    0.0
  SINCE SEP 1      0.0
  SINCE JUL 1      0.0

DEGREE DAYS
 HEATING
  YESTERDAY        0                         6     -6        7
  MONTH TO DATE   29                        88    -59       50
  SINCE SEP 1     29                       109    -80       74
  SINCE JUL 1     29                       109    -80       74

 COOLING
  YESTERDAY        3                         0      3        0
  MONTH TO DATE   38                        19     19       39
  SINCE SEP 1    620                       355    265      417
  SINCE JAN 1   1690                      1123    567     1227
..................................................................


WIND (MPH)
  HIGHEST WIND SPEED    18   HIGHEST WIND DIRECTION     E (70)
  HIGHEST GUST SPEED    24   HIGHEST GUST DIRECTION     E (70)
  AVERAGE WIND SPEED     4.1


SKY COVER
  POSSIBLE SUNSHINE  MM
  AVERAGE SKY COVER 0.0


WEATHER CONDITIONS
 THE FOLLOWING WEATHER WAS RECORDED YESTERDAY.
  NO SIGNIFICANT WEATHER WAS OBSERVED.


RELATIVE HUMIDITY (PERCENT)
 HIGHEST    47          1200 AM
 LOWEST      7           100 PM
 AVERAGE    27

..........................................................


THE LONG BEACH AIRPORT CA CLIMATE NORMALS FOR TODAY
                         NORMAL    RECORD    YEAR
 MAXIMUM TEMPERATURE (F)   70        97      1977
 MINIMUM TEMPERATURE (F)   48        38      1973


SUNRISE AND SUNSET
NOVEMBER 25 2014......SUNRISE   634 AM PST   SUNSET   445 PM PST
NOVEMBER 26 2014......SUNRISE   635 AM PST   SUNSET   445 PM PST


-  INDICATES NEGATIVE NUMBERS.
R  INDICATES RECORD WAS SET OR TIED.
MM INDICATES DATA IS MISSING.
T  INDICATES TRACE AMOUNT.




$$
