000
CDUS46 KLOX 200916
CLILGB


CLIMATE REPORT
NATIONAL WEATHER SERVICE LOS ANGELES/OXNARD CA
108 AM PST FRI JAN 20 2017


...................................

...THE LONG BEACH AIRPORT CA CLIMATE SUMMARY FOR JANUARY 19 2017...

CLIMATE NORMAL PERIOD 1981 TO 2010
CLIMATE RECORD PERIOD 1958 TO 2017


WEATHER ITEM   OBSERVED TIME   RECORD YEAR NORMAL DEPARTURE LAST
                VALUE   (LST)  VALUE       VALUE  FROM      YEAR
                                                  NORMAL
..................................................................
TEMPERATURE (F)
 YESTERDAY
  MAXIMUM         62    248 PM  88    1975  68     -6       66
  MINIMUM         53    519 AM  35    1967  46      7       53
  AVERAGE         58                        57      1       60

PRECIPITATION (IN)
  YESTERDAY        0.78          1.43 2010   0.08   0.70     0.01
  MONTH TO DATE    4.02                      1.64   2.38     1.97
  SINCE OCT 1      9.22                      5.22   4.00     2.97
  SINCE JAN 1      4.02                      1.64   2.38     1.97

SNOWFALL (IN)
  YESTERDAY        0.0
  MONTH TO DATE    0.0
  SINCE DEC 1      0.0
  SINCE JUL 1      0.0

DEGREE DAYS
 HEATING
  YESTERDAY        7                         8     -1        5
  MONTH TO DATE  161                       160      1      162
  SINCE DEC 1    389                       431    -42      398
  SINCE JUL 1    469                       580   -111      490

 COOLING
  YESTERDAY        0                         0      0        0
  MONTH TO DATE    0                         0      0        0
  SINCE DEC 1      1                         1      0        6
  SINCE JAN 1      0                         0      0        0
..................................................................


WIND (MPH)
  HIGHEST WIND SPEED    18   HIGHEST WIND DIRECTION     W (280)
  HIGHEST GUST SPEED    23   HIGHEST GUST DIRECTION     W (250)
  AVERAGE WIND SPEED     8.5


SKY COVER
  POSSIBLE SUNSHINE  MM
  AVERAGE SKY COVER 0.8


WEATHER CONDITIONS
 THE FOLLOWING WEATHER WAS RECORDED YESTERDAY.
  HEAVY RAIN
  RAIN
  LIGHT RAIN
  FOG
  HAZE


RELATIVE HUMIDITY (PERCENT)
 HIGHEST    93           300 AM
 LOWEST     48           200 PM
 AVERAGE    71

..........................................................


THE LONG BEACH AIRPORT CA CLIMATE NORMALS FOR TODAY
                         NORMAL    RECORD    YEAR
 MAXIMUM TEMPERATURE (F)   68        85      1976
 MINIMUM TEMPERATURE (F)   46        35      1973


SUNRISE AND SUNSET
JANUARY 20 2017.......SUNRISE   656 AM PST   SUNSET   512 PM PST
JANUARY 21 2017.......SUNRISE   655 AM PST   SUNSET   513 PM PST


-  INDICATES NEGATIVE NUMBERS.
R  INDICATES RECORD WAS SET OR TIED.
MM INDICATES DATA IS MISSING.
T  INDICATES TRACE AMOUNT.




$$
