000
CDUS46 KLOX 250906
CLILGB


CLIMATE REPORT
NATIONAL WEATHER SERVICE LOS ANGELES/OXNARD CA
206 AM PDT WED MAY 25 2016


...................................

...THE LONG BEACH AIRPORT CA CLIMATE SUMMARY FOR MAY 24 2016...

CLIMATE NORMAL PERIOD 1981 TO 2010
CLIMATE RECORD PERIOD 1958 TO 2016


WEATHER ITEM   OBSERVED TIME   RECORD YEAR NORMAL DEPARTURE LAST
                VALUE   (LST)  VALUE       VALUE  FROM      YEAR
                                                  NORMAL
..................................................................
TEMPERATURE (F)
 YESTERDAY
  MAXIMUM         72    251 PM  81    2006  74     -2       70
                                      1986
  MINIMUM         58    459 AM  49    1960  59     -1       60
  AVERAGE         65                        66     -1       65

PRECIPITATION (IN)
  YESTERDAY        0.00          0.08 1977   0.01  -0.01     0.00
  MONTH TO DATE    0.05                      0.18  -0.13     0.77
  SINCE OCT 1      4.98                     11.92  -6.94     7.85
  SINCE JAN 1      3.98                      8.34  -4.36     2.59

SNOWFALL (IN)
  YESTERDAY        0.0
  MONTH TO DATE    0.0
  SINCE MAR 1      0.0
  SINCE JUL 1      0.0

DEGREE DAYS
 HEATING
  YESTERDAY        0                         1     -1        0
  MONTH TO DATE   16                        33    -17       32
  SINCE MAR 1    150                       318   -168      110
  SINCE JUL 1    793                      1209   -416      533

 COOLING
  YESTERDAY        0                         2     -2        0
  MONTH TO DATE   17                        48    -31       19
  SINCE MAR 1     86                        87     -1      209
  SINCE JAN 1    133                        95     38      246
..................................................................


WIND (MPH)
  HIGHEST WIND SPEED    17   HIGHEST WIND DIRECTION    NW (310)
  HIGHEST GUST SPEED    21   HIGHEST GUST DIRECTION    NW (320)
  AVERAGE WIND SPEED     6.6


SKY COVER
  POSSIBLE SUNSHINE  MM
  AVERAGE SKY COVER 0.4


WEATHER CONDITIONS
 THE FOLLOWING WEATHER WAS RECORDED YESTERDAY.
  NO SIGNIFICANT WEATHER WAS OBSERVED.


RELATIVE HUMIDITY (PERCENT)
 HIGHEST    80           300 AM
 LOWEST     44           100 PM
 AVERAGE    62

..........................................................


THE LONG BEACH AIRPORT CA CLIMATE NORMALS FOR TODAY
                         NORMAL    RECORD    YEAR
 MAXIMUM TEMPERATURE (F)   74        91      1974
 MINIMUM TEMPERATURE (F)   59        47      1980
                                             1962


SUNRISE AND SUNSET
MAY 25 2016...........SUNRISE   545 AM PDT   SUNSET   754 PM PDT
MAY 26 2016...........SUNRISE   545 AM PDT   SUNSET   755 PM PDT


-  INDICATES NEGATIVE NUMBERS.
R  INDICATES RECORD WAS SET OR TIED.
MM INDICATES DATA IS MISSING.
T  INDICATES TRACE AMOUNT.




$$
