000
CDUS46 KLOX 120118
CLILGB


CLIMATE REPORT
NATIONAL WEATHER SERVICE LOS ANGELES/OXNARD CA
618 PM PDT FRI JUL 11 2014


...................................

...THE LONG BEACH AIRPORT CA CLIMATE SUMMARY FOR JULY 11 2014...
VALID TODAY AS OF 0600 PM LOCAL TIME.

CLIMATE NORMAL PERIOD 1981 TO 2010
CLIMATE RECORD PERIOD 1958 TO 2014


WEATHER ITEM   OBSERVED TIME   RECORD YEAR NORMAL DEPARTURE LAST
                VALUE   (LST)  VALUE       VALUE  FROM      YEAR
                                                  NORMAL
..................................................................
TEMPERATURE (F)
 TODAY
  MAXIMUM         83    148 PM  98    1971  82      1       72
  MINIMUM         67    444 AM  58    1966  64      3       68
  AVERAGE         75                        73      2       70

PRECIPITATION (IN)
  TODAY            0.00          0.04 1992   0.00   0.00     0.03
  MONTH TO DATE    0.00                      0.01  -0.01     0.03
  SINCE JUL 1      0.00                      0.01  -0.01     0.03
  SINCE JAN 1      3.19                      8.45  -5.26     2.90

SNOWFALL (IN)
  TODAY            0.0
  MONTH TO DATE    0.0
  SINCE JUN 1      0.0
  SINCE JUL 1      0.0

DEGREE DAYS
 HEATING
  TODAY            0                         0      0        0
  MONTH TO DATE    0                         0      0        0
  SINCE JUN 1      0                         6     -6        0
  SINCE JUL 1      0                         0      0        0

 COOLING
  TODAY           10                         8      2        5
  MONTH TO DATE  116                        81     35       91
  SINCE JUN 1    262                       202     60      252
  SINCE JAN 1    531                       305    226      401
..................................................................


WIND (MPH)
  HIGHEST WIND SPEED    16   HIGHEST WIND DIRECTION    NW (310)
  HIGHEST GUST SPEED    20   HIGHEST GUST DIRECTION     W (290)
  AVERAGE WIND SPEED     6.4


SKY COVER
  POSSIBLE SUNSHINE  MM
  AVERAGE SKY COVER 0.5


WEATHER CONDITIONS
 THE FOLLOWING WEATHER WAS RECORDED TODAY.
  NO SIGNIFICANT WEATHER WAS OBSERVED.


RELATIVE HUMIDITY (PERCENT)
 HIGHEST    81          1200 AM
 LOWEST     46           200 PM
 AVERAGE    64

..........................................................


THE LONG BEACH AIRPORT CA CLIMATE NORMALS FOR TOMORROW
                         NORMAL    RECORD    YEAR
 MAXIMUM TEMPERATURE (F)   82        97      1983
 MINIMUM TEMPERATURE (F)   64        57      1960


SUNRISE AND SUNSET
JULY 11 2014..........SUNRISE   551 AM PDT   SUNSET   805 PM PDT
JULY 12 2014..........SUNRISE   551 AM PDT   SUNSET   805 PM PDT


-  INDICATES NEGATIVE NUMBERS.
R  INDICATES RECORD WAS SET OR TIED.
MM INDICATES DATA IS MISSING.
T  INDICATES TRACE AMOUNT.




$$
