000
CDHW41 PHFO 261245
CLILIH


CLIMATE REPORT
NATIONAL WEATHER SERVICE HONOLULU HI
245 AM HST WED NOV 26 2014


...................................

...THE LIHUE HI CLIMATE SUMMARY FOR NOVEMBER 25 2014...

CLIMATE NORMAL PERIOD 1981 TO 2010
CLIMATE RECORD PERIOD 1946 TO 2014


WEATHER ITEM   OBSERVED TIME   RECORD YEAR NORMAL DEPARTURE LAST
                VALUE   (LST)  VALUE       VALUE  FROM      YEAR
                                                  NORMAL
..................................................................
TEMPERATURE (F)
 YESTERDAY
  MAXIMUM         79    201 PM  85    1980  80     -1       80
  MINIMUM         63    338 AM  57    1958  70     -7       72
  AVERAGE         71                        75     -4       76

PRECIPITATION (IN)
  YESTERDAY        0.00          3.76 1964   0.15  -0.15     0.00
  MONTH TO DATE    2.09                      3.72  -1.63     3.18
  SINCE SEP 1      6.23                      9.66  -3.43    13.53
  SINCE JAN 1     30.40                     31.11  -0.71    30.74

SNOWFALL (IN)
  YESTERDAY        0.0
  MONTH TO DATE    0.0
  SINCE SEP 1      0.0
  SINCE JUL 1      0.0
  SNOW DEPTH       0

DEGREE DAYS
 HEATING
  YESTERDAY        0                         0      0        0
  MONTH TO DATE    0                         0      0        0
  SINCE SEP 1      0                         0      0        0
  SINCE JUL 1      0                         0      0        0

 COOLING
  YESTERDAY        6                        10     -4       11
  MONTH TO DATE  288                       276     12      239
  SINCE SEP 1   1244                      1117    127     1089
  SINCE JAN 1   3762                      3643    119     3385
..................................................................


WIND (MPH)
  HIGHEST WIND SPEED    22   HIGHEST WIND DIRECTION    NE (40)
  HIGHEST GUST SPEED    25   HIGHEST GUST DIRECTION    NE (50)
  AVERAGE WIND SPEED    13.2


SKY COVER
  POSSIBLE SUNSHINE  MM
  AVERAGE SKY COVER 0.6


WEATHER CONDITIONS
 THE FOLLOWING WEATHER WAS RECORDED YESTERDAY.
  NO SIGNIFICANT WEATHER WAS OBSERVED.


RELATIVE HUMIDITY (PERCENT)
 HIGHEST    73           300 AM
 LOWEST     48          1200 PM
 AVERAGE    61

..........................................................


THE LIHUE HI CLIMATE NORMALS FOR TODAY
                         NORMAL    RECORD    YEAR
 MAXIMUM TEMPERATURE (F)   80        86      1980
 MINIMUM TEMPERATURE (F)   70        60      1985
                                             1958


SUNRISE AND SUNSET
NOVEMBER 26 2014......SUNRISE   656 AM HST   SUNSET   553 PM HST
NOVEMBER 27 2014......SUNRISE   657 AM HST   SUNSET   553 PM HST


-  INDICATES NEGATIVE NUMBERS.
R  INDICATES RECORD WAS SET OR TIED.
MM INDICATES DATA IS MISSING.
T  INDICATES TRACE AMOUNT.




$$
