000
CDHW41 PHFO 311245
CLILIH


CLIMATE REPORT
NATIONAL WEATHER SERVICE HONOLULU HI
245 AM HST TUE MAY 31 2016


...................................

...THE LIHUE HI CLIMATE SUMMARY FOR MAY 30 2016...

CLIMATE NORMAL PERIOD 1981 TO 2010
CLIMATE RECORD PERIOD 1946 TO 2016


WEATHER ITEM   OBSERVED TIME   RECORD YEAR NORMAL DEPARTURE LAST
                VALUE   (LST)  VALUE       VALUE  FROM      YEAR
                                                  NORMAL
..................................................................
TEMPERATURE (F)
 YESTERDAY
  MAXIMUM         80    137 PM  85    2001  82     -2       82
                                      1996
                                      1969
  MINIMUM         68    607 AM  65    1957  72     -4       67
  AVERAGE         74                        77     -3       75

PRECIPITATION (IN)
  YESTERDAY        0.13          2.13 1980   0.04   0.09     0.05
  MONTH TO DATE    1.59                      2.02  -0.43     0.86
  SINCE MAR 1      5.05                      8.88  -3.83     3.98
  SINCE JAN 1      6.22                     15.79  -9.57     5.89

SNOWFALL (IN)
  YESTERDAY        0.0
  MONTH TO DATE    0.0
  SINCE MAR 1      0.0
  SINCE JUL 1      0.0
  SNOW DEPTH       0

DEGREE DAYS
 HEATING
  YESTERDAY        0                         0      0        0
  MONTH TO DATE    0                         0      0        0
  SINCE MAR 1      0                         0      0        0
  SINCE JUL 1      0                         0      0        0

 COOLING
  YESTERDAY        9                        12     -3       10
  MONTH TO DATE  369                       324     45      344
  SINCE MAR 1    937                       833    104      949
  SINCE JAN 1   1392                      1228    164     1405
..................................................................


WIND (MPH)
  HIGHEST WIND SPEED    25   HIGHEST WIND DIRECTION     N (20)
  HIGHEST GUST SPEED    30   HIGHEST GUST DIRECTION     N (360)
  AVERAGE WIND SPEED    14.2


SKY COVER
  POSSIBLE SUNSHINE  MM
  AVERAGE SKY COVER 0.7


WEATHER CONDITIONS
 THE FOLLOWING WEATHER WAS RECORDED YESTERDAY.
  RAIN
  LIGHT RAIN
  FOG


RELATIVE HUMIDITY (PERCENT)
 HIGHEST   100           100 AM
 LOWEST     67          1000 AM
 AVERAGE    84

..........................................................


THE LIHUE HI CLIMATE NORMALS FOR TODAY
                         NORMAL    RECORD    YEAR
 MAXIMUM TEMPERATURE (F)   82        87      1962
 MINIMUM TEMPERATURE (F)   72        65      1982
                                             1950


SUNRISE AND SUNSET
MAY 31 2016...........SUNRISE   554 AM HST   SUNSET   717 PM HST
JUNE  1 2016..........SUNRISE   554 AM HST   SUNSET   717 PM HST


-  INDICATES NEGATIVE NUMBERS.
R  INDICATES RECORD WAS SET OR TIED.
MM INDICATES DATA IS MISSING.
T  INDICATES TRACE AMOUNT.




$$
