000
CDHW41 PHFO 230242
CLILIH


CLIMATE REPORT
NATIONAL WEATHER SERVICE HONOLULU HI
442 PM HST FRI AUG 22 2014


...................................

...THE LIHUE HI CLIMATE SUMMARY FOR AUGUST 22 2014...
VALID TODAY AS OF 0400 PM LOCAL TIME.

CLIMATE NORMAL PERIOD 1981 TO 2010
CLIMATE RECORD PERIOD 1946 TO 2014


WEATHER ITEM   OBSERVED TIME   RECORD YEAR NORMAL DEPARTURE LAST
                VALUE   (LST)  VALUE       VALUE  FROM      YEAR
                                                  NORMAL
..................................................................
TEMPERATURE (F)
 TODAY
  MAXIMUM         84    314 PM  90    1981  85     -1       85
  MINIMUM         77    227 AM  69    2005  75      2       72
                                      1959
  AVERAGE         81                        80      1       79

PRECIPITATION (IN)
  TODAY            0.02          1.46 1998   0.07  -0.05      T
  MONTH TO DATE    3.51                      1.58   1.93     0.63
  SINCE JUN 1      8.09                      5.06   3.03     2.29
  SINCE JAN 1     23.88                     20.90   2.98    17.09

SNOWFALL (IN)
  TODAY            0.0
  MONTH TO DATE    0.0
  SINCE JUN 1      0.0
  SINCE JUL 1      0.0
  SNOW DEPTH       0

DEGREE DAYS
 HEATING
  TODAY            0                         0      0        0
  MONTH TO DATE    0                         0      0        0
  SINCE JUN 1      0                         0      0        0
  SINCE JUL 1      0                         0      0        0

 COOLING
  TODAY           16                        15      1       14
  MONTH TO DATE  321                       329     -8      307
  SINCE JUN 1   1164                      1162      2     1070
  SINCE JAN 1   2385                      2401    -16     2152
..................................................................


WIND (MPH)
  HIGHEST WIND SPEED    20   HIGHEST WIND DIRECTION    NE (50)
  HIGHEST GUST SPEED    23   HIGHEST GUST DIRECTION    NE (40)
  AVERAGE WIND SPEED    14.4


SKY COVER
  POSSIBLE SUNSHINE  MM
  AVERAGE SKY COVER 0.6


WEATHER CONDITIONS
 THE FOLLOWING WEATHER WAS RECORDED TODAY.
  NO SIGNIFICANT WEATHER WAS OBSERVED.


RELATIVE HUMIDITY (PERCENT)
 HIGHEST    79          1200 AM
 LOWEST     65          1000 AM
 AVERAGE    72

..........................................................


THE LIHUE HI CLIMATE NORMALS FOR TOMORROW
                         NORMAL    RECORD    YEAR
 MAXIMUM TEMPERATURE (F)   85        89      1987
                                             1981
                                             1959
 MINIMUM TEMPERATURE (F)   75        69      1964


SUNRISE AND SUNSET
AUGUST 22 2014........SUNRISE   617 AM HST   SUNSET   703 PM HST
AUGUST 23 2014........SUNRISE   618 AM HST   SUNSET   702 PM HST


-  INDICATES NEGATIVE NUMBERS.
R  INDICATES RECORD WAS SET OR TIED.
MM INDICATES DATA IS MISSING.
T  INDICATES TRACE AMOUNT.




$$
