000
CDHW41 PHFO 310247
CLILIH


CLIMATE REPORT
NATIONAL WEATHER SERVICE HONOLULU HI
437 PM HST SAT JUL 30 2016


...................................

...THE LIHUE HI CLIMATE SUMMARY FOR JULY 30 2016...
VALID TODAY AS OF 0400 PM LOCAL TIME.

CLIMATE NORMAL PERIOD 1981 TO 2010
CLIMATE RECORD PERIOD 1946 TO 2016


WEATHER ITEM   OBSERVED TIME   RECORD YEAR NORMAL DEPARTURE LAST
                VALUE   (LST)  VALUE       VALUE  FROM      YEAR
                                                  NORMAL
..................................................................
TEMPERATURE (F)
 TODAY
  MAXIMUM         86    153 PM  88    2015  84      2       88
                                      1982
  MINIMUM         75    542 AM  67    1965  75      0       79
  AVERAGE         81                        80      1       84

PRECIPITATION (IN)
  TODAY            0.14          4.97 1954   0.07   0.07      T
  MONTH TO DATE    1.57                      1.80  -0.23     0.42
  SINCE JUN 1      2.65                      3.41  -0.76     1.40
  SINCE JAN 1      9.09                     19.25 -10.16     7.29

SNOWFALL (IN)
  TODAY            0.0
  MONTH TO DATE    0.0
  SINCE JUN 1      0.0
  SINCE JUL 1      0.0
  SNOW DEPTH       0

DEGREE DAYS
 HEATING
  TODAY            0                         0      0        0
  MONTH TO DATE    0                         0      0        0
  SINCE JUN 1      0                         0      0        0
  SINCE JUL 1      0                         0      0        0

 COOLING
  TODAY           16                        14      2       19
  MONTH TO DATE  405                       420    -15      417
  SINCE JUN 1    750                       814    -64      826
  SINCE JAN 1   2152                      2053     99     2245
..................................................................


WIND (MPH)
  HIGHEST WIND SPEED    24   HIGHEST WIND DIRECTION    NE (40)
  HIGHEST GUST SPEED    29   HIGHEST GUST DIRECTION    NE (40)
  AVERAGE WIND SPEED    16.9


SKY COVER
  POSSIBLE SUNSHINE  MM
  AVERAGE SKY COVER 0.6


WEATHER CONDITIONS
 THE FOLLOWING WEATHER WAS RECORDED TODAY.
  FOG
  HAZE


RELATIVE HUMIDITY (PERCENT)
 HIGHEST    88           800 AM
 LOWEST     61           200 PM
 AVERAGE    75

..........................................................


THE LIHUE HI CLIMATE NORMALS FOR TOMORROW
                         NORMAL    RECORD    YEAR
 MAXIMUM TEMPERATURE (F)   84        88      2015
                                             2008
                                             1981
 MINIMUM TEMPERATURE (F)   75        63      1963


SUNRISE AND SUNSET
JULY 30 2016..........SUNRISE   609 AM HST   SUNSET   718 PM HST
JULY 31 2016..........SUNRISE   610 AM HST   SUNSET   717 PM HST


-  INDICATES NEGATIVE NUMBERS.
R  INDICATES RECORD WAS SET OR TIED.
MM INDICATES DATA IS MISSING.
T  INDICATES TRACE AMOUNT.




$$
