000
CDHW41 PHFO 231245
CLILIH


CLIMATE REPORT
NATIONAL WEATHER SERVICE HONOLULU HI
245 AM HST THU NOV 23 2017


...................................

...THE LIHUE HI CLIMATE SUMMARY FOR NOVEMBER 22 2017...

CLIMATE NORMAL PERIOD 1981 TO 2010
CLIMATE RECORD PERIOD 1946 TO 2017


WEATHER ITEM   OBSERVED TIME   RECORD YEAR NORMAL DEPARTURE LAST
                VALUE   (LST)  VALUE       VALUE  FROM      YEAR
                                                  NORMAL
..................................................................
TEMPERATURE (F)
 YESTERDAY
  MAXIMUM         76    256 PM  86    1977  80     -4       81
  MINIMUM         65    416 AM  60    1958  70     -5       75
  AVERAGE         71                        75     -4       78

PRECIPITATION (IN)
  YESTERDAY        0.08          2.36 1990   0.14  -0.06     0.01
  MONTH TO DATE    0.96                      3.29  -2.33     0.20
  SINCE SEP 1      4.30                      9.23  -4.93     1.29
  SINCE JAN 1     22.00                     30.68  -8.68    12.03

SNOWFALL (IN)
  YESTERDAY        0.0
  MONTH TO DATE    0.0
  SINCE SEP 1      0.0
  SINCE JUL 1      0.0
  SNOW DEPTH      MM

DEGREE DAYS
 HEATING
  YESTERDAY        0                         0      0        0
  MONTH TO DATE    0                         0      0        0
  SINCE SEP 1      0                         0      0        0
  SINCE JUL 1      0                         0      0        0

 COOLING
  YESTERDAY        6                        10     -4       13
  MONTH TO DATE  245                       246     -1      263
  SINCE SEP 1   1151                      1087     64     1206
  SINCE JAN 1   4024                      3613    411     3865
..................................................................


WIND (MPH)
  HIGHEST WIND SPEED    30   HIGHEST WIND DIRECTION    NE (30)
  HIGHEST GUST SPEED    39   HIGHEST GUST DIRECTION    NE (40)
  AVERAGE WIND SPEED    18.3


SKY COVER
  POSSIBLE SUNSHINE  MM
  AVERAGE SKY COVER  MM


WEATHER CONDITIONS
 THE FOLLOWING WEATHER WAS RECORDED YESTERDAY.
  FOG


RELATIVE HUMIDITY (PERCENT)
 HIGHEST    MM
 LOWEST     MM
 AVERAGE    MM

..........................................................


THE LIHUE HI CLIMATE NORMALS FOR TODAY
                         NORMAL    RECORD    YEAR
 MAXIMUM TEMPERATURE (F)   80        85      1977
                                             1956
 MINIMUM TEMPERATURE (F)   70        63      1958


SUNRISE AND SUNSET
NOVEMBER 23 2017......SUNRISE   655 AM HST   SUNSET   553 PM HST
NOVEMBER 24 2017......SUNRISE   655 AM HST   SUNSET   553 PM HST


-  INDICATES NEGATIVE NUMBERS.
R  INDICATES RECORD WAS SET OR TIED.
MM INDICATES DATA IS MISSING.
T  INDICATES TRACE AMOUNT.




$$
