000
CDHW41 PHFO 251245
CLILIH


CLIMATE REPORT
NATIONAL WEATHER SERVICE HONOLULU HI
245 AM HST SUN FEB 25 2018


...................................

...THE LIHUE HI CLIMATE SUMMARY FOR FEBRUARY 24 2018...

CLIMATE NORMAL PERIOD 1981 TO 2010
CLIMATE RECORD PERIOD 1946 TO 2018


WEATHER ITEM   OBSERVED TIME   RECORD YEAR NORMAL DEPARTURE LAST
                VALUE   (LST)  VALUE       VALUE  FROM      YEAR
                                                  NORMAL
..................................................................
TEMPERATURE (F)
 YESTERDAY
  MAXIMUM         80    136 PM  85    1983  78      2       75
  MINIMUM         74   1159 PM  56    1962  66      8       61
  AVERAGE         77                        72      5       68

PRECIPITATION (IN)
  YESTERDAY        0.05          0.75 1988   0.12  -0.07      T
  MONTH TO DATE    8.33                      2.67   5.66     4.50
  SINCE DEC 1      9.88                     11.62  -1.74     5.87
  SINCE JAN 1      8.77                      6.42   2.35     4.70

SNOWFALL (IN)
  YESTERDAY        0.0
  MONTH TO DATE    0.0
  SINCE DEC 1      0.0
  SINCE JUL 1      0.0
  SNOW DEPTH      MM

DEGREE DAYS
 HEATING
  YESTERDAY        0                         0      0        0
  MONTH TO DATE    0                         0      0        0
  SINCE DEC 1      0                         0      0        0
  SINCE JUL 1      0                         0      0        0

 COOLING
  YESTERDAY       12                         7      5        3
  MONTH TO DATE  144                       168    -24      175
  SINCE DEC 1    526                       631   -105      689
  SINCE JAN 1    413                       377     36      419
..................................................................


WIND (MPH)
  HIGHEST WIND SPEED    22   HIGHEST WIND DIRECTION     E (100)
  HIGHEST GUST SPEED    25   HIGHEST GUST DIRECTION     E (110)
  AVERAGE WIND SPEED    13.4


SKY COVER
  POSSIBLE SUNSHINE  MM
  AVERAGE SKY COVER  MM


WEATHER CONDITIONS
 THE FOLLOWING WEATHER WAS RECORDED YESTERDAY.
  FOG


RELATIVE HUMIDITY (PERCENT)
 HIGHEST    MM
 LOWEST     MM
 AVERAGE    MM

..........................................................


THE LIHUE HI CLIMATE NORMALS FOR TODAY
                         NORMAL    RECORD    YEAR
 MAXIMUM TEMPERATURE (F)   78        84      1978
 MINIMUM TEMPERATURE (F)   66        55      1958


SUNRISE AND SUNSET
FEBRUARY 25 2018......SUNRISE   701 AM HST   SUNSET   640 PM HST
FEBRUARY 26 2018......SUNRISE   701 AM HST   SUNSET   640 PM HST


-  INDICATES NEGATIVE NUMBERS.
R  INDICATES RECORD WAS SET OR TIED.
MM INDICATES DATA IS MISSING.
T  INDICATES TRACE AMOUNT.




$$
