439
CDHW41 PHFO 020246
CLILIH


CLIMATE REPORT
NATIONAL WEATHER SERVICE HONOLULU HI
436 PM HST SUN MAY 1 2016


...................................

...THE LIHUE HI CLIMATE SUMMARY FOR MAY 1 2016...
VALID TODAY AS OF 0400 PM LOCAL TIME.

CLIMATE NORMAL PERIOD 1981 TO 2010
CLIMATE RECORD PERIOD 1946 TO 2016


WEATHER ITEM   OBSERVED TIME   RECORD YEAR NORMAL DEPARTURE LAST
                VALUE   (LST)  VALUE       VALUE  FROM      YEAR
                                                  NORMAL
..................................................................
TEMPERATURE (F)
 TODAY
  MAXIMUM         85R   333 PM  84    2010  80      5       82
                                      2005
  MINIMUM         75    415 AM  58    1996  69      6       73
  AVERAGE         80                        75      5       78

PRECIPITATION (IN)
  TODAY            0.01          3.28 1961   0.08  -0.07     0.00
  MONTH TO DATE    0.01                      0.08  -0.07     0.00
  SINCE MAR 1      3.47                      6.94  -3.47     3.12
  SINCE JAN 1      4.64                     13.85  -9.21     5.03

SNOWFALL (IN)
  TODAY            0.0
  MONTH TO DATE    0.0
  SINCE MAR 1      0.0
  SINCE JUL 1      0.0
  SNOW DEPTH       0

DEGREE DAYS
 HEATING
  TODAY            0                         0      0        0
  MONTH TO DATE    0                         0      0        0
  SINCE MAR 1      0                         0      0        0
  SINCE JUL 1      0                         0      0        0

 COOLING
  TODAY           15                        10      5       13
  MONTH TO DATE   15                        10      5       13
  SINCE MAR 1    583                       519     64      618
  SINCE JAN 1   1038                       914    124     1074
..................................................................


WIND (MPH)
  HIGHEST WIND SPEED    21   HIGHEST WIND DIRECTION    NE (30)
  HIGHEST GUST SPEED    24   HIGHEST GUST DIRECTION    NE (50)
  AVERAGE WIND SPEED    16.2


SKY COVER
  POSSIBLE SUNSHINE  MM
  AVERAGE SKY COVER 0.5


WEATHER CONDITIONS
 THE FOLLOWING WEATHER WAS RECORDED TODAY.
  NO SIGNIFICANT WEATHER WAS OBSERVED.


RELATIVE HUMIDITY (PERCENT)
 HIGHEST    79           400 AM
 LOWEST     51           300 PM
 AVERAGE    65

..........................................................


THE LIHUE HI CLIMATE NORMALS FOR TOMORROW
                         NORMAL    RECORD    YEAR
 MAXIMUM TEMPERATURE (F)   80        85      1971
 MINIMUM TEMPERATURE (F)   69        59      1989


SUNRISE AND SUNSET
MAY  1 2016...........SUNRISE   605 AM HST   SUNSET   704 PM HST
MAY  2 2016...........SUNRISE   605 AM HST   SUNSET   704 PM HST


-  INDICATES NEGATIVE NUMBERS.
R  INDICATES RECORD WAS SET OR TIED.
MM INDICATES DATA IS MISSING.
T  INDICATES TRACE AMOUNT.




$$
