000
CDHW41 PHFO 250256
CLILIH


CLIMATE REPORT
NATIONAL WEATHER SERVICE HONOLULU HI
446 PM HST THU APR 24 2014


...................................

...THE LIHUE HI CLIMATE SUMMARY FOR APRIL 24 2014...
VALID TODAY AS OF 0400 PM LOCAL TIME.

CLIMATE NORMAL PERIOD 1981 TO 2010
CLIMATE RECORD PERIOD 1946 TO 2014


WEATHER ITEM   OBSERVED TIME   RECORD YEAR NORMAL DEPARTURE LAST
                VALUE   (LST)  VALUE       VALUE  FROM      YEAR
                                                  NORMAL
..................................................................
TEMPERATURE (F)
 TODAY
  MAXIMUM         MM        MM  85    1981  80     MM       77
  MINIMUM         MM        MM  60    1958  69     MM       65
  AVERAGE         MM                        74     MM       71

PRECIPITATION (IN)
  TODAY            0.15          1.09 1971   0.06   0.09     0.00
  MONTH TO DATE    0.50                      1.88  -1.38     2.78
  SINCE MAR 1      2.43                      6.49  -4.06     7.07
  SINCE JAN 1     12.83                     13.40  -0.57    13.95

SNOWFALL (IN)
  TODAY           MM
  MONTH TO DATE    0.0
  SINCE MAR 1      0.0
  SINCE JUL 1      0.0
  SNOW DEPTH       0

DEGREE DAYS
 HEATING
  TODAY           MM                         0     MM        0
  MONTH TO DATE    0                         0      0        0
  SINCE MAR 1      0                         0      0        0
  SINCE JUL 1      0                         0      0        0

 COOLING
  TODAY           MM                         9     MM        6
  MONTH TO DATE  223                       215      8      159
  SINCE MAR 1    434                       454    -20      312
  SINCE JAN 1    810                       849    -39      699
..................................................................


WIND (MPH)
  HIGHEST WIND SPEED    21   HIGHEST WIND DIRECTION    NE (60)
  HIGHEST GUST SPEED    27   HIGHEST GUST DIRECTION     E (80)
  AVERAGE WIND SPEED    17.6


SKY COVER
  POSSIBLE SUNSHINE  MM
  AVERAGE SKY COVER 0.7


WEATHER CONDITIONS
 THE FOLLOWING WEATHER WAS RECORDED TODAY.
  RAIN
  LIGHT RAIN
  FOG
  HAZE


RELATIVE HUMIDITY (PERCENT)
 HIGHEST    93           200 AM
 LOWEST     74          1200 PM
 AVERAGE    84

..........................................................


THE LIHUE HI CLIMATE NORMALS FOR TOMORROW
                         NORMAL    RECORD    YEAR
 MAXIMUM TEMPERATURE (F)   80        85      1984
                                             1981
 MINIMUM TEMPERATURE (F)   69        58      1958


SUNRISE AND SUNSET
APRIL 24 2014.........SUNRISE   610 AM HST   SUNSET   701 PM HST
APRIL 25 2014.........SUNRISE   610 AM HST   SUNSET   701 PM HST


-  INDICATES NEGATIVE NUMBERS.
R  INDICATES RECORD WAS SET OR TIED.
MM INDICATES DATA IS MISSING.
T  INDICATES TRACE AMOUNT.




$$
