000
CDHW41 PHFO 231245
CLILIH


CLIMATE REPORT
NATIONAL WEATHER SERVICE HONOLULU HI
245 AM HST SUN APR 23 2017


...................................

...THE LIHUE HI CLIMATE SUMMARY FOR APRIL 22 2017...

CLIMATE NORMAL PERIOD 1981 TO 2010
CLIMATE RECORD PERIOD 1946 TO 2017


WEATHER ITEM   OBSERVED TIME   RECORD YEAR NORMAL DEPARTURE LAST
                VALUE   (LST)  VALUE       VALUE  FROM      YEAR
                                                  NORMAL
..................................................................
TEMPERATURE (F)
 YESTERDAY
  MAXIMUM         80   1216 PM  85    2016  79      1       85
                                      1981
  MINIMUM         71    103 AM  56    1958  69      2       75
  AVERAGE         76                        74      2       80

PRECIPITATION (IN)
  YESTERDAY        0.16          1.27 1954   0.05   0.11     0.04
  MONTH TO DATE    1.21                      1.75  -0.54     0.66
  SINCE MAR 1      5.32                      6.36  -1.04     3.28
  SINCE JAN 1     11.80                     13.27  -1.47     4.45

SNOWFALL (IN)
  YESTERDAY        0.0
  MONTH TO DATE    0.0
  SINCE MAR 1      0.0
  SINCE JUL 1      0.0
  SNOW DEPTH      MM

DEGREE DAYS
 HEATING
  YESTERDAY        0                         0      0        0
  MONTH TO DATE    0                         0      0        0
  SINCE MAR 1      0                         0      0        0
  SINCE JUL 1      0                         0      0        0

 COOLING
  YESTERDAY       11                         9      2       15
  MONTH TO DATE  253                       197     56      214
  SINCE MAR 1    533                       436     97      449
  SINCE JAN 1    974                       831    143      904
..................................................................


WIND (MPH)
  HIGHEST WIND SPEED    25   HIGHEST WIND DIRECTION     E (90)
  HIGHEST GUST SPEED    30   HIGHEST GUST DIRECTION     E (90)
  AVERAGE WIND SPEED    16.2


SKY COVER
  POSSIBLE SUNSHINE  MM
  AVERAGE SKY COVER  MM


WEATHER CONDITIONS
 THE FOLLOWING WEATHER WAS RECORDED YESTERDAY.
  FOG
  HAZE


RELATIVE HUMIDITY (PERCENT)
 HIGHEST    MM
 LOWEST     MM
 AVERAGE    MM

..........................................................


THE LIHUE HI CLIMATE NORMALS FOR TODAY
                         NORMAL    RECORD    YEAR
 MAXIMUM TEMPERATURE (F)   80        86      2016
 MINIMUM TEMPERATURE (F)   69        57      1956


SUNRISE AND SUNSET
APRIL 23 2017.........SUNRISE   611 AM HST   SUNSET   700 PM HST
APRIL 24 2017.........SUNRISE   610 AM HST   SUNSET   701 PM HST


-  INDICATES NEGATIVE NUMBERS.
R  INDICATES RECORD WAS SET OR TIED.
MM INDICATES DATA IS MISSING.
T  INDICATES TRACE AMOUNT.




$$
