000
CDHW41 PHFO 110243
CLILIH


CLIMATE REPORT
NATIONAL WEATHER SERVICE HONOLULU HI
440 PM HST WED FEB 10 2016


...................................

...THE LIHUE HI CLIMATE SUMMARY FOR FEBRUARY 10 2016...
VALID TODAY AS OF 0400 PM LOCAL TIME.

CLIMATE NORMAL PERIOD 1981 TO 2010
CLIMATE RECORD PERIOD 1946 TO 2016


WEATHER ITEM   OBSERVED TIME   RECORD YEAR NORMAL DEPARTURE LAST
                VALUE   (LST)  VALUE       VALUE  FROM      YEAR
                                                  NORMAL
..................................................................
TEMPERATURE (F)
 TODAY
  MAXIMUM         79    158 PM  85    1986  78      1       83
  MINIMUM         59    554 AM  55    1981  65     -6       66
  AVERAGE         69                        72     -3       75

PRECIPITATION (IN)
  TODAY            0.00          2.71 1967   0.11  -0.11     0.00
  MONTH TO DATE    T                         1.11  -1.11     0.31
  SINCE DEC 1      1.74                     10.06  -8.32     2.87
  SINCE JAN 1      0.32                      4.86  -4.54     1.47

SNOWFALL (IN)
  TODAY            0.0
  MONTH TO DATE    0.0
  SINCE DEC 1      0.0
  SINCE JUL 1      0.0
  SNOW DEPTH       0

DEGREE DAYS
 HEATING
  TODAY            0                         0      0        0
  MONTH TO DATE    0                         0      0        0
  SINCE DEC 1      0                         0      0        0
  SINCE JUL 1      0                         0      0        0

 COOLING
  TODAY            4                         7     -3       10
  MONTH TO DATE   66                        70     -4       91
  SINCE DEC 1    664                       533    131      515
  SINCE JAN 1    308                       279     29      299
..................................................................


WIND (MPH)
  HIGHEST WIND SPEED     9   HIGHEST WIND DIRECTION     E (100)
  HIGHEST GUST SPEED    12   HIGHEST GUST DIRECTION     W (260)
  AVERAGE WIND SPEED     6.0


SKY COVER
  POSSIBLE SUNSHINE  MM
  AVERAGE SKY COVER 0.1


WEATHER CONDITIONS
 THE FOLLOWING WEATHER WAS RECORDED TODAY.
  NO SIGNIFICANT WEATHER WAS OBSERVED.


RELATIVE HUMIDITY (PERCENT)
 HIGHEST    84           100 AM
 LOWEST     48           100 PM
 AVERAGE    66

..........................................................


THE LIHUE HI CLIMATE NORMALS FOR TOMORROW
                         NORMAL    RECORD    YEAR
 MAXIMUM TEMPERATURE (F)   78        85      1958
 MINIMUM TEMPERATURE (F)   65        56      1983
                                             1982
                                             1965


SUNRISE AND SUNSET
FEBRUARY 10 2016......SUNRISE   712 AM HST   SUNSET   632 PM HST
FEBRUARY 11 2016......SUNRISE   711 AM HST   SUNSET   632 PM HST


-  INDICATES NEGATIVE NUMBERS.
R  INDICATES RECORD WAS SET OR TIED.
MM INDICATES DATA IS MISSING.
T  INDICATES TRACE AMOUNT.




$$
